File: /var/log/nginx/891rpm.com_access.log.1
82.148.16.210 - - [29/Dec/2025:00:01:01 +0300] "POST /wp-cron.php?doing_wp_cron=1766955661.0161430835723876953125 HTTP/1.1" 499 0 "-" "WordPress/6.9-RC4-61341; https://891rpm.com"
20.221.33.203 - - [29/Dec/2025:00:01:01 +0300] "POST /xmlrpc.php HTTP/1.1" 200 453 "-" "Mozilla/5.0 (Windows NT 10.0; Win64; x64) AppleWebKit/537.36 (KHTML, like Gecko) Chrome/84.0.4147.105 Safari/537.36"
20.221.33.203 - - [29/Dec/2025:00:01:02 +0300] "POST /xmlrpc.php HTTP/1.1" 200 453 "-" "Mozilla/5.0 (Windows NT 10.0; Win64; x64) AppleWebKit/537.36 (KHTML, like Gecko) Chrome/84.0.4147.105 Safari/537.36"
20.221.33.203 - - [29/Dec/2025:00:01:03 +0300] "POST /xmlrpc.php HTTP/1.1" 200 453 "-" "Mozilla/5.0 (Windows NT 10.0; Win64; x64) AppleWebKit/537.36 (KHTML, like Gecko) Chrome/84.0.4147.105 Safari/537.36"
20.221.33.203 - - [29/Dec/2025:00:01:04 +0300] "POST /xmlrpc.php HTTP/1.1" 200 453 "-" "Mozilla/5.0 (Windows NT 10.0; Win64; x64) AppleWebKit/537.36 (KHTML, like Gecko) Chrome/84.0.4147.105 Safari/537.36"
20.221.33.203 - - [29/Dec/2025:00:01:05 +0300] "POST /xmlrpc.php HTTP/1.1" 200 453 "-" "Mozilla/5.0 (Windows NT 10.0; Win64; x64) AppleWebKit/537.36 (KHTML, like Gecko) Chrome/84.0.4147.105 Safari/537.36"
179.61.199.10 - - [29/Dec/2025:00:01:06 +0300] "POST /xmlrpc.php HTTP/1.1" 200 453 "-" "Mozilla/5.0 (Windows NT 6.1; rv:52.0) Gecko/20100101 Firefox/52.0"
20.221.33.203 - - [29/Dec/2025:00:01:06 +0300] "POST /xmlrpc.php HTTP/1.1" 200 453 "-" "Mozilla/5.0 (Windows NT 10.0; Win64; x64) AppleWebKit/537.36 (KHTML, like Gecko) Chrome/84.0.4147.105 Safari/537.36"
20.221.33.203 - - [29/Dec/2025:00:01:07 +0300] "POST /xmlrpc.php HTTP/1.1" 200 453 "-" "Mozilla/5.0 (Windows NT 10.0; Win64; x64) AppleWebKit/537.36 (KHTML, like Gecko) Chrome/84.0.4147.105 Safari/537.36"
179.61.199.10 - - [29/Dec/2025:00:01:07 +0300] "POST /xmlrpc.php HTTP/1.1" 200 453 "-" "Mozilla/5.0 (Windows NT 6.1; rv:52.0) Gecko/20100101 Firefox/52.0"
20.221.33.203 - - [29/Dec/2025:00:01:08 +0300] "POST /xmlrpc.php HTTP/1.1" 200 453 "-" "Mozilla/5.0 (Windows NT 10.0; Win64; x64) AppleWebKit/537.36 (KHTML, like Gecko) Chrome/84.0.4147.105 Safari/537.36"
179.61.199.10 - - [29/Dec/2025:00:01:09 +0300] "POST /xmlrpc.php HTTP/1.1" 200 453 "-" "Mozilla/5.0 (Windows NT 6.1; rv:52.0) Gecko/20100101 Firefox/52.0"
20.221.33.203 - - [29/Dec/2025:00:01:10 +0300] "POST /xmlrpc.php HTTP/1.1" 200 453 "-" "Mozilla/5.0 (Windows NT 10.0; Win64; x64) AppleWebKit/537.36 (KHTML, like Gecko) Chrome/84.0.4147.105 Safari/537.36"
179.61.199.10 - - [29/Dec/2025:00:01:10 +0300] "POST /xmlrpc.php HTTP/1.1" 200 453 "-" "Mozilla/5.0 (Windows NT 6.1; rv:52.0) Gecko/20100101 Firefox/52.0"
20.221.33.203 - - [29/Dec/2025:00:01:11 +0300] "POST /xmlrpc.php HTTP/1.1" 200 453 "-" "Mozilla/5.0 (Windows NT 10.0; Win64; x64) AppleWebKit/537.36 (KHTML, like Gecko) Chrome/84.0.4147.105 Safari/537.36"
179.61.199.10 - - [29/Dec/2025:00:01:11 +0300] "POST /xmlrpc.php HTTP/1.1" 200 453 "-" "Mozilla/5.0 (Windows NT 6.1; rv:52.0) Gecko/20100101 Firefox/52.0"
179.61.199.10 - - [29/Dec/2025:00:01:13 +0300] "POST /xmlrpc.php HTTP/1.1" 200 453 "-" "Mozilla/5.0 (Windows NT 6.1; rv:52.0) Gecko/20100101 Firefox/52.0"
179.61.199.10 - - [29/Dec/2025:00:01:14 +0300] "POST /xmlrpc.php HTTP/1.1" 200 453 "-" "Mozilla/5.0 (Windows NT 6.1; rv:52.0) Gecko/20100101 Firefox/52.0"
179.61.199.10 - - [29/Dec/2025:00:01:15 +0300] "POST /xmlrpc.php HTTP/1.1" 200 453 "-" "Mozilla/5.0 (Windows NT 6.1; rv:52.0) Gecko/20100101 Firefox/52.0"
179.61.199.10 - - [29/Dec/2025:00:01:17 +0300] "POST /xmlrpc.php HTTP/1.1" 200 453 "-" "Mozilla/5.0 (Windows NT 6.1; rv:52.0) Gecko/20100101 Firefox/52.0"
179.61.199.10 - - [29/Dec/2025:00:01:18 +0300] "POST /xmlrpc.php HTTP/1.1" 200 453 "-" "Mozilla/5.0 (Windows NT 6.1; rv:52.0) Gecko/20100101 Firefox/52.0"
179.61.199.10 - - [29/Dec/2025:00:01:22 +0300] "POST /xmlrpc.php HTTP/1.1" 200 453 "-" "Mozilla/5.0 (Windows NT 10.0; Win64; x64; rv:67.0) Gecko/20100101 Firefox/67.0"
179.61.199.10 - - [29/Dec/2025:00:01:23 +0300] "POST /xmlrpc.php HTTP/1.1" 200 453 "-" "Mozilla/5.0 (Windows NT 10.0; Win64; x64; rv:67.0) Gecko/20100101 Firefox/67.0"
179.61.199.10 - - [29/Dec/2025:00:01:25 +0300] "POST /xmlrpc.php HTTP/1.1" 200 453 "-" "Mozilla/5.0 (Windows NT 10.0; Win64; x64; rv:67.0) Gecko/20100101 Firefox/67.0"
179.61.199.10 - - [29/Dec/2025:00:01:26 +0300] "POST /xmlrpc.php HTTP/1.1" 200 453 "-" "Mozilla/5.0 (Windows NT 10.0; Win64; x64; rv:67.0) Gecko/20100101 Firefox/67.0"
179.61.199.10 - - [29/Dec/2025:00:01:27 +0300] "POST /xmlrpc.php HTTP/1.1" 200 453 "-" "Mozilla/5.0 (Windows NT 10.0; Win64; x64; rv:67.0) Gecko/20100101 Firefox/67.0"
179.61.199.10 - - [29/Dec/2025:00:01:29 +0300] "POST /xmlrpc.php HTTP/1.1" 200 453 "-" "Mozilla/5.0 (Windows NT 10.0; Win64; x64; rv:67.0) Gecko/20100101 Firefox/67.0"
179.61.199.10 - - [29/Dec/2025:00:01:30 +0300] "POST /xmlrpc.php HTTP/1.1" 200 453 "-" "Mozilla/5.0 (Windows NT 10.0; Win64; x64; rv:67.0) Gecko/20100101 Firefox/67.0"
179.61.199.10 - - [29/Dec/2025:00:01:31 +0300] "POST /xmlrpc.php HTTP/1.1" 200 453 "-" "Mozilla/5.0 (Windows NT 10.0; Win64; x64; rv:67.0) Gecko/20100101 Firefox/67.0"
179.61.199.10 - - [29/Dec/2025:00:01:33 +0300] "POST /xmlrpc.php HTTP/1.1" 200 453 "-" "Mozilla/5.0 (Windows NT 10.0; Win64; x64; rv:67.0) Gecko/20100101 Firefox/67.0"
179.61.199.10 - - [29/Dec/2025:00:01:34 +0300] "POST /xmlrpc.php HTTP/1.1" 200 453 "-" "Mozilla/5.0 (Windows NT 10.0; Win64; x64; rv:67.0) Gecko/20100101 Firefox/67.0"
43.130.228.73 - - [29/Dec/2025:00:01:57 +0300] "GET / HTTP/1.1" 301 162 "-" "Mozilla/5.0 (iPhone; CPU iPhone OS 13_2_3 like Mac OS X) AppleWebKit/605.1.15 (KHTML, like Gecko) Version/13.0.3 Mobile/15E148 Safari/604.1"
43.130.228.73 - - [29/Dec/2025:00:01:59 +0300] "GET / HTTP/1.1" 200 41940 "http://891rpm.arthead.ru" "Mozilla/5.0 (iPhone; CPU iPhone OS 13_2_3 like Mac OS X) AppleWebKit/605.1.15 (KHTML, like Gecko) Version/13.0.3 Mobile/15E148 Safari/604.1"
124.158.12.214 - - [29/Dec/2025:00:02:24 +0300] "POST /xmlrpc.php HTTP/1.1" 200 453 "-" "Mozilla/5.0 (Windows NT 10.0; Win64; x64; rv:78.0) Gecko/20100101 Firefox/78.0"
124.158.12.214 - - [29/Dec/2025:00:02:27 +0300] "POST /xmlrpc.php HTTP/1.1" 200 453 "-" "Mozilla/5.0 (Windows NT 10.0; Win64; x64; rv:78.0) Gecko/20100101 Firefox/78.0"
124.158.12.214 - - [29/Dec/2025:00:02:30 +0300] "POST /xmlrpc.php HTTP/1.1" 200 453 "-" "Mozilla/5.0 (Windows NT 10.0; Win64; x64; rv:78.0) Gecko/20100101 Firefox/78.0"
156.67.31.208 - - [29/Dec/2025:00:02:32 +0300] "POST /xmlrpc.php HTTP/1.1" 200 264 "-" "Mozilla/5.0 (Windows NT 10.0; Win64; x64; rv:47.0) Gecko/20100101 Firefox/47.0"
124.158.12.214 - - [29/Dec/2025:00:02:32 +0300] "POST /xmlrpc.php HTTP/1.1" 200 453 "-" "Mozilla/5.0 (Windows NT 10.0; Win64; x64; rv:78.0) Gecko/20100101 Firefox/78.0"
124.158.12.214 - - [29/Dec/2025:00:02:34 +0300] "POST /xmlrpc.php HTTP/1.1" 200 453 "-" "Mozilla/5.0 (Windows NT 10.0; Win64; x64; rv:78.0) Gecko/20100101 Firefox/78.0"
124.158.12.214 - - [29/Dec/2025:00:02:36 +0300] "POST /xmlrpc.php HTTP/1.1" 200 453 "-" "Mozilla/5.0 (Windows NT 10.0; Win64; x64; rv:78.0) Gecko/20100101 Firefox/78.0"
192.64.118.164 - - [29/Dec/2025:00:02:36 +0300] "POST /xmlrpc.php HTTP/1.1" 200 453 "-" "Mozilla/5.0 (Linux; Android 10) AppleWebKit/537.36 (KHTML, like Gecko) Chrome/91.0.4472.114 Mobile Safari/537.36"
192.64.118.164 - - [29/Dec/2025:00:02:37 +0300] "POST /xmlrpc.php HTTP/1.1" 200 453 "-" "Mozilla/5.0 (Linux; Android 10) AppleWebKit/537.36 (KHTML, like Gecko) Chrome/91.0.4472.114 Mobile Safari/537.36"
124.158.12.214 - - [29/Dec/2025:00:02:37 +0300] "POST /xmlrpc.php HTTP/1.1" 200 453 "-" "Mozilla/5.0 (Windows NT 10.0; Win64; x64; rv:78.0) Gecko/20100101 Firefox/78.0"
192.64.118.164 - - [29/Dec/2025:00:02:38 +0300] "POST /xmlrpc.php HTTP/1.1" 200 453 "-" "Mozilla/5.0 (Linux; Android 10) AppleWebKit/537.36 (KHTML, like Gecko) Chrome/91.0.4472.114 Mobile Safari/537.36"
192.64.118.164 - - [29/Dec/2025:00:02:39 +0300] "POST /xmlrpc.php HTTP/1.1" 200 453 "-" "Mozilla/5.0 (Linux; Android 10) AppleWebKit/537.36 (KHTML, like Gecko) Chrome/91.0.4472.114 Mobile Safari/537.36"
124.158.12.214 - - [29/Dec/2025:00:02:39 +0300] "POST /xmlrpc.php HTTP/1.1" 200 453 "-" "Mozilla/5.0 (Windows NT 10.0; Win64; x64; rv:78.0) Gecko/20100101 Firefox/78.0"
192.64.118.164 - - [29/Dec/2025:00:02:40 +0300] "POST /xmlrpc.php HTTP/1.1" 200 453 "-" "Mozilla/5.0 (Linux; Android 10) AppleWebKit/537.36 (KHTML, like Gecko) Chrome/91.0.4472.114 Mobile Safari/537.36"
192.64.118.164 - - [29/Dec/2025:00:02:41 +0300] "POST /xmlrpc.php HTTP/1.1" 200 453 "-" "Mozilla/5.0 (Linux; Android 10) AppleWebKit/537.36 (KHTML, like Gecko) Chrome/91.0.4472.114 Mobile Safari/537.36"
124.158.12.214 - - [29/Dec/2025:00:02:42 +0300] "POST /xmlrpc.php HTTP/1.1" 200 453 "-" "Mozilla/5.0 (Windows NT 10.0; Win64; x64; rv:78.0) Gecko/20100101 Firefox/78.0"
192.64.118.164 - - [29/Dec/2025:00:02:42 +0300] "POST /xmlrpc.php HTTP/1.1" 200 453 "-" "Mozilla/5.0 (Linux; Android 10) AppleWebKit/537.36 (KHTML, like Gecko) Chrome/91.0.4472.114 Mobile Safari/537.36"
192.64.118.164 - - [29/Dec/2025:00:02:43 +0300] "POST /xmlrpc.php HTTP/1.1" 200 453 "-" "Mozilla/5.0 (Linux; Android 10) AppleWebKit/537.36 (KHTML, like Gecko) Chrome/91.0.4472.114 Mobile Safari/537.36"
124.158.12.214 - - [29/Dec/2025:00:02:43 +0300] "POST /xmlrpc.php HTTP/1.1" 200 453 "-" "Mozilla/5.0 (Windows NT 10.0; Win64; x64; rv:78.0) Gecko/20100101 Firefox/78.0"
192.64.118.164 - - [29/Dec/2025:00:02:44 +0300] "POST /xmlrpc.php HTTP/1.1" 200 453 "-" "Mozilla/5.0 (Linux; Android 10) AppleWebKit/537.36 (KHTML, like Gecko) Chrome/91.0.4472.114 Mobile Safari/537.36"
192.64.118.164 - - [29/Dec/2025:00:02:45 +0300] "POST /xmlrpc.php HTTP/1.1" 200 453 "-" "Mozilla/5.0 (Linux; Android 10) AppleWebKit/537.36 (KHTML, like Gecko) Chrome/91.0.4472.114 Mobile Safari/537.36"
89.32.250.168 - - [29/Dec/2025:00:02:52 +0300] "POST /xmlrpc.php HTTP/1.1" 200 453 "-" "Mozilla/5.0 (Windows NT 10.0; Win64; x64; rv:62.0) Gecko/20100101 Firefox/62.0"
89.32.250.168 - - [29/Dec/2025:00:02:53 +0300] "POST /xmlrpc.php HTTP/1.1" 200 453 "-" "Mozilla/5.0 (Windows NT 10.0; Win64; x64; rv:62.0) Gecko/20100101 Firefox/62.0"
89.32.250.168 - - [29/Dec/2025:00:02:53 +0300] "POST /xmlrpc.php HTTP/1.1" 200 453 "-" "Mozilla/5.0 (Windows NT 10.0; Win64; x64; rv:62.0) Gecko/20100101 Firefox/62.0"
89.32.250.168 - - [29/Dec/2025:00:02:54 +0300] "POST /xmlrpc.php HTTP/1.1" 200 453 "-" "Mozilla/5.0 (Windows NT 10.0; Win64; x64; rv:62.0) Gecko/20100101 Firefox/62.0"
188.166.177.113 - - [29/Dec/2025:00:02:54 +0300] "POST /xmlrpc.php HTTP/1.1" 200 453 "-" "Mozilla/5.0 (Windows NT 10.0) AppleWebKit/537.36 (KHTML, like Gecko) Chrome/72.0.3626.121 Safari/537.36"
89.32.250.168 - - [29/Dec/2025:00:02:55 +0300] "POST /xmlrpc.php HTTP/1.1" 200 453 "-" "Mozilla/5.0 (Windows NT 10.0; Win64; x64; rv:62.0) Gecko/20100101 Firefox/62.0"
89.32.250.168 - - [29/Dec/2025:00:02:55 +0300] "POST /xmlrpc.php HTTP/1.1" 200 453 "-" "Mozilla/5.0 (Windows NT 10.0; Win64; x64; rv:62.0) Gecko/20100101 Firefox/62.0"
188.166.177.113 - - [29/Dec/2025:00:02:56 +0300] "POST /xmlrpc.php HTTP/1.1" 200 453 "-" "Mozilla/5.0 (Windows NT 10.0) AppleWebKit/537.36 (KHTML, like Gecko) Chrome/72.0.3626.121 Safari/537.36"
89.32.250.168 - - [29/Dec/2025:00:02:56 +0300] "POST /xmlrpc.php HTTP/1.1" 200 453 "-" "Mozilla/5.0 (Windows NT 10.0; Win64; x64; rv:62.0) Gecko/20100101 Firefox/62.0"
89.32.250.168 - - [29/Dec/2025:00:02:57 +0300] "POST /xmlrpc.php HTTP/1.1" 200 453 "-" "Mozilla/5.0 (Windows NT 10.0; Win64; x64; rv:62.0) Gecko/20100101 Firefox/62.0"
89.32.250.168 - - [29/Dec/2025:00:02:58 +0300] "POST /xmlrpc.php HTTP/1.1" 200 453 "-" "Mozilla/5.0 (Windows NT 10.0; Win64; x64; rv:62.0) Gecko/20100101 Firefox/62.0"
188.166.177.113 - - [29/Dec/2025:00:02:58 +0300] "POST /xmlrpc.php HTTP/1.1" 200 453 "-" "Mozilla/5.0 (Windows NT 10.0) AppleWebKit/537.36 (KHTML, like Gecko) Chrome/72.0.3626.121 Safari/537.36"
89.32.250.168 - - [29/Dec/2025:00:02:58 +0300] "POST /xmlrpc.php HTTP/1.1" 200 453 "-" "Mozilla/5.0 (Windows NT 10.0; Win64; x64; rv:62.0) Gecko/20100101 Firefox/62.0"
188.166.177.113 - - [29/Dec/2025:00:03:00 +0300] "POST /xmlrpc.php HTTP/1.1" 200 453 "-" "Mozilla/5.0 (Windows NT 10.0) AppleWebKit/537.36 (KHTML, like Gecko) Chrome/72.0.3626.121 Safari/537.36"
188.166.177.113 - - [29/Dec/2025:00:03:01 +0300] "POST /xmlrpc.php HTTP/1.1" 200 453 "-" "Mozilla/5.0 (Windows NT 10.0) AppleWebKit/537.36 (KHTML, like Gecko) Chrome/72.0.3626.121 Safari/537.36"
188.166.177.113 - - [29/Dec/2025:00:03:03 +0300] "POST /xmlrpc.php HTTP/1.1" 200 453 "-" "Mozilla/5.0 (Windows NT 10.0) AppleWebKit/537.36 (KHTML, like Gecko) Chrome/72.0.3626.121 Safari/537.36"
188.166.177.113 - - [29/Dec/2025:00:03:05 +0300] "POST /xmlrpc.php HTTP/1.1" 200 453 "-" "Mozilla/5.0 (Windows NT 10.0) AppleWebKit/537.36 (KHTML, like Gecko) Chrome/72.0.3626.121 Safari/537.36"
188.166.177.113 - - [29/Dec/2025:00:03:06 +0300] "POST /xmlrpc.php HTTP/1.1" 200 453 "-" "Mozilla/5.0 (Windows NT 10.0) AppleWebKit/537.36 (KHTML, like Gecko) Chrome/72.0.3626.121 Safari/537.36"
188.166.177.113 - - [29/Dec/2025:00:03:07 +0300] "POST /xmlrpc.php HTTP/1.1" 200 453 "-" "Mozilla/5.0 (Windows NT 10.0) AppleWebKit/537.36 (KHTML, like Gecko) Chrome/72.0.3626.121 Safari/537.36"
188.166.177.113 - - [29/Dec/2025:00:03:09 +0300] "POST /xmlrpc.php HTTP/1.1" 200 453 "-" "Mozilla/5.0 (Windows NT 10.0) AppleWebKit/537.36 (KHTML, like Gecko) Chrome/72.0.3626.121 Safari/537.36"
179.61.199.10 - - [29/Dec/2025:00:03:19 +0300] "POST /xmlrpc.php HTTP/1.1" 200 453 "-" "Mozilla/5.0 (Macintosh; Intel Mac OS X 10_10; rv:33.0) Gecko/20100101 Firefox/33.0"
179.61.199.10 - - [29/Dec/2025:00:03:20 +0300] "POST /xmlrpc.php HTTP/1.1" 200 453 "-" "Mozilla/5.0 (Macintosh; Intel Mac OS X 10_10; rv:33.0) Gecko/20100101 Firefox/33.0"
179.61.199.10 - - [29/Dec/2025:00:03:21 +0300] "POST /xmlrpc.php HTTP/1.1" 200 453 "-" "Mozilla/5.0 (Macintosh; Intel Mac OS X 10_10; rv:33.0) Gecko/20100101 Firefox/33.0"
179.61.199.10 - - [29/Dec/2025:00:03:23 +0300] "POST /xmlrpc.php HTTP/1.1" 200 453 "-" "Mozilla/5.0 (Macintosh; Intel Mac OS X 10_10; rv:33.0) Gecko/20100101 Firefox/33.0"
179.61.199.10 - - [29/Dec/2025:00:03:24 +0300] "POST /xmlrpc.php HTTP/1.1" 200 453 "-" "Mozilla/5.0 (Macintosh; Intel Mac OS X 10_10; rv:33.0) Gecko/20100101 Firefox/33.0"
179.61.199.10 - - [29/Dec/2025:00:03:25 +0300] "POST /xmlrpc.php HTTP/1.1" 200 453 "-" "Mozilla/5.0 (Macintosh; Intel Mac OS X 10_10; rv:33.0) Gecko/20100101 Firefox/33.0"
179.61.199.10 - - [29/Dec/2025:00:03:27 +0300] "POST /xmlrpc.php HTTP/1.1" 200 453 "-" "Mozilla/5.0 (Macintosh; Intel Mac OS X 10_10; rv:33.0) Gecko/20100101 Firefox/33.0"
179.61.199.10 - - [29/Dec/2025:00:03:28 +0300] "POST /xmlrpc.php HTTP/1.1" 200 453 "-" "Mozilla/5.0 (Macintosh; Intel Mac OS X 10_10; rv:33.0) Gecko/20100101 Firefox/33.0"
179.61.199.10 - - [29/Dec/2025:00:03:29 +0300] "POST /xmlrpc.php HTTP/1.1" 200 453 "-" "Mozilla/5.0 (Macintosh; Intel Mac OS X 10_10; rv:33.0) Gecko/20100101 Firefox/33.0"
179.61.199.10 - - [29/Dec/2025:00:03:31 +0300] "POST /xmlrpc.php HTTP/1.1" 200 453 "-" "Mozilla/5.0 (Macintosh; Intel Mac OS X 10_10; rv:33.0) Gecko/20100101 Firefox/33.0"
192.250.231.28 - - [29/Dec/2025:00:03:42 +0300] "POST /xmlrpc.php HTTP/1.1" 200 453 "-" "Mozilla/5.0 (Windows NT 10.0; WOW64; rv:54.0) Gecko/20100101 Firefox/54.0"
192.250.231.28 - - [29/Dec/2025:00:03:43 +0300] "POST /xmlrpc.php HTTP/1.1" 200 453 "-" "Mozilla/5.0 (Windows NT 10.0; WOW64; rv:54.0) Gecko/20100101 Firefox/54.0"
192.250.231.28 - - [29/Dec/2025:00:03:44 +0300] "POST /xmlrpc.php HTTP/1.1" 200 453 "-" "Mozilla/5.0 (Windows NT 10.0; WOW64; rv:54.0) Gecko/20100101 Firefox/54.0"
192.250.231.28 - - [29/Dec/2025:00:03:44 +0300] "POST /xmlrpc.php HTTP/1.1" 200 453 "-" "Mozilla/5.0 (Windows NT 10.0; WOW64; rv:54.0) Gecko/20100101 Firefox/54.0"
192.250.231.28 - - [29/Dec/2025:00:03:45 +0300] "POST /xmlrpc.php HTTP/1.1" 200 453 "-" "Mozilla/5.0 (Windows NT 10.0; WOW64; rv:54.0) Gecko/20100101 Firefox/54.0"
192.250.231.28 - - [29/Dec/2025:00:03:46 +0300] "POST /xmlrpc.php HTTP/1.1" 200 453 "-" "Mozilla/5.0 (Windows NT 10.0; WOW64; rv:54.0) Gecko/20100101 Firefox/54.0"
192.250.231.28 - - [29/Dec/2025:00:03:47 +0300] "POST /xmlrpc.php HTTP/1.1" 200 453 "-" "Mozilla/5.0 (Windows NT 10.0; WOW64; rv:54.0) Gecko/20100101 Firefox/54.0"
192.250.231.28 - - [29/Dec/2025:00:03:48 +0300] "POST /xmlrpc.php HTTP/1.1" 200 453 "-" "Mozilla/5.0 (Windows NT 10.0; WOW64; rv:54.0) Gecko/20100101 Firefox/54.0"
192.250.231.28 - - [29/Dec/2025:00:03:49 +0300] "POST /xmlrpc.php HTTP/1.1" 200 453 "-" "Mozilla/5.0 (Windows NT 10.0; WOW64; rv:54.0) Gecko/20100101 Firefox/54.0"
192.250.231.28 - - [29/Dec/2025:00:03:50 +0300] "POST /xmlrpc.php HTTP/1.1" 200 453 "-" "Mozilla/5.0 (Windows NT 10.0; WOW64; rv:54.0) Gecko/20100101 Firefox/54.0"
217.172.165.120 - - [29/Dec/2025:00:04:11 +0300] "POST /xmlrpc.php HTTP/1.1" 200 453 "-" "Mozilla/5.0 (Windows NT 10.0; Win64; x64; rv:66.0) Gecko/20100101 Firefox/66.0"
217.172.165.120 - - [29/Dec/2025:00:04:11 +0300] "POST /xmlrpc.php HTTP/1.1" 200 453 "-" "Mozilla/5.0 (Windows NT 10.0; Win64; x64; rv:66.0) Gecko/20100101 Firefox/66.0"
217.172.165.120 - - [29/Dec/2025:00:04:12 +0300] "POST /xmlrpc.php HTTP/1.1" 200 453 "-" "Mozilla/5.0 (Windows NT 10.0; Win64; x64; rv:66.0) Gecko/20100101 Firefox/66.0"
217.172.165.120 - - [29/Dec/2025:00:04:12 +0300] "POST /xmlrpc.php HTTP/1.1" 200 453 "-" "Mozilla/5.0 (Windows NT 10.0; Win64; x64; rv:66.0) Gecko/20100101 Firefox/66.0"
217.172.165.120 - - [29/Dec/2025:00:04:13 +0300] "POST /xmlrpc.php HTTP/1.1" 200 453 "-" "Mozilla/5.0 (Windows NT 10.0; Win64; x64; rv:66.0) Gecko/20100101 Firefox/66.0"
217.172.165.120 - - [29/Dec/2025:00:04:13 +0300] "POST /xmlrpc.php HTTP/1.1" 200 453 "-" "Mozilla/5.0 (Windows NT 10.0; Win64; x64; rv:66.0) Gecko/20100101 Firefox/66.0"
217.172.165.120 - - [29/Dec/2025:00:04:13 +0300] "POST /xmlrpc.php HTTP/1.1" 200 453 "-" "Mozilla/5.0 (Windows NT 10.0; Win64; x64; rv:66.0) Gecko/20100101 Firefox/66.0"
217.172.165.120 - - [29/Dec/2025:00:04:14 +0300] "POST /xmlrpc.php HTTP/1.1" 200 453 "-" "Mozilla/5.0 (Windows NT 10.0; Win64; x64; rv:66.0) Gecko/20100101 Firefox/66.0"
217.172.165.120 - - [29/Dec/2025:00:04:14 +0300] "POST /xmlrpc.php HTTP/1.1" 200 453 "-" "Mozilla/5.0 (Windows NT 10.0; Win64; x64; rv:66.0) Gecko/20100101 Firefox/66.0"
217.172.165.120 - - [29/Dec/2025:00:04:14 +0300] "POST /xmlrpc.php HTTP/1.1" 200 453 "-" "Mozilla/5.0 (Windows NT 10.0; Win64; x64; rv:66.0) Gecko/20100101 Firefox/66.0"
45.40.133.116 - - [29/Dec/2025:00:04:51 +0300] "POST /xmlrpc.php HTTP/1.1" 200 453 "-" "Mozilla/5.0 (Windows NT 6.1; Win64; x64) AppleWebKit/537.36 (KHTML, like Gecko) Chrome/60.0.3112.90 Safari/537.36"
45.40.133.116 - - [29/Dec/2025:00:04:52 +0300] "POST /xmlrpc.php HTTP/1.1" 200 453 "-" "Mozilla/5.0 (Windows NT 6.1; Win64; x64) AppleWebKit/537.36 (KHTML, like Gecko) Chrome/60.0.3112.90 Safari/537.36"
45.40.133.116 - - [29/Dec/2025:00:04:53 +0300] "POST /xmlrpc.php HTTP/1.1" 200 453 "-" "Mozilla/5.0 (Windows NT 6.1; Win64; x64) AppleWebKit/537.36 (KHTML, like Gecko) Chrome/60.0.3112.90 Safari/537.36"
45.40.133.116 - - [29/Dec/2025:00:04:55 +0300] "POST /xmlrpc.php HTTP/1.1" 200 453 "-" "Mozilla/5.0 (Windows NT 6.1; Win64; x64) AppleWebKit/537.36 (KHTML, like Gecko) Chrome/60.0.3112.90 Safari/537.36"
45.40.133.116 - - [29/Dec/2025:00:04:56 +0300] "POST /xmlrpc.php HTTP/1.1" 200 453 "-" "Mozilla/5.0 (Windows NT 6.1; Win64; x64) AppleWebKit/537.36 (KHTML, like Gecko) Chrome/60.0.3112.90 Safari/537.36"
45.40.133.116 - - [29/Dec/2025:00:04:57 +0300] "POST /xmlrpc.php HTTP/1.1" 200 453 "-" "Mozilla/5.0 (Windows NT 6.1; Win64; x64) AppleWebKit/537.36 (KHTML, like Gecko) Chrome/60.0.3112.90 Safari/537.36"
45.40.133.116 - - [29/Dec/2025:00:04:58 +0300] "POST /xmlrpc.php HTTP/1.1" 200 453 "-" "Mozilla/5.0 (Windows NT 6.1; Win64; x64) AppleWebKit/537.36 (KHTML, like Gecko) Chrome/60.0.3112.90 Safari/537.36"
45.40.133.116 - - [29/Dec/2025:00:04:59 +0300] "POST /xmlrpc.php HTTP/1.1" 200 453 "-" "Mozilla/5.0 (Windows NT 6.1; Win64; x64) AppleWebKit/537.36 (KHTML, like Gecko) Chrome/60.0.3112.90 Safari/537.36"
45.40.133.116 - - [29/Dec/2025:00:05:01 +0300] "POST /xmlrpc.php HTTP/1.1" 200 453 "-" "Mozilla/5.0 (Windows NT 6.1; Win64; x64) AppleWebKit/537.36 (KHTML, like Gecko) Chrome/60.0.3112.90 Safari/537.36"
45.40.133.116 - - [29/Dec/2025:00:05:02 +0300] "POST /xmlrpc.php HTTP/1.1" 200 453 "-" "Mozilla/5.0 (Windows NT 6.1; Win64; x64) AppleWebKit/537.36 (KHTML, like Gecko) Chrome/60.0.3112.90 Safari/537.36"
171.244.17.74 - - [29/Dec/2025:00:11:19 +0300] "GET /wp-login.php HTTP/2.0" 200 3354 "-" "Mozilla/5.0 (Windows NT 6.3; WOW64; Trident/7.0; Touch; LCJB; rv:11.0) like Gecko"
171.244.17.74 - - [29/Dec/2025:00:11:20 +0300] "POST /wp-login.php HTTP/2.0" 200 3500 "https://891rpm.com/wp-login.php" "Mozilla/5.0 (Windows NT 6.3; WOW64; Trident/7.0; Touch; LCJB; rv:11.0) like Gecko"
1.198.212.240 - - [29/Dec/2025:00:13:05 +0300] "GET / HTTP/2.0" 200 41919 "https://891rpm.com/" "Mozilla/5.0 (Windows NT 6.1; WOW64) AppleWebKit/537.36 (KHTML, like Gecko) Chrome/50.0.2661.102 Safari/537.36"
204.76.203.212 - - [29/Dec/2025:00:27:39 +0300] "GET / HTTP/1.1" 301 162 "-" "Mozilla/5.0 (Windows NT 10.0; Win64; x64) AppleWebKit/537.36 (KHTML, like Gecko) Chrome/90.0.4430.85 Safari/537.36 Edg/90.0.818.46"
82.148.16.210 - - [29/Dec/2025:00:32:22 +0300] "POST /wp-cron.php?doing_wp_cron=1766957542.6483070850372314453125 HTTP/1.1" 499 0 "-" "WordPress/6.9-RC4-61341; https://891rpm.com"
5.236.37.132 - - [29/Dec/2025:00:32:22 +0300] "GET /wp-login.php HTTP/2.0" 200 3354 "-" "Mozilla/4.0 (compatible; MSIE 7.0; Windows NT 6.2; WOW64; Trident/7.0; .NET4.0E; .NET4.0C; Tablet PC 2.0; .NET CLR 3.5.30729; .NET CLR 2.0.50727; .NET CLR 3.0.30729; McAfee; LCJB)"
5.236.37.132 - - [29/Dec/2025:00:32:23 +0300] "POST /wp-login.php HTTP/2.0" 200 3500 "https://891rpm.com/wp-login.php" "Mozilla/4.0 (compatible; MSIE 7.0; Windows NT 6.2; WOW64; Trident/7.0; .NET4.0E; .NET4.0C; Tablet PC 2.0; .NET CLR 3.5.30729; .NET CLR 2.0.50727; .NET CLR 3.0.30729; McAfee; LCJB)"
152.53.122.193 - - [29/Dec/2025:01:11:01 +0300] "GET / HTTP/1.1" 301 162 "-" "Mozilla/5.0 (Windows NT 10.0; WOW64) AppleWebKit/537.36 (KHTML, like Gecko) Chrome/114.0.0.0 YaBrowser/22.7.0 Yowser/2.5 Safari/537.36"
82.148.16.210 - - [29/Dec/2025:01:11:04 +0300] "POST /wp-cron.php?doing_wp_cron=1766959864.1556439399719238281250 HTTP/1.1" 499 0 "-" "WordPress/6.9-RC4-61341; https://891rpm.com"
152.53.122.193 - - [29/Dec/2025:01:11:04 +0300] "GET / HTTP/1.1" 200 41940 "http://891RPM.COM" "Mozilla/5.0 (Windows NT 10.0; WOW64) AppleWebKit/537.36 (KHTML, like Gecko) Chrome/114.0.0.0 YaBrowser/22.7.0 Yowser/2.5 Safari/537.36"
46.8.14.29 - - [29/Dec/2025:01:11:05 +0300] "GET /wp-login.php?action=register HTTP/1.1" 302 5 "https://891rpm.com/" "Mozilla/5.0 (Windows NT 6.3; Win64; x64) AppleWebKit/537.36 (KHTML, like Gecko) Chrome/103.0.0.0 Safari/537.36"
46.8.14.29 - - [29/Dec/2025:01:11:05 +0300] "GET /wp-login.php?registration=disabled HTTP/1.1" 200 3482 "https://891rpm.com/wp-login.php?action=register" "Mozilla/5.0 (Windows NT 6.3; Win64; x64) AppleWebKit/537.36 (KHTML, like Gecko) Chrome/103.0.0.0 Safari/537.36"
65.21.60.58 - - [29/Dec/2025:01:14:25 +0300] "GET /wp-login.php HTTP/2.0" 200 3354 "-" "Mozilla/5.0 (X11; CrOS x86_64 10452.74.0) AppleWebKit/537.36 (KHTML, like Gecko) Chrome/66.0.3359.137 Safari/537.36"
65.21.60.58 - - [29/Dec/2025:01:14:25 +0300] "POST /wp-login.php HTTP/2.0" 200 3500 "https://891rpm.com/wp-login.php" "Mozilla/5.0 (X11; CrOS x86_64 10452.74.0) AppleWebKit/537.36 (KHTML, like Gecko) Chrome/66.0.3359.137 Safari/537.36"
157.245.215.138 - - [29/Dec/2025:01:19:09 +0300] "GET /.git/config HTTP/1.1" 301 162 "-" "Mozilla/5.0 (X11; Linux x86_64) AppleWebKit/537.36 (KHTML, like Gecko) Chrome/81.0.4044.129 Safari/537.36"
43.164.196.57 - - [29/Dec/2025:01:20:49 +0300] "GET / HTTP/1.1" 301 162 "-" "Mozilla/5.0 (iPhone; CPU iPhone OS 13_2_3 like Mac OS X) AppleWebKit/605.1.15 (KHTML, like Gecko) Version/13.0.3 Mobile/15E148 Safari/604.1"
82.148.16.210 - - [29/Dec/2025:01:20:51 +0300] "POST /wp-cron.php?doing_wp_cron=1766960451.6656539440155029296875 HTTP/1.1" 499 0 "-" "WordPress/6.9-RC4-61341; https://891rpm.com"
43.164.196.57 - - [29/Dec/2025:01:20:51 +0300] "GET / HTTP/1.1" 200 41940 "http://891rpm.com" "Mozilla/5.0 (iPhone; CPU iPhone OS 13_2_3 like Mac OS X) AppleWebKit/605.1.15 (KHTML, like Gecko) Version/13.0.3 Mobile/15E148 Safari/604.1"
102.22.20.125 - - [29/Dec/2025:01:21:23 +0300] "GET /admin/config.php HTTP/1.0" 301 162 "-" "xfa1,nvdorz,nvd0rz"
159.223.231.254 - - [29/Dec/2025:01:28:38 +0300] "GET / HTTP/1.1" 301 162 "-" "Mozilla/5.0 zgrab/0.x"
159.223.231.254 - - [29/Dec/2025:01:28:39 +0300] "GET / HTTP/1.1" 200 41940 "http://82.148.16.210/" "Mozilla/5.0 zgrab/0.x"
89.42.231.239 - - [29/Dec/2025:01:29:09 +0300] "GET / HTTP/1.1" 301 162 "-" "-"
198.98.52.120 - - [29/Dec/2025:01:33:10 +0300] "GET /wp-login.php HTTP/1.1" 200 11906 "-" "Mozilla/5.0 (X11; Linux x86_64) AppleWebKit/537.36 (KHTML, like Gecko) Ubuntu Chromium/34.0.1847.116 Chrome/34.0.1847.116 Safari/537.36"
111.6.172.84 - - [29/Dec/2025:01:33:39 +0300] "GET /wp-json/wp/v2/posts HTTP/1.1" 301 162 "-" "Mozilla/5.0 (Windows NT 10.0; Win64; x64) AppleWebKit/537.36 (KHTML, like Gecko) Chrome/120.0.0.0 Safari/537.36"
203.55.131.4 - - [29/Dec/2025:01:35:26 +0300] "GET / HTTP/1.1" 200 41940 "https://www.891rpm.com/" "Mozilla/5.0 (Windows NT 10.0; Win64; x64) AppleWebKit/537.36 (KHTML, like Gecko) Chrome/133.0.0.0 Safari/537.36"
162.241.252.188 - - [29/Dec/2025:01:35:45 +0300] "GET /wp-login.php HTTP/2.0" 200 3354 "-" "Mozilla/5.0 (Windows NT 10.0; WOW64; Trident/7.0; MALNJS; rv:11.0) like Gecko"
162.241.252.188 - - [29/Dec/2025:01:35:46 +0300] "POST /wp-login.php HTTP/2.0" 200 3500 "https://891rpm.com/wp-login.php" "Mozilla/5.0 (Windows NT 10.0; WOW64; Trident/7.0; MALNJS; rv:11.0) like Gecko"
152.228.220.143 - - [29/Dec/2025:01:41:22 +0300] "GET /?feed=comments-rss2 HTTP/1.1" 301 162 "-" "Mozilla/5.0 (X11; Linux i686) AppleWebKit/537.36 (KHTML, like Gecko) Chrome/30.0.1599.66 Safari/537.36"
152.228.220.143 - - [29/Dec/2025:01:41:22 +0300] "GET /?feed=comments-rss2 HTTP/1.1" 301 5 "-" "Mozilla/5.0 (X11; Linux i686) AppleWebKit/537.36 (KHTML, like Gecko) Chrome/30.0.1599.66 Safari/537.36"
152.228.220.143 - - [29/Dec/2025:01:41:23 +0300] "GET /comments/feed/ HTTP/1.1" 200 5274 "-" "Mozilla/5.0 (X11; Linux i686) AppleWebKit/537.36 (KHTML, like Gecko) Chrome/30.0.1599.66 Safari/537.36"
162.216.149.95 - - [29/Dec/2025:01:43:34 +0300] "GET / HTTP/1.1" 200 41940 "-" "Hello from Palo Alto Networks, find out more about our scans in https://docs-cortex.paloaltonetworks.com/r/1/Cortex-Xpanse/Scanning-activity"
151.219.62.33 - - [29/Dec/2025:01:46:24 +0300] "GET / HTTP/1.1" 301 162 "-" "Mozilla/5.0 zgrab/0.x"
82.148.16.210 - - [29/Dec/2025:01:55:13 +0300] "POST /wp-cron.php?doing_wp_cron=1766962513.2933421134948730468750 HTTP/1.1" 499 0 "-" "WordPress/6.9-RC4-61341; https://891rpm.com"
196.27.114.137 - - [29/Dec/2025:01:55:13 +0300] "POST /xmlrpc.php HTTP/1.1" 200 264 "-" "Mozilla/5.0 (Windows NT 10.0; Win64; x64; rv:51.0) Gecko/20100101 Firefox/51.0"
80.241.214.201 - - [29/Dec/2025:01:56:59 +0300] "GET /wp-login.php HTTP/2.0" 200 3354 "-" "Mozilla/5.0 (Windows NT 6.2; Trident/7.0; rv:11.0) like Gecko"
80.241.214.201 - - [29/Dec/2025:01:56:59 +0300] "POST /wp-login.php HTTP/2.0" 200 3500 "https://891rpm.com/wp-login.php" "Mozilla/5.0 (Windows NT 6.2; Trident/7.0; rv:11.0) like Gecko"
51.77.218.191 - - [29/Dec/2025:01:57:04 +0300] "GET /robots.txt HTTP/1.1" 301 162 "-" "Mozilla/5.0 (compatible; MJ12bot/v1.4.8; http://mj12bot.com/)"
82.148.16.210 - - [29/Dec/2025:02:17:25 +0300] "POST /wp-cron.php?doing_wp_cron=1766963845.8936989307403564453125 HTTP/1.1" 499 0 "-" "WordPress/6.9-RC4-61341; https://891rpm.com"
31.214.170.213 - - [29/Dec/2025:02:17:25 +0300] "GET /wp-login.php HTTP/2.0" 200 3354 "-" "Mozilla/5.0 (Macintosh; Intel Mac OS X 10_10_5) AppleWebKit/537.36 (KHTML, like Gecko) Chrome/65.0.3325.181 Safari/537.36"
31.214.170.213 - - [29/Dec/2025:02:17:26 +0300] "POST /wp-login.php HTTP/2.0" 200 3500 "https://891rpm.com/wp-login.php" "Mozilla/5.0 (Macintosh; Intel Mac OS X 10_10_5) AppleWebKit/537.36 (KHTML, like Gecko) Chrome/65.0.3325.181 Safari/537.36"
89.42.231.179 - - [29/Dec/2025:02:22:10 +0300] "GET /cgi-bin/luci/;stok=/locale HTTP/1.1" 301 162 "-" "-"
89.42.231.179 - - [29/Dec/2025:02:22:11 +0300] "GET /cgi-bin/luci/;stok=/locale HTTP/1.1" 404 47066 "http://82.148.16.210:80/cgi-bin/luci/;stok=/locale" "-"
40.124.184.27 - - [29/Dec/2025:02:24:17 +0300] "GET /ReportServer HTTP/1.1" 301 162 "-" "Mozilla/5.0 zgrab/0.x"
13.57.17.219 - - [29/Dec/2025:02:33:29 +0300] "GET /robots.txt HTTP/1.1" 301 162 "-" "TerraCotta https://github.com/CeramicTeam/CeramicTerracotta"
82.148.16.210 - - [29/Dec/2025:02:38:17 +0300] "POST /wp-cron.php?doing_wp_cron=1766965097.0697999000549316406250 HTTP/1.1" 499 0 "-" "WordPress/6.9-RC4-61341; https://891rpm.com"
89.111.50.68 - - [29/Dec/2025:02:38:17 +0300] "GET /wp-login.php HTTP/2.0" 200 3354 "-" "Mozilla/5.0 (Windows NT 10.0; rv:60.0) Gecko/20100101 Firefox/60.0"
89.111.50.68 - - [29/Dec/2025:02:38:17 +0300] "POST /wp-login.php HTTP/2.0" 200 3500 "https://891rpm.com/wp-login.php" "Mozilla/5.0 (Windows NT 10.0; rv:60.0) Gecko/20100101 Firefox/60.0"
103.203.57.3 - - [29/Dec/2025:02:46:02 +0300] "GET / HTTP/1.1" 301 162 "-" "Mozilla/5.0 zgrab/0.x"
204.76.203.212 - - [29/Dec/2025:02:46:55 +0300] "GET / HTTP/1.1" 301 162 "-" "Mozilla/5.0 (Windows NT 10.0; Win64; x64) AppleWebKit/537.36 (KHTML, like Gecko) Chrome/90.0.4430.85 Safari/537.36 Edg/90.0.818.46"
89.42.231.239 - - [29/Dec/2025:02:47:04 +0300] "GET / HTTP/1.1" 301 162 "-" "-"
144.6.171.46 - - [29/Dec/2025:02:48:22 +0300] "POST /xmlrpc.php HTTP/1.1" 200 264 "-" "Mozilla/5.0 (Windows NT 10.0; Win64; x64; rv:89.0) Gecko/20100101 Firefox/89.0"
134.122.71.153 - - [29/Dec/2025:02:48:38 +0300] "POST /xmlrpc.php HTTP/1.1" 200 264 "-" "Mozilla/5.0 (Windows NT 10.0; Win64; x64; rv:43.0) Gecko/20100101 Firefox/43.0"
194.164.107.6 - - [29/Dec/2025:02:50:55 +0300] "\x16\x03\x01\x00\xEC\x01\x00\x00\xE8\x03\x03\x8F|\x98\xC3\x93\x8Cw\x00\xAC\x18w\x8D\x04\x1A\xBA6\x87\x1DlB\xB4\xA0\xCD\xBAC\x83\x1DD\xE8\x18r& A/\x01\xBF\xF0\x1E)'\x00" 400 150 "-" "-"
82.148.16.210 - - [29/Dec/2025:02:52:36 +0300] "POST /wp-cron.php?doing_wp_cron=1766965955.9619259834289550781250 HTTP/1.1" 499 0 "-" "WordPress/6.9-RC4-61341; https://891rpm.com"
185.102.115.120 - - [29/Dec/2025:02:52:36 +0300] "GET /txets.php HTTP/1.1" 404 9113 "-" "Mozilla/4.0 (compatible; MSIE 6.0; Windows NT 5.1; SV1)"
89.110.114.187 - - [29/Dec/2025:02:55:24 +0300] "GET /where-am-i/ HTTP/1.0" 200 39431 "https://891rpm.com/where-am-i/" "Mozilla/5.0 (Windows NT 10.0; Win64; x64) AppleWebKit/537.36 (KHTML, like Gecko) Chrome/130.0.0.0 Safari/537.36 CCleaner/130.0.0.0"
89.110.114.187 - - [29/Dec/2025:02:55:25 +0300] "POST /wp-comments-post.php HTTP/1.0" 302 0 "https://891rpm.com/where-am-i/" "Mozilla/5.0 (Windows NT 10.0; Win64; x64) AppleWebKit/537.36 (KHTML, like Gecko) Chrome/130.0.0.0 Safari/537.36 CCleaner/130.0.0.0"
89.110.114.187 - - [29/Dec/2025:02:55:25 +0300] "GET /where-am-i/ HTTP/1.0" 200 39431 "https://891rpm.com/where-am-i/#comment-38253" "Mozilla/5.0 (Windows NT 10.0; Win64; x64) AppleWebKit/537.36 (KHTML, like Gecko) Chrome/130.0.0.0 Safari/537.36 CCleaner/130.0.0.0"
51.68.186.52 - - [29/Dec/2025:02:56:47 +0300] "GET /wp-content/plugins/wp-mail/modules/tags-contribute.php HTTP/2.0" 404 47053 "-" "Mozilla/5.0 (Windows NT 10.0; Win64; x64) AppleWebKit/537.36 (KHTML, like Gecko) Chrome/127.0.0.0 Safari/537.36"
5.183.209.196 - - [29/Dec/2025:02:58:57 +0300] "GET / HTTP/1.1" 301 162 "-" "Hello World/1.0"
68.218.100.201 - - [29/Dec/2025:02:59:36 +0300] "GET /.well-known/rk2.php HTTP/1.1" 301 162 "https://www.google.co.uk/" "Mozilla/5.0 (iPhone; CPU iPhone OS 16_0 like Mac OS X) AppleWebKit/605.1.15 (KHTML, like Gecko) FxiOS/118.0 Mobile/15E148 Safari/605.1.15"
68.218.100.201 - - [29/Dec/2025:02:59:37 +0300] "GET /.well-known/rk2.php HTTP/1.1" 404 47066 "https://www.google.co.uk/" "Mozilla/5.0 (iPhone; CPU iPhone OS 16_0 like Mac OS X) AppleWebKit/605.1.15 (KHTML, like Gecko) FxiOS/118.0 Mobile/15E148 Safari/605.1.15"
68.218.100.201 - - [29/Dec/2025:02:59:38 +0300] "GET /ioxi-o.php HTTP/1.1" 301 162 "https://www.yahoo.com/" "Mozilla/5.0 (Linux; Android 10; LM-Q720) AppleWebKit/537.36 (KHTML, like Gecko) Chrome/116.0.0.0 Mobile Safari/537.36"
68.218.100.201 - - [29/Dec/2025:02:59:39 +0300] "GET /ioxi-o.php HTTP/1.1" 404 47066 "https://www.yahoo.com/" "Mozilla/5.0 (Linux; Android 10; LM-Q720) AppleWebKit/537.36 (KHTML, like Gecko) Chrome/116.0.0.0 Mobile Safari/537.36"
68.218.100.201 - - [29/Dec/2025:02:59:39 +0300] "GET /0x.php HTTP/1.1" 301 162 "https://www.google.fr/" "Mozilla/5.0 (Linux; Android 12; V2134) AppleWebKit/537.36 (KHTML, like Gecko) Chrome/116.0.0.0 Mobile Safari/537.36"
68.218.100.201 - - [29/Dec/2025:02:59:39 +0300] "GET /0x.php HTTP/1.1" 404 47066 "https://www.google.fr/" "Mozilla/5.0 (Linux; Android 12; V2134) AppleWebKit/537.36 (KHTML, like Gecko) Chrome/116.0.0.0 Mobile Safari/537.36"
68.218.100.201 - - [29/Dec/2025:02:59:40 +0300] "GET /222.php HTTP/1.1" 301 162 "https://www.google.fr/" "Mozilla/5.0 (Linux; Android 10; K) AppleWebKit/537.36 (KHTML, like Gecko) Chrome/117.0.0.0 Mobile Safari/537.36"
68.218.100.201 - - [29/Dec/2025:02:59:40 +0300] "GET /222.php HTTP/1.1" 404 47066 "https://www.google.fr/" "Mozilla/5.0 (Linux; Android 10; K) AppleWebKit/537.36 (KHTML, like Gecko) Chrome/117.0.0.0 Mobile Safari/537.36"
68.218.100.201 - - [29/Dec/2025:02:59:41 +0300] "GET /aa.php HTTP/1.1" 301 162 "https://duckduckgo.com/" "Mozilla/5.0 (iPhone; CPU iPhone OS 17_0_3 like Mac OS X) AppleWebKit/605.1.15 (KHTML, like Gecko) Version/17.0.1 Mobile/15E148 Safari/604.1"
68.218.100.201 - - [29/Dec/2025:02:59:41 +0300] "GET /aa.php HTTP/1.1" 404 47066 "https://duckduckgo.com/" "Mozilla/5.0 (iPhone; CPU iPhone OS 17_0_3 like Mac OS X) AppleWebKit/605.1.15 (KHTML, like Gecko) Version/17.0.1 Mobile/15E148 Safari/604.1"
68.218.100.201 - - [29/Dec/2025:02:59:42 +0300] "GET /abcd.php HTTP/1.1" 301 162 "https://www.google.com/" "Mozilla/5.0 (Linux; Android 12; SM-A525F) AppleWebKit/537.36 (KHTML, like Gecko) Chrome/117.0.0.0 Mobile Safari/537.36"
68.218.100.201 - - [29/Dec/2025:02:59:42 +0300] "GET /abcd.php HTTP/1.1" 404 47066 "https://www.google.com/" "Mozilla/5.0 (Linux; Android 12; SM-A525F) AppleWebKit/537.36 (KHTML, like Gecko) Chrome/117.0.0.0 Mobile Safari/537.36"
68.218.100.201 - - [29/Dec/2025:02:59:43 +0300] "GET /admin.php HTTP/1.1" 301 162 "https://duckduckgo.com/" "Mozilla/5.0 (Linux; Android 11; 21081111RG) AppleWebKit/537.36 (KHTML, like Gecko) Chrome/116.0.0.0 Mobile Safari/537.36"
68.218.100.201 - - [29/Dec/2025:02:59:43 +0300] "GET /admin.php HTTP/1.1" 404 47066 "https://duckduckgo.com/" "Mozilla/5.0 (Linux; Android 11; 21081111RG) AppleWebKit/537.36 (KHTML, like Gecko) Chrome/116.0.0.0 Mobile Safari/537.36"
68.218.100.201 - - [29/Dec/2025:02:59:44 +0300] "GET /adminfuns.php HTTP/1.1" 301 162 "https://www.google.com/" "Mozilla/5.0 (iPhone; CPU iPhone OS 16_6_1 like Mac OS X) AppleWebKit/605.1.15 (KHTML, like Gecko) Version/16.6 Mobile/15E148 Safari/604.1"
162.241.226.202 - - [29/Dec/2025:02:59:44 +0300] "GET /wp-login.php HTTP/2.0" 200 3354 "-" "Mozilla/5.0 (Macintosh; Intel Mac OS X 10_12) AppleWebKit/602.1.38 (KHTML, like Gecko) Version/10.0 Safari/602.1.38"
68.218.100.201 - - [29/Dec/2025:02:59:44 +0300] "GET /adminfuns.php HTTP/1.1" 404 47066 "https://www.google.com/" "Mozilla/5.0 (iPhone; CPU iPhone OS 16_6_1 like Mac OS X) AppleWebKit/605.1.15 (KHTML, like Gecko) Version/16.6 Mobile/15E148 Safari/604.1"
162.241.226.202 - - [29/Dec/2025:02:59:45 +0300] "POST /wp-login.php HTTP/2.0" 200 3500 "https://891rpm.com/wp-login.php" "Mozilla/5.0 (Macintosh; Intel Mac OS X 10_12) AppleWebKit/602.1.38 (KHTML, like Gecko) Version/10.0 Safari/602.1.38"
68.218.100.201 - - [29/Dec/2025:02:59:45 +0300] "GET /akc.php HTTP/1.1" 301 162 "https://www.google.com/" "Mozilla/5.0 (iPhone; CPU iPhone OS 17_1_1 like Mac OS X) AppleWebKit/605.1.15 (KHTML, like Gecko) Version/17.1 Mobile/15E148 Safari/604.1"
68.218.100.201 - - [29/Dec/2025:02:59:45 +0300] "GET /akc.php HTTP/1.1" 404 47066 "https://www.google.com/" "Mozilla/5.0 (iPhone; CPU iPhone OS 17_1_1 like Mac OS X) AppleWebKit/605.1.15 (KHTML, like Gecko) Version/17.1 Mobile/15E148 Safari/604.1"
68.218.100.201 - - [29/Dec/2025:02:59:46 +0300] "GET /buy.php HTTP/1.1" 301 162 "https://www.yahoo.com/" "Mozilla/5.0 (iPad; CPU OS 16_7_2 like Mac OS X) AppleWebKit/605.1.15 (KHTML, like Gecko) Version/16.6 Mobile/15E148 Safari/604.1"
68.218.100.201 - - [29/Dec/2025:02:59:46 +0300] "GET /buy.php HTTP/1.1" 404 47066 "https://www.yahoo.com/" "Mozilla/5.0 (iPad; CPU OS 16_7_2 like Mac OS X) AppleWebKit/605.1.15 (KHTML, like Gecko) Version/16.6 Mobile/15E148 Safari/604.1"
68.218.100.201 - - [29/Dec/2025:02:59:47 +0300] "GET /cong.php HTTP/1.1" 301 162 "https://www.bing.com/" "Mozilla/5.0 (Linux; Android 10; LM-Q720) AppleWebKit/537.36 (KHTML, like Gecko) Chrome/116.0.0.0 Mobile Safari/537.36"
68.218.100.201 - - [29/Dec/2025:02:59:47 +0300] "GET /cong.php HTTP/1.1" 404 47066 "https://www.bing.com/" "Mozilla/5.0 (Linux; Android 10; LM-Q720) AppleWebKit/537.36 (KHTML, like Gecko) Chrome/116.0.0.0 Mobile Safari/537.36"
68.218.100.201 - - [29/Dec/2025:02:59:48 +0300] "GET /css/classwithtostring.php HTTP/1.1" 301 162 "https://www.google.fr/" "Mozilla/5.0 (Linux; Android 11; 21081111RG) AppleWebKit/537.36 (KHTML, like Gecko) Chrome/116.0.0.0 Mobile Safari/537.36"
68.218.100.201 - - [29/Dec/2025:02:59:48 +0300] "GET /css/classwithtostring.php HTTP/1.1" 404 47066 "https://www.google.fr/" "Mozilla/5.0 (Linux; Android 11; 21081111RG) AppleWebKit/537.36 (KHTML, like Gecko) Chrome/116.0.0.0 Mobile Safari/537.36"
68.218.100.201 - - [29/Dec/2025:02:59:48 +0300] "GET /db.php HTTP/1.1" 301 162 "https://www.google.co.uk/" "Mozilla/5.0 (Linux; Android 13; SM-S908E) AppleWebKit/537.36 (KHTML, like Gecko) Chrome/116.0.0.0 Mobile Safari/537.36"
68.218.100.201 - - [29/Dec/2025:02:59:49 +0300] "GET /db.php HTTP/1.1" 404 47066 "https://www.google.co.uk/" "Mozilla/5.0 (Linux; Android 13; SM-S908E) AppleWebKit/537.36 (KHTML, like Gecko) Chrome/116.0.0.0 Mobile Safari/537.36"
68.218.100.201 - - [29/Dec/2025:02:59:49 +0300] "GET /dropdown.php HTTP/1.1" 301 162 "https://duckduckgo.com/" "Mozilla/5.0 (iPhone; CPU iPhone OS 17_1 like Mac OS X) AppleWebKit/605.1.15 (KHTML, like Gecko) CriOS/119.0.6045.109 Mobile/15E148 Safari/604.1"
68.218.100.201 - - [29/Dec/2025:02:59:50 +0300] "GET /dropdown.php HTTP/1.1" 404 47066 "https://duckduckgo.com/" "Mozilla/5.0 (iPhone; CPU iPhone OS 17_1 like Mac OS X) AppleWebKit/605.1.15 (KHTML, like Gecko) CriOS/119.0.6045.109 Mobile/15E148 Safari/604.1"
68.218.100.201 - - [29/Dec/2025:02:59:50 +0300] "GET /file.php HTTP/1.1" 301 162 "https://www.yahoo.com/" "Mozilla/5.0 (iPhone; CPU iPhone OS 17_1 like Mac OS X) AppleWebKit/605.1.15 (KHTML, like Gecko) CriOS/119.0.6045.109 Mobile/15E148 Safari/604.1"
68.218.100.201 - - [29/Dec/2025:02:59:51 +0300] "GET /file.php HTTP/1.1" 404 47066 "https://www.yahoo.com/" "Mozilla/5.0 (iPhone; CPU iPhone OS 17_1 like Mac OS X) AppleWebKit/605.1.15 (KHTML, like Gecko) CriOS/119.0.6045.109 Mobile/15E148 Safari/604.1"
68.218.100.201 - - [29/Dec/2025:02:59:51 +0300] "GET /goods.php HTTP/1.1" 301 162 "https://www.google.de/" "Mozilla/5.0 (Linux; Android 13; M2101K6G) AppleWebKit/537.36 (KHTML, like Gecko) Chrome/116.0.0.0 Mobile Safari/537.36"
68.218.100.201 - - [29/Dec/2025:02:59:51 +0300] "GET /goods.php HTTP/1.1" 404 47066 "https://www.google.de/" "Mozilla/5.0 (Linux; Android 13; M2101K6G) AppleWebKit/537.36 (KHTML, like Gecko) Chrome/116.0.0.0 Mobile Safari/537.36"
68.218.100.201 - - [29/Dec/2025:02:59:52 +0300] "GET /hplfuns.php HTTP/1.1" 301 162 "https://www.google.com/" "Mozilla/5.0 (iPhone; CPU iPhone OS 17_1 like Mac OS X) AppleWebKit/605.1.15 (KHTML, like Gecko) CriOS/119.0.6045.109 Mobile/15E148 Safari/604.1"
68.218.100.201 - - [29/Dec/2025:02:59:52 +0300] "GET /hplfuns.php HTTP/1.1" 404 47066 "https://www.google.com/" "Mozilla/5.0 (iPhone; CPU iPhone OS 17_1 like Mac OS X) AppleWebKit/605.1.15 (KHTML, like Gecko) CriOS/119.0.6045.109 Mobile/15E148 Safari/604.1"
68.218.100.201 - - [29/Dec/2025:02:59:53 +0300] "GET /htaccess.php HTTP/1.1" 301 162 "https://www.google.co.uk/" "Mozilla/5.0 (Linux; Android 13; SM-S908E) AppleWebKit/537.36 (KHTML, like Gecko) Chrome/116.0.0.0 Mobile Safari/537.36"
68.218.100.201 - - [29/Dec/2025:02:59:53 +0300] "GET /htaccess.php HTTP/1.1" 404 47066 "https://www.google.co.uk/" "Mozilla/5.0 (Linux; Android 13; SM-S908E) AppleWebKit/537.36 (KHTML, like Gecko) Chrome/116.0.0.0 Mobile Safari/537.36"
68.218.100.201 - - [29/Dec/2025:02:59:54 +0300] "GET /images/wso.php HTTP/1.1" 301 162 "https://www.google.fr/" "Mozilla/5.0 (Linux; Android 13; M2101K6G) AppleWebKit/537.36 (KHTML, like Gecko) Chrome/116.0.0.0 Mobile Safari/537.36"
68.218.100.201 - - [29/Dec/2025:02:59:54 +0300] "GET /images/wso.php HTTP/1.1" 404 47066 "https://www.google.fr/" "Mozilla/5.0 (Linux; Android 13; M2101K6G) AppleWebKit/537.36 (KHTML, like Gecko) Chrome/116.0.0.0 Mobile Safari/537.36"
68.218.100.201 - - [29/Dec/2025:02:59:54 +0300] "GET /index/function.php HTTP/1.1" 301 162 "https://www.google.com/" "Mozilla/5.0 (iPhone; CPU iPhone OS 16_0 like Mac OS X) AppleWebKit/605.1.15 (KHTML, like Gecko) FxiOS/118.0 Mobile/15E148 Safari/605.1.15"
68.218.100.201 - - [29/Dec/2025:02:59:55 +0300] "GET /index/function.php HTTP/1.1" 404 47066 "https://www.google.com/" "Mozilla/5.0 (iPhone; CPU iPhone OS 16_0 like Mac OS X) AppleWebKit/605.1.15 (KHTML, like Gecko) FxiOS/118.0 Mobile/15E148 Safari/605.1.15"
68.218.100.201 - - [29/Dec/2025:02:59:55 +0300] "GET /info.php HTTP/1.1" 301 162 "https://www.google.com/" "Mozilla/5.0 (Linux; Android 10; K) AppleWebKit/537.36 (KHTML, like Gecko) Chrome/117.0.0.0 Mobile Safari/537.36"
68.218.100.201 - - [29/Dec/2025:02:59:56 +0300] "GET /info.php HTTP/1.1" 200 82679 "https://www.google.com/" "Mozilla/5.0 (Linux; Android 10; K) AppleWebKit/537.36 (KHTML, like Gecko) Chrome/117.0.0.0 Mobile Safari/537.36"
68.218.100.201 - - [29/Dec/2025:02:59:57 +0300] "GET /profile.php HTTP/1.1" 301 162 "https://www.google.de/" "Mozilla/5.0 (iPad; CPU OS 16_7_2 like Mac OS X) AppleWebKit/605.1.15 (KHTML, like Gecko) Version/16.6 Mobile/15E148 Safari/604.1"
68.218.100.201 - - [29/Dec/2025:02:59:57 +0300] "GET /profile.php HTTP/1.1" 404 47066 "https://www.google.de/" "Mozilla/5.0 (iPad; CPU OS 16_7_2 like Mac OS X) AppleWebKit/605.1.15 (KHTML, like Gecko) Version/16.6 Mobile/15E148 Safari/604.1"
68.218.100.201 - - [29/Dec/2025:02:59:58 +0300] "GET /sx.php HTTP/1.1" 301 162 "https://www.google.de/" "Mozilla/5.0 (Linux; Android 12; V2134) AppleWebKit/537.36 (KHTML, like Gecko) Chrome/116.0.0.0 Mobile Safari/537.36"
68.218.100.201 - - [29/Dec/2025:02:59:58 +0300] "GET /sx.php HTTP/1.1" 404 47066 "https://www.google.de/" "Mozilla/5.0 (Linux; Android 12; V2134) AppleWebKit/537.36 (KHTML, like Gecko) Chrome/116.0.0.0 Mobile Safari/537.36"
68.218.100.201 - - [29/Dec/2025:02:59:59 +0300] "GET /wp-admin/css/colors/blue/index.php HTTP/1.1" 301 162 "https://www.google.de/" "Mozilla/5.0 (iPad; CPU OS 17_0_3 like Mac OS X) AppleWebKit/605.1.15 (KHTML, like Gecko) Version/17.0.1 Mobile/15E148 Safari/604.1"
68.218.100.201 - - [29/Dec/2025:02:59:59 +0300] "GET /wp-admin/css/colors/blue/index.php HTTP/1.1" 301 5 "https://www.google.de/" "Mozilla/5.0 (iPad; CPU OS 17_0_3 like Mac OS X) AppleWebKit/605.1.15 (KHTML, like Gecko) Version/17.0.1 Mobile/15E148 Safari/604.1"
68.218.100.201 - - [29/Dec/2025:02:59:59 +0300] "GET /wp-admin/css/colors/blue/ HTTP/1.1" 302 138 "https://www.google.de/" "Mozilla/5.0 (iPad; CPU OS 17_0_3 like Mac OS X) AppleWebKit/605.1.15 (KHTML, like Gecko) Version/17.0.1 Mobile/15E148 Safari/604.1"
68.218.100.201 - - [29/Dec/2025:03:00:00 +0300] "GET /wp-admin/css/colors/blue/404 HTTP/1.1" 404 47066 "https://www.google.de/" "Mozilla/5.0 (iPad; CPU OS 17_0_3 like Mac OS X) AppleWebKit/605.1.15 (KHTML, like Gecko) Version/17.0.1 Mobile/15E148 Safari/604.1"
68.218.100.201 - - [29/Dec/2025:03:00:00 +0300] "GET /wp-admin/images/admin.php HTTP/1.1" 301 162 "https://www.google.fr/" "Mozilla/5.0 (Linux; Android 11; CPH2251) AppleWebKit/537.36 (KHTML, like Gecko) Chrome/116.0.0.0 Mobile Safari/537.36"
68.218.100.201 - - [29/Dec/2025:03:00:01 +0300] "GET /wp-admin/images/admin.php HTTP/1.1" 404 47066 "https://www.google.fr/" "Mozilla/5.0 (Linux; Android 11; CPH2251) AppleWebKit/537.36 (KHTML, like Gecko) Chrome/116.0.0.0 Mobile Safari/537.36"
68.218.100.201 - - [29/Dec/2025:03:00:01 +0300] "GET /wp-admin/includes/ HTTP/1.1" 301 162 "https://duckduckgo.com/" "Mozilla/5.0 (iPhone; CPU iPhone OS 17_1_1 like Mac OS X) AppleWebKit/605.1.15 (KHTML, like Gecko) Version/17.1 Mobile/15E148 Safari/604.1"
68.218.100.201 - - [29/Dec/2025:03:00:02 +0300] "GET /wp-admin/includes/ HTTP/1.1" 302 138 "https://duckduckgo.com/" "Mozilla/5.0 (iPhone; CPU iPhone OS 17_1_1 like Mac OS X) AppleWebKit/605.1.15 (KHTML, like Gecko) Version/17.1 Mobile/15E148 Safari/604.1"
68.218.100.201 - - [29/Dec/2025:03:00:02 +0300] "GET /wp-admin/includes/404 HTTP/1.1" 500 2502 "https://duckduckgo.com/" "Mozilla/5.0 (iPhone; CPU iPhone OS 17_1_1 like Mac OS X) AppleWebKit/605.1.15 (KHTML, like Gecko) Version/17.1 Mobile/15E148 Safari/604.1"
68.218.100.201 - - [29/Dec/2025:03:00:02 +0300] "GET /wp-admin/js/index.php HTTP/1.1" 301 162 "https://www.bing.com/" "Mozilla/5.0 (iPhone; CPU iPhone OS 16_0 like Mac OS X) AppleWebKit/605.1.15 (KHTML, like Gecko) FxiOS/118.0 Mobile/15E148 Safari/605.1.15"
68.218.100.201 - - [29/Dec/2025:03:00:02 +0300] "GET /wp-admin/js/index.php HTTP/1.1" 500 2502 "https://www.bing.com/" "Mozilla/5.0 (iPhone; CPU iPhone OS 16_0 like Mac OS X) AppleWebKit/605.1.15 (KHTML, like Gecko) FxiOS/118.0 Mobile/15E148 Safari/605.1.15"
68.218.100.201 - - [29/Dec/2025:03:00:03 +0300] "GET /wp-admin/js/widgets/ HTTP/1.1" 301 162 "https://www.google.com/" "Mozilla/5.0 (Linux; Android 11; CPH2251) AppleWebKit/537.36 (KHTML, like Gecko) Chrome/116.0.0.0 Mobile Safari/537.36"
68.218.100.201 - - [29/Dec/2025:03:00:03 +0300] "GET /wp-admin/js/widgets/ HTTP/1.1" 302 138 "https://www.google.com/" "Mozilla/5.0 (Linux; Android 11; CPH2251) AppleWebKit/537.36 (KHTML, like Gecko) Chrome/116.0.0.0 Mobile Safari/537.36"
68.218.100.201 - - [29/Dec/2025:03:00:03 +0300] "GET /wp-admin/js/widgets/404 HTTP/1.1" 500 2502 "https://www.google.com/" "Mozilla/5.0 (Linux; Android 11; CPH2251) AppleWebKit/537.36 (KHTML, like Gecko) Chrome/116.0.0.0 Mobile Safari/537.36"
68.218.100.201 - - [29/Dec/2025:03:00:03 +0300] "GET /wp-content/about.php HTTP/1.1" 301 162 "https://www.google.fr/" "Mozilla/5.0 (iPhone; CPU iPhone OS 15_7_9 like Mac OS X) AppleWebKit/605.1.15 (KHTML, like Gecko) Version/15.6.5 Mobile/15E148 Safari/604.1"
68.218.100.201 - - [29/Dec/2025:03:00:04 +0300] "GET /wp-content/about.php HTTP/1.1" 500 2502 "https://www.google.fr/" "Mozilla/5.0 (iPhone; CPU iPhone OS 15_7_9 like Mac OS X) AppleWebKit/605.1.15 (KHTML, like Gecko) Version/15.6.5 Mobile/15E148 Safari/604.1"
68.218.100.201 - - [29/Dec/2025:03:00:04 +0300] "GET /wp-content/admin-header.php HTTP/1.1" 301 162 "https://www.google.fr/" "Mozilla/5.0 (Linux; Android 12; SM-A525F) AppleWebKit/537.36 (KHTML, like Gecko) Chrome/117.0.0.0 Mobile Safari/537.36"
68.218.100.201 - - [29/Dec/2025:03:00:06 +0300] "GET /wp-content/admin-header.php HTTP/1.1" 404 47066 "https://www.google.fr/" "Mozilla/5.0 (Linux; Android 12; SM-A525F) AppleWebKit/537.36 (KHTML, like Gecko) Chrome/117.0.0.0 Mobile Safari/537.36"
68.218.100.201 - - [29/Dec/2025:03:00:07 +0300] "GET /wp-content/admin.php HTTP/1.1" 301 162 "https://duckduckgo.com/" "Mozilla/5.0 (Linux; Android 13; SM-G991U) AppleWebKit/537.36 (KHTML, like Gecko) Chrome/117.0.0.0 Mobile Safari/537.36"
68.218.100.201 - - [29/Dec/2025:03:00:08 +0300] "GET /wp-content/admin.php HTTP/1.1" 404 47066 "https://duckduckgo.com/" "Mozilla/5.0 (Linux; Android 13; SM-G991U) AppleWebKit/537.36 (KHTML, like Gecko) Chrome/117.0.0.0 Mobile Safari/537.36"
68.218.100.201 - - [29/Dec/2025:03:00:09 +0300] "GET /wp-content/content.php HTTP/1.1" 301 162 "https://www.yahoo.com/" "Mozilla/5.0 (iPhone; CPU iPhone OS 17_1_1 like Mac OS X) AppleWebKit/605.1.15 (KHTML, like Gecko) Version/17.1 Mobile/15E148 Safari/604.1"
68.218.100.201 - - [29/Dec/2025:03:00:10 +0300] "GET /wp-content/content.php HTTP/1.1" 404 47066 "https://www.yahoo.com/" "Mozilla/5.0 (iPhone; CPU iPhone OS 17_1_1 like Mac OS X) AppleWebKit/605.1.15 (KHTML, like Gecko) Version/17.1 Mobile/15E148 Safari/604.1"
68.218.100.201 - - [29/Dec/2025:03:00:10 +0300] "GET /wp-content/index.php HTTP/1.1" 301 162 "https://www.google.com/" "Mozilla/5.0 (Linux; Android 14; Pixel 8 Pro) AppleWebKit/537.36 (KHTML, like Gecko) Chrome/119.0.0.0 Mobile Safari/537.36"
68.218.100.201 - - [29/Dec/2025:03:00:11 +0300] "GET /wp-content/index.php HTTP/1.1" 200 5 "https://www.google.com/" "Mozilla/5.0 (Linux; Android 14; Pixel 8 Pro) AppleWebKit/537.36 (KHTML, like Gecko) Chrome/119.0.0.0 Mobile Safari/537.36"
68.218.100.201 - - [29/Dec/2025:03:00:11 +0300] "GET /wp-content/plugins/Ultimate_VC_Addons/assets/alfa-rex.php7 HTTP/1.1" 301 162 "https://duckduckgo.com/" "Mozilla/5.0 (Linux; Android 10; K) AppleWebKit/537.36 (KHTML, like Gecko) Chrome/117.0.0.0 Mobile Safari/537.36"
68.218.100.201 - - [29/Dec/2025:03:00:11 +0300] "GET /wp-content/plugins/Ultimate_VC_Addons/assets/alfa-rex.php7 HTTP/1.1" 404 47066 "https://duckduckgo.com/" "Mozilla/5.0 (Linux; Android 10; K) AppleWebKit/537.36 (KHTML, like Gecko) Chrome/117.0.0.0 Mobile Safari/537.36"
