160.30.137.9 - - [29/Dec/2025:22:37:19 +0300] "GET /wp-admin/index.php HTTP/1.1" 301 162 "http://891rpm.com/wp-login.php" "Mozilla/5.0 (Macintosh; Intel Mac OS X 10_15_7) AppleWebKit/605.1.15 (KHTML, like Gecko) Version/17.2 Safari/605.1.15"
4.190.186.103 - - [29/Dec/2025:22:37:19 +0300] "GET /sa.php HTTP/1.1" 404 47066 "https://duckduckgo.com/" "Mozilla/5.0 (Linux; Android 12; V2134) AppleWebKit/537.36 (KHTML, like Gecko) Chrome/116.0.0.0 Mobile Safari/537.36"
160.30.137.9 - - [29/Dec/2025:22:37:19 +0300] "GET /wp-admin/index.php HTTP/1.1" 302 5 "http://891rpm.com/wp-login.php" "Mozilla/5.0 (Macintosh; Intel Mac OS X 10_15_7) AppleWebKit/605.1.15 (KHTML, like Gecko) Version/17.2 Safari/605.1.15"
160.30.137.9 - - [29/Dec/2025:22:37:19 +0300] "GET /wp-login.php?redirect_to=https%3A%2F%2F891rpm.com%2Fwp-admin%2Findex.php&reauth=1 HTTP/1.1" 200 3376 "http://891rpm.com/wp-login.php" "Mozilla/5.0 (Macintosh; Intel Mac OS X 10_15_7) AppleWebKit/605.1.15 (KHTML, like Gecko) Version/17.2 Safari/605.1.15"
4.190.186.103 - - [29/Dec/2025:22:37:19 +0300] "GET /sx.php HTTP/1.1" 301 162 "https://duckduckgo.com/" "Mozilla/5.0 (Linux; Android 10; LM-Q720) AppleWebKit/537.36 (KHTML, like Gecko) Chrome/116.0.0.0 Mobile Safari/537.36"
160.30.137.9 - - [29/Dec/2025:22:37:19 +0300] "POST /wp-login.php HTTP/1.1" 301 162 "http://891rpm.com/wp-login.php" "Mozilla/5.0 (X11; Ubuntu; Linux x86_64) AppleWebKit/537.36 (KHTML, like Gecko) Chrome/121.0.0.0 Safari/537.36"
160.30.137.9 - - [29/Dec/2025:22:37:20 +0300] "GET /wp-admin/index.php HTTP/1.1" 301 162 "http://891rpm.com/wp-login.php" "Mozilla/5.0 (Macintosh; Intel Mac OS X 13_6_1; rv:118.0) Gecko/20100101 Firefox/118.0"
4.190.186.103 - - [29/Dec/2025:22:37:20 +0300] "GET /sx.php HTTP/1.1" 404 47066 "https://duckduckgo.com/" "Mozilla/5.0 (Linux; Android 10; LM-Q720) AppleWebKit/537.36 (KHTML, like Gecko) Chrome/116.0.0.0 Mobile Safari/537.36"
160.30.137.9 - - [29/Dec/2025:22:37:20 +0300] "GET /wp-admin/index.php HTTP/1.1" 302 5 "http://891rpm.com/wp-login.php" "Mozilla/5.0 (Macintosh; Intel Mac OS X 13_6_1; rv:118.0) Gecko/20100101 Firefox/118.0"
4.190.186.103 - - [29/Dec/2025:22:37:20 +0300] "GET /templates/rhuk_milkyway/index.php HTTP/1.1" 301 162 "https://www.yahoo.com/" "Mozilla/5.0 (Linux; Android 10; LM-Q720) AppleWebKit/537.36 (KHTML, like Gecko) Chrome/116.0.0.0 Mobile Safari/537.36"
160.30.137.9 - - [29/Dec/2025:22:37:20 +0300] "GET /wp-login.php?redirect_to=https%3A%2F%2F891rpm.com%2Fwp-admin%2Findex.php&reauth=1 HTTP/1.1" 200 3376 "http://891rpm.com/wp-login.php" "Mozilla/5.0 (Macintosh; Intel Mac OS X 13_6_1; rv:118.0) Gecko/20100101 Firefox/118.0"
4.190.186.103 - - [29/Dec/2025:22:37:20 +0300] "GET /templates/rhuk_milkyway/index.php HTTP/1.1" 301 5 "https://www.yahoo.com/" "Mozilla/5.0 (Linux; Android 10; LM-Q720) AppleWebKit/537.36 (KHTML, like Gecko) Chrome/116.0.0.0 Mobile Safari/537.36"
160.30.137.9 - - [29/Dec/2025:22:37:20 +0300] "POST /wp-login.php HTTP/1.1" 301 162 "http://891rpm.com/wp-login.php" "Mozilla/5.0 (Windows NT 11.0; Win64; x64; rv:120.0) Gecko/20100101 Firefox/120.0"
160.30.137.9 - - [29/Dec/2025:22:37:21 +0300] "GET /wp-admin/index.php HTTP/1.1" 301 162 "http://891rpm.com/wp-login.php" "Mozilla/5.0 (Windows NT 10.0; Win64; x64) AppleWebKit/537.36 (KHTML, like Gecko) Chrome/121.0.0.0 Safari/537.36"
4.190.186.103 - - [29/Dec/2025:22:37:21 +0300] "GET /templates/rhuk_milkyway/ HTTP/1.1" 404 47066 "https://www.yahoo.com/" "Mozilla/5.0 (Linux; Android 10; LM-Q720) AppleWebKit/537.36 (KHTML, like Gecko) Chrome/116.0.0.0 Mobile Safari/537.36"
160.30.137.9 - - [29/Dec/2025:22:37:21 +0300] "GET /wp-admin/index.php HTTP/1.1" 302 5 "http://891rpm.com/wp-login.php" "Mozilla/5.0 (Windows NT 10.0; Win64; x64) AppleWebKit/537.36 (KHTML, like Gecko) Chrome/121.0.0.0 Safari/537.36"
4.190.186.103 - - [29/Dec/2025:22:37:21 +0300] "GET /themes.php HTTP/1.1" 301 162 "https://www.yahoo.com/" "Mozilla/5.0 (Linux; Android 12; 2201116SG) AppleWebKit/537.36 (KHTML, like Gecko) Chrome/116.0.0.0 Mobile Safari/537.36"
160.30.137.9 - - [29/Dec/2025:22:37:21 +0300] "GET /wp-login.php?redirect_to=https%3A%2F%2F891rpm.com%2Fwp-admin%2Findex.php&reauth=1 HTTP/1.1" 200 3376 "http://891rpm.com/wp-login.php" "Mozilla/5.0 (Windows NT 10.0; Win64; x64) AppleWebKit/537.36 (KHTML, like Gecko) Chrome/121.0.0.0 Safari/537.36"
160.30.137.9 - - [29/Dec/2025:22:37:21 +0300] "POST /wp-login.php HTTP/1.1" 301 162 "http://891rpm.com/wp-login.php" "Mozilla/5.0 (X11; Linux x86_64) AppleWebKit/537.36 (KHTML, like Gecko) Chrome/121.0.0.0 Safari/537.36"
4.190.186.103 - - [29/Dec/2025:22:37:21 +0300] "GET /themes.php HTTP/1.1" 404 47066 "https://www.yahoo.com/" "Mozilla/5.0 (Linux; Android 12; 2201116SG) AppleWebKit/537.36 (KHTML, like Gecko) Chrome/116.0.0.0 Mobile Safari/537.36"
160.30.137.9 - - [29/Dec/2025:22:37:22 +0300] "GET /wp-admin/index.php HTTP/1.1" 301 162 "http://891rpm.com/wp-login.php" "Mozilla/5.0 (Macintosh; Intel Mac OS X 10_15_7) AppleWebKit/605.1.15 (KHTML, like Gecko) Version/17.2 Safari/605.1.15"
160.30.137.9 - - [29/Dec/2025:22:37:22 +0300] "GET /wp-admin/index.php HTTP/1.1" 302 5 "http://891rpm.com/wp-login.php" "Mozilla/5.0 (Macintosh; Intel Mac OS X 10_15_7) AppleWebKit/605.1.15 (KHTML, like Gecko) Version/17.2 Safari/605.1.15"
4.190.186.103 - - [29/Dec/2025:22:37:22 +0300] "GET /tmp.php HTTP/1.1" 301 162 "https://duckduckgo.com/" "Mozilla/5.0 (Linux; Android 10; LM-Q720) AppleWebKit/537.36 (KHTML, like Gecko) Chrome/116.0.0.0 Mobile Safari/537.36"
160.30.137.9 - - [29/Dec/2025:22:37:22 +0300] "GET /wp-login.php?redirect_to=https%3A%2F%2F891rpm.com%2Fwp-admin%2Findex.php&reauth=1 HTTP/1.1" 200 3376 "http://891rpm.com/wp-login.php" "Mozilla/5.0 (Macintosh; Intel Mac OS X 10_15_7) AppleWebKit/605.1.15 (KHTML, like Gecko) Version/17.2 Safari/605.1.15"
4.190.186.103 - - [29/Dec/2025:22:37:22 +0300] "GET /tmp.php HTTP/1.1" 404 47066 "https://duckduckgo.com/" "Mozilla/5.0 (Linux; Android 10; LM-Q720) AppleWebKit/537.36 (KHTML, like Gecko) Chrome/116.0.0.0 Mobile Safari/537.36"
160.30.137.9 - - [29/Dec/2025:22:37:22 +0300] "POST /wp-login.php HTTP/1.1" 301 162 "http://891rpm.com/wp-login.php" "Mozilla/5.0 (Macintosh; Intel Mac OS X 13_6_1; rv:118.0) Gecko/20100101 Firefox/118.0"
160.30.137.9 - - [29/Dec/2025:22:37:23 +0300] "GET /wp-admin/index.php HTTP/1.1" 301 162 "http://891rpm.com/wp-login.php" "Mozilla/5.0 (Macintosh; Intel Mac OS X 13_6_1) AppleWebKit/605.1.15 (KHTML, like Gecko) Version/17.1 Safari/605.1.15"
4.190.186.103 - - [29/Dec/2025:22:37:23 +0300] "GET /up.php HTTP/1.1" 301 162 "https://www.yahoo.com/" "Mozilla/5.0 (iPad; CPU OS 17_0_3 like Mac OS X) AppleWebKit/605.1.15 (KHTML, like Gecko) Version/17.0.1 Mobile/15E148 Safari/604.1"
160.30.137.9 - - [29/Dec/2025:22:37:23 +0300] "GET /wp-admin/index.php HTTP/1.1" 302 5 "http://891rpm.com/wp-login.php" "Mozilla/5.0 (Macintosh; Intel Mac OS X 13_6_1) AppleWebKit/605.1.15 (KHTML, like Gecko) Version/17.1 Safari/605.1.15"
4.190.186.103 - - [29/Dec/2025:22:37:23 +0300] "GET /up.php HTTP/1.1" 404 47066 "https://www.yahoo.com/" "Mozilla/5.0 (iPad; CPU OS 17_0_3 like Mac OS X) AppleWebKit/605.1.15 (KHTML, like Gecko) Version/17.0.1 Mobile/15E148 Safari/604.1"
160.30.137.9 - - [29/Dec/2025:22:37:23 +0300] "GET /wp-login.php?redirect_to=https%3A%2F%2F891rpm.com%2Fwp-admin%2Findex.php&reauth=1 HTTP/1.1" 200 3376 "http://891rpm.com/wp-login.php" "Mozilla/5.0 (Macintosh; Intel Mac OS X 13_6_1) AppleWebKit/605.1.15 (KHTML, like Gecko) Version/17.1 Safari/605.1.15"
160.30.137.9 - - [29/Dec/2025:22:37:23 +0300] "POST /wp-login.php HTTP/1.1" 301 162 "http://891rpm.com/wp-login.php" "Mozilla/5.0 (Windows NT 10.0; Win64; x64; rv:118.0) Gecko/20100101 Firefox/118.0"
4.190.186.103 - - [29/Dec/2025:22:37:24 +0300] "GET /uploaded_script.php HTTP/1.1" 301 162 "https://duckduckgo.com/" "Mozilla/5.0 (Linux; Android 12; 2201116SG) AppleWebKit/537.36 (KHTML, like Gecko) Chrome/116.0.0.0 Mobile Safari/537.36"
160.30.137.9 - - [29/Dec/2025:22:37:24 +0300] "GET /wp-admin/index.php HTTP/1.1" 301 162 "http://891rpm.com/wp-login.php" "Mozilla/5.0 (Macintosh; Intel Mac OS X 10_15_7) AppleWebKit/605.1.15 (KHTML, like Gecko) Version/17.1 Safari/605.1.15"
4.190.186.103 - - [29/Dec/2025:22:37:24 +0300] "GET /uploaded_script.php HTTP/1.1" 404 47066 "https://duckduckgo.com/" "Mozilla/5.0 (Linux; Android 12; 2201116SG) AppleWebKit/537.36 (KHTML, like Gecko) Chrome/116.0.0.0 Mobile Safari/537.36"
160.30.137.9 - - [29/Dec/2025:22:37:24 +0300] "GET /wp-admin/index.php HTTP/1.1" 302 5 "http://891rpm.com/wp-login.php" "Mozilla/5.0 (Macintosh; Intel Mac OS X 10_15_7) AppleWebKit/605.1.15 (KHTML, like Gecko) Version/17.1 Safari/605.1.15"
160.30.137.9 - - [29/Dec/2025:22:37:24 +0300] "GET /wp-login.php?redirect_to=https%3A%2F%2F891rpm.com%2Fwp-admin%2Findex.php&reauth=1 HTTP/1.1" 200 3376 "http://891rpm.com/wp-login.php" "Mozilla/5.0 (Macintosh; Intel Mac OS X 10_15_7) AppleWebKit/605.1.15 (KHTML, like Gecko) Version/17.1 Safari/605.1.15"
4.190.186.103 - - [29/Dec/2025:22:37:24 +0300] "GET /vendor/composer/about.php HTTP/1.1" 301 162 "https://www.bing.com/" "Mozilla/5.0 (Linux; Android 13; SM-G991U) AppleWebKit/537.36 (KHTML, like Gecko) Chrome/117.0.0.0 Mobile Safari/537.36"
160.30.137.9 - - [29/Dec/2025:22:37:24 +0300] "POST /wp-login.php HTTP/1.1" 301 162 "http://891rpm.com/wp-login.php" "Mozilla/5.0 (Windows NT 10.0; Win64; x64) AppleWebKit/537.36 (KHTML, like Gecko) Chrome/121.0.0.0 Safari/537.36"
160.30.137.9 - - [29/Dec/2025:22:37:25 +0300] "GET /wp-admin/index.php HTTP/1.1" 301 162 "http://891rpm.com/wp-login.php" "Mozilla/5.0 (Macintosh; Intel Mac OS X 10_15_7; rv:119.0) Gecko/20100101 Firefox/119.0"
4.190.186.103 - - [29/Dec/2025:22:37:25 +0300] "GET /vendor/composer/about.php HTTP/1.1" 404 47066 "https://www.bing.com/" "Mozilla/5.0 (Linux; Android 13; SM-G991U) AppleWebKit/537.36 (KHTML, like Gecko) Chrome/117.0.0.0 Mobile Safari/537.36"
160.30.137.9 - - [29/Dec/2025:22:37:25 +0300] "GET /wp-admin/index.php HTTP/1.1" 302 5 "http://891rpm.com/wp-login.php" "Mozilla/5.0 (Macintosh; Intel Mac OS X 10_15_7; rv:119.0) Gecko/20100101 Firefox/119.0"
4.190.186.103 - - [29/Dec/2025:22:37:25 +0300] "GET /w.php HTTP/1.1" 301 162 "https://www.bing.com/" "Mozilla/5.0 (Linux; Android 13; SM-S908E) AppleWebKit/537.36 (KHTML, like Gecko) Chrome/116.0.0.0 Mobile Safari/537.36"
160.30.137.9 - - [29/Dec/2025:22:37:25 +0300] "GET /wp-login.php?redirect_to=https%3A%2F%2F891rpm.com%2Fwp-admin%2Findex.php&reauth=1 HTTP/1.1" 200 3376 "http://891rpm.com/wp-login.php" "Mozilla/5.0 (Macintosh; Intel Mac OS X 10_15_7; rv:119.0) Gecko/20100101 Firefox/119.0"
160.30.137.9 - - [29/Dec/2025:22:37:25 +0300] "POST /wp-login.php HTTP/1.1" 301 162 "http://891rpm.com/wp-login.php" "Mozilla/5.0 (Macintosh; Intel Mac OS X 13_6_1) AppleWebKit/605.1.15 (KHTML, like Gecko) Version/16.6 Safari/605.1.15"
4.190.186.103 - - [29/Dec/2025:22:37:25 +0300] "GET /w.php HTTP/1.1" 404 47066 "https://www.bing.com/" "Mozilla/5.0 (Linux; Android 13; SM-S908E) AppleWebKit/537.36 (KHTML, like Gecko) Chrome/116.0.0.0 Mobile Safari/537.36"
160.30.137.9 - - [29/Dec/2025:22:37:26 +0300] "GET /wp-admin/index.php HTTP/1.1" 301 162 "http://891rpm.com/wp-login.php" "Mozilla/5.0 (Windows NT 11.0; Win64; x64; rv:119.0) Gecko/20100101 Firefox/119.0"
160.30.137.9 - - [29/Dec/2025:22:37:26 +0300] "GET /wp-admin/index.php HTTP/1.1" 302 5 "http://891rpm.com/wp-login.php" "Mozilla/5.0 (Windows NT 11.0; Win64; x64; rv:119.0) Gecko/20100101 Firefox/119.0"
4.190.186.103 - - [29/Dec/2025:22:37:26 +0300] "GET /wp-admin/a.php HTTP/1.1" 301 162 "https://www.yahoo.com/" "Mozilla/5.0 (Linux; Android 13; M2101K6G) AppleWebKit/537.36 (KHTML, like Gecko) Chrome/116.0.0.0 Mobile Safari/537.36"
160.30.137.9 - - [29/Dec/2025:22:37:26 +0300] "GET /wp-login.php?redirect_to=https%3A%2F%2F891rpm.com%2Fwp-admin%2Findex.php&reauth=1 HTTP/1.1" 200 3376 "http://891rpm.com/wp-login.php" "Mozilla/5.0 (Windows NT 11.0; Win64; x64; rv:119.0) Gecko/20100101 Firefox/119.0"
4.190.186.103 - - [29/Dec/2025:22:37:26 +0300] "GET /wp-admin/a.php HTTP/1.1" 404 47066 "https://www.yahoo.com/" "Mozilla/5.0 (Linux; Android 13; M2101K6G) AppleWebKit/537.36 (KHTML, like Gecko) Chrome/116.0.0.0 Mobile Safari/537.36"
160.30.137.9 - - [29/Dec/2025:22:37:26 +0300] "POST /wp-login.php HTTP/1.1" 301 162 "http://891rpm.com/wp-login.php" "Mozilla/5.0 (Macintosh; Intel Mac OS X 13_6_1) AppleWebKit/605.1.15 (KHTML, like Gecko) Version/17.0 Safari/605.1.15"
160.30.137.9 - - [29/Dec/2025:22:37:27 +0300] "GET /wp-admin/index.php HTTP/1.1" 301 162 "http://891rpm.com/wp-login.php" "Mozilla/5.0 (Macintosh; Intel Mac OS X 10_15_7) AppleWebKit/537.36 (KHTML, like Gecko) Chrome/120.0.0.0 Safari/537.36"
4.190.186.103 - - [29/Dec/2025:22:37:27 +0300] "GET /wp-admin/css/colors HTTP/1.1" 301 162 "https://duckduckgo.com/" "Mozilla/5.0 (Linux; Android 10; LM-Q720) AppleWebKit/537.36 (KHTML, like Gecko) Chrome/116.0.0.0 Mobile Safari/537.36"
160.30.137.9 - - [29/Dec/2025:22:37:27 +0300] "GET /wp-admin/index.php HTTP/1.1" 302 5 "http://891rpm.com/wp-login.php" "Mozilla/5.0 (Macintosh; Intel Mac OS X 10_15_7) AppleWebKit/537.36 (KHTML, like Gecko) Chrome/120.0.0.0 Safari/537.36"
4.190.186.103 - - [29/Dec/2025:22:37:27 +0300] "GET /wp-admin/css/colors HTTP/1.1" 301 162 "https://duckduckgo.com/" "Mozilla/5.0 (Linux; Android 10; LM-Q720) AppleWebKit/537.36 (KHTML, like Gecko) Chrome/116.0.0.0 Mobile Safari/537.36"
4.190.186.103 - - [29/Dec/2025:22:37:27 +0300] "GET /wp-admin/css/colors/ HTTP/1.1" 302 138 "https://duckduckgo.com/" "Mozilla/5.0 (Linux; Android 10; LM-Q720) AppleWebKit/537.36 (KHTML, like Gecko) Chrome/116.0.0.0 Mobile Safari/537.36"
160.30.137.9 - - [29/Dec/2025:22:37:27 +0300] "GET /wp-login.php?redirect_to=https%3A%2F%2F891rpm.com%2Fwp-admin%2Findex.php&reauth=1 HTTP/1.1" 200 3376 "http://891rpm.com/wp-login.php" "Mozilla/5.0 (Macintosh; Intel Mac OS X 10_15_7) AppleWebKit/537.36 (KHTML, like Gecko) Chrome/120.0.0.0 Safari/537.36"
160.30.137.9 - - [29/Dec/2025:22:37:27 +0300] "POST /wp-login.php HTTP/1.1" 301 162 "http://891rpm.com/wp-login.php" "Mozilla/5.0 (Windows NT 11.0; Win64; x64) AppleWebKit/537.36 (KHTML, like Gecko) Chrome/118.0.0.0 Safari/537.36"
4.190.186.103 - - [29/Dec/2025:22:37:28 +0300] "GET /wp-admin/css/colors/404 HTTP/1.1" 404 47066 "https://duckduckgo.com/" "Mozilla/5.0 (Linux; Android 10; LM-Q720) AppleWebKit/537.36 (KHTML, like Gecko) Chrome/116.0.0.0 Mobile Safari/537.36"
160.30.137.9 - - [29/Dec/2025:22:37:28 +0300] "GET /wp-admin/index.php HTTP/1.1" 301 162 "http://891rpm.com/wp-login.php" "Mozilla/5.0 (Macintosh; Intel Mac OS X 10_15_7) AppleWebKit/605.1.15 (KHTML, like Gecko) Version/17.2 Safari/605.1.15"
160.30.137.9 - - [29/Dec/2025:22:37:28 +0300] "GET /wp-admin/index.php HTTP/1.1" 302 5 "http://891rpm.com/wp-login.php" "Mozilla/5.0 (Macintosh; Intel Mac OS X 10_15_7) AppleWebKit/605.1.15 (KHTML, like Gecko) Version/17.2 Safari/605.1.15"
4.190.186.103 - - [29/Dec/2025:22:37:28 +0300] "GET /wp-admin/css/colors/blue HTTP/1.1" 301 162 "https://www.google.com/" "Mozilla/5.0 (Linux; Android 12; V2134) AppleWebKit/537.36 (KHTML, like Gecko) Chrome/116.0.0.0 Mobile Safari/537.36"
4.190.186.103 - - [29/Dec/2025:22:37:28 +0300] "GET /wp-admin/css/colors/blue HTTP/1.1" 301 162 "https://www.google.com/" "Mozilla/5.0 (Linux; Android 12; V2134) AppleWebKit/537.36 (KHTML, like Gecko) Chrome/116.0.0.0 Mobile Safari/537.36"
160.30.137.9 - - [29/Dec/2025:22:37:28 +0300] "GET /wp-login.php?redirect_to=https%3A%2F%2F891rpm.com%2Fwp-admin%2Findex.php&reauth=1 HTTP/1.1" 200 3376 "http://891rpm.com/wp-login.php" "Mozilla/5.0 (Macintosh; Intel Mac OS X 10_15_7) AppleWebKit/605.1.15 (KHTML, like Gecko) Version/17.2 Safari/605.1.15"
160.30.137.9 - - [29/Dec/2025:22:37:28 +0300] "POST /wp-login.php HTTP/1.1" 301 162 "http://891rpm.com/wp-login.php" "Mozilla/5.0 (Macintosh; Intel Mac OS X 13_6_1) AppleWebKit/605.1.15 (KHTML, like Gecko) Version/17.0 Safari/605.1.15"
4.190.186.103 - - [29/Dec/2025:22:37:28 +0300] "GET /wp-admin/css/colors/blue/ HTTP/1.1" 302 138 "https://www.google.com/" "Mozilla/5.0 (Linux; Android 12; V2134) AppleWebKit/537.36 (KHTML, like Gecko) Chrome/116.0.0.0 Mobile Safari/537.36"
160.30.137.9 - - [29/Dec/2025:22:37:29 +0300] "GET /wp-admin/index.php HTTP/1.1" 301 162 "http://891rpm.com/wp-login.php" "Mozilla/5.0 (Windows NT 10.0; Win64; x64; rv:120.0) Gecko/20100101 Firefox/120.0"
4.190.186.103 - - [29/Dec/2025:22:37:29 +0300] "GET /wp-admin/css/colors/blue/404 HTTP/1.1" 404 47066 "https://www.google.com/" "Mozilla/5.0 (Linux; Android 12; V2134) AppleWebKit/537.36 (KHTML, like Gecko) Chrome/116.0.0.0 Mobile Safari/537.36"
160.30.137.9 - - [29/Dec/2025:22:37:29 +0300] "GET /wp-admin/index.php HTTP/1.1" 302 5 "http://891rpm.com/wp-login.php" "Mozilla/5.0 (Windows NT 10.0; Win64; x64; rv:120.0) Gecko/20100101 Firefox/120.0"
4.190.186.103 - - [29/Dec/2025:22:37:29 +0300] "GET /wp-admin/images/atomlib.php HTTP/1.1" 301 162 "https://duckduckgo.com/" "Mozilla/5.0 (iPhone; CPU iPhone OS 17_1_1 like Mac OS X) AppleWebKit/605.1.15 (KHTML, like Gecko) Version/17.1 Mobile/15E148 Safari/604.1"
160.30.137.9 - - [29/Dec/2025:22:37:29 +0300] "GET /wp-login.php?redirect_to=https%3A%2F%2F891rpm.com%2Fwp-admin%2Findex.php&reauth=1 HTTP/1.1" 200 3376 "http://891rpm.com/wp-login.php" "Mozilla/5.0 (Windows NT 10.0; Win64; x64; rv:120.0) Gecko/20100101 Firefox/120.0"
160.30.137.9 - - [29/Dec/2025:22:37:29 +0300] "POST /wp-login.php HTTP/1.1" 301 162 "http://891rpm.com/wp-login.php" "Mozilla/5.0 (Windows NT 10.0; Win64; x64) AppleWebKit/537.36 (KHTML, like Gecko) Chrome/121.0.0.0 Safari/537.36"
4.190.186.103 - - [29/Dec/2025:22:37:30 +0300] "GET /wp-admin/images/atomlib.php HTTP/1.1" 404 47066 "https://duckduckgo.com/" "Mozilla/5.0 (iPhone; CPU iPhone OS 17_1_1 like Mac OS X) AppleWebKit/605.1.15 (KHTML, like Gecko) Version/17.1 Mobile/15E148 Safari/604.1"
160.30.137.9 - - [29/Dec/2025:22:37:30 +0300] "GET /wp-admin/index.php HTTP/1.1" 301 162 "http://891rpm.com/wp-login.php" "Mozilla/5.0 (X11; Linux x86_64) AppleWebKit/537.36 (KHTML, like Gecko) Chrome/120.0.0.0 Safari/537.36"
160.30.137.9 - - [29/Dec/2025:22:37:30 +0300] "GET /wp-admin/index.php HTTP/1.1" 302 5 "http://891rpm.com/wp-login.php" "Mozilla/5.0 (X11; Linux x86_64) AppleWebKit/537.36 (KHTML, like Gecko) Chrome/120.0.0.0 Safari/537.36"
4.190.186.103 - - [29/Dec/2025:22:37:30 +0300] "GET /wp-admin/images/chosen.php HTTP/1.1" 301 162 "https://www.google.de/" "Mozilla/5.0 (Linux; Android 11; CPH2251) AppleWebKit/537.36 (KHTML, like Gecko) Chrome/116.0.0.0 Mobile Safari/537.36"
160.30.137.9 - - [29/Dec/2025:22:37:30 +0300] "GET /wp-login.php?redirect_to=https%3A%2F%2F891rpm.com%2Fwp-admin%2Findex.php&reauth=1 HTTP/1.1" 200 3376 "http://891rpm.com/wp-login.php" "Mozilla/5.0 (X11; Linux x86_64) AppleWebKit/537.36 (KHTML, like Gecko) Chrome/120.0.0.0 Safari/537.36"
4.190.186.103 - - [29/Dec/2025:22:37:30 +0300] "GET /wp-admin/images/chosen.php HTTP/1.1" 404 47066 "https://www.google.de/" "Mozilla/5.0 (Linux; Android 11; CPH2251) AppleWebKit/537.36 (KHTML, like Gecko) Chrome/116.0.0.0 Mobile Safari/537.36"
160.30.137.9 - - [29/Dec/2025:22:37:30 +0300] "POST /wp-login.php HTTP/1.1" 301 162 "http://891rpm.com/wp-login.php" "Mozilla/5.0 (Macintosh; Intel Mac OS X 10_15_7) AppleWebKit/605.1.15 (KHTML, like Gecko) Version/17.0 Safari/605.1.15"
160.30.137.9 - - [29/Dec/2025:22:37:31 +0300] "GET /wp-admin/index.php HTTP/1.1" 301 162 "http://891rpm.com/wp-login.php" "Mozilla/5.0 (X11; Linux x86_64) AppleWebKit/537.36 (KHTML, like Gecko) Chrome/118.0.0.0 Safari/537.36"
4.190.186.103 - - [29/Dec/2025:22:37:31 +0300] "GET /wp-admin/includes/chosen.php HTTP/1.1" 301 162 "https://duckduckgo.com/" "Mozilla/5.0 (iPad; CPU OS 17_0_3 like Mac OS X) AppleWebKit/605.1.15 (KHTML, like Gecko) Version/17.0.1 Mobile/15E148 Safari/604.1"
160.30.137.9 - - [29/Dec/2025:22:37:31 +0300] "GET /wp-admin/index.php HTTP/1.1" 302 5 "http://891rpm.com/wp-login.php" "Mozilla/5.0 (X11; Linux x86_64) AppleWebKit/537.36 (KHTML, like Gecko) Chrome/118.0.0.0 Safari/537.36"
4.190.186.103 - - [29/Dec/2025:22:37:31 +0300] "GET /wp-admin/includes/chosen.php HTTP/1.1" 404 47066 "https://duckduckgo.com/" "Mozilla/5.0 (iPad; CPU OS 17_0_3 like Mac OS X) AppleWebKit/605.1.15 (KHTML, like Gecko) Version/17.0.1 Mobile/15E148 Safari/604.1"
160.30.137.9 - - [29/Dec/2025:22:37:31 +0300] "GET /wp-login.php?redirect_to=https%3A%2F%2F891rpm.com%2Fwp-admin%2Findex.php&reauth=1 HTTP/1.1" 200 3376 "http://891rpm.com/wp-login.php" "Mozilla/5.0 (X11; Linux x86_64) AppleWebKit/537.36 (KHTML, like Gecko) Chrome/118.0.0.0 Safari/537.36"
160.30.137.9 - - [29/Dec/2025:22:37:31 +0300] "POST /wp-login.php HTTP/1.1" 301 162 "http://891rpm.com/wp-login.php" "Mozilla/5.0 (Macintosh; Intel Mac OS X 13_6_1) AppleWebKit/605.1.15 (KHTML, like Gecko) Version/17.2 Safari/605.1.15"
4.190.186.103 - - [29/Dec/2025:22:37:32 +0300] "GET /wp-admin/includes/rk2.php HTTP/1.1" 301 162 "https://duckduckgo.com/" "Mozilla/5.0 (iPhone; CPU iPhone OS 17_0_3 like Mac OS X) AppleWebKit/605.1.15 (KHTML, like Gecko) Version/17.0.1 Mobile/15E148 Safari/604.1"
160.30.137.9 - - [29/Dec/2025:22:37:32 +0300] "GET /wp-admin/index.php HTTP/1.1" 301 162 "http://891rpm.com/wp-login.php" "Mozilla/5.0 (X11; Ubuntu; Linux x86_64) AppleWebKit/537.36 (KHTML, like Gecko) Chrome/120.0.0.0 Safari/537.36"
160.30.137.9 - - [29/Dec/2025:22:37:32 +0300] "GET /wp-admin/index.php HTTP/1.1" 302 5 "http://891rpm.com/wp-login.php" "Mozilla/5.0 (X11; Ubuntu; Linux x86_64) AppleWebKit/537.36 (KHTML, like Gecko) Chrome/120.0.0.0 Safari/537.36"
4.190.186.103 - - [29/Dec/2025:22:37:32 +0300] "GET /wp-admin/includes/rk2.php HTTP/1.1" 404 47066 "https://duckduckgo.com/" "Mozilla/5.0 (iPhone; CPU iPhone OS 17_0_3 like Mac OS X) AppleWebKit/605.1.15 (KHTML, like Gecko) Version/17.0.1 Mobile/15E148 Safari/604.1"
160.30.137.9 - - [29/Dec/2025:22:37:32 +0300] "GET /wp-login.php?redirect_to=https%3A%2F%2F891rpm.com%2Fwp-admin%2Findex.php&reauth=1 HTTP/1.1" 200 3376 "http://891rpm.com/wp-login.php" "Mozilla/5.0 (X11; Ubuntu; Linux x86_64) AppleWebKit/537.36 (KHTML, like Gecko) Chrome/120.0.0.0 Safari/537.36"
160.30.137.9 - - [29/Dec/2025:22:37:32 +0300] "POST /wp-login.php HTTP/1.1" 301 162 "http://891rpm.com/wp-login.php" "Mozilla/5.0 (Macintosh; Intel Mac OS X 13_6_1; rv:119.0) Gecko/20100101 Firefox/119.0"
4.190.186.103 - - [29/Dec/2025:22:37:32 +0300] "GET /wp-admin/index.php HTTP/1.1" 301 162 "https://www.yahoo.com/" "Mozilla/5.0 (Linux; Android 10; LM-Q720) AppleWebKit/537.36 (KHTML, like Gecko) Chrome/116.0.0.0 Mobile Safari/537.36"
160.30.137.9 - - [29/Dec/2025:22:37:33 +0300] "GET /wp-admin/index.php HTTP/1.1" 301 162 "http://891rpm.com/wp-login.php" "Mozilla/5.0 (Macintosh; Intel Mac OS X 13_6_1; rv:120.0) Gecko/20100101 Firefox/120.0"
4.190.186.103 - - [29/Dec/2025:22:37:33 +0300] "GET /wp-admin/index.php HTTP/1.1" 302 5 "https://www.yahoo.com/" "Mozilla/5.0 (Linux; Android 10; LM-Q720) AppleWebKit/537.36 (KHTML, like Gecko) Chrome/116.0.0.0 Mobile Safari/537.36"
160.30.137.9 - - [29/Dec/2025:22:37:33 +0300] "GET /wp-admin/index.php HTTP/1.1" 302 5 "http://891rpm.com/wp-login.php" "Mozilla/5.0 (Macintosh; Intel Mac OS X 13_6_1; rv:120.0) Gecko/20100101 Firefox/120.0"
4.190.186.103 - - [29/Dec/2025:22:37:33 +0300] "GET /wp-login.php?redirect_to=https%3A%2F%2F891rpm.com%2Fwp-admin%2Findex.php&reauth=1 HTTP/1.1" 200 12015 "https://www.yahoo.com/" "Mozilla/5.0 (Linux; Android 10; LM-Q720) AppleWebKit/537.36 (KHTML, like Gecko) Chrome/116.0.0.0 Mobile Safari/537.36"
160.30.137.9 - - [29/Dec/2025:22:37:33 +0300] "GET /wp-login.php?redirect_to=https%3A%2F%2F891rpm.com%2Fwp-admin%2Findex.php&reauth=1 HTTP/1.1" 200 3376 "http://891rpm.com/wp-login.php" "Mozilla/5.0 (Macintosh; Intel Mac OS X 13_6_1; rv:120.0) Gecko/20100101 Firefox/120.0"
4.190.186.103 - - [29/Dec/2025:22:37:33 +0300] "GET /wp-admin/js/chosen.php HTTP/1.1" 301 162 "https://www.yahoo.com/" "Mozilla/5.0 (iPhone; CPU iPhone OS 17_0_3 like Mac OS X) AppleWebKit/605.1.15 (KHTML, like Gecko) Version/17.0.1 Mobile/15E148 Safari/604.1"
4.190.186.103 - - [29/Dec/2025:22:37:34 +0300] "GET /wp-admin/js/chosen.php HTTP/1.1" 404 47066 "https://www.yahoo.com/" "Mozilla/5.0 (iPhone; CPU iPhone OS 17_0_3 like Mac OS X) AppleWebKit/605.1.15 (KHTML, like Gecko) Version/17.0.1 Mobile/15E148 Safari/604.1"
4.190.186.103 - - [29/Dec/2025:22:37:34 +0300] "GET /wp-admin/k.php HTTP/1.1" 301 162 "https://duckduckgo.com/" "Mozilla/5.0 (Linux; Android 13; M2101K6G) AppleWebKit/537.36 (KHTML, like Gecko) Chrome/116.0.0.0 Mobile Safari/537.36"
4.190.186.103 - - [29/Dec/2025:22:37:34 +0300] "GET /wp-admin/k.php HTTP/1.1" 404 47066 "https://duckduckgo.com/" "Mozilla/5.0 (Linux; Android 13; M2101K6G) AppleWebKit/537.36 (KHTML, like Gecko) Chrome/116.0.0.0 Mobile Safari/537.36"
172.236.228.193 - - [29/Dec/2025:22:42:33 +0300] "GET / HTTP/1.1" 301 162 "-" "Mozilla/5.0 (Macintosh; Intel Mac OS X 13_1) AppleWebKit/537.36 (KHTML, like Gecko) Chrome/108.0.0.0 Safari/537.36"
172.236.228.193 - - [29/Dec/2025:22:42:34 +0300] "GET / HTTP/1.1" 200 41940 "http://82.148.16.210/" "Mozilla/5.0 (Macintosh; Intel Mac OS X 13_1) AppleWebKit/537.36 (KHTML, like Gecko) Chrome/108.0.0.0 Safari/537.36"
34.226.120.205 - - [29/Dec/2025:22:46:19 +0300] "POST /xmlrpc.php HTTP/1.1" 200 264 "-" "Mozilla/5.0 (Windows NT 10.0; Win64; x64; rv:54.0) Gecko/20100101 Firefox/54.0"
82.148.16.210 - - [29/Dec/2025:22:54:06 +0300] "POST /wp-cron.php?doing_wp_cron=1767038046.6760189533233642578125 HTTP/1.1" 499 0 "-" "WordPress/6.9-RC4-61341; https://891rpm.com"
185.245.105.171 - - [29/Dec/2025:22:54:06 +0300] "GET /where-am-i/ HTTP/1.0" 200 39431 "https://891rpm.com/where-am-i/" "Mozilla/5.0 (Windows NT 10.0; Win64; x64) AppleWebKit/537.36 (KHTML, like Gecko) Chrome/131.0.0.0 Safari/537.36"
185.245.105.171 - - [29/Dec/2025:22:54:07 +0300] "POST /wp-comments-post.php HTTP/1.0" 302 0 "https://891rpm.com/where-am-i/" "Mozilla/5.0 (Windows NT 10.0; Win64; x64) AppleWebKit/537.36 (KHTML, like Gecko) Chrome/131.0.0.0 Safari/537.36"
185.245.105.171 - - [29/Dec/2025:22:54:07 +0300] "GET /where-am-i/ HTTP/1.0" 200 39431 "https://891rpm.com/where-am-i/#comment-38292" "Mozilla/5.0 (Windows NT 10.0; Win64; x64) AppleWebKit/537.36 (KHTML, like Gecko) Chrome/131.0.0.0 Safari/537.36"
212.34.135.52 - - [29/Dec/2025:22:54:56 +0300] "GET / HTTP/1.1" 301 162 "-" "Mozilla/5.0 (Windows NT 10.0; Win64; x64) AppleWebKit/537.36 (KHTML, like Gecko) Chrome/120.0.0.0 Safari/537.36"
212.34.135.52 - - [29/Dec/2025:22:54:57 +0300] "GET / HTTP/2.0" 200 41919 "http://891RPM.COM" "Mozilla/5.0 (Windows NT 10.0; Win64; x64) AppleWebKit/537.36 (KHTML, like Gecko) Chrome/120.0.0.0 Safari/537.36"
203.2.64.59 - - [29/Dec/2025:23:01:38 +0300] "GET / HTTP/1.1" 301 162 "-" "Mozilla/5.0 (iPhone; CPU iPhone OS 13_2_3 like Mac OS X) AppleWebKit/605.1.15 (KHTML, like Gecko) Version/13.0.3 Mobile/15E148 Safari/604.1"
203.2.64.59 - - [29/Dec/2025:23:01:42 +0300] "GET / HTTP/1.1" 200 41940 "https://www.891rpm.com/" "Mozilla/5.0 (iPhone; CPU iPhone OS 13_2_3 like Mac OS X) AppleWebKit/605.1.15 (KHTML, like Gecko) Version/13.0.3 Mobile/15E148 Safari/604.1"
4.218.10.83 - - [29/Dec/2025:23:04:44 +0300] "GET /info.php HTTP/1.1" 301 162 "https://www.google.de/" "Mozilla/5.0 (Linux; Android 10; K) AppleWebKit/537.36 (KHTML, like Gecko) Chrome/117.0.0.0 Mobile Safari/537.36"
4.218.10.83 - - [29/Dec/2025:23:04:46 +0300] "GET /info.php HTTP/1.1" 200 82677 "https://www.google.de/" "Mozilla/5.0 (Linux; Android 10; K) AppleWebKit/537.36 (KHTML, like Gecko) Chrome/117.0.0.0 Mobile Safari/537.36"
4.218.10.83 - - [29/Dec/2025:23:04:46 +0300] "GET /about.php HTTP/1.1" 301 162 "https://www.yahoo.com/" "Mozilla/5.0 (Linux; Android 11; 21081111RG) AppleWebKit/537.36 (KHTML, like Gecko) Chrome/116.0.0.0 Mobile Safari/537.36"
4.218.10.83 - - [29/Dec/2025:23:04:47 +0300] "GET /about.php HTTP/1.1" 404 47066 "https://www.yahoo.com/" "Mozilla/5.0 (Linux; Android 11; 21081111RG) AppleWebKit/537.36 (KHTML, like Gecko) Chrome/116.0.0.0 Mobile Safari/537.36"
4.218.10.83 - - [29/Dec/2025:23:04:48 +0300] "GET /admin.php HTTP/1.1" 301 162 "https://www.google.co.uk/" "Mozilla/5.0 (iPhone; CPU iPhone OS 15_7_9 like Mac OS X) AppleWebKit/605.1.15 (KHTML, like Gecko) Version/15.6.5 Mobile/15E148 Safari/604.1"
4.218.10.83 - - [29/Dec/2025:23:04:48 +0300] "GET /admin.php HTTP/1.1" 404 47066 "https://www.google.co.uk/" "Mozilla/5.0 (iPhone; CPU iPhone OS 15_7_9 like Mac OS X) AppleWebKit/605.1.15 (KHTML, like Gecko) Version/15.6.5 Mobile/15E148 Safari/604.1"
4.218.10.83 - - [29/Dec/2025:23:04:49 +0300] "GET /edit.php HTTP/1.1" 301 162 "https://www.bing.com/" "Mozilla/5.0 (iPhone; CPU iPhone OS 16_6_1 like Mac OS X) AppleWebKit/605.1.15 (KHTML, like Gecko) Version/16.6 Mobile/15E148 Safari/604.1"
4.218.10.83 - - [29/Dec/2025:23:04:49 +0300] "GET /edit.php HTTP/1.1" 404 47066 "https://www.bing.com/" "Mozilla/5.0 (iPhone; CPU iPhone OS 16_6_1 like Mac OS X) AppleWebKit/605.1.15 (KHTML, like Gecko) Version/16.6 Mobile/15E148 Safari/604.1"
4.218.10.83 - - [29/Dec/2025:23:04:50 +0300] "GET /ahax.php HTTP/1.1" 301 162 "https://www.google.co.uk/" "Mozilla/5.0 (iPad; CPU OS 17_0_3 like Mac OS X) AppleWebKit/605.1.15 (KHTML, like Gecko) Version/17.0.1 Mobile/15E148 Safari/604.1"
4.218.10.83 - - [29/Dec/2025:23:04:50 +0300] "GET /ahax.php HTTP/1.1" 404 47066 "https://www.google.co.uk/" "Mozilla/5.0 (iPad; CPU OS 17_0_3 like Mac OS X) AppleWebKit/605.1.15 (KHTML, like Gecko) Version/17.0.1 Mobile/15E148 Safari/604.1"
4.218.10.83 - - [29/Dec/2025:23:04:50 +0300] "GET /ioxi-o.php HTTP/1.1" 301 162 "https://www.yahoo.com/" "Mozilla/5.0 (Linux; Android 12; 2201116SG) AppleWebKit/537.36 (KHTML, like Gecko) Chrome/116.0.0.0 Mobile Safari/537.36"
4.218.10.83 - - [29/Dec/2025:23:04:51 +0300] "GET /ioxi-o.php HTTP/1.1" 404 47066 "https://www.yahoo.com/" "Mozilla/5.0 (Linux; Android 12; 2201116SG) AppleWebKit/537.36 (KHTML, like Gecko) Chrome/116.0.0.0 Mobile Safari/537.36"
4.218.10.83 - - [29/Dec/2025:23:04:51 +0300] "GET /bless.php HTTP/1.1" 301 162 "https://www.yahoo.com/" "Mozilla/5.0 (Linux; Android 13; SM-S908E) AppleWebKit/537.36 (KHTML, like Gecko) Chrome/116.0.0.0 Mobile Safari/537.36"
4.218.10.83 - - [29/Dec/2025:23:04:51 +0300] "GET /bless.php HTTP/1.1" 404 47066 "https://www.yahoo.com/" "Mozilla/5.0 (Linux; Android 13; SM-S908E) AppleWebKit/537.36 (KHTML, like Gecko) Chrome/116.0.0.0 Mobile Safari/537.36"
4.218.10.83 - - [29/Dec/2025:23:04:52 +0300] "GET /bolt.php HTTP/1.1" 301 162 "https://www.bing.com/" "Mozilla/5.0 (Linux; Android 14; Pixel 8 Pro) AppleWebKit/537.36 (KHTML, like Gecko) Chrome/119.0.0.0 Mobile Safari/537.36"
4.218.10.83 - - [29/Dec/2025:23:04:52 +0300] "GET /bolt.php HTTP/1.1" 404 47066 "https://www.bing.com/" "Mozilla/5.0 (Linux; Android 14; Pixel 8 Pro) AppleWebKit/537.36 (KHTML, like Gecko) Chrome/119.0.0.0 Mobile Safari/537.36"
4.218.10.83 - - [29/Dec/2025:23:04:53 +0300] "GET /adminfuns.php HTTP/1.1" 301 162 "https://www.google.co.uk/" "Mozilla/5.0 (iPad; CPU OS 16_7_2 like Mac OS X) AppleWebKit/605.1.15 (KHTML, like Gecko) Version/16.6 Mobile/15E148 Safari/604.1"
4.218.10.83 - - [29/Dec/2025:23:04:53 +0300] "GET /adminfuns.php HTTP/1.1" 404 47066 "https://www.google.co.uk/" "Mozilla/5.0 (iPad; CPU OS 16_7_2 like Mac OS X) AppleWebKit/605.1.15 (KHTML, like Gecko) Version/16.6 Mobile/15E148 Safari/604.1"
4.218.10.83 - - [29/Dec/2025:23:04:53 +0300] "GET /classwithtostring.php HTTP/1.1" 301 162 "https://www.bing.com/" "Mozilla/5.0 (Linux; Android 13; SM-S908E) AppleWebKit/537.36 (KHTML, like Gecko) Chrome/116.0.0.0 Mobile Safari/537.36"
4.218.10.83 - - [29/Dec/2025:23:04:54 +0300] "GET /classwithtostring.php HTTP/1.1" 404 47066 "https://www.bing.com/" "Mozilla/5.0 (Linux; Android 13; SM-S908E) AppleWebKit/537.36 (KHTML, like Gecko) Chrome/116.0.0.0 Mobile Safari/537.36"
4.218.10.83 - - [29/Dec/2025:23:04:54 +0300] "GET /file.php HTTP/1.1" 301 162 "https://www.yahoo.com/" "Mozilla/5.0 (Linux; Android 12; SM-A525F) AppleWebKit/537.36 (KHTML, like Gecko) Chrome/117.0.0.0 Mobile Safari/537.36"
4.218.10.83 - - [29/Dec/2025:23:04:55 +0300] "GET /file.php HTTP/1.1" 404 47066 "https://www.yahoo.com/" "Mozilla/5.0 (Linux; Android 12; SM-A525F) AppleWebKit/537.36 (KHTML, like Gecko) Chrome/117.0.0.0 Mobile Safari/537.36"
4.218.10.83 - - [29/Dec/2025:23:04:55 +0300] "GET /abcd.php HTTP/1.1" 301 162 "https://www.google.fr/" "Mozilla/5.0 (Linux; Android 11; CPH2251) AppleWebKit/537.36 (KHTML, like Gecko) Chrome/116.0.0.0 Mobile Safari/537.36"
4.218.10.83 - - [29/Dec/2025:23:04:55 +0300] "GET /abcd.php HTTP/1.1" 404 47066 "https://www.google.fr/" "Mozilla/5.0 (Linux; Android 11; CPH2251) AppleWebKit/537.36 (KHTML, like Gecko) Chrome/116.0.0.0 Mobile Safari/537.36"
4.218.10.83 - - [29/Dec/2025:23:04:56 +0300] "GET /akcc.php HTTP/1.1" 301 162 "https://www.bing.com/" "Mozilla/5.0 (iPhone; CPU iPhone OS 16_6_1 like Mac OS X) AppleWebKit/605.1.15 (KHTML, like Gecko) Version/16.6 Mobile/15E148 Safari/604.1"
4.218.10.83 - - [29/Dec/2025:23:04:56 +0300] "GET /akcc.php HTTP/1.1" 404 47066 "https://www.bing.com/" "Mozilla/5.0 (iPhone; CPU iPhone OS 16_6_1 like Mac OS X) AppleWebKit/605.1.15 (KHTML, like Gecko) Version/16.6 Mobile/15E148 Safari/604.1"
4.218.10.83 - - [29/Dec/2025:23:04:56 +0300] "GET /k.php HTTP/1.1" 301 162 "https://www.bing.com/" "Mozilla/5.0 (iPhone; CPU iPhone OS 15_7_9 like Mac OS X) AppleWebKit/605.1.15 (KHTML, like Gecko) Version/15.6.5 Mobile/15E148 Safari/604.1"
4.218.10.83 - - [29/Dec/2025:23:04:57 +0300] "GET /k.php HTTP/1.1" 404 47066 "https://www.bing.com/" "Mozilla/5.0 (iPhone; CPU iPhone OS 15_7_9 like Mac OS X) AppleWebKit/605.1.15 (KHTML, like Gecko) Version/15.6.5 Mobile/15E148 Safari/604.1"
4.218.10.83 - - [29/Dec/2025:23:04:57 +0300] "GET /xmlrpc.php HTTP/1.1" 301 162 "https://www.yahoo.com/" "Mozilla/5.0 (iPhone; CPU iPhone OS 15_7_9 like Mac OS X) AppleWebKit/605.1.15 (KHTML, like Gecko) Version/15.6.5 Mobile/15E148 Safari/604.1"
4.218.10.83 - - [29/Dec/2025:23:04:58 +0300] "GET /xmlrpc.php HTTP/1.1" 405 53 "https://www.yahoo.com/" "Mozilla/5.0 (iPhone; CPU iPhone OS 15_7_9 like Mac OS X) AppleWebKit/605.1.15 (KHTML, like Gecko) Version/15.6.5 Mobile/15E148 Safari/604.1"
4.218.10.83 - - [29/Dec/2025:23:04:58 +0300] "GET /xmrlpc.php HTTP/1.1" 301 162 "https://www.bing.com/" "Mozilla/5.0 (iPhone; CPU iPhone OS 16_6_1 like Mac OS X) AppleWebKit/605.1.15 (KHTML, like Gecko) Version/16.6 Mobile/15E148 Safari/604.1"
4.218.10.83 - - [29/Dec/2025:23:04:58 +0300] "GET /xmrlpc.php HTTP/1.1" 404 47066 "https://www.bing.com/" "Mozilla/5.0 (iPhone; CPU iPhone OS 16_6_1 like Mac OS X) AppleWebKit/605.1.15 (KHTML, like Gecko) Version/16.6 Mobile/15E148 Safari/604.1"
4.218.10.83 - - [29/Dec/2025:23:04:59 +0300] "GET /wp.php HTTP/1.1" 301 162 "https://www.google.co.uk/" "Mozilla/5.0 (iPhone; CPU iPhone OS 17_1 like Mac OS X) AppleWebKit/605.1.15 (KHTML, like Gecko) CriOS/119.0.6045.109 Mobile/15E148 Safari/604.1"
4.218.10.83 - - [29/Dec/2025:23:04:59 +0300] "GET /wp.php HTTP/1.1" 404 47066 "https://www.google.co.uk/" "Mozilla/5.0 (iPhone; CPU iPhone OS 17_1 like Mac OS X) AppleWebKit/605.1.15 (KHTML, like Gecko) CriOS/119.0.6045.109 Mobile/15E148 Safari/604.1"
4.218.10.83 - - [29/Dec/2025:23:04:59 +0300] "GET /yas.php HTTP/1.1" 301 162 "https://www.google.fr/" "Mozilla/5.0 (iPhone; CPU iPhone OS 16_0 like Mac OS X) AppleWebKit/605.1.15 (KHTML, like Gecko) FxiOS/118.0 Mobile/15E148 Safari/605.1.15"
4.218.10.83 - - [29/Dec/2025:23:05:00 +0300] "GET /yas.php HTTP/1.1" 404 47066 "https://www.google.fr/" "Mozilla/5.0 (iPhone; CPU iPhone OS 16_0 like Mac OS X) AppleWebKit/605.1.15 (KHTML, like Gecko) FxiOS/118.0 Mobile/15E148 Safari/605.1.15"
4.218.10.83 - - [29/Dec/2025:23:05:00 +0300] "GET /simple.php HTTP/1.1" 301 162 "https://www.google.co.uk/" "Mozilla/5.0 (iPhone; CPU iPhone OS 17_1_1 like Mac OS X) AppleWebKit/605.1.15 (KHTML, like Gecko) Version/17.1 Mobile/15E148 Safari/604.1"
4.218.10.83 - - [29/Dec/2025:23:05:01 +0300] "GET /simple.php HTTP/1.1" 404 47066 "https://www.google.co.uk/" "Mozilla/5.0 (iPhone; CPU iPhone OS 17_1_1 like Mac OS X) AppleWebKit/605.1.15 (KHTML, like Gecko) Version/17.1 Mobile/15E148 Safari/604.1"
4.218.10.83 - - [29/Dec/2025:23:05:01 +0300] "GET /goods.php HTTP/1.1" 301 162 "https://www.google.de/" "Mozilla/5.0 (Linux; Android 14; Pixel 8 Pro) AppleWebKit/537.36 (KHTML, like Gecko) Chrome/119.0.0.0 Mobile Safari/537.36"
4.218.10.83 - - [29/Dec/2025:23:05:02 +0300] "GET /goods.php HTTP/1.1" 404 47066 "https://www.google.de/" "Mozilla/5.0 (Linux; Android 14; Pixel 8 Pro) AppleWebKit/537.36 (KHTML, like Gecko) Chrome/119.0.0.0 Mobile Safari/537.36"
4.218.10.83 - - [29/Dec/2025:23:05:02 +0300] "GET /wp-good.php HTTP/1.1" 301 162 "https://www.google.fr/" "Mozilla/5.0 (iPhone; CPU iPhone OS 16_6_1 like Mac OS X) AppleWebKit/605.1.15 (KHTML, like Gecko) Version/16.6 Mobile/15E148 Safari/604.1"
4.218.10.83 - - [29/Dec/2025:23:05:02 +0300] "GET /wp-good.php HTTP/1.1" 404 47066 "https://www.google.fr/" "Mozilla/5.0 (iPhone; CPU iPhone OS 16_6_1 like Mac OS X) AppleWebKit/605.1.15 (KHTML, like Gecko) Version/16.6 Mobile/15E148 Safari/604.1"
4.218.10.83 - - [29/Dec/2025:23:05:03 +0300] "GET /wp-admin/js/ HTTP/1.1" 301 162 "https://www.google.co.uk/" "Mozilla/5.0 (Linux; Android 12; 2201116SG) AppleWebKit/537.36 (KHTML, like Gecko) Chrome/116.0.0.0 Mobile Safari/537.36"
4.218.10.83 - - [29/Dec/2025:23:05:03 +0300] "GET /wp-admin/js/ HTTP/1.1" 302 138 "https://www.google.co.uk/" "Mozilla/5.0 (Linux; Android 12; 2201116SG) AppleWebKit/537.36 (KHTML, like Gecko) Chrome/116.0.0.0 Mobile Safari/537.36"
4.218.10.83 - - [29/Dec/2025:23:05:03 +0300] "GET /wp-admin/js/404 HTTP/1.1" 404 47066 "https://www.google.co.uk/" "Mozilla/5.0 (Linux; Android 12; 2201116SG) AppleWebKit/537.36 (KHTML, like Gecko) Chrome/116.0.0.0 Mobile Safari/537.36"
4.218.10.83 - - [29/Dec/2025:23:05:04 +0300] "GET /wp-admin/classwithtostring.php HTTP/1.1" 301 162 "https://www.google.com/" "Mozilla/5.0 (Linux; Android 13; SM-S908E) AppleWebKit/537.36 (KHTML, like Gecko) Chrome/116.0.0.0 Mobile Safari/537.36"
4.218.10.83 - - [29/Dec/2025:23:05:04 +0300] "GET /wp-admin/classwithtostring.php HTTP/1.1" 404 47066 "https://www.google.com/" "Mozilla/5.0 (Linux; Android 13; SM-S908E) AppleWebKit/537.36 (KHTML, like Gecko) Chrome/116.0.0.0 Mobile Safari/537.36"
4.218.10.83 - - [29/Dec/2025:23:05:05 +0300] "GET /wp-content/classwithtostring.php HTTP/1.1" 301 162 "https://www.google.fr/" "Mozilla/5.0 (Linux; Android 11; 21081111RG) AppleWebKit/537.36 (KHTML, like Gecko) Chrome/116.0.0.0 Mobile Safari/537.36"
4.218.10.83 - - [29/Dec/2025:23:05:05 +0300] "GET /wp-content/classwithtostring.php HTTP/1.1" 404 47066 "https://www.google.fr/" "Mozilla/5.0 (Linux; Android 11; 21081111RG) AppleWebKit/537.36 (KHTML, like Gecko) Chrome/116.0.0.0 Mobile Safari/537.36"
4.218.10.83 - - [29/Dec/2025:23:05:06 +0300] "GET /wp-admin/network/admin.php HTTP/1.1" 301 162 "https://www.google.fr/" "Mozilla/5.0 (Linux; Android 12; V2134) AppleWebKit/537.36 (KHTML, like Gecko) Chrome/116.0.0.0 Mobile Safari/537.36"
4.218.10.83 - - [29/Dec/2025:23:05:06 +0300] "GET /wp-admin/network/admin.php HTTP/1.1" 302 5 "https://www.google.fr/" "Mozilla/5.0 (Linux; Android 12; V2134) AppleWebKit/537.36 (KHTML, like Gecko) Chrome/116.0.0.0 Mobile Safari/537.36"
4.218.10.83 - - [29/Dec/2025:23:05:06 +0300] "GET /wp-login.php?redirect_to=https%3A%2F%2F891rpm.com%2Fwp-admin%2Fnetwork%2Fadmin.php&reauth=1 HTTP/1.1" 200 12031 "https://www.google.fr/" "Mozilla/5.0 (Linux; Android 12; V2134) AppleWebKit/537.36 (KHTML, like Gecko) Chrome/116.0.0.0 Mobile Safari/537.36"
4.218.10.83 - - [29/Dec/2025:23:05:07 +0300] "GET /wp-conflg/function.php HTTP/1.1" 301 162 "https://www.google.fr/" "Mozilla/5.0 (iPhone; CPU iPhone OS 17_1_1 like Mac OS X) AppleWebKit/605.1.15 (KHTML, like Gecko) Version/17.1 Mobile/15E148 Safari/604.1"
4.218.10.83 - - [29/Dec/2025:23:05:07 +0300] "GET /wp-conflg/function.php HTTP/1.1" 404 47066 "https://www.google.fr/" "Mozilla/5.0 (iPhone; CPU iPhone OS 17_1_1 like Mac OS X) AppleWebKit/605.1.15 (KHTML, like Gecko) Version/17.1 Mobile/15E148 Safari/604.1"
4.218.10.83 - - [29/Dec/2025:23:05:07 +0300] "GET /wp-content/plugins/admin.php HTTP/1.1" 301 162 "https://duckduckgo.com/" "Mozilla/5.0 (iPhone; CPU iPhone OS 17_0_3 like Mac OS X) AppleWebKit/605.1.15 (KHTML, like Gecko) Version/17.0.1 Mobile/15E148 Safari/604.1"
4.218.10.83 - - [29/Dec/2025:23:05:08 +0300] "GET /wp-content/plugins/admin.php HTTP/1.1" 404 47066 "https://duckduckgo.com/" "Mozilla/5.0 (iPhone; CPU iPhone OS 17_0_3 like Mac OS X) AppleWebKit/605.1.15 (KHTML, like Gecko) Version/17.0.1 Mobile/15E148 Safari/604.1"
4.218.10.83 - - [29/Dec/2025:23:05:08 +0300] "GET /wp-content/themes/admin.php HTTP/1.1" 301 162 "https://www.bing.com/" "Mozilla/5.0 (iPhone; CPU iPhone OS 15_7_9 like Mac OS X) AppleWebKit/605.1.15 (KHTML, like Gecko) Version/15.6.5 Mobile/15E148 Safari/604.1"
4.218.10.83 - - [29/Dec/2025:23:05:08 +0300] "GET /wp-content/themes/admin.php HTTP/1.1" 404 47066 "https://www.bing.com/" "Mozilla/5.0 (iPhone; CPU iPhone OS 15_7_9 like Mac OS X) AppleWebKit/605.1.15 (KHTML, like Gecko) Version/15.6.5 Mobile/15E148 Safari/604.1"
4.218.10.83 - - [29/Dec/2025:23:05:09 +0300] "GET /css/index.php HTTP/1.1" 301 162 "https://www.google.co.uk/" "Mozilla/5.0 (Linux; Android 13; SM-S908E) AppleWebKit/537.36 (KHTML, like Gecko) Chrome/116.0.0.0 Mobile Safari/537.36"
4.218.10.83 - - [29/Dec/2025:23:05:09 +0300] "GET /css/index.php HTTP/1.1" 301 5 "https://www.google.co.uk/" "Mozilla/5.0 (Linux; Android 13; SM-S908E) AppleWebKit/537.36 (KHTML, like Gecko) Chrome/116.0.0.0 Mobile Safari/537.36"
4.218.10.83 - - [29/Dec/2025:23:05:09 +0300] "GET /css/ HTTP/1.1" 404 47066 "https://www.google.co.uk/" "Mozilla/5.0 (Linux; Android 13; SM-S908E) AppleWebKit/537.36 (KHTML, like Gecko) Chrome/116.0.0.0 Mobile Safari/537.36"
4.218.10.83 - - [29/Dec/2025:23:05:10 +0300] "GET /wp-admin/js/index.php HTTP/1.1" 301 162 "https://www.google.fr/" "Mozilla/5.0 (iPad; CPU OS 17_0_3 like Mac OS X) AppleWebKit/605.1.15 (KHTML, like Gecko) Version/17.0.1 Mobile/15E148 Safari/604.1"
4.218.10.83 - - [29/Dec/2025:23:05:10 +0300] "GET /wp-admin/js/index.php HTTP/1.1" 301 5 "https://www.google.fr/" "Mozilla/5.0 (iPad; CPU OS 17_0_3 like Mac OS X) AppleWebKit/605.1.15 (KHTML, like Gecko) Version/17.0.1 Mobile/15E148 Safari/604.1"
4.218.10.83 - - [29/Dec/2025:23:05:10 +0300] "GET /wp-admin/js/ HTTP/1.1" 302 138 "https://www.google.fr/" "Mozilla/5.0 (iPad; CPU OS 17_0_3 like Mac OS X) AppleWebKit/605.1.15 (KHTML, like Gecko) Version/17.0.1 Mobile/15E148 Safari/604.1"
4.218.10.83 - - [29/Dec/2025:23:05:11 +0300] "GET /wp-admin/js/404 HTTP/1.1" 404 47066 "https://www.google.fr/" "Mozilla/5.0 (iPad; CPU OS 17_0_3 like Mac OS X) AppleWebKit/605.1.15 (KHTML, like Gecko) Version/17.0.1 Mobile/15E148 Safari/604.1"
4.218.10.83 - - [29/Dec/2025:23:05:11 +0300] "GET /wp-content/index.php HTTP/1.1" 301 162 "https://www.bing.com/" "Mozilla/5.0 (Linux; Android 13; M2101K6G) AppleWebKit/537.36 (KHTML, like Gecko) Chrome/116.0.0.0 Mobile Safari/537.36"
4.218.10.83 - - [29/Dec/2025:23:05:11 +0300] "GET /wp-content/index.php HTTP/1.1" 200 5 "https://www.bing.com/" "Mozilla/5.0 (Linux; Android 13; M2101K6G) AppleWebKit/537.36 (KHTML, like Gecko) Chrome/116.0.0.0 Mobile Safari/537.36"
4.218.10.83 - - [29/Dec/2025:23:05:12 +0300] "GET /wp-content/upgrade/index.php HTTP/1.1" 301 162 "https://www.yahoo.com/" "Mozilla/5.0 (Linux; Android 13; M2101K6G) AppleWebKit/537.36 (KHTML, like Gecko) Chrome/116.0.0.0 Mobile Safari/537.36"
4.218.10.83 - - [29/Dec/2025:23:05:12 +0300] "GET /wp-content/upgrade/index.php HTTP/1.1" 301 5 "https://www.yahoo.com/" "Mozilla/5.0 (Linux; Android 13; M2101K6G) AppleWebKit/537.36 (KHTML, like Gecko) Chrome/116.0.0.0 Mobile Safari/537.36"
4.218.10.83 - - [29/Dec/2025:23:05:12 +0300] "GET /wp-content/upgrade/ HTTP/1.1" 302 138 "https://www.yahoo.com/" "Mozilla/5.0 (Linux; Android 13; M2101K6G) AppleWebKit/537.36 (KHTML, like Gecko) Chrome/116.0.0.0 Mobile Safari/537.36"
4.218.10.83 - - [29/Dec/2025:23:05:13 +0300] "GET /wp-content/upgrade/404 HTTP/1.1" 404 47066 "https://www.yahoo.com/" "Mozilla/5.0 (Linux; Android 13; M2101K6G) AppleWebKit/537.36 (KHTML, like Gecko) Chrome/116.0.0.0 Mobile Safari/537.36"
4.218.10.83 - - [29/Dec/2025:23:05:13 +0300] "GET /wp-includes/style-engine/index.php HTTP/1.1" 301 162 "https://www.google.de/" "Mozilla/5.0 (Linux; Android 13; M2101K6G) AppleWebKit/537.36 (KHTML, like Gecko) Chrome/116.0.0.0 Mobile Safari/537.36"
4.218.10.83 - - [29/Dec/2025:23:05:13 +0300] "GET /wp-includes/style-engine/index.php HTTP/1.1" 301 5 "https://www.google.de/" "Mozilla/5.0 (Linux; Android 13; M2101K6G) AppleWebKit/537.36 (KHTML, like Gecko) Chrome/116.0.0.0 Mobile Safari/537.36"
4.218.10.83 - - [29/Dec/2025:23:05:14 +0300] "GET /wp-includes/style-engine/ HTTP/1.1" 302 138 "https://www.google.de/" "Mozilla/5.0 (Linux; Android 13; M2101K6G) AppleWebKit/537.36 (KHTML, like Gecko) Chrome/116.0.0.0 Mobile Safari/537.36"
4.218.10.83 - - [29/Dec/2025:23:05:14 +0300] "GET /wp-includes/style-engine/404 HTTP/1.1" 404 47066 "https://www.google.de/" "Mozilla/5.0 (Linux; Android 13; M2101K6G) AppleWebKit/537.36 (KHTML, like Gecko) Chrome/116.0.0.0 Mobile Safari/537.36"
4.218.10.83 - - [29/Dec/2025:23:05:14 +0300] "GET /wp-includes/rest-api/fields/index.php HTTP/1.1" 301 162 "https://www.yahoo.com/" "Mozilla/5.0 (Linux; Android 10; K) AppleWebKit/537.36 (KHTML, like Gecko) Chrome/117.0.0.0 Mobile Safari/537.36"
4.218.10.83 - - [29/Dec/2025:23:05:15 +0300] "GET /wp-includes/rest-api/fields/index.php HTTP/1.1" 301 5 "https://www.yahoo.com/" "Mozilla/5.0 (Linux; Android 10; K) AppleWebKit/537.36 (KHTML, like Gecko) Chrome/117.0.0.0 Mobile Safari/537.36"
4.218.10.83 - - [29/Dec/2025:23:05:15 +0300] "GET /wp-includes/rest-api/fields/ HTTP/1.1" 302 138 "https://www.yahoo.com/" "Mozilla/5.0 (Linux; Android 10; K) AppleWebKit/537.36 (KHTML, like Gecko) Chrome/117.0.0.0 Mobile Safari/537.36"
4.218.10.83 - - [29/Dec/2025:23:05:15 +0300] "GET /wp-includes/rest-api/fields/404 HTTP/1.1" 404 47066 "https://www.yahoo.com/" "Mozilla/5.0 (Linux; Android 10; K) AppleWebKit/537.36 (KHTML, like Gecko) Chrome/117.0.0.0 Mobile Safari/537.36"
4.218.10.83 - - [29/Dec/2025:23:05:16 +0300] "GET /wp-includes/PHPMailer/index.php HTTP/1.1" 301 162 "https://www.google.de/" "Mozilla/5.0 (iPhone; CPU iPhone OS 16_0 like Mac OS X) AppleWebKit/605.1.15 (KHTML, like Gecko) FxiOS/118.0 Mobile/15E148 Safari/605.1.15"
4.218.10.83 - - [29/Dec/2025:23:05:16 +0300] "GET /wp-includes/PHPMailer/index.php HTTP/1.1" 301 5 "https://www.google.de/" "Mozilla/5.0 (iPhone; CPU iPhone OS 16_0 like Mac OS X) AppleWebKit/605.1.15 (KHTML, like Gecko) FxiOS/118.0 Mobile/15E148 Safari/605.1.15"
4.218.10.83 - - [29/Dec/2025:23:05:16 +0300] "GET /wp-includes/PHPMailer/ HTTP/1.1" 302 138 "https://www.google.de/" "Mozilla/5.0 (iPhone; CPU iPhone OS 16_0 like Mac OS X) AppleWebKit/605.1.15 (KHTML, like Gecko) FxiOS/118.0 Mobile/15E148 Safari/605.1.15"
4.218.10.83 - - [29/Dec/2025:23:05:16 +0300] "GET /wp-includes/PHPMailer/404 HTTP/1.1" 404 47066 "https://www.google.de/" "Mozilla/5.0 (iPhone; CPU iPhone OS 16_0 like Mac OS X) AppleWebKit/605.1.15 (KHTML, like Gecko) FxiOS/118.0 Mobile/15E148 Safari/605.1.15"
4.218.10.83 - - [29/Dec/2025:23:05:17 +0300] "GET /wp-includes/html-api/index.php HTTP/1.1" 301 162 "https://www.yahoo.com/" "Mozilla/5.0 (iPhone; CPU iPhone OS 16_6_1 like Mac OS X) AppleWebKit/605.1.15 (KHTML, like Gecko) Version/16.6 Mobile/15E148 Safari/604.1"
4.218.10.83 - - [29/Dec/2025:23:05:17 +0300] "GET /wp-includes/html-api/index.php HTTP/1.1" 301 5 "https://www.yahoo.com/" "Mozilla/5.0 (iPhone; CPU iPhone OS 16_6_1 like Mac OS X) AppleWebKit/605.1.15 (KHTML, like Gecko) Version/16.6 Mobile/15E148 Safari/604.1"
4.218.10.83 - - [29/Dec/2025:23:05:17 +0300] "GET /wp-includes/html-api/ HTTP/1.1" 302 138 "https://www.yahoo.com/" "Mozilla/5.0 (iPhone; CPU iPhone OS 16_6_1 like Mac OS X) AppleWebKit/605.1.15 (KHTML, like Gecko) Version/16.6 Mobile/15E148 Safari/604.1"
4.218.10.83 - - [29/Dec/2025:23:05:18 +0300] "GET /wp-includes/html-api/404 HTTP/1.1" 404 47066 "https://www.yahoo.com/" "Mozilla/5.0 (iPhone; CPU iPhone OS 16_6_1 like Mac OS X) AppleWebKit/605.1.15 (KHTML, like Gecko) Version/16.6 Mobile/15E148 Safari/604.1"
4.218.10.83 - - [29/Dec/2025:23:05:18 +0300] "GET /wp-includes/Text/index.php HTTP/1.1" 301 162 "https://www.google.co.uk/" "Mozilla/5.0 (Linux; Android 14; Pixel 8 Pro) AppleWebKit/537.36 (KHTML, like Gecko) Chrome/119.0.0.0 Mobile Safari/537.36"
4.218.10.83 - - [29/Dec/2025:23:05:18 +0300] "GET /wp-includes/Text/index.php HTTP/1.1" 301 5 "https://www.google.co.uk/" "Mozilla/5.0 (Linux; Android 14; Pixel 8 Pro) AppleWebKit/537.36 (KHTML, like Gecko) Chrome/119.0.0.0 Mobile Safari/537.36"
4.218.10.83 - - [29/Dec/2025:23:05:19 +0300] "GET /wp-includes/Text/ HTTP/1.1" 302 138 "https://www.google.co.uk/" "Mozilla/5.0 (Linux; Android 14; Pixel 8 Pro) AppleWebKit/537.36 (KHTML, like Gecko) Chrome/119.0.0.0 Mobile Safari/537.36"
4.218.10.83 - - [29/Dec/2025:23:05:19 +0300] "GET /wp-includes/Text/404 HTTP/1.1" 404 47066 "https://www.google.co.uk/" "Mozilla/5.0 (Linux; Android 14; Pixel 8 Pro) AppleWebKit/537.36 (KHTML, like Gecko) Chrome/119.0.0.0 Mobile Safari/537.36"
4.218.10.83 - - [29/Dec/2025:23:05:19 +0300] "GET /wp-includes/js/jquery/jquery.php HTTP/1.1" 301 162 "https://www.google.fr/" "Mozilla/5.0 (Linux; Android 12; V2134) AppleWebKit/537.36 (KHTML, like Gecko) Chrome/116.0.0.0 Mobile Safari/537.36"
4.218.10.83 - - [29/Dec/2025:23:05:20 +0300] "GET /wp-includes/js/jquery/jquery.php HTTP/1.1" 404 47066 "https://www.google.fr/" "Mozilla/5.0 (Linux; Android 12; V2134) AppleWebKit/537.36 (KHTML, like Gecko) Chrome/116.0.0.0 Mobile Safari/537.36"
4.218.10.83 - - [29/Dec/2025:23:05:20 +0300] "GET /wp-includes/sitemaps/autoload_classmap.php HTTP/1.1" 301 162 "https://www.google.co.uk/" "Mozilla/5.0 (iPhone; CPU iPhone OS 15_7_9 like Mac OS X) AppleWebKit/605.1.15 (KHTML, like Gecko) Version/15.6.5 Mobile/15E148 Safari/604.1"
