File: /var/log/nginx/fita.staroobrad.ru_access.log.1
82.148.16.210 - - [29/Dec/2025:00:11:44 +0300] "POST /wp-cron.php?doing_wp_cron=1766956304.1627950668334960937500 HTTP/1.1" 200 31 "-" "WordPress/6.9-alpha-60450; https://fita.staroobrad.ru"
216.73.216.155 - - [29/Dec/2025:00:11:44 +0300] "GET /releases HTTP/2.0" 301 0 "-" "Mozilla/5.0 AppleWebKit/537.36 (KHTML, like Gecko; compatible; ClaudeBot/1.0; +claudebot@anthropic.com)"
216.73.216.155 - - [29/Dec/2025:00:11:45 +0300] "GET /releases/ HTTP/2.0" 200 17059 "https://fita.staroobrad.ru/releases" "Mozilla/5.0 AppleWebKit/537.36 (KHTML, like Gecko; compatible; ClaudeBot/1.0; +claudebot@anthropic.com)"
216.73.216.155 - - [29/Dec/2025:00:14:27 +0300] "GET /sitemap.xml HTTP/2.0" 404 3 "-" "Mozilla/5.0 AppleWebKit/537.36 (KHTML, like Gecko; compatible; ClaudeBot/1.0; +claudebot@anthropic.com)"
216.73.216.155 - - [29/Dec/2025:00:24:55 +0300] "GET /sitemap.xml HTTP/2.0" 404 3 "-" "Mozilla/5.0 AppleWebKit/537.36 (KHTML, like Gecko; compatible; ClaudeBot/1.0; +claudebot@anthropic.com)"
216.73.216.155 - - [29/Dec/2025:01:23:47 +0300] "GET /sitemap.xml HTTP/2.0" 404 3 "-" "Mozilla/5.0 AppleWebKit/537.36 (KHTML, like Gecko; compatible; ClaudeBot/1.0; +claudebot@anthropic.com)"
82.148.16.210 - - [29/Dec/2025:02:43:52 +0300] "POST /wp-cron.php?doing_wp_cron=1766965432.7546489238739013671875 HTTP/1.1" 200 31 "-" "WordPress/6.9-alpha-60450; https://fita.staroobrad.ru"
85.208.96.197 - - [29/Dec/2025:02:43:53 +0300] "GET /releases/ HTTP/1.1" 200 17072 "-" "Mozilla/5.0 (compatible; SemrushBot/7~bl; +http://www.semrush.com/bot.html)"
82.148.16.210 - - [29/Dec/2025:02:49:27 +0300] "POST /wp-cron.php?doing_wp_cron=1766965767.0990951061248779296875 HTTP/1.1" 200 31 "-" "WordPress/6.9-alpha-60450; https://fita.staroobrad.ru"
77.88.47.15 - - [29/Dec/2025:02:49:27 +0300] "GET / HTTP/1.1" 200 13323 "-" "Mozilla/5.0 (compatible; YandexBot/3.0; +http://yandex.com/bots)"
141.8.143.1 - - [29/Dec/2025:02:49:28 +0300] "GET / HTTP/1.1" 200 13323 "-" "Mozilla/5.0 (compatible; YandexBot/3.0; +http://yandex.com/bots)"
77.88.9.1 - - [29/Dec/2025:02:49:28 +0300] "GET / HTTP/1.1" 200 13323 "-" "Mozilla/5.0 (compatible; YandexBot/3.0; +http://yandex.com/bots)"
5.255.251.138 - - [29/Dec/2025:02:49:29 +0300] "GET / HTTP/1.1" 200 13323 "-" "Mozilla/5.0 (compatible; YandexBot/3.0; +http://yandex.com/bots)"
87.250.233.1 - - [29/Dec/2025:02:49:29 +0300] "GET / HTTP/1.1" 200 13323 "-" "Mozilla/5.0 (compatible; YandexBot/3.0; +http://yandex.com/bots)"
77.88.9.135 - - [29/Dec/2025:02:49:30 +0300] "GET / HTTP/1.1" 200 13323 "-" "Mozilla/5.0 (compatible; YandexBot/3.0; +http://yandex.com/bots)"
95.108.213.185 - - [29/Dec/2025:02:49:30 +0300] "GET / HTTP/1.1" 200 13323 "-" "Mozilla/5.0 (compatible; YandexBot/3.0; +http://yandex.com/bots)"
82.148.16.210 - - [29/Dec/2025:02:59:44 +0300] "POST /wp-cron.php?doing_wp_cron=1766966384.0248899459838867187500 HTTP/1.1" 200 31 "-" "WordPress/6.9-alpha-60450; https://fita.staroobrad.ru"
113.249.101.176 - - [29/Dec/2025:02:59:44 +0300] "GET /wp-login.php HTTP/1.1" 200 3240 "-" "Apache-HttpClient/4.5.2 (Java/1.8.0_161)"
113.249.101.176 - - [29/Dec/2025:02:59:45 +0300] "GET /?author=1 HTTP/1.1" 301 5 "-" "Apache-HttpClient/4.5.2 (Java/1.8.0_161)"
113.249.101.176 - - [29/Dec/2025:02:59:45 +0300] "GET /author/admin9/ HTTP/1.1" 200 10108 "-" "Apache-HttpClient/4.5.2 (Java/1.8.0_161)"
113.249.101.176 - - [29/Dec/2025:02:59:46 +0300] "GET /?author=2 HTTP/1.1" 404 9798 "-" "Apache-HttpClient/4.5.2 (Java/1.8.0_161)"
113.249.101.176 - - [29/Dec/2025:02:59:47 +0300] "GET /?author=3 HTTP/1.1" 404 9798 "-" "Apache-HttpClient/4.5.2 (Java/1.8.0_161)"
113.249.101.176 - - [29/Dec/2025:02:59:48 +0300] "GET /?author=4 HTTP/1.1" 404 9798 "-" "Apache-HttpClient/4.5.2 (Java/1.8.0_161)"
113.249.101.176 - - [29/Dec/2025:02:59:48 +0300] "GET /?author=5 HTTP/1.1" 404 9798 "-" "Apache-HttpClient/4.5.2 (Java/1.8.0_161)"
82.148.16.210 - - [29/Dec/2025:02:59:49 +0300] "POST /wp-cron.php?doing_wp_cron=1766966389.2176229953765869140625 HTTP/1.1" 200 31 "-" "WordPress/6.9-alpha-60450; https://fita.staroobrad.ru"
113.249.101.176 - - [29/Dec/2025:02:59:49 +0300] "GET /?author=6 HTTP/1.1" 404 9798 "-" "Apache-HttpClient/4.5.2 (Java/1.8.0_161)"
113.249.101.176 - - [29/Dec/2025:02:59:49 +0300] "GET /?author=7 HTTP/1.1" 404 9798 "-" "Apache-HttpClient/4.5.2 (Java/1.8.0_161)"
113.249.101.176 - - [29/Dec/2025:02:59:49 +0300] "GET /?author=8 HTTP/1.1" 404 9798 "-" "Apache-HttpClient/4.5.2 (Java/1.8.0_161)"
113.249.101.176 - - [29/Dec/2025:02:59:50 +0300] "GET /?author=9 HTTP/1.1" 404 9798 "-" "Apache-HttpClient/4.5.2 (Java/1.8.0_161)"
113.249.101.176 - - [29/Dec/2025:02:59:50 +0300] "GET /?author=10 HTTP/1.1" 404 9798 "-" "Apache-HttpClient/4.5.2 (Java/1.8.0_161)"
113.249.101.176 - - [29/Dec/2025:02:59:51 +0300] "GET /?author=11 HTTP/1.1" 404 9798 "-" "Apache-HttpClient/4.5.2 (Java/1.8.0_161)"
113.249.101.176 - - [29/Dec/2025:02:59:51 +0300] "GET /?author=12 HTTP/1.1" 404 9798 "-" "Apache-HttpClient/4.5.2 (Java/1.8.0_161)"
113.249.101.176 - - [29/Dec/2025:02:59:51 +0300] "GET /?author=13 HTTP/1.1" 404 9798 "-" "Apache-HttpClient/4.5.2 (Java/1.8.0_161)"
113.249.101.176 - - [29/Dec/2025:02:59:52 +0300] "GET /?author=14 HTTP/1.1" 404 9798 "-" "Apache-HttpClient/4.5.2 (Java/1.8.0_161)"
113.249.101.176 - - [29/Dec/2025:02:59:52 +0300] "GET /?author=15 HTTP/1.1" 404 9798 "-" "Apache-HttpClient/4.5.2 (Java/1.8.0_161)"
113.249.101.176 - - [29/Dec/2025:02:59:52 +0300] "GET /?author=16 HTTP/1.1" 404 9798 "-" "Apache-HttpClient/4.5.2 (Java/1.8.0_161)"
113.249.101.176 - - [29/Dec/2025:02:59:53 +0300] "GET /?author=17 HTTP/1.1" 404 9798 "-" "Apache-HttpClient/4.5.2 (Java/1.8.0_161)"
113.249.101.176 - - [29/Dec/2025:02:59:53 +0300] "GET /?author=18 HTTP/1.1" 404 9798 "-" "Apache-HttpClient/4.5.2 (Java/1.8.0_161)"
113.249.101.176 - - [29/Dec/2025:02:59:53 +0300] "GET /?author=19 HTTP/1.1" 404 9798 "-" "Apache-HttpClient/4.5.2 (Java/1.8.0_161)"
113.249.101.176 - - [29/Dec/2025:02:59:54 +0300] "GET /?author=20 HTTP/1.1" 404 9798 "-" "Apache-HttpClient/4.5.2 (Java/1.8.0_161)"
82.148.16.210 - - [29/Dec/2025:03:22:44 +0300] "POST /wp-cron.php?doing_wp_cron=1766967764.0977900028228759765625 HTTP/1.1" 200 31 "-" "WordPress/6.9-alpha-60450; https://fita.staroobrad.ru"
217.113.196.115 - - [29/Dec/2025:03:22:44 +0300] "GET / HTTP/1.1" 200 13323 "-" "Mozilla/5.0 (compatible; IbouBot/1.0; +bot@ibou.io; +https://ibou.io/iboubot.html)"
82.148.16.210 - - [29/Dec/2025:03:23:10 +0300] "POST /wp-cron.php?doing_wp_cron=1766967790.1455719470977783203125 HTTP/1.1" 200 31 "-" "WordPress/6.9-alpha-60450; https://fita.staroobrad.ru"
217.113.196.72 - - [29/Dec/2025:03:23:10 +0300] "GET /releases/psaltyr/ HTTP/1.1" 200 11735 "-" "Mozilla/5.0 (compatible; IbouBot/1.0; +bot@ibou.io; +https://ibou.io/iboubot.html)"
217.113.196.118 - - [29/Dec/2025:03:23:35 +0300] "GET /releases/svyataya-noch/ HTTP/1.1" 200 12724 "-" "Mozilla/5.0 (compatible; IbouBot/1.0; +bot@ibou.io; +https://ibou.io/iboubot.html)"
82.148.16.210 - - [29/Dec/2025:03:24:01 +0300] "POST /wp-cron.php?doing_wp_cron=1766967841.6708130836486816406250 HTTP/1.1" 200 31 "-" "WordPress/6.9-alpha-60450; https://fita.staroobrad.ru"
217.113.196.98 - - [29/Dec/2025:03:24:01 +0300] "GET /releases/single-edinorodnyj/ HTTP/1.1" 200 11412 "-" "Mozilla/5.0 (compatible; IbouBot/1.0; +bot@ibou.io; +https://ibou.io/iboubot.html)"
217.113.196.119 - - [29/Dec/2025:03:24:27 +0300] "GET /releases/evangelskie-stixery/ HTTP/1.1" 200 12188 "-" "Mozilla/5.0 (compatible; IbouBot/1.0; +bot@ibou.io; +https://ibou.io/iboubot.html)"
82.148.16.210 - - [29/Dec/2025:03:24:53 +0300] "POST /wp-cron.php?doing_wp_cron=1766967893.2844231128692626953125 HTTP/1.1" 200 31 "-" "WordPress/6.9-alpha-60450; https://fita.staroobrad.ru"
217.113.196.119 - - [29/Dec/2025:03:24:53 +0300] "GET /releases/evangelskaya-propoved/ HTTP/1.1" 200 11539 "-" "Mozilla/5.0 (compatible; IbouBot/1.0; +bot@ibou.io; +https://ibou.io/iboubot.html)"
217.113.196.83 - - [29/Dec/2025:03:25:18 +0300] "GET /releases/evangelskaya-propoved HTTP/1.1" 301 5 "-" "Mozilla/5.0 (compatible; IbouBot/1.0; +bot@ibou.io; +https://ibou.io/iboubot.html)"
217.113.196.125 - - [29/Dec/2025:03:25:44 +0300] "GET /releases/rozhestvo-bogorodicy HTTP/1.1" 301 5 "-" "Mozilla/5.0 (compatible; IbouBot/1.0; +bot@ibou.io; +https://ibou.io/iboubot.html)"
82.148.16.210 - - [29/Dec/2025:03:26:11 +0300] "POST /wp-cron.php?doing_wp_cron=1766967971.3331480026245117187500 HTTP/1.1" 200 31 "-" "WordPress/6.9-alpha-60450; https://fita.staroobrad.ru"
217.113.196.119 - - [29/Dec/2025:03:26:11 +0300] "GET /releases/rozhestvo-bogorodicy/ HTTP/1.1" 200 13736 "-" "Mozilla/5.0 (compatible; IbouBot/1.0; +bot@ibou.io; +https://ibou.io/iboubot.html)"
217.113.196.80 - - [29/Dec/2025:03:26:37 +0300] "GET /releases/izbrannie-pesnopeniya HTTP/1.1" 301 5 "-" "Mozilla/5.0 (compatible; IbouBot/1.0; +bot@ibou.io; +https://ibou.io/iboubot.html)"
82.148.16.210 - - [29/Dec/2025:03:27:03 +0300] "POST /wp-cron.php?doing_wp_cron=1766968023.5489919185638427734375 HTTP/1.1" 200 31 "-" "WordPress/6.9-alpha-60450; https://fita.staroobrad.ru"
217.113.196.121 - - [29/Dec/2025:03:27:03 +0300] "GET /releases/rozhestvo-bogorodicy-remastered/ HTTP/1.1" 200 13450 "-" "Mozilla/5.0 (compatible; IbouBot/1.0; +bot@ibou.io; +https://ibou.io/iboubot.html)"
217.113.196.113 - - [29/Dec/2025:03:27:29 +0300] "GET /releases/vecher-duhovnyh-pesnopenij-2008/ HTTP/1.1" 200 15680 "-" "Mozilla/5.0 (compatible; IbouBot/1.0; +bot@ibou.io; +https://ibou.io/iboubot.html)"
82.148.16.210 - - [29/Dec/2025:03:27:55 +0300] "POST /wp-cron.php?doing_wp_cron=1766968075.4108700752258300781250 HTTP/1.1" 200 31 "-" "WordPress/6.9-alpha-60450; https://fita.staroobrad.ru"
217.113.196.96 - - [29/Dec/2025:03:27:55 +0300] "GET /releases/vvedenie-v-cerkov-presvyatyya-bogorodicy/ HTTP/1.1" 200 11710 "-" "Mozilla/5.0 (compatible; IbouBot/1.0; +bot@ibou.io; +https://ibou.io/iboubot.html)"
216.73.216.155 - - [29/Dec/2025:03:33:49 +0300] "GET /sitemap.xml HTTP/2.0" 404 3 "-" "Mozilla/5.0 AppleWebKit/537.36 (KHTML, like Gecko; compatible; ClaudeBot/1.0; +claudebot@anthropic.com)"
82.148.16.210 - - [29/Dec/2025:03:49:52 +0300] "POST /wp-cron.php?doing_wp_cron=1766969392.2011909484863281250000 HTTP/1.1" 200 31 "-" "WordPress/6.9-alpha-60450; https://fita.staroobrad.ru"
191.102.129.133 - - [29/Dec/2025:03:49:52 +0300] "GET /buy/ HTTP/1.1" 200 10633 "https://fita.staroobrad.ru" "Mozilla/5.0 (Windows NT 10.0; Win64; x64) AppleWebKit/537.36 (KHTML, like Gecko) Chrome/62.0.3202.94 Safari/537.36"
216.73.216.155 - - [29/Dec/2025:04:07:13 +0300] "GET /sitemap.xml HTTP/2.0" 404 3 "-" "Mozilla/5.0 AppleWebKit/537.36 (KHTML, like Gecko; compatible; ClaudeBot/1.0; +claudebot@anthropic.com)"
216.244.66.235 - - [29/Dec/2025:04:49:36 +0300] "GET /robots.txt HTTP/1.1" 301 162 "-" "Mozilla/5.0 (compatible; DotBot/1.2; +https://opensiteexplorer.org/dotbot; help@moz.com)"
216.73.216.155 - - [29/Dec/2025:05:07:53 +0300] "GET /sitemap.xml HTTP/2.0" 404 3 "-" "Mozilla/5.0 AppleWebKit/537.36 (KHTML, like Gecko; compatible; ClaudeBot/1.0; +claudebot@anthropic.com)"
82.148.16.210 - - [29/Dec/2025:05:07:57 +0300] "POST /wp-cron.php?doing_wp_cron=1766974077.0691339969635009765625 HTTP/1.1" 200 31 "-" "WordPress/6.9-alpha-60450; https://fita.staroobrad.ru"
216.244.66.235 - - [29/Dec/2025:05:07:57 +0300] "GET /releases/priidite-poklonimsya/ HTTP/1.1" 200 66144 "-" "Mozilla/5.0 (compatible; DotBot/1.2; +https://opensiteexplorer.org/dotbot; help@moz.com)"
43.157.158.178 - - [29/Dec/2025:06:18:55 +0300] "GET / HTTP/1.1" 301 162 "-" "Mozilla/5.0 (iPhone; CPU iPhone OS 13_2_3 like Mac OS X) AppleWebKit/605.1.15 (KHTML, like Gecko) Version/13.0.3 Mobile/15E148 Safari/604.1"
82.148.16.210 - - [29/Dec/2025:06:19:01 +0300] "POST /wp-cron.php?doing_wp_cron=1766978341.1163868904113769531250 HTTP/1.1" 200 31 "-" "WordPress/6.9-alpha-60450; https://fita.staroobrad.ru"
43.157.158.178 - - [29/Dec/2025:06:19:01 +0300] "GET / HTTP/1.1" 200 13323 "http://fita.staroobrad.ru" "Mozilla/5.0 (iPhone; CPU iPhone OS 13_2_3 like Mac OS X) AppleWebKit/605.1.15 (KHTML, like Gecko) Version/13.0.3 Mobile/15E148 Safari/604.1"
82.148.16.210 - - [29/Dec/2025:06:25:19 +0300] "POST /wp-cron.php?doing_wp_cron=1766978719.6471641063690185546875 HTTP/1.1" 200 31 "-" "WordPress/6.9-alpha-60450; https://fita.staroobrad.ru"
3.235.215.92 - - [29/Dec/2025:06:25:19 +0300] "GET / HTTP/1.1" 200 13323 "-" "Mozilla/5.0 AppleWebKit/537.36 (KHTML, like Gecko; compatible; Amazonbot/0.1; +https://developer.amazon.com/support/amazonbot) Chrome/119.0.6045.214 Safari/537.36"
82.148.16.210 - - [29/Dec/2025:07:07:22 +0300] "POST /wp-cron.php?doing_wp_cron=1766981242.3687760829925537109375 HTTP/1.1" 200 31 "-" "WordPress/6.9-alpha-60450; https://fita.staroobrad.ru"
95.108.213.213 - - [29/Dec/2025:07:07:22 +0300] "GET / HTTP/1.1" 200 13323 "-" "Mozilla/5.0 (compatible; YandexBot/3.0; +http://yandex.com/bots)"
82.148.16.210 - - [29/Dec/2025:07:16:10 +0300] "POST /wp-cron.php?doing_wp_cron=1766981770.8738429546356201171875 HTTP/1.1" 200 31 "-" "WordPress/6.9-alpha-60450; https://fita.staroobrad.ru"
91.223.133.97 - - [29/Dec/2025:07:16:11 +0300] "GET / HTTP/1.1" 200 13323 "https://fita.staroobrad.ru" "Mozilla/5.0 (Windows NT 10.0; Win64; x64) AppleWebKit/537.36 (KHTML, like Gecko) Chrome/62.0.3202.94 Safari/537.36"
216.244.66.235 - - [29/Dec/2025:07:42:47 +0300] "GET /robots.txt HTTP/1.1" 301 162 "-" "Mozilla/5.0 (compatible; DotBot/1.2; +https://opensiteexplorer.org/dotbot; help@moz.com)"
82.148.16.210 - - [29/Dec/2025:07:57:25 +0300] "POST /wp-cron.php?doing_wp_cron=1766984245.5095629692077636718750 HTTP/1.1" 200 31 "-" "WordPress/6.9-alpha-60450; https://fita.staroobrad.ru"
176.31.139.15 - - [29/Dec/2025:07:57:25 +0300] "GET /releases/single-edinorodnyj/ HTTP/2.0" 200 11399 "-" "Mozilla/5.0 (compatible; AhrefsBot/7.0; +http://ahrefs.com/robot/)"
82.148.16.210 - - [29/Dec/2025:07:58:00 +0300] "POST /wp-cron.php?doing_wp_cron=1766984280.5413560867309570312500 HTTP/1.1" 200 31 "-" "WordPress/6.9-alpha-60450; https://fita.staroobrad.ru"
216.244.66.235 - - [29/Dec/2025:07:58:00 +0300] "GET /releases/vecher-duhovnyh-pesnopenij-2008/ HTTP/1.1" 200 90359 "-" "Mozilla/5.0 (compatible; DotBot/1.2; +https://opensiteexplorer.org/dotbot; help@moz.com)"
82.148.16.210 - - [29/Dec/2025:08:00:46 +0300] "POST /wp-cron.php?doing_wp_cron=1766984445.9857859611511230468750 HTTP/1.1" 200 31 "-" "WordPress/6.9-alpha-60450; https://fita.staroobrad.ru"
45.139.104.171 - - [29/Dec/2025:08:00:46 +0300] "GET /sendgrid.env HTTP/1.1" 404 9798 "-" "Mozilla/5.0 (Linux; Android 9; LEX829) AppleWebKit/537.36 (KHTML, like Gecko) SamsungBrowser/10.1 Chrome/71.0.3578.99 Mobile Safari/537.36"
216.73.216.155 - - [29/Dec/2025:09:47:59 +0300] "GET /sitemap.xml HTTP/2.0" 404 3 "-" "Mozilla/5.0 AppleWebKit/537.36 (KHTML, like Gecko; compatible; ClaudeBot/1.0; +claudebot@anthropic.com)"
167.71.69.118 - - [29/Dec/2025:10:19:03 +0300] "GET / HTTP/1.1" 301 162 "-" "Mozilla/5.0 (X11; Linux x86_64) AppleWebKit/537.36 (KHTML, like Gecko) Chrome/139.0.0.0 Safari/537.36"
167.71.69.118 - - [29/Dec/2025:10:19:03 +0300] "GET /favicon.ico HTTP/1.1" 301 162 "http://fita.staroobrad.ru/" "Mozilla/5.0 (X11; Linux x86_64) AppleWebKit/537.36 (KHTML, like Gecko) Chrome/139.0.0.0 Safari/537.36"
82.148.16.210 - - [29/Dec/2025:10:19:06 +0300] "POST /wp-cron.php?doing_wp_cron=1766992745.9943850040435791015625 HTTP/1.1" 200 31 "-" "WordPress/6.9-alpha-60450; https://fita.staroobrad.ru"
167.71.69.118 - - [29/Dec/2025:10:19:06 +0300] "GET / HTTP/1.1" 200 13323 "-" "Mozilla/5.0 (X11; Linux x86_64) AppleWebKit/537.36 (KHTML, like Gecko) Chrome/139.0.0.0 Safari/537.36"
216.73.216.155 - - [29/Dec/2025:10:32:15 +0300] "GET /sitemap.xml HTTP/2.0" 404 3 "-" "Mozilla/5.0 AppleWebKit/537.36 (KHTML, like Gecko; compatible; ClaudeBot/1.0; +claudebot@anthropic.com)"
216.73.216.155 - - [29/Dec/2025:10:39:28 +0300] "GET /sitemap.xml HTTP/2.0" 404 3 "-" "Mozilla/5.0 AppleWebKit/537.36 (KHTML, like Gecko; compatible; ClaudeBot/1.0; +claudebot@anthropic.com)"
216.73.216.155 - - [29/Dec/2025:11:25:57 +0300] "GET /sitemap.xml HTTP/2.0" 404 3 "-" "Mozilla/5.0 AppleWebKit/537.36 (KHTML, like Gecko; compatible; ClaudeBot/1.0; +claudebot@anthropic.com)"
216.73.216.155 - - [29/Dec/2025:11:49:17 +0300] "GET /sitemap.xml HTTP/2.0" 404 3 "-" "Mozilla/5.0 AppleWebKit/537.36 (KHTML, like Gecko; compatible; ClaudeBot/1.0; +claudebot@anthropic.com)"
82.148.16.210 - - [29/Dec/2025:12:03:42 +0300] "POST /wp-cron.php?doing_wp_cron=1766999021.9120650291442871093750 HTTP/1.1" 200 31 "-" "WordPress/6.9-alpha-60450; https://fita.staroobrad.ru"
191.102.132.168 - - [29/Dec/2025:12:03:42 +0300] "GET /releases/svyataya-noch/ HTTP/1.1" 200 12724 "https://fita.staroobrad.ru" "Mozilla/5.0 (Windows NT 10.0; Win64; x64) AppleWebKit/537.36 (KHTML, like Gecko) Chrome/62.0.3202.94 Safari/537.36"
216.73.216.155 - - [29/Dec/2025:12:55:32 +0300] "GET /sitemap.xml HTTP/2.0" 404 3 "-" "Mozilla/5.0 AppleWebKit/537.36 (KHTML, like Gecko; compatible; ClaudeBot/1.0; +claudebot@anthropic.com)"
43.131.253.14 - - [29/Dec/2025:13:15:27 +0300] "GET / HTTP/1.1" 301 162 "-" "Mozilla/5.0 (iPhone; CPU iPhone OS 13_2_3 like Mac OS X) AppleWebKit/605.1.15 (KHTML, like Gecko) Version/13.0.3 Mobile/15E148 Safari/604.1"
82.148.16.210 - - [29/Dec/2025:13:15:31 +0300] "POST /wp-cron.php?doing_wp_cron=1767003331.6746509075164794921875 HTTP/1.1" 200 31 "-" "WordPress/6.9-alpha-60450; https://fita.staroobrad.ru"
43.131.253.14 - - [29/Dec/2025:13:15:32 +0300] "GET / HTTP/1.1" 200 13323 "http://fita.staroobrad.ru" "Mozilla/5.0 (iPhone; CPU iPhone OS 13_2_3 like Mac OS X) AppleWebKit/605.1.15 (KHTML, like Gecko) Version/13.0.3 Mobile/15E148 Safari/604.1"
216.73.216.155 - - [29/Dec/2025:13:32:02 +0300] "GET /sitemap.xml HTTP/2.0" 404 3 "-" "Mozilla/5.0 AppleWebKit/537.36 (KHTML, like Gecko; compatible; ClaudeBot/1.0; +claudebot@anthropic.com)"
82.148.16.210 - - [29/Dec/2025:13:59:37 +0300] "POST /wp-cron.php?doing_wp_cron=1767005977.1711289882659912109375 HTTP/1.1" 200 31 "-" "WordPress/6.9-alpha-60450; https://fita.staroobrad.ru"
18.134.245.164 - - [29/Dec/2025:13:59:37 +0300] "GET /index.php?rest_route=/wp/v2/posts HTTP/1.1" 200 33 "https://fita.staroobrad.ru" "Mozilla/5.0 (Linux; Android 6.0; Nexus 5 Build/MRA58N) AppleWebKit/537.36 (KHTML, like Gecko) Chrome/57.0.8191.1319 Mobile Safari/537.36"
216.73.216.155 - - [29/Dec/2025:15:07:28 +0300] "GET /sitemap.xml HTTP/2.0" 404 3 "-" "Mozilla/5.0 AppleWebKit/537.36 (KHTML, like Gecko; compatible; ClaudeBot/1.0; +claudebot@anthropic.com)"
216.73.216.155 - - [29/Dec/2025:16:19:10 +0300] "GET /sitemap.xml HTTP/2.0" 404 3 "-" "Mozilla/5.0 AppleWebKit/537.36 (KHTML, like Gecko; compatible; ClaudeBot/1.0; +claudebot@anthropic.com)"
216.73.216.155 - - [29/Dec/2025:17:26:59 +0300] "GET /sitemap.xml HTTP/2.0" 404 3 "-" "Mozilla/5.0 AppleWebKit/537.36 (KHTML, like Gecko; compatible; ClaudeBot/1.0; +claudebot@anthropic.com)"
82.148.16.210 - - [29/Dec/2025:17:30:56 +0300] "POST /wp-cron.php?doing_wp_cron=1767018656.7531490325927734375000 HTTP/1.1" 200 31 "-" "WordPress/6.9-alpha-60450; https://fita.staroobrad.ru"
71.6.134.231 - - [29/Dec/2025:17:30:57 +0300] "GET / HTTP/1.1" 200 13323 "-" "Mozilla/5.0 (Windows NT 10.0; Win64; x64) AppleWebKit/537.36 (KHTML, like Gecko) Chrome/133.0.0.0 Safari/537.36"
216.73.216.155 - - [29/Dec/2025:18:03:57 +0300] "GET /sitemap.xml HTTP/2.0" 404 3 "-" "Mozilla/5.0 AppleWebKit/537.36 (KHTML, like Gecko; compatible; ClaudeBot/1.0; +claudebot@anthropic.com)"
82.148.16.210 - - [29/Dec/2025:19:01:03 +0300] "POST /wp-cron.php?doing_wp_cron=1767024062.9932730197906494140625 HTTP/1.1" 200 31 "-" "WordPress/6.9-alpha-60450; https://fita.staroobrad.ru"
85.208.96.203 - - [29/Dec/2025:19:01:03 +0300] "GET /releases/svyataya-noch/ HTTP/1.1" 200 12724 "-" "Mozilla/5.0 (compatible; SemrushBot/7~bl; +http://www.semrush.com/bot.html)"
216.73.216.155 - - [29/Dec/2025:19:02:38 +0300] "GET /sitemap.xml HTTP/2.0" 404 3 "-" "Mozilla/5.0 AppleWebKit/537.36 (KHTML, like Gecko; compatible; ClaudeBot/1.0; +claudebot@anthropic.com)"
216.73.216.155 - - [29/Dec/2025:19:22:51 +0300] "GET /sitemap.xml HTTP/2.0" 404 3 "-" "Mozilla/5.0 AppleWebKit/537.36 (KHTML, like Gecko; compatible; ClaudeBot/1.0; +claudebot@anthropic.com)"
43.159.132.207 - - [29/Dec/2025:19:57:37 +0300] "GET / HTTP/1.1" 301 162 "-" "Mozilla/5.0 (iPhone; CPU iPhone OS 13_2_3 like Mac OS X) AppleWebKit/605.1.15 (KHTML, like Gecko) Version/13.0.3 Mobile/15E148 Safari/604.1"
82.148.16.210 - - [29/Dec/2025:19:57:41 +0300] "POST /wp-cron.php?doing_wp_cron=1767027460.9729769229888916015625 HTTP/1.1" 200 31 "-" "WordPress/6.9-alpha-60450; https://fita.staroobrad.ru"
43.159.132.207 - - [29/Dec/2025:19:57:41 +0300] "GET / HTTP/1.1" 200 13323 "http://fita.staroobrad.ru" "Mozilla/5.0 (iPhone; CPU iPhone OS 13_2_3 like Mac OS X) AppleWebKit/605.1.15 (KHTML, like Gecko) Version/13.0.3 Mobile/15E148 Safari/604.1"
216.73.216.155 - - [29/Dec/2025:20:35:34 +0300] "GET /sitemap.xml HTTP/2.0" 404 3 "-" "Mozilla/5.0 AppleWebKit/537.36 (KHTML, like Gecko; compatible; ClaudeBot/1.0; +claudebot@anthropic.com)"
82.148.16.210 - - [29/Dec/2025:20:43:35 +0300] "POST /wp-cron.php?doing_wp_cron=1767030214.9532639980316162109375 HTTP/1.1" 200 31 "-" "WordPress/6.9-alpha-60450; https://fita.staroobrad.ru"
204.217.129.72 - - [29/Dec/2025:20:43:35 +0300] "GET /releases/troica/ HTTP/1.1" 200 12819 "https://fita.staroobrad.ru" "Mozilla/5.0 (Windows NT 10.0; Win64; x64) AppleWebKit/537.36 (KHTML, like Gecko) Chrome/62.0.3202.94 Safari/537.36"
216.73.216.155 - - [29/Dec/2025:20:49:05 +0300] "GET /sitemap.xml HTTP/2.0" 404 3 "-" "Mozilla/5.0 AppleWebKit/537.36 (KHTML, like Gecko; compatible; ClaudeBot/1.0; +claudebot@anthropic.com)"
206.168.34.213 - - [29/Dec/2025:21:45:49 +0300] "GET / HTTP/1.1" 400 248 "-" "Mozilla/5.0 (compatible; CensysInspect/1.1; +https://about.censys.io/)"
216.73.216.155 - - [29/Dec/2025:22:06:18 +0300] "GET /sitemap.xml HTTP/2.0" 404 3 "-" "Mozilla/5.0 AppleWebKit/537.36 (KHTML, like Gecko; compatible; ClaudeBot/1.0; +claudebot@anthropic.com)"
82.148.16.210 - - [29/Dec/2025:22:34:29 +0300] "POST /wp-cron.php?doing_wp_cron=1767036869.6277770996093750000000 HTTP/1.1" 200 31 "-" "WordPress/6.9-alpha-60450; https://fita.staroobrad.ru"
191.102.129.72 - - [29/Dec/2025:22:34:29 +0300] "GET /releases/vozdvizhenie-chestnago-i-zhivotvoryashhego-kresta-gospodnya HTTP/1.1" 301 5 "https://fita.staroobrad.ru" "Mozilla/5.0 (Windows NT 10.0; Win64; x64) AppleWebKit/537.36 (KHTML, like Gecko) Chrome/62.0.3202.94 Safari/537.36"
191.102.129.72 - - [29/Dec/2025:22:34:31 +0300] "GET /releases/vozdvizhenie-chestnago-i-zhivotvoryashhego-kresta-gospodnya/ HTTP/1.1" 200 10498 "https://fita.staroobrad.ru" "Mozilla/5.0 (Windows NT 10.0; Win64; x64) AppleWebKit/537.36 (KHTML, like Gecko) Chrome/62.0.3202.94 Safari/537.36"
191.102.129.72 - - [29/Dec/2025:22:34:33 +0300] "GET /releases/vozdvizhenie-chestnago-i-zhivotvoryashhego-kresta-gospodnya/ HTTP/1.1" 200 10498 "https://fita.staroobrad.ru" "Mozilla/5.0 (Windows NT 10.0; Win64; x64) AppleWebKit/537.36 (KHTML, like Gecko) Chrome/62.0.3202.94 Safari/537.36"
82.148.16.210 - - [29/Dec/2025:22:38:38 +0300] "POST /wp-cron.php?doing_wp_cron=1767037118.6813728809356689453125 HTTP/1.1" 200 31 "-" "WordPress/6.9-alpha-60450; https://fita.staroobrad.ru"
37.204.31.228 - - [29/Dec/2025:22:38:38 +0300] "GET /about/ HTTP/2.0" 200 11212 "https://yandex.ru/" "Mozilla/5.0 (X11; Linux x86_64; rv:137.0) Gecko/20100101 Firefox/137.0"
216.73.216.155 - - [29/Dec/2025:22:47:35 +0300] "GET /sitemap.xml HTTP/2.0" 404 3 "-" "Mozilla/5.0 AppleWebKit/537.36 (KHTML, like Gecko; compatible; ClaudeBot/1.0; +claudebot@anthropic.com)"
82.148.16.210 - - [29/Dec/2025:22:56:15 +0300] "POST /wp-cron.php?doing_wp_cron=1767038175.8296699523925781250000 HTTP/1.1" 200 31 "-" "WordPress/6.9-alpha-60450; https://fita.staroobrad.ru"
206.232.1.125 - - [29/Dec/2025:22:56:15 +0300] "GET /releases/evangelskaya-propoved HTTP/1.1" 301 5 "https://fita.staroobrad.ru" "Mozilla/5.0 (Windows NT 10.0; Win64; x64) AppleWebKit/537.36 (KHTML, like Gecko) Chrome/62.0.3202.94 Safari/537.36"
206.232.1.125 - - [29/Dec/2025:22:56:17 +0300] "GET /releases/evangelskaya-propoved/ HTTP/1.1" 200 11539 "https://fita.staroobrad.ru" "Mozilla/5.0 (Windows NT 10.0; Win64; x64) AppleWebKit/537.36 (KHTML, like Gecko) Chrome/62.0.3202.94 Safari/537.36"
206.232.1.125 - - [29/Dec/2025:22:56:19 +0300] "GET /releases/evangelskaya-propoved/ HTTP/1.1" 200 11539 "https://fita.staroobrad.ru" "Mozilla/5.0 (Windows NT 10.0; Win64; x64) AppleWebKit/537.36 (KHTML, like Gecko) Chrome/62.0.3202.94 Safari/537.36"
216.73.216.155 - - [29/Dec/2025:23:19:53 +0300] "GET /sitemap.xml HTTP/2.0" 404 3 "-" "Mozilla/5.0 AppleWebKit/537.36 (KHTML, like Gecko; compatible; ClaudeBot/1.0; +claudebot@anthropic.com)"
216.73.216.155 - - [29/Dec/2025:23:39:23 +0300] "GET /sitemap.xml HTTP/2.0" 404 3 "-" "Mozilla/5.0 AppleWebKit/537.36 (KHTML, like Gecko; compatible; ClaudeBot/1.0; +claudebot@anthropic.com)"