74.7.227.185 - - [30/Dec/2025:03:56:02 +0300] "GET /?fileloc=//proc/1048/net/dev_snmp6/eth0&path=//proc/1048/net/dev_snmp6 HTTP/2.0" 200 3110 "-" "Mozilla/5.0 AppleWebKit/537.36 (KHTML, like Gecko; compatible; GPTBot/1.3; +https://openai.com/gptbot)"
74.7.227.185 - - [30/Dec/2025:03:56:03 +0300] "GET /?fileloc=//proc/2175/net/dev_snmp6/eth0&path=//proc/2175/net/dev_snmp6 HTTP/2.0" 200 3110 "-" "Mozilla/5.0 AppleWebKit/537.36 (KHTML, like Gecko; compatible; GPTBot/1.3; +https://openai.com/gptbot)"
74.7.227.185 - - [30/Dec/2025:03:56:03 +0300] "GET /?fileloc=//proc/2175/net/dev_snmp6/lo&path=//proc/2175/net/dev_snmp6 HTTP/2.0" 200 3075 "-" "Mozilla/5.0 AppleWebKit/537.36 (KHTML, like Gecko; compatible; GPTBot/1.3; +https://openai.com/gptbot)"
74.7.227.185 - - [30/Dec/2025:03:56:04 +0300] "GET /?fileloc=//proc/1423/net/dev_snmp6/eth0&path=//proc/1423/net/dev_snmp6 HTTP/2.0" 200 3110 "-" "Mozilla/5.0 AppleWebKit/537.36 (KHTML, like Gecko; compatible; GPTBot/1.3; +https://openai.com/gptbot)"
74.7.227.185 - - [30/Dec/2025:03:56:05 +0300] "GET /?fileloc=//proc/1423/net/dev_snmp6/lo&path=//proc/1423/net/dev_snmp6 HTTP/2.0" 200 3075 "-" "Mozilla/5.0 AppleWebKit/537.36 (KHTML, like Gecko; compatible; GPTBot/1.3; +https://openai.com/gptbot)"
74.7.227.185 - - [30/Dec/2025:03:56:05 +0300] "GET /?fileloc=//proc/4179/net/dev_snmp6/eth0&path=//proc/4179/net/dev_snmp6 HTTP/2.0" 200 3110 "-" "Mozilla/5.0 AppleWebKit/537.36 (KHTML, like Gecko; compatible; GPTBot/1.3; +https://openai.com/gptbot)"
74.7.227.185 - - [30/Dec/2025:03:56:05 +0300] "GET /?fileloc=//proc/4179/net/dev_snmp6/lo&path=//proc/4179/net/dev_snmp6 HTTP/2.0" 200 3076 "-" "Mozilla/5.0 AppleWebKit/537.36 (KHTML, like Gecko; compatible; GPTBot/1.3; +https://openai.com/gptbot)"
74.7.227.185 - - [30/Dec/2025:03:56:06 +0300] "GET /?fileloc=//proc/1048/net/dev_snmp6/lo&path=//proc/1048/net/dev_snmp6 HTTP/2.0" 200 3075 "-" "Mozilla/5.0 AppleWebKit/537.36 (KHTML, like Gecko; compatible; GPTBot/1.3; +https://openai.com/gptbot)"
74.7.227.185 - - [30/Dec/2025:03:56:06 +0300] "GET /?fileloc=//proc/1072607/net/ip_tables_names&path=//proc/1072607/net HTTP/2.0" 200 2554 "-" "Mozilla/5.0 AppleWebKit/537.36 (KHTML, like Gecko; compatible; GPTBot/1.3; +https://openai.com/gptbot)"
74.7.227.185 - - [30/Dec/2025:03:56:07 +0300] "GET /?fileloc=//proc/3114662/net/ip_tables_names&path=//proc/3114662/net HTTP/2.0" 200 2554 "-" "Mozilla/5.0 AppleWebKit/537.36 (KHTML, like Gecko; compatible; GPTBot/1.3; +https://openai.com/gptbot)"
74.7.227.185 - - [30/Dec/2025:03:56:08 +0300] "GET /?fileloc=//proc/3114642/net/ip_tables_names&path=//proc/3114642/net HTTP/2.0" 200 2554 "-" "Mozilla/5.0 AppleWebKit/537.36 (KHTML, like Gecko; compatible; GPTBot/1.3; +https://openai.com/gptbot)"
74.7.227.185 - - [30/Dec/2025:03:56:08 +0300] "GET /?fileloc=//proc/3354517/net/ip_tables_names&path=//proc/3354517/net HTTP/2.0" 200 2554 "-" "Mozilla/5.0 AppleWebKit/537.36 (KHTML, like Gecko; compatible; GPTBot/1.3; +https://openai.com/gptbot)"
74.7.227.185 - - [30/Dec/2025:03:56:09 +0300] "GET /?fileloc=//proc/3354516/net/ip_tables_names&path=//proc/3354516/net HTTP/2.0" 200 2554 "-" "Mozilla/5.0 AppleWebKit/537.36 (KHTML, like Gecko; compatible; GPTBot/1.3; +https://openai.com/gptbot)"
74.7.227.185 - - [30/Dec/2025:03:56:09 +0300] "GET /?fileloc=//proc/3354343/net/ptype&path=//proc/3354343/net HTTP/2.0" 200 2591 "-" "Mozilla/5.0 AppleWebKit/537.36 (KHTML, like Gecko; compatible; GPTBot/1.3; +https://openai.com/gptbot)"
74.7.227.185 - - [30/Dec/2025:03:56:10 +0300] "GET /?fileloc=//proc/3354435/net/route&path=//proc/3354435/net HTTP/2.0" 200 2660 "-" "Mozilla/5.0 AppleWebKit/537.36 (KHTML, like Gecko; compatible; GPTBot/1.3; +https://openai.com/gptbot)"
74.7.227.185 - - [30/Dec/2025:03:56:10 +0300] "GET /?fileloc=//proc/3133983/net/ptype&path=//proc/3133983/net HTTP/2.0" 200 2591 "-" "Mozilla/5.0 AppleWebKit/537.36 (KHTML, like Gecko; compatible; GPTBot/1.3; +https://openai.com/gptbot)"
74.7.227.185 - - [30/Dec/2025:03:56:11 +0300] "GET /?fileloc=//proc/3354343/net/route&path=//proc/3354343/net HTTP/2.0" 200 2660 "-" "Mozilla/5.0 AppleWebKit/537.36 (KHTML, like Gecko; compatible; GPTBot/1.3; +https://openai.com/gptbot)"
74.7.227.185 - - [30/Dec/2025:03:56:11 +0300] "GET /?fileloc=//proc/3133983/net/route&path=//proc/3133983/net HTTP/2.0" 200 2660 "-" "Mozilla/5.0 AppleWebKit/537.36 (KHTML, like Gecko; compatible; GPTBot/1.3; +https://openai.com/gptbot)"
74.7.227.185 - - [30/Dec/2025:03:56:12 +0300] "GET /?fileloc=//proc/3354435/net/ptype&path=//proc/3354435/net HTTP/2.0" 200 2591 "-" "Mozilla/5.0 AppleWebKit/537.36 (KHTML, like Gecko; compatible; GPTBot/1.3; +https://openai.com/gptbot)"
74.7.227.185 - - [30/Dec/2025:03:56:12 +0300] "GET /?fileloc=//proc/281560/limits&path=//proc/281560 HTTP/2.0" 200 2822 "-" "Mozilla/5.0 AppleWebKit/537.36 (KHTML, like Gecko; compatible; GPTBot/1.3; +https://openai.com/gptbot)"
74.7.227.185 - - [30/Dec/2025:03:56:13 +0300] "GET /?fileloc=//proc/3252147/net/ip_tables_names&path=//proc/3252147/net HTTP/2.0" 200 2554 "-" "Mozilla/5.0 AppleWebKit/537.36 (KHTML, like Gecko; compatible; GPTBot/1.3; +https://openai.com/gptbot)"
74.7.227.185 - - [30/Dec/2025:03:56:13 +0300] "GET /?fileloc=//proc/3354261/net/ip_tables_names&path=//proc/3354261/net HTTP/2.0" 200 2554 "-" "Mozilla/5.0 AppleWebKit/537.36 (KHTML, like Gecko; compatible; GPTBot/1.3; +https://openai.com/gptbot)"
74.7.227.185 - - [30/Dec/2025:03:56:14 +0300] "GET /?fileloc=//proc/281559/net/ip6_mr_vif&path=//proc/281559/net HTTP/2.0" 200 2586 "-" "Mozilla/5.0 AppleWebKit/537.36 (KHTML, like Gecko; compatible; GPTBot/1.3; +https://openai.com/gptbot)"
74.7.227.185 - - [30/Dec/2025:03:56:14 +0300] "GET /?fileloc=//proc/281560/net/ip6_mr_vif&path=//proc/281560/net HTTP/2.0" 200 2585 "-" "Mozilla/5.0 AppleWebKit/537.36 (KHTML, like Gecko; compatible; GPTBot/1.3; +https://openai.com/gptbot)"
74.7.227.185 - - [30/Dec/2025:03:56:15 +0300] "GET /?fileloc=//proc/281559/net/ipv6_route&path=//proc/281559/net HTTP/2.0" 200 2666 "-" "Mozilla/5.0 AppleWebKit/537.36 (KHTML, like Gecko; compatible; GPTBot/1.3; +https://openai.com/gptbot)"
74.7.227.185 - - [30/Dec/2025:03:56:15 +0300] "GET /?fileloc=//proc/2904400/net/route&path=//proc/2904400/net HTTP/2.0" 200 2660 "-" "Mozilla/5.0 AppleWebKit/537.36 (KHTML, like Gecko; compatible; GPTBot/1.3; +https://openai.com/gptbot)"
74.7.227.185 - - [30/Dec/2025:03:56:16 +0300] "GET /?fileloc=//proc/3354320/net/ptype&path=//proc/3354320/net HTTP/2.0" 200 2591 "-" "Mozilla/5.0 AppleWebKit/537.36 (KHTML, like Gecko; compatible; GPTBot/1.3; +https://openai.com/gptbot)"
74.7.227.185 - - [30/Dec/2025:03:56:16 +0300] "GET /?fileloc=//proc/3353861/net/route&path=//proc/3353861/net HTTP/2.0" 200 2660 "-" "Mozilla/5.0 AppleWebKit/537.36 (KHTML, like Gecko; compatible; GPTBot/1.3; +https://openai.com/gptbot)"
74.7.227.185 - - [30/Dec/2025:03:56:17 +0300] "GET /?fileloc=//proc/3353861/net/ptype&path=//proc/3353861/net HTTP/2.0" 200 2591 "-" "Mozilla/5.0 AppleWebKit/537.36 (KHTML, like Gecko; compatible; GPTBot/1.3; +https://openai.com/gptbot)"
51.195.215.243 - - [30/Dec/2025:03:56:17 +0300] "GET /?path=/var/mail HTTP/2.0" 200 3121 "-" "Mozilla/5.0 (compatible; AhrefsBot/7.0; +http://ahrefs.com/robot/)"
74.7.227.185 - - [30/Dec/2025:03:56:17 +0300] "GET /?fileloc=//proc/3114661/net/route&path=//proc/3114661/net HTTP/2.0" 200 2660 "-" "Mozilla/5.0 AppleWebKit/537.36 (KHTML, like Gecko; compatible; GPTBot/1.3; +https://openai.com/gptbot)"
74.7.227.185 - - [30/Dec/2025:03:56:18 +0300] "GET /?fileloc=//proc/3353996/net/ptype&path=//proc/3353996/net HTTP/2.0" 200 2592 "-" "Mozilla/5.0 AppleWebKit/537.36 (KHTML, like Gecko; compatible; GPTBot/1.3; +https://openai.com/gptbot)"
74.7.227.185 - - [30/Dec/2025:03:56:18 +0300] "GET /?fileloc=//proc/3354515/net/route&path=//proc/3354515/net HTTP/2.0" 200 2660 "-" "Mozilla/5.0 AppleWebKit/537.36 (KHTML, like Gecko; compatible; GPTBot/1.3; +https://openai.com/gptbot)"
74.7.227.185 - - [30/Dec/2025:03:56:19 +0300] "GET /?fileloc=//proc/3354436/net/ptype&path=//proc/3354436/net HTTP/2.0" 200 2591 "-" "Mozilla/5.0 AppleWebKit/537.36 (KHTML, like Gecko; compatible; GPTBot/1.3; +https://openai.com/gptbot)"
74.7.227.185 - - [30/Dec/2025:03:56:19 +0300] "GET /?fileloc=//proc/3114661/net/ptype&path=//proc/3114661/net HTTP/2.0" 200 2591 "-" "Mozilla/5.0 AppleWebKit/537.36 (KHTML, like Gecko; compatible; GPTBot/1.3; +https://openai.com/gptbot)"
74.7.227.185 - - [30/Dec/2025:03:56:20 +0300] "GET /?fileloc=//proc/3353941/net/ptype&path=//proc/3353941/net HTTP/2.0" 200 2591 "-" "Mozilla/5.0 AppleWebKit/537.36 (KHTML, like Gecko; compatible; GPTBot/1.3; +https://openai.com/gptbot)"
74.7.227.185 - - [30/Dec/2025:03:56:21 +0300] "GET /?fileloc=//proc/3133982/net/ptype&path=//proc/3133982/net HTTP/2.0" 200 2591 "-" "Mozilla/5.0 AppleWebKit/537.36 (KHTML, like Gecko; compatible; GPTBot/1.3; +https://openai.com/gptbot)"
74.7.227.185 - - [30/Dec/2025:03:56:21 +0300] "GET /?fileloc=//proc/3353227/net/ptype&path=//proc/3353227/net HTTP/2.0" 200 2592 "-" "Mozilla/5.0 AppleWebKit/537.36 (KHTML, like Gecko; compatible; GPTBot/1.3; +https://openai.com/gptbot)"
74.7.227.185 - - [30/Dec/2025:03:56:22 +0300] "GET /?fileloc=//proc/2904400/net/ptype&path=//proc/2904400/net HTTP/2.0" 200 2591 "-" "Mozilla/5.0 AppleWebKit/537.36 (KHTML, like Gecko; compatible; GPTBot/1.3; +https://openai.com/gptbot)"
74.7.227.185 - - [30/Dec/2025:03:56:22 +0300] "GET /?fileloc=//proc/3114663/net/route&path=//proc/3114663/net HTTP/2.0" 200 2660 "-" "Mozilla/5.0 AppleWebKit/537.36 (KHTML, like Gecko; compatible; GPTBot/1.3; +https://openai.com/gptbot)"
74.7.227.185 - - [30/Dec/2025:03:56:23 +0300] "GET /?fileloc=//proc/3353941/net/route&path=//proc/3353941/net HTTP/2.0" 200 2660 "-" "Mozilla/5.0 AppleWebKit/537.36 (KHTML, like Gecko; compatible; GPTBot/1.3; +https://openai.com/gptbot)"
74.7.227.185 - - [30/Dec/2025:03:56:23 +0300] "GET /?fileloc=//proc/3252153/net/ptype&path=//proc/3252153/net HTTP/2.0" 200 2590 "-" "Mozilla/5.0 AppleWebKit/537.36 (KHTML, like Gecko; compatible; GPTBot/1.3; +https://openai.com/gptbot)"
74.7.227.185 - - [30/Dec/2025:03:56:24 +0300] "GET /?fileloc=//proc/3133982/net/route&path=//proc/3133982/net HTTP/2.0" 200 2660 "-" "Mozilla/5.0 AppleWebKit/537.36 (KHTML, like Gecko; compatible; GPTBot/1.3; +https://openai.com/gptbot)"
216.73.216.89 - - [30/Dec/2025:03:56:24 +0300] "GET /?fileloc=%2F%2Fbin%2Fpidwait&path=%2F%2Fbin HTTP/2.0" 200 2530 "-" "Mozilla/5.0 AppleWebKit/537.36 (KHTML, like Gecko; compatible; ClaudeBot/1.0; +claudebot@anthropic.com)"
216.73.216.89 - - [30/Dec/2025:03:56:24 +0300] "GET /?fileloc=%2F%2Fproc%2Fcmdline&path=%2F%2Fproc HTTP/2.0" 200 2685 "-" "Mozilla/5.0 AppleWebKit/537.36 (KHTML, like Gecko; compatible; ClaudeBot/1.0; +claudebot@anthropic.com)"
216.73.216.89 - - [30/Dec/2025:03:56:24 +0300] "GET /?fileloc=%2F%2Fbin%2Ffc-cache&path=%2F%2Fbin HTTP/2.0" 200 2531 "-" "Mozilla/5.0 AppleWebKit/537.36 (KHTML, like Gecko; compatible; ClaudeBot/1.0; +claudebot@anthropic.com)"
216.73.216.89 - - [30/Dec/2025:03:56:24 +0300] "GET /?fileloc=%2F%2Fbin%2Fmk_modmap&path=%2F%2Fbin HTTP/2.0" 200 6050 "-" "Mozilla/5.0 AppleWebKit/537.36 (KHTML, like Gecko; compatible; ClaudeBot/1.0; +claudebot@anthropic.com)"
216.73.216.89 - - [30/Dec/2025:03:56:24 +0300] "GET /?fileloc=%2F%2Fbin%2Fsystemd-firstboot&path=%2F%2Fbin HTTP/2.0" 200 2535 "-" "Mozilla/5.0 AppleWebKit/537.36 (KHTML, like Gecko; compatible; ClaudeBot/1.0; +claudebot@anthropic.com)"
216.73.216.89 - - [30/Dec/2025:03:56:24 +0300] "GET /?fileloc=%2F%2Fbin%2Fpg_dump&path=%2F%2Fbin HTTP/2.0" 200 6534 "-" "Mozilla/5.0 AppleWebKit/537.36 (KHTML, like Gecko; compatible; ClaudeBot/1.0; +claudebot@anthropic.com)"
216.73.216.89 - - [30/Dec/2025:03:56:24 +0300] "GET /?fileloc=%2F%2Fbin%2Fusers&path=%2F%2Fbin HTTP/2.0" 200 2528 "-" "Mozilla/5.0 AppleWebKit/537.36 (KHTML, like Gecko; compatible; ClaudeBot/1.0; +claudebot@anthropic.com)"
216.73.216.89 - - [30/Dec/2025:03:56:24 +0300] "GET /?fileloc=%2F%2Fbin%2Fapt-cache&path=%2F%2Fbin HTTP/2.0" 200 2532 "-" "Mozilla/5.0 AppleWebKit/537.36 (KHTML, like Gecko; compatible; ClaudeBot/1.0; +claudebot@anthropic.com)"
216.73.216.89 - - [30/Dec/2025:03:56:24 +0300] "GET /?fileloc=%2F%2Fbin%2Fsystemd-path&path=%2F%2Fbin HTTP/2.0" 200 2532 "-" "Mozilla/5.0 AppleWebKit/537.36 (KHTML, like Gecko; compatible; ClaudeBot/1.0; +claudebot@anthropic.com)"
216.73.216.89 - - [30/Dec/2025:03:56:24 +0300] "GET /?fileloc=%2F%2Fbin%2Fgit-upload-pack&path=%2F%2Fbin HTTP/2.0" 200 2536 "-" "Mozilla/5.0 AppleWebKit/537.36 (KHTML, like Gecko; compatible; ClaudeBot/1.0; +claudebot@anthropic.com)"
216.73.216.89 - - [30/Dec/2025:03:56:24 +0300] "GET /?fileloc=%2F%2Fbin%2Fjoin&path=%2F%2Fbin HTTP/2.0" 200 2530 "-" "Mozilla/5.0 AppleWebKit/537.36 (KHTML, like Gecko; compatible; ClaudeBot/1.0; +claudebot@anthropic.com)"
74.7.227.185 - - [30/Dec/2025:03:56:24 +0300] "GET /?fileloc=//proc/1502600/net/ptype&path=//proc/1502600/net HTTP/2.0" 200 2591 "-" "Mozilla/5.0 AppleWebKit/537.36 (KHTML, like Gecko; compatible; GPTBot/1.3; +https://openai.com/gptbot)"
216.73.216.89 - - [30/Dec/2025:03:56:24 +0300] "GET /?fileloc=%2F%2Fbin%2Fgapplication&path=%2F%2Fbin HTTP/2.0" 200 2533 "-" "Mozilla/5.0 AppleWebKit/537.36 (KHTML, like Gecko; compatible; ClaudeBot/1.0; +claudebot@anthropic.com)"
216.73.216.89 - - [30/Dec/2025:03:56:24 +0300] "GET /?path=%2F%2Flib%2Fgrub-legacy HTTP/2.0" 200 2875 "-" "Mozilla/5.0 AppleWebKit/537.36 (KHTML, like Gecko; compatible; ClaudeBot/1.0; +claudebot@anthropic.com)"
216.73.216.89 - - [30/Dec/2025:03:56:25 +0300] "GET /?fileloc=%2F%2Fbin%2Fhtcacheclean&path=%2F%2Fbin HTTP/2.0" 200 2533 "-" "Mozilla/5.0 AppleWebKit/537.36 (KHTML, like Gecko; compatible; ClaudeBot/1.0; +claudebot@anthropic.com)"
216.73.216.89 - - [30/Dec/2025:03:56:25 +0300] "GET /?fileloc=%2F%2Fbin%2Fdh_bash-completion&path=%2F%2Fbin HTTP/2.0" 200 4424 "-" "Mozilla/5.0 AppleWebKit/537.36 (KHTML, like Gecko; compatible; ClaudeBot/1.0; +claudebot@anthropic.com)"
74.7.227.185 - - [30/Dec/2025:03:56:25 +0300] "GET /?fileloc=//proc/3252153/net/route&path=//proc/3252153/net HTTP/2.0" 200 2660 "-" "Mozilla/5.0 AppleWebKit/537.36 (KHTML, like Gecko; compatible; GPTBot/1.3; +https://openai.com/gptbot)"
216.73.216.89 - - [30/Dec/2025:03:56:25 +0300] "GET /?fileloc=%2F%2Fsbin%2Fdebugfs&path=%2F%2Fsbin HTTP/2.0" 200 2531 "-" "Mozilla/5.0 AppleWebKit/537.36 (KHTML, like Gecko; compatible; ClaudeBot/1.0; +claudebot@anthropic.com)"
216.73.216.89 - - [30/Dec/2025:03:56:25 +0300] "GET /?fileloc=%2F%2Fbin%2Fobjcopy&path=%2F%2Fbin HTTP/2.0" 200 2532 "-" "Mozilla/5.0 AppleWebKit/537.36 (KHTML, like Gecko; compatible; ClaudeBot/1.0; +claudebot@anthropic.com)"
216.73.216.89 - - [30/Dec/2025:03:56:25 +0300] "GET /?fileloc=%2F%2Fbin%2Fgpgparsemail&path=%2F%2Fbin HTTP/2.0" 200 2533 "-" "Mozilla/5.0 AppleWebKit/537.36 (KHTML, like Gecko; compatible; ClaudeBot/1.0; +claudebot@anthropic.com)"
216.73.216.89 - - [30/Dec/2025:03:56:25 +0300] "GET /?fileloc=%2F%2Fproc%2Fkey-users&path=%2F%2Fproc HTTP/2.0" 200 2603 "-" "Mozilla/5.0 AppleWebKit/537.36 (KHTML, like Gecko; compatible; ClaudeBot/1.0; +claudebot@anthropic.com)"
216.73.216.89 - - [30/Dec/2025:03:56:25 +0300] "GET /?fileloc=%2F%2Fproc%2Fkcore&path=%2F%2Fproc HTTP/2.0" 200 2527 "-" "Mozilla/5.0 AppleWebKit/537.36 (KHTML, like Gecko; compatible; ClaudeBot/1.0; +claudebot@anthropic.com)"
216.73.216.89 - - [30/Dec/2025:03:56:25 +0300] "GET /?fileloc=%2F%2Fbin%2Funlink&path=%2F%2Fbin HTTP/2.0" 200 2529 "-" "Mozilla/5.0 AppleWebKit/537.36 (KHTML, like Gecko; compatible; ClaudeBot/1.0; +claudebot@anthropic.com)"
74.7.227.185 - - [30/Dec/2025:03:56:25 +0300] "GET /?fileloc=//proc/3353258/net/route&path=//proc/3353258/net HTTP/2.0" 200 2660 "-" "Mozilla/5.0 AppleWebKit/537.36 (KHTML, like Gecko; compatible; GPTBot/1.3; +https://openai.com/gptbot)"
216.73.216.89 - - [30/Dec/2025:03:56:25 +0300] "GET /?fileloc=%2F%2Fbin%2Fxzdiff&path=%2F%2Fbin HTTP/2.0" 200 5307 "-" "Mozilla/5.0 AppleWebKit/537.36 (KHTML, like Gecko; compatible; ClaudeBot/1.0; +claudebot@anthropic.com)"
216.73.216.89 - - [30/Dec/2025:03:56:25 +0300] "GET /?fileloc=%2F%2Ftmp%2Ffstrim-blocks&path=%2F%2Ftmp HTTP/2.0" 200 2528 "-" "Mozilla/5.0 AppleWebKit/537.36 (KHTML, like Gecko; compatible; ClaudeBot/1.0; +claudebot@anthropic.com)"
216.73.216.89 - - [30/Dec/2025:03:56:25 +0300] "GET /?path=%2F%2Flib%2Fpolkit-1 HTTP/2.0" 200 2931 "-" "Mozilla/5.0 AppleWebKit/537.36 (KHTML, like Gecko; compatible; ClaudeBot/1.0; +claudebot@anthropic.com)"
216.73.216.89 - - [30/Dec/2025:03:56:26 +0300] "GET /?fileloc=%2F%2Fbin%2Fgroups&path=%2F%2Fbin HTTP/2.0" 200 2528 "-" "Mozilla/5.0 AppleWebKit/537.36 (KHTML, like Gecko; compatible; ClaudeBot/1.0; +claudebot@anthropic.com)"
216.73.216.89 - - [30/Dec/2025:03:56:26 +0300] "GET /?fileloc=%2F%2Fbin%2Fsync&path=%2F%2Fbin HTTP/2.0" 200 2528 "-" "Mozilla/5.0 AppleWebKit/537.36 (KHTML, like Gecko; compatible; ClaudeBot/1.0; +claudebot@anthropic.com)"
216.73.216.89 - - [30/Dec/2025:03:56:26 +0300] "GET /?fileloc=%2F%2Fproc%2Fsysrq-trigger&path=%2F%2Fproc HTTP/2.0" 200 2533 "-" "Mozilla/5.0 AppleWebKit/537.36 (KHTML, like Gecko; compatible; ClaudeBot/1.0; +claudebot@anthropic.com)"
74.7.227.185 - - [30/Dec/2025:03:56:26 +0300] "GET /?fileloc=//proc/3241344/net/ptype&path=//proc/3241344/net HTTP/2.0" 200 2591 "-" "Mozilla/5.0 AppleWebKit/537.36 (KHTML, like Gecko; compatible; GPTBot/1.3; +https://openai.com/gptbot)"
216.73.216.89 - - [30/Dec/2025:03:56:26 +0300] "GET /?fileloc=%2F%2Fbin%2Ffactor&path=%2F%2Fbin HTTP/2.0" 200 2530 "-" "Mozilla/5.0 AppleWebKit/537.36 (KHTML, like Gecko; compatible; ClaudeBot/1.0; +claudebot@anthropic.com)"
216.73.216.89 - - [30/Dec/2025:03:56:26 +0300] "GET /?fileloc=%2F%2Fbin%2Funzip&path=%2F%2Fbin HTTP/2.0" 200 2529 "-" "Mozilla/5.0 AppleWebKit/537.36 (KHTML, like Gecko; compatible; ClaudeBot/1.0; +claudebot@anthropic.com)"
216.73.216.89 - - [30/Dec/2025:03:56:26 +0300] "GET /?path=%2F%2Fhome%2Fzottau HTTP/2.0" 200 3097 "-" "Mozilla/5.0 AppleWebKit/537.36 (KHTML, like Gecko; compatible; ClaudeBot/1.0; +claudebot@anthropic.com)"
216.73.216.89 - - [30/Dec/2025:03:56:26 +0300] "GET /?fileloc=%2F%2Fbin%2Fman-recode&path=%2F%2Fbin HTTP/2.0" 200 2533 "-" "Mozilla/5.0 AppleWebKit/537.36 (KHTML, like Gecko; compatible; ClaudeBot/1.0; +claudebot@anthropic.com)"
216.73.216.89 - - [30/Dec/2025:03:56:26 +0300] "GET /?fileloc=%2F%2Fbin%2Fedit&path=%2F%2Fbin HTTP/2.0" 200 7750 "-" "Mozilla/5.0 AppleWebKit/537.36 (KHTML, like Gecko; compatible; ClaudeBot/1.0; +claudebot@anthropic.com)"
216.73.216.89 - - [30/Dec/2025:03:56:26 +0300] "GET /?fileloc=%2F%2Fbin%2Fecho&path=%2F%2Fbin HTTP/2.0" 200 2528 "-" "Mozilla/5.0 AppleWebKit/537.36 (KHTML, like Gecko; compatible; ClaudeBot/1.0; +claudebot@anthropic.com)"
74.7.227.185 - - [30/Dec/2025:03:56:26 +0300] "GET /?fileloc=//proc/3354436/net/route&path=//proc/3354436/net HTTP/2.0" 200 2660 "-" "Mozilla/5.0 AppleWebKit/537.36 (KHTML, like Gecko; compatible; GPTBot/1.3; +https://openai.com/gptbot)"
216.73.216.89 - - [30/Dec/2025:03:56:26 +0300] "GET /?fileloc=%2F%2Fbin%2Funicode_stop&path=%2F%2Fbin HTTP/2.0" 200 2867 "-" "Mozilla/5.0 AppleWebKit/537.36 (KHTML, like Gecko; compatible; ClaudeBot/1.0; +claudebot@anthropic.com)"
216.73.216.89 - - [30/Dec/2025:03:56:26 +0300] "GET /?fileloc=%2F%2Fbin%2Fmsgcat&path=%2F%2Fbin HTTP/2.0" 200 2529 "-" "Mozilla/5.0 AppleWebKit/537.36 (KHTML, like Gecko; compatible; ClaudeBot/1.0; +claudebot@anthropic.com)"
216.73.216.89 - - [30/Dec/2025:03:56:27 +0300] "GET /?fileloc=%2F%2Fbin%2Funicode_start&path=%2F%2Fbin HTTP/2.0" 200 3939 "-" "Mozilla/5.0 AppleWebKit/537.36 (KHTML, like Gecko; compatible; ClaudeBot/1.0; +claudebot@anthropic.com)"
216.73.216.89 - - [30/Dec/2025:03:56:27 +0300] "GET /?fileloc=%2F%2Fbin%2Fsudo&path=%2F%2Fbin HTTP/2.0" 200 2528 "-" "Mozilla/5.0 AppleWebKit/537.36 (KHTML, like Gecko; compatible; ClaudeBot/1.0; +claudebot@anthropic.com)"
216.73.216.89 - - [30/Dec/2025:03:56:27 +0300] "GET /?fileloc=%2F%2Fbin%2Fdsync&path=%2F%2Fbin HTTP/2.0" 200 2529 "-" "Mozilla/5.0 AppleWebKit/537.36 (KHTML, like Gecko; compatible; ClaudeBot/1.0; +claudebot@anthropic.com)"
216.73.216.89 - - [30/Dec/2025:03:56:27 +0300] "GET /?fileloc=%2F%2Fbin%2Fwhich.debianutils&path=%2F%2Fbin HTTP/2.0" 200 3009 "-" "Mozilla/5.0 AppleWebKit/537.36 (KHTML, like Gecko; compatible; ClaudeBot/1.0; +claudebot@anthropic.com)"
74.7.227.185 - - [30/Dec/2025:03:56:27 +0300] "GET /?fileloc=//proc/3353227/net/route&path=//proc/3353227/net HTTP/2.0" 200 2661 "-" "Mozilla/5.0 AppleWebKit/537.36 (KHTML, like Gecko; compatible; GPTBot/1.3; +https://openai.com/gptbot)"
216.73.216.89 - - [30/Dec/2025:03:56:27 +0300] "GET /?fileloc=%2F%2Fsbin%2Fapache2&path=%2F%2Fsbin HTTP/2.0" 200 2530 "-" "Mozilla/5.0 AppleWebKit/537.36 (KHTML, like Gecko; compatible; ClaudeBot/1.0; +claudebot@anthropic.com)"
216.73.216.89 - - [30/Dec/2025:03:56:27 +0300] "GET /?fileloc=%2F%2Fetc%2Fbash_completion&path=%2F%2Fetc HTTP/2.0" 200 2552 "-" "Mozilla/5.0 AppleWebKit/537.36 (KHTML, like Gecko; compatible; ClaudeBot/1.0; +claudebot@anthropic.com)"
216.73.216.89 - - [30/Dec/2025:03:56:27 +0300] "GET /?fileloc=%2F%2Fbin%2Frvim&path=%2F%2Fbin HTTP/2.0" 200 2529 "-" "Mozilla/5.0 AppleWebKit/537.36 (KHTML, like Gecko; compatible; ClaudeBot/1.0; +claudebot@anthropic.com)"
216.73.216.89 - - [30/Dec/2025:03:56:27 +0300] "GET /?fileloc=%2F%2Fbin%2Fbatch&path=%2F%2Fbin HTTP/2.0" 200 2631 "-" "Mozilla/5.0 AppleWebKit/537.36 (KHTML, like Gecko; compatible; ClaudeBot/1.0; +claudebot@anthropic.com)"
216.73.216.89 - - [30/Dec/2025:03:56:27 +0300] "GET /?fileloc=%2F%2Fbin%2Fvim&path=%2F%2Fbin HTTP/2.0" 200 2528 "-" "Mozilla/5.0 AppleWebKit/537.36 (KHTML, like Gecko; compatible; ClaudeBot/1.0; +claudebot@anthropic.com)"
74.7.227.185 - - [30/Dec/2025:03:56:27 +0300] "GET /?fileloc=//proc/3354320/net/route&path=//proc/3354320/net HTTP/2.0" 200 2660 "-" "Mozilla/5.0 AppleWebKit/537.36 (KHTML, like Gecko; compatible; GPTBot/1.3; +https://openai.com/gptbot)"
216.73.216.89 - - [30/Dec/2025:03:56:27 +0300] "GET /?fileloc=%2F%2Fbin%2Fdbiproxy&path=%2F%2Fbin HTTP/2.0" 200 4919 "-" "Mozilla/5.0 AppleWebKit/537.36 (KHTML, like Gecko; compatible; ClaudeBot/1.0; +claudebot@anthropic.com)"
216.73.216.89 - - [30/Dec/2025:03:56:27 +0300] "GET /?fileloc=%2F%2Fbin%2Fmt-gnu&path=%2F%2Fbin HTTP/2.0" 200 2529 "-" "Mozilla/5.0 AppleWebKit/537.36 (KHTML, like Gecko; compatible; ClaudeBot/1.0; +claudebot@anthropic.com)"
216.73.216.89 - - [30/Dec/2025:03:56:28 +0300] "GET /?fileloc=%2F%2Fbin%2Flinux64&path=%2F%2Fbin HTTP/2.0" 200 2531 "-" "Mozilla/5.0 AppleWebKit/537.36 (KHTML, like Gecko; compatible; ClaudeBot/1.0; +claudebot@anthropic.com)"
216.73.216.89 - - [30/Dec/2025:03:56:28 +0300] "GET /?fileloc=%2F%2Fbin%2Fkernel-install&path=%2F%2Fbin HTTP/2.0" 200 6640 "-" "Mozilla/5.0 AppleWebKit/537.36 (KHTML, like Gecko; compatible; ClaudeBot/1.0; +claudebot@anthropic.com)"
216.73.216.89 - - [30/Dec/2025:03:56:28 +0300] "GET /?fileloc=%2F%2Fbin%2Fesparse&path=%2F%2Fbin HTTP/2.0" 200 4477 "-" "Mozilla/5.0 AppleWebKit/537.36 (KHTML, like Gecko; compatible; ClaudeBot/1.0; +claudebot@anthropic.com)"
216.73.216.89 - - [30/Dec/2025:03:56:28 +0300] "GET /?fileloc=%2F%2Fbin%2Flinux32&path=%2F%2Fbin HTTP/2.0" 200 2530 "-" "Mozilla/5.0 AppleWebKit/537.36 (KHTML, like Gecko; compatible; ClaudeBot/1.0; +claudebot@anthropic.com)"
74.7.227.185 - - [30/Dec/2025:03:56:28 +0300] "GET /?fileloc=//proc/1502600/net/route&path=//proc/1502600/net HTTP/2.0" 200 2660 "-" "Mozilla/5.0 AppleWebKit/537.36 (KHTML, like Gecko; compatible; GPTBot/1.3; +https://openai.com/gptbot)"
216.73.216.89 - - [30/Dec/2025:03:56:28 +0300] "GET /?fileloc=%2F%2Fbin%2Fssh-agent&path=%2F%2Fbin HTTP/2.0" 200 2531 "-" "Mozilla/5.0 AppleWebKit/537.36 (KHTML, like Gecko; compatible; ClaudeBot/1.0; +claudebot@anthropic.com)"
216.73.216.89 - - [30/Dec/2025:03:56:28 +0300] "GET /?fileloc=%2F%2Fbin%2Fzipnote&path=%2F%2Fbin HTTP/2.0" 200 2531 "-" "Mozilla/5.0 AppleWebKit/537.36 (KHTML, like Gecko; compatible; ClaudeBot/1.0; +claudebot@anthropic.com)"
216.73.216.89 - - [30/Dec/2025:03:56:28 +0300] "GET /?fileloc=%2F%2Fbin%2Fpaste&path=%2F%2Fbin HTTP/2.0" 200 2529 "-" "Mozilla/5.0 AppleWebKit/537.36 (KHTML, like Gecko; compatible; ClaudeBot/1.0; +claudebot@anthropic.com)"
216.73.216.89 - - [30/Dec/2025:03:56:28 +0300] "GET /?fileloc=%2F%2Fbin%2Fgetkeycodes&path=%2F%2Fbin HTTP/2.0" 200 2533 "-" "Mozilla/5.0 AppleWebKit/537.36 (KHTML, like Gecko; compatible; ClaudeBot/1.0; +claudebot@anthropic.com)"
216.73.216.89 - - [30/Dec/2025:03:56:28 +0300] "GET /?fileloc=%2F%2Fproc%2Fmisc&path=%2F%2Fproc HTTP/2.0" 200 2648 "-" "Mozilla/5.0 AppleWebKit/537.36 (KHTML, like Gecko; compatible; ClaudeBot/1.0; +claudebot@anthropic.com)"
216.73.216.89 - - [30/Dec/2025:03:56:28 +0300] "GET /?path=%2F%2Fetc%2Fpolkit-1 HTTP/2.0" 200 2851 "-" "Mozilla/5.0 AppleWebKit/537.36 (KHTML, like Gecko; compatible; ClaudeBot/1.0; +claudebot@anthropic.com)"
74.7.227.185 - - [30/Dec/2025:03:56:28 +0300] "GET /?fileloc=//proc/3241344/net/route&path=//proc/3241344/net HTTP/2.0" 200 2660 "-" "Mozilla/5.0 AppleWebKit/537.36 (KHTML, like Gecko; compatible; GPTBot/1.3; +https://openai.com/gptbot)"
216.73.216.89 - - [30/Dec/2025:03:56:28 +0300] "GET /?fileloc=%2F%2Fproc%2Fdiskstats&path=%2F%2Fproc HTTP/2.0" 200 2975 "-" "Mozilla/5.0 AppleWebKit/537.36 (KHTML, like Gecko; compatible; ClaudeBot/1.0; +claudebot@anthropic.com)"
216.73.216.89 - - [30/Dec/2025:03:56:29 +0300] "GET /?fileloc=%2F%2Fbin%2Ftimeout&path=%2F%2Fbin HTTP/2.0" 200 2529 "-" "Mozilla/5.0 AppleWebKit/537.36 (KHTML, like Gecko; compatible; ClaudeBot/1.0; +claudebot@anthropic.com)"
216.73.216.89 - - [30/Dec/2025:03:56:29 +0300] "GET /?fileloc=%2F%2Fproc%2Fvmstat&path=%2F%2Fproc HTTP/2.0" 200 4046 "-" "Mozilla/5.0 AppleWebKit/537.36 (KHTML, like Gecko; compatible; ClaudeBot/1.0; +claudebot@anthropic.com)"
216.73.216.89 - - [30/Dec/2025:03:56:29 +0300] "GET /?fileloc=%2F%2Fbin%2Fsplitfont&path=%2F%2Fbin HTTP/2.0" 200 2531 "-" "Mozilla/5.0 AppleWebKit/537.36 (KHTML, like Gecko; compatible; ClaudeBot/1.0; +claudebot@anthropic.com)"
216.73.216.89 - - [30/Dec/2025:03:56:29 +0300] "GET /?fileloc=%2F%2Fbin%2Fcreateuser&path=%2F%2Fbin HTTP/2.0" 200 6534 "-" "Mozilla/5.0 AppleWebKit/537.36 (KHTML, like Gecko; compatible; ClaudeBot/1.0; +claudebot@anthropic.com)"
74.7.227.185 - - [30/Dec/2025:03:56:29 +0300] "GET /?fileloc=//proc/3354432/net/route&path=//proc/3354432/net HTTP/2.0" 200 2660 "-" "Mozilla/5.0 AppleWebKit/537.36 (KHTML, like Gecko; compatible; GPTBot/1.3; +https://openai.com/gptbot)"
216.73.216.89 - - [30/Dec/2025:03:56:29 +0300] "GET /?fileloc=%2F%2Fbin%2Fgawkbug&path=%2F%2Fbin HTTP/2.0" 200 5477 "-" "Mozilla/5.0 AppleWebKit/537.36 (KHTML, like Gecko; compatible; ClaudeBot/1.0; +claudebot@anthropic.com)"
216.73.216.89 - - [30/Dec/2025:03:56:29 +0300] "GET /?fileloc=%2F%2Fbin%2Fcloud-init&path=%2F%2Fbin HTTP/2.0" 200 2669 "-" "Mozilla/5.0 AppleWebKit/537.36 (KHTML, like Gecko; compatible; ClaudeBot/1.0; +claudebot@anthropic.com)"
216.73.216.89 - - [30/Dec/2025:03:56:29 +0300] "GET /?fileloc=%2F%2Fbin%2Fmsgcomm&path=%2F%2Fbin HTTP/2.0" 200 2530 "-" "Mozilla/5.0 AppleWebKit/537.36 (KHTML, like Gecko; compatible; ClaudeBot/1.0; +claudebot@anthropic.com)"
216.73.216.89 - - [30/Dec/2025:03:56:29 +0300] "GET /?fileloc=%2F%2Fbin%2Fgio-querymodules&path=%2F%2Fbin HTTP/2.0" 200 2536 "-" "Mozilla/5.0 AppleWebKit/537.36 (KHTML, like Gecko; compatible; ClaudeBot/1.0; +claudebot@anthropic.com)"
216.73.216.89 - - [30/Dec/2025:03:56:29 +0300] "GET /?fileloc=%2F%2Fbin%2Fmsgfmt&path=%2F%2Fbin HTTP/2.0" 200 2529 "-" "Mozilla/5.0 AppleWebKit/537.36 (KHTML, like Gecko; compatible; ClaudeBot/1.0; +claudebot@anthropic.com)"
216.73.216.89 - - [30/Dec/2025:03:56:29 +0300] "GET /?fileloc=%2F%2Fbin%2Fsystemd-socket-activate&path=%2F%2Fbin HTTP/2.0" 200 2540 "-" "Mozilla/5.0 AppleWebKit/537.36 (KHTML, like Gecko; compatible; ClaudeBot/1.0; +claudebot@anthropic.com)"
74.7.227.185 - - [30/Dec/2025:03:56:30 +0300] "GET /?fileloc=//proc/3354432/net/ptype&path=//proc/3354432/net HTTP/2.0" 200 2591 "-" "Mozilla/5.0 AppleWebKit/537.36 (KHTML, like Gecko; compatible; GPTBot/1.3; +https://openai.com/gptbot)"
216.73.216.89 - - [30/Dec/2025:03:56:30 +0300] "GET /?fileloc=%2F%2Ftmp%2Fphpy9bmJM&path=%2F%2Ftmp HTTP/2.0" 200 2604 "-" "Mozilla/5.0 AppleWebKit/537.36 (KHTML, like Gecko; compatible; ClaudeBot/1.0; +claudebot@anthropic.com)"
216.73.216.89 - - [30/Dec/2025:03:56:30 +0300] "GET /?fileloc=%2F%2Fbin%2Fphp7.4&path=%2F%2Fbin HTTP/2.0" 200 2530 "-" "Mozilla/5.0 AppleWebKit/537.36 (KHTML, like Gecko; compatible; ClaudeBot/1.0; +claudebot@anthropic.com)"
216.73.216.89 - - [30/Dec/2025:03:56:30 +0300] "GET /?fileloc=%2F%2Fbin%2Fbabeljs-7-node&path=%2F%2Fbin HTTP/2.0" 200 2574 "-" "Mozilla/5.0 AppleWebKit/537.36 (KHTML, like Gecko; compatible; ClaudeBot/1.0; +claudebot@anthropic.com)"
216.73.216.89 - - [30/Dec/2025:03:56:30 +0300] "GET /?fileloc=%2F%2Fbin%2Flinux-version&path=%2F%2Fbin HTTP/2.0" 200 3801 "-" "Mozilla/5.0 AppleWebKit/537.36 (KHTML, like Gecko; compatible; ClaudeBot/1.0; +claudebot@anthropic.com)"
216.73.216.89 - - [30/Dec/2025:03:56:30 +0300] "GET /?fileloc=%2F%2Fbin%2Fbabeljs-parser&path=%2F%2Fbin HTTP/2.0" 200 2727 "-" "Mozilla/5.0 AppleWebKit/537.36 (KHTML, like Gecko; compatible; ClaudeBot/1.0; +claudebot@anthropic.com)"
216.73.216.89 - - [30/Dec/2025:03:56:30 +0300] "GET /?fileloc=%2F%2Fbin%2Fgpgsplit&path=%2F%2Fbin HTTP/2.0" 200 2531 "-" "Mozilla/5.0 AppleWebKit/537.36 (KHTML, like Gecko; compatible; ClaudeBot/1.0; +claudebot@anthropic.com)"
74.7.227.185 - - [30/Dec/2025:03:56:30 +0300] "GET /?fileloc=//proc/3353996/net/route&path=//proc/3353996/net HTTP/2.0" 200 2660 "-" "Mozilla/5.0 AppleWebKit/537.36 (KHTML, like Gecko; compatible; GPTBot/1.3; +https://openai.com/gptbot)"
216.73.216.89 - - [30/Dec/2025:03:56:30 +0300] "GET /?fileloc=%2F%2Fbin%2Fwrite&path=%2F%2Fbin HTTP/2.0" 200 2528 "-" "Mozilla/5.0 AppleWebKit/537.36 (KHTML, like Gecko; compatible; ClaudeBot/1.0; +claudebot@anthropic.com)"
216.73.216.89 - - [30/Dec/2025:03:56:30 +0300] "GET /?fileloc=%2F%2Fbin%2Fpsfstriptable&path=%2F%2Fbin HTTP/2.0" 200 2532 "-" "Mozilla/5.0 AppleWebKit/537.36 (KHTML, like Gecko; compatible; ClaudeBot/1.0; +claudebot@anthropic.com)"
216.73.216.89 - - [30/Dec/2025:03:56:30 +0300] "GET /?fileloc=%2F%2Fsbin%2Fremove-shell&path=%2F%2Fsbin HTTP/2.0" 200 3096 "-" "Mozilla/5.0 AppleWebKit/537.36 (KHTML, like Gecko; compatible; ClaudeBot/1.0; +claudebot@anthropic.com)"
216.73.216.89 - - [30/Dec/2025:03:56:30 +0300] "GET /?fileloc=%2F%2Fbin%2Fdeallocvt&path=%2F%2Fbin HTTP/2.0" 200 2532 "-" "Mozilla/5.0 AppleWebKit/537.36 (KHTML, like Gecko; compatible; ClaudeBot/1.0; +claudebot@anthropic.com)"
216.73.216.89 - - [30/Dec/2025:03:56:30 +0300] "GET /?fileloc=%2F%2Fbin%2Fx86_64-linux-gnu-strings&path=%2F%2Fbin HTTP/2.0" 200 2540 "-" "Mozilla/5.0 AppleWebKit/537.36 (KHTML, like Gecko; compatible; ClaudeBot/1.0; +claudebot@anthropic.com)"
216.73.216.89 - - [30/Dec/2025:03:56:31 +0300] "GET /?fileloc=%2F%2Fsbin%2Fdhclient-script&path=%2F%2Fsbin HTTP/2.0" 200 6138 "-" "Mozilla/5.0 AppleWebKit/537.36 (KHTML, like Gecko; compatible; ClaudeBot/1.0; +claudebot@anthropic.com)"
74.7.227.185 - - [30/Dec/2025:03:56:31 +0300] "GET /?fileloc=//proc/3114663/net/ptype&path=//proc/3114663/net HTTP/2.0" 200 2591 "-" "Mozilla/5.0 AppleWebKit/537.36 (KHTML, like Gecko; compatible; GPTBot/1.3; +https://openai.com/gptbot)"
216.73.216.89 - - [30/Dec/2025:03:56:31 +0300] "GET /?fileloc=%2F%2Fbin%2Fsudoedit&path=%2F%2Fbin HTTP/2.0" 200 2530 "-" "Mozilla/5.0 AppleWebKit/537.36 (KHTML, like Gecko; compatible; ClaudeBot/1.0; +claudebot@anthropic.com)"
216.73.216.89 - - [30/Dec/2025:03:56:31 +0300] "GET /?fileloc=%2F%2Fbin%2Fproxychains4-daemon&path=%2F%2Fbin HTTP/2.0" 200 2540 "-" "Mozilla/5.0 AppleWebKit/537.36 (KHTML, like Gecko; compatible; ClaudeBot/1.0; +claudebot@anthropic.com)"
216.73.216.89 - - [30/Dec/2025:03:56:31 +0300] "GET /?fileloc=%2F%2Fproc%2Fcgroups&path=%2F%2Fproc HTTP/2.0" 200 2642 "-" "Mozilla/5.0 AppleWebKit/537.36 (KHTML, like Gecko; compatible; ClaudeBot/1.0; +claudebot@anthropic.com)"
216.73.216.89 - - [30/Dec/2025:03:56:31 +0300] "GET /?fileloc=%2F%2Fbin%2Fsetkeycodes&path=%2F%2Fbin HTTP/2.0" 200 2532 "-" "Mozilla/5.0 AppleWebKit/537.36 (KHTML, like Gecko; compatible; ClaudeBot/1.0; +claudebot@anthropic.com)"
216.73.216.89 - - [30/Dec/2025:03:56:31 +0300] "GET /?fileloc=%2F%2Fbin%2Ffc-pattern&path=%2F%2Fbin HTTP/2.0" 200 2533 "-" "Mozilla/5.0 AppleWebKit/537.36 (KHTML, like Gecko; compatible; ClaudeBot/1.0; +claudebot@anthropic.com)"
74.7.227.185 - - [30/Dec/2025:03:56:31 +0300] "GET /?fileloc=//proc/3354515/net/ptype&path=//proc/3354515/net HTTP/2.0" 200 2591 "-" "Mozilla/5.0 AppleWebKit/537.36 (KHTML, like Gecko; compatible; GPTBot/1.3; +https://openai.com/gptbot)"
216.73.216.89 - - [30/Dec/2025:03:56:31 +0300] "GET /?fileloc=%2F%2Fbin%2Fmsgfilter&path=%2F%2Fbin HTTP/2.0" 200 2531 "-" "Mozilla/5.0 AppleWebKit/537.36 (KHTML, like Gecko; compatible; ClaudeBot/1.0; +claudebot@anthropic.com)"
216.73.216.89 - - [30/Dec/2025:03:56:31 +0300] "GET /?fileloc=%2F%2Fbin%2Fbash&path=%2F%2Fbin HTTP/2.0" 200 2528 "-" "Mozilla/5.0 AppleWebKit/537.36 (KHTML, like Gecko; compatible; ClaudeBot/1.0; +claudebot@anthropic.com)"
216.73.216.89 - - [30/Dec/2025:03:56:31 +0300] "GET /?path=%2F%2Flib%2Fpolicykit-1 HTTP/2.0" 200 2885 "-" "Mozilla/5.0 AppleWebKit/537.36 (KHTML, like Gecko; compatible; ClaudeBot/1.0; +claudebot@anthropic.com)"
216.73.216.89 - - [30/Dec/2025:03:56:31 +0300] "GET /?fileloc=%2F%2Fbin%2Fx86_64-linux-gnu-objdump&path=%2F%2Fbin HTTP/2.0" 200 2543 "-" "Mozilla/5.0 AppleWebKit/537.36 (KHTML, like Gecko; compatible; ClaudeBot/1.0; +claudebot@anthropic.com)"
216.73.216.89 - - [30/Dec/2025:03:56:31 +0300] "GET /?fileloc=%2F%2Fbin%2Frbash&path=%2F%2Fbin HTTP/2.0" 200 2528 "-" "Mozilla/5.0 AppleWebKit/537.36 (KHTML, like Gecko; compatible; ClaudeBot/1.0; +claudebot@anthropic.com)"
216.73.216.89 - - [30/Dec/2025:03:56:32 +0300] "GET /?fileloc=%2F%2Fbin%2Freadmsg&path=%2F%2Fbin HTTP/2.0" 200 2529 "-" "Mozilla/5.0 AppleWebKit/537.36 (KHTML, like Gecko; compatible; ClaudeBot/1.0; +claudebot@anthropic.com)"
74.7.227.185 - - [30/Dec/2025:03:56:32 +0300] "GET /?fileloc=//proc/3353258/net/ptype&path=//proc/3353258/net HTTP/2.0" 200 2591 "-" "Mozilla/5.0 AppleWebKit/537.36 (KHTML, like Gecko; compatible; GPTBot/1.3; +https://openai.com/gptbot)"
216.73.216.89 - - [30/Dec/2025:03:56:32 +0300] "GET /?fileloc=%2F%2Fbin%2Fmsgconv&path=%2F%2Fbin HTTP/2.0" 200 2530 "-" "Mozilla/5.0 AppleWebKit/537.36 (KHTML, like Gecko; compatible; ClaudeBot/1.0; +claudebot@anthropic.com)"
216.73.216.89 - - [30/Dec/2025:03:56:32 +0300] "GET /?path=%2F%2Flib%2Fgold-ld HTTP/2.0" 200 2864 "-" "Mozilla/5.0 AppleWebKit/537.36 (KHTML, like Gecko; compatible; ClaudeBot/1.0; +claudebot@anthropic.com)"
216.73.216.89 - - [30/Dec/2025:03:56:32 +0300] "GET /?fileloc=%2F%2Fbin%2Fsystemd-sysusers&path=%2F%2Fbin HTTP/2.0" 200 2535 "-" "Mozilla/5.0 AppleWebKit/537.36 (KHTML, like Gecko; compatible; ClaudeBot/1.0; +claudebot@anthropic.com)"
216.73.216.89 - - [30/Dec/2025:03:56:32 +0300] "GET /?path=%2F%2Fetc%2Fselinux HTTP/2.0" 200 2872 "-" "Mozilla/5.0 AppleWebKit/537.36 (KHTML, like Gecko; compatible; ClaudeBot/1.0; +claudebot@anthropic.com)"
216.73.216.89 - - [30/Dec/2025:03:56:32 +0300] "GET /?fileloc=%2F%2Fbin%2Fsplit&path=%2F%2Fbin HTTP/2.0" 200 2529 "-" "Mozilla/5.0 AppleWebKit/537.36 (KHTML, like Gecko; compatible; ClaudeBot/1.0; +claudebot@anthropic.com)"
216.73.216.89 - - [30/Dec/2025:03:56:32 +0300] "GET /?fileloc=%2F%2Fsbin%2Finstallkernel&path=%2F%2Fsbin HTTP/2.0" 200 3783 "-" "Mozilla/5.0 AppleWebKit/537.36 (KHTML, like Gecko; compatible; ClaudeBot/1.0; +claudebot@anthropic.com)"
74.7.227.185 - - [30/Dec/2025:03:56:32 +0300] "GET /?fileloc=//proc/1419/wchan&path=//proc/1419 HTTP/2.0" 200 2543 "-" "Mozilla/5.0 AppleWebKit/537.36 (KHTML, like Gecko; compatible; GPTBot/1.3; +https://openai.com/gptbot)"
216.73.216.89 - - [30/Dec/2025:03:56:32 +0300] "GET /?fileloc=%2F%2Fproc%2Fkmsg&path=%2F%2Fproc HTTP/2.0" 200 2526 "-" "Mozilla/5.0 AppleWebKit/537.36 (KHTML, like Gecko; compatible; ClaudeBot/1.0; +claudebot@anthropic.com)"
216.73.216.89 - - [30/Dec/2025:03:56:32 +0300] "GET /?fileloc=%2F%2Fsbin%2Fblockdev&path=%2F%2Fsbin HTTP/2.0" 200 2531 "-" "Mozilla/5.0 AppleWebKit/537.36 (KHTML, like Gecko; compatible; ClaudeBot/1.0; +claudebot@anthropic.com)"
216.73.216.89 - - [30/Dec/2025:03:56:32 +0300] "GET /?fileloc=%2F%2Fbin%2Flzdiff&path=%2F%2Fbin HTTP/2.0" 200 5307 "-" "Mozilla/5.0 AppleWebKit/537.36 (KHTML, like Gecko; compatible; ClaudeBot/1.0; +claudebot@anthropic.com)"
216.73.216.89 - - [30/Dec/2025:03:56:32 +0300] "GET /?fileloc=%2F%2Fbin%2Fgit&path=%2F%2Fbin HTTP/2.0" 200 2528 "-" "Mozilla/5.0 AppleWebKit/537.36 (KHTML, like Gecko; compatible; ClaudeBot/1.0; +claudebot@anthropic.com)"
74.7.227.185 - - [30/Dec/2025:03:56:33 +0300] "GET /?fileloc=//proc/1424/smaps&path=//proc/1424 HTTP/2.0" 200 2538 "-" "Mozilla/5.0 AppleWebKit/537.36 (KHTML, like Gecko; compatible; GPTBot/1.3; +https://openai.com/gptbot)"
216.73.216.89 - - [30/Dec/2025:03:56:33 +0300] "GET /?fileloc=%2F%2Fbin%2Freadmsg.mailutils&path=%2F%2Fbin HTTP/2.0" 200 2536 "-" "Mozilla/5.0 AppleWebKit/537.36 (KHTML, like Gecko; compatible; ClaudeBot/1.0; +claudebot@anthropic.com)"
216.73.216.89 - - [30/Dec/2025:03:56:33 +0300] "GET /?path=%2F%2Flib%2Ftcl8.6 HTTP/2.0" 200 2921 "-" "Mozilla/5.0 AppleWebKit/537.36 (KHTML, like Gecko; compatible; ClaudeBot/1.0; +claudebot@anthropic.com)"
216.73.216.89 - - [30/Dec/2025:03:56:33 +0300] "GET /?fileloc=%2F%2Fbin%2Fproxychains4&path=%2F%2Fbin HTTP/2.0" 200 2535 "-" "Mozilla/5.0 AppleWebKit/537.36 (KHTML, like Gecko; compatible; ClaudeBot/1.0; +claudebot@anthropic.com)"
216.73.216.89 - - [30/Dec/2025:03:56:33 +0300] "GET /?fileloc=%2F%2Fbin%2Fprintf&path=%2F%2Fbin HTTP/2.0" 200 2529 "-" "Mozilla/5.0 AppleWebKit/537.36 (KHTML, like Gecko; compatible; ClaudeBot/1.0; +claudebot@anthropic.com)"
216.73.216.89 - - [30/Dec/2025:03:56:33 +0300] "GET /?fileloc=%2F%2Fetc%2Fbash.bashrc&path=%2F%2Fetc HTTP/2.0" 200 3432 "-" "Mozilla/5.0 AppleWebKit/537.36 (KHTML, like Gecko; compatible; ClaudeBot/1.0; +claudebot@anthropic.com)"
216.73.216.89 - - [30/Dec/2025:03:56:33 +0300] "GET /?fileloc=%2F%2Fbin%2Fgitlab-runner&path=%2F%2Fbin HTTP/2.0" 200 2469 "-" "Mozilla/5.0 AppleWebKit/537.36 (KHTML, like Gecko; compatible; ClaudeBot/1.0; +claudebot@anthropic.com)"
216.73.216.89 - - [30/Dec/2025:03:56:33 +0300] "GET /?fileloc=%2F%2Fbin%2Fzdiff&path=%2F%2Fbin HTTP/2.0" 200 4629 "-" "Mozilla/5.0 AppleWebKit/537.36 (KHTML, like Gecko; compatible; ClaudeBot/1.0; +claudebot@anthropic.com)"
74.7.227.185 - - [30/Dec/2025:03:56:33 +0300] "GET /?fileloc=//proc/3553/smaps&path=//proc/3553 HTTP/2.0" 200 2537 "-" "Mozilla/5.0 AppleWebKit/537.36 (KHTML, like Gecko; compatible; GPTBot/1.3; +https://openai.com/gptbot)"
216.73.216.89 - - [30/Dec/2025:03:56:33 +0300] "GET /?path=%2F%2Fetc%2Flibnl-3 HTTP/2.0" 200 2920 "-" "Mozilla/5.0 AppleWebKit/537.36 (KHTML, like Gecko; compatible; ClaudeBot/1.0; +claudebot@anthropic.com)"
216.73.216.89 - - [30/Dec/2025:03:56:33 +0300] "GET /?fileloc=%2F%2Fbin%2Fx86_64-linux-gnu-cpp-12&path=%2F%2Fbin HTTP/2.0" 200 2542 "-" "Mozilla/5.0 AppleWebKit/537.36 (KHTML, like Gecko; compatible; ClaudeBot/1.0; +claudebot@anthropic.com)"
216.73.216.89 - - [30/Dec/2025:03:56:33 +0300] "GET /?path=%2F%2Fetc%2Fdib-manifests HTTP/2.0" 200 3015 "-" "Mozilla/5.0 AppleWebKit/537.36 (KHTML, like Gecko; compatible; ClaudeBot/1.0; +claudebot@anthropic.com)"
216.73.216.89 - - [30/Dec/2025:03:56:33 +0300] "GET /?path=%2F%2Ftmp%2Fpymp-n1cdw7wa HTTP/2.0" 200 2603 "-" "Mozilla/5.0 AppleWebKit/537.36 (KHTML, like Gecko; compatible; ClaudeBot/1.0; +claudebot@anthropic.com)"
216.73.216.89 - - [30/Dec/2025:03:56:34 +0300] "GET /?fileloc=%2F%2Fbin%2Fx86_64-linux-gnu-cpp-10&path=%2F%2Fbin HTTP/2.0" 200 2542 "-" "Mozilla/5.0 AppleWebKit/537.36 (KHTML, like Gecko; compatible; ClaudeBot/1.0; +claudebot@anthropic.com)"
216.73.216.89 - - [30/Dec/2025:03:56:34 +0300] "GET /?fileloc=%2F%2Fbin%2Fphp&path=%2F%2Fbin HTTP/2.0" 200 2528 "-" "Mozilla/5.0 AppleWebKit/537.36 (KHTML, like Gecko; compatible; ClaudeBot/1.0; +claudebot@anthropic.com)"
74.7.227.185 - - [30/Dec/2025:03:56:34 +0300] "GET /?fileloc=//proc/2044/stack&path=//proc/2044 HTTP/2.0" 200 2540 "-" "Mozilla/5.0 AppleWebKit/537.36 (KHTML, like Gecko; compatible; GPTBot/1.3; +https://openai.com/gptbot)"
216.73.216.89 - - [30/Dec/2025:03:56:34 +0300] "GET /?fileloc=%2F%2Fbin%2Fstrings&path=%2F%2Fbin HTTP/2.0" 200 2530 "-" "Mozilla/5.0 AppleWebKit/537.36 (KHTML, like Gecko; compatible; ClaudeBot/1.0; +claudebot@anthropic.com)"
216.73.216.89 - - [30/Dec/2025:03:56:34 +0300] "GET /?fileloc=%2F%2Fbin%2Fscriptlive&path=%2F%2Fbin HTTP/2.0" 200 2532 "-" "Mozilla/5.0 AppleWebKit/537.36 (KHTML, like Gecko; compatible; ClaudeBot/1.0; +claudebot@anthropic.com)"
216.73.216.89 - - [30/Dec/2025:03:56:34 +0300] "GET /?path=%2F%2Flib%2Fopendkim HTTP/2.0" 200 2880 "-" "Mozilla/5.0 AppleWebKit/537.36 (KHTML, like Gecko; compatible; ClaudeBot/1.0; +claudebot@anthropic.com)"
216.73.216.89 - - [30/Dec/2025:03:56:34 +0300] "GET /?fileloc=%2F%2Fproc%2Fvmallocinfo&path=%2F%2Fproc HTTP/2.0" 200 2531 "-" "Mozilla/5.0 AppleWebKit/537.36 (KHTML, like Gecko; compatible; ClaudeBot/1.0; +claudebot@anthropic.com)"
216.73.216.89 - - [30/Dec/2025:03:56:34 +0300] "GET /?fileloc=%2F%2Fbin%2Fdirsplit&path=%2F%2Fbin HTTP/2.0" 200 8837 "-" "Mozilla/5.0 AppleWebKit/537.36 (KHTML, like Gecko; compatible; ClaudeBot/1.0; +claudebot@anthropic.com)"
216.73.216.89 - - [30/Dec/2025:03:56:34 +0300] "GET /?path=%2F%2Flib%2Fdbus-1.0 HTTP/2.0" 200 2882 "-" "Mozilla/5.0 AppleWebKit/537.36 (KHTML, like Gecko; compatible; ClaudeBot/1.0; +claudebot@anthropic.com)"
74.7.227.185 - - [30/Dec/2025:03:56:34 +0300] "GET /?fileloc=//proc/1424/wchan&path=//proc/1424 HTTP/2.0" 200 2543 "-" "Mozilla/5.0 AppleWebKit/537.36 (KHTML, like Gecko; compatible; GPTBot/1.3; +https://openai.com/gptbot)"
216.73.216.89 - - [30/Dec/2025:03:56:34 +0300] "GET /?path=%2F%2Ftmp%2F.X11-unix HTTP/2.0" 200 2597 "-" "Mozilla/5.0 AppleWebKit/537.36 (KHTML, like Gecko; compatible; ClaudeBot/1.0; +claudebot@anthropic.com)"
216.73.216.89 - - [30/Dec/2025:03:56:34 +0300] "GET /?fileloc=%2F%2Fbin%2Fproxychains&path=%2F%2Fbin HTTP/2.0" 200 2534 "-" "Mozilla/5.0 AppleWebKit/537.36 (KHTML, like Gecko; compatible; ClaudeBot/1.0; +claudebot@anthropic.com)"
216.73.216.89 - - [30/Dec/2025:03:56:34 +0300] "GET /?path=%2F%2Fetc%2Fufw HTTP/2.0" 200 2852 "-" "Mozilla/5.0 AppleWebKit/537.36 (KHTML, like Gecko; compatible; ClaudeBot/1.0; +claudebot@anthropic.com)"
216.73.216.89 - - [30/Dec/2025:03:56:35 +0300] "GET /?path=%2F%2Fetc%2Fupdate-motd.d HTTP/2.0" 200 2874 "-" "Mozilla/5.0 AppleWebKit/537.36 (KHTML, like Gecko; compatible; ClaudeBot/1.0; +claudebot@anthropic.com)"
216.73.216.89 - - [30/Dec/2025:03:56:35 +0300] "GET /?path=%2F%2Fetc%2Fcron.hourly HTTP/2.0" 200 2870 "-" "Mozilla/5.0 AppleWebKit/537.36 (KHTML, like Gecko; compatible; ClaudeBot/1.0; +claudebot@anthropic.com)"
216.73.216.89 - - [30/Dec/2025:03:56:35 +0300] "GET /?fileloc=%2F%2Fproc%2Ftimer_list&path=%2F%2Fproc HTTP/2.0" 200 2529 "-" "Mozilla/5.0 AppleWebKit/537.36 (KHTML, like Gecko; compatible; ClaudeBot/1.0; +claudebot@anthropic.com)"
74.7.227.185 - - [30/Dec/2025:03:56:35 +0300] "GET /?fileloc=//proc/3553/stack&path=//proc/3553 HTTP/2.0" 200 2540 "-" "Mozilla/5.0 AppleWebKit/537.36 (KHTML, like Gecko; compatible; GPTBot/1.3; +https://openai.com/gptbot)"
216.73.216.89 - - [30/Dec/2025:03:56:35 +0300] "GET /?fileloc=%2F%2Fbin%2Fmsgcmp&path=%2F%2Fbin HTTP/2.0" 200 2529 "-" "Mozilla/5.0 AppleWebKit/537.36 (KHTML, like Gecko; compatible; ClaudeBot/1.0; +claudebot@anthropic.com)"
216.73.216.89 - - [30/Dec/2025:03:56:35 +0300] "GET /?path=%2F%2Fetc%2Fcron.daily HTTP/2.0" 200 3213 "-" "Mozilla/5.0 AppleWebKit/537.36 (KHTML, like Gecko; compatible; ClaudeBot/1.0; +claudebot@anthropic.com)"
216.73.216.89 - - [30/Dec/2025:03:56:35 +0300] "GET /?fileloc=%2F%2Fbin%2Fbabeljs-node&path=%2F%2Fbin HTTP/2.0" 200 2572 "-" "Mozilla/5.0 AppleWebKit/537.36 (KHTML, like Gecko; compatible; ClaudeBot/1.0; +claudebot@anthropic.com)"
216.73.216.89 - - [30/Dec/2025:03:56:35 +0300] "GET /?path=%2F%2Fetc%2Fcron.monthly HTTP/2.0" 200 2871 "-" "Mozilla/5.0 AppleWebKit/537.36 (KHTML, like Gecko; compatible; ClaudeBot/1.0; +claudebot@anthropic.com)"
216.73.216.89 - - [30/Dec/2025:03:56:35 +0300] "GET /?fileloc=%2F%2Fbin%2Fobjdump&path=%2F%2Fbin HTTP/2.0" 200 2531 "-" "Mozilla/5.0 AppleWebKit/537.36 (KHTML, like Gecko; compatible; ClaudeBot/1.0; +claudebot@anthropic.com)"
216.73.216.89 - - [30/Dec/2025:03:56:35 +0300] "GET /?path=%2F%2Flib%2Fopendmarc HTTP/2.0" 200 2881 "-" "Mozilla/5.0 AppleWebKit/537.36 (KHTML, like Gecko; compatible; ClaudeBot/1.0; +claudebot@anthropic.com)"
74.7.227.185 - - [30/Dec/2025:03:56:35 +0300] "GET /?fileloc=//proc/1424/sched&path=//proc/1424 HTTP/2.0" 200 2960 "-" "Mozilla/5.0 AppleWebKit/537.36 (KHTML, like Gecko; compatible; GPTBot/1.3; +https://openai.com/gptbot)"
216.73.216.89 - - [30/Dec/2025:03:56:35 +0300] "GET /?fileloc=%2F%2Fproc%2Fmodules&path=%2F%2Fproc HTTP/2.0" 200 3655 "-" "Mozilla/5.0 AppleWebKit/537.36 (KHTML, like Gecko; compatible; ClaudeBot/1.0; +claudebot@anthropic.com)"
216.73.216.89 - - [30/Dec/2025:03:56:35 +0300] "GET /?fileloc=%2F%2Fbin%2Fbzdiff&path=%2F%2Fbin HTTP/2.0" 200 3448 "-" "Mozilla/5.0 AppleWebKit/537.36 (KHTML, like Gecko; compatible; ClaudeBot/1.0; +claudebot@anthropic.com)"
216.73.216.89 - - [30/Dec/2025:03:56:36 +0300] "GET /?fileloc=%2F%2Fbin%2Fx86_64-linux-gnu-python3.11-config&path=%2F%2Fbin HTTP/2.0" 200 3691 "-" "Mozilla/5.0 AppleWebKit/537.36 (KHTML, like Gecko; compatible; ClaudeBot/1.0; +claudebot@anthropic.com)"
216.73.216.89 - - [30/Dec/2025:03:56:36 +0300] "GET /?fileloc=%2F%2Fbin%2Fscript&path=%2F%2Fbin HTTP/2.0" 200 2529 "-" "Mozilla/5.0 AppleWebKit/537.36 (KHTML, like Gecko; compatible; ClaudeBot/1.0; +claudebot@anthropic.com)"
216.73.216.89 - - [30/Dec/2025:03:56:36 +0300] "GET /?path=%2F%2Flib%2Fgalera HTTP/2.0" 200 2870 "-" "Mozilla/5.0 AppleWebKit/537.36 (KHTML, like Gecko; compatible; ClaudeBot/1.0; +claudebot@anthropic.com)"
74.7.227.185 - - [30/Dec/2025:03:56:36 +0300] "GET /?fileloc=//proc/2044/wchan&path=//proc/2044 HTTP/2.0" 200 2543 "-" "Mozilla/5.0 AppleWebKit/537.36 (KHTML, like Gecko; compatible; GPTBot/1.3; +https://openai.com/gptbot)"
216.73.216.89 - - [30/Dec/2025:03:56:36 +0300] "GET /?fileloc=%2F%2Fsbin%2Fphpquery&path=%2F%2Fsbin HTTP/2.0" 200 4787 "-" "Mozilla/5.0 AppleWebKit/537.36 (KHTML, like Gecko; compatible; ClaudeBot/1.0; +claudebot@anthropic.com)"
216.73.216.89 - - [30/Dec/2025:03:56:36 +0300] "GET /?path=%2F%2Flib%2Fgnupg HTTP/2.0" 200 3089 "-" "Mozilla/5.0 AppleWebKit/537.36 (KHTML, like Gecko; compatible; ClaudeBot/1.0; +claudebot@anthropic.com)"
216.73.216.89 - - [30/Dec/2025:03:56:36 +0300] "GET /?path=%2F%2Flib%2Fmime HTTP/2.0" 200 3005 "-" "Mozilla/5.0 AppleWebKit/537.36 (KHTML, like Gecko; compatible; ClaudeBot/1.0; +claudebot@anthropic.com)"
216.73.216.89 - - [30/Dec/2025:03:56:36 +0300] "GET /?path=%2F%2Flib%2Fgnupg2 HTTP/2.0" 200 2940 "-" "Mozilla/5.0 AppleWebKit/537.36 (KHTML, like Gecko; compatible; ClaudeBot/1.0; +claudebot@anthropic.com)"
216.73.216.89 - - [30/Dec/2025:03:56:36 +0300] "GET /?path=%2F%2Ftmp%2F.ICE-unix HTTP/2.0" 200 2597 "-" "Mozilla/5.0 AppleWebKit/537.36 (KHTML, like Gecko; compatible; ClaudeBot/1.0; +claudebot@anthropic.com)"
216.73.216.89 - - [30/Dec/2025:03:56:36 +0300] "GET /?path=%2F%2Fetc%2Fqemu HTTP/2.0" 200 2952 "-" "Mozilla/5.0 AppleWebKit/537.36 (KHTML, like Gecko; compatible; ClaudeBot/1.0; +claudebot@anthropic.com)"
74.7.227.185 - - [30/Dec/2025:03:56:36 +0300] "GET /?fileloc=//proc/2044/smaps&path=//proc/2044 HTTP/2.0" 200 2538 "-" "Mozilla/5.0 AppleWebKit/537.36 (KHTML, like Gecko; compatible; GPTBot/1.3; +https://openai.com/gptbot)"
216.73.216.89 - - [30/Dec/2025:03:56:36 +0300] "GET /?fileloc=%2F%2Fbin%2Fdiff3&path=%2F%2Fbin HTTP/2.0" 200 2529 "-" "Mozilla/5.0 AppleWebKit/537.36 (KHTML, like Gecko; compatible; ClaudeBot/1.0; +claudebot@anthropic.com)"
216.73.216.89 - - [30/Dec/2025:03:56:36 +0300] "GET /?path=%2F%2Flib%2Fopen-iscsi HTTP/2.0" 200 3096 "-" "Mozilla/5.0 AppleWebKit/537.36 (KHTML, like Gecko; compatible; ClaudeBot/1.0; +claudebot@anthropic.com)"
216.73.216.89 - - [30/Dec/2025:03:56:37 +0300] "GET /?fileloc=%2F%2Flib%2Fcpp&path=%2F%2Flib HTTP/2.0" 200 2527 "-" "Mozilla/5.0 AppleWebKit/537.36 (KHTML, like Gecko; compatible; ClaudeBot/1.0; +claudebot@anthropic.com)"
74.7.227.185 - - [30/Dec/2025:03:56:37 +0300] "GET /?fileloc=//proc/1424/stack&path=//proc/1424 HTTP/2.0" 200 2540 "-" "Mozilla/5.0 AppleWebKit/537.36 (KHTML, like Gecko; compatible; GPTBot/1.3; +https://openai.com/gptbot)"
74.7.227.185 - - [30/Dec/2025:03:56:37 +0300] "GET /?fileloc=//proc/3553/sched&path=//proc/3553 HTTP/2.0" 200 2988 "-" "Mozilla/5.0 AppleWebKit/537.36 (KHTML, like Gecko; compatible; GPTBot/1.3; +https://openai.com/gptbot)"
74.7.227.185 - - [30/Dec/2025:03:56:38 +0300] "GET /?fileloc=//proc/2044/statm&path=//proc/2044 HTTP/2.0" 200 2559 "-" "Mozilla/5.0 AppleWebKit/537.36 (KHTML, like Gecko; compatible; GPTBot/1.3; +https://openai.com/gptbot)"
74.7.227.185 - - [30/Dec/2025:03:56:38 +0300] "GET /?fileloc=//proc/1419/stack&path=//proc/1419 HTTP/2.0" 200 2540 "-" "Mozilla/5.0 AppleWebKit/537.36 (KHTML, like Gecko; compatible; GPTBot/1.3; +https://openai.com/gptbot)"
74.7.227.185 - - [30/Dec/2025:03:56:39 +0300] "GET /?fileloc=//proc/3553/wchan&path=//proc/3553 HTTP/2.0" 200 2543 "-" "Mozilla/5.0 AppleWebKit/537.36 (KHTML, like Gecko; compatible; GPTBot/1.3; +https://openai.com/gptbot)"
74.7.227.185 - - [30/Dec/2025:03:56:40 +0300] "GET /?fileloc=//proc/1419/sched&path=//proc/1419 HTTP/2.0" 200 2962 "-" "Mozilla/5.0 AppleWebKit/537.36 (KHTML, like Gecko; compatible; GPTBot/1.3; +https://openai.com/gptbot)"
