188.165.217.198 - - [30/Dec/2025:01:08:01 +0300] "GET /works/japanese-painting/?fileloc=/var/www/levasheva.ru/public/index.php&path=/var/www/levasheva.ru/public HTTP/1.1" 200 2795 "-" "Mozilla/5.0 (compatible; MJ12bot/v1.4.8; http://mj12bot.com/)"
188.165.217.198 - - [30/Dec/2025:01:08:11 +0300] "GET /works/japanese-painting/?fileloc=/var/www/levasheva.ru/public/info.php&path=/var/www/levasheva.ru/public HTTP/1.1" 200 2598 "-" "Mozilla/5.0 (compatible; MJ12bot/v1.4.8; http://mj12bot.com/)"
188.165.217.198 - - [30/Dec/2025:01:08:13 +0300] "GET /works/japanese-painting/?fileloc=/var/www/levasheva.ru/public/license.txt&path=/var/www/levasheva.ru/public HTTP/1.1" 200 9949 "-" "Mozilla/5.0 (compatible; MJ12bot/v1.4.8; http://mj12bot.com/)"
194.164.16.94 - - [30/Dec/2025:01:08:15 +0300] "POST /xmlrpc.php HTTP/2.0" 200 4920 "-" "Mozilla/5.0 (Windows NT 6.3; Win64; x64) AppleWebKit/537.36 (KHTML, like Gecko) Chrome/66.0.3359.181 Safari/537.36"
188.165.217.198 - - [30/Dec/2025:01:08:19 +0300] "GET /works/japanese-painting/?fileloc=/var/www/levasheva.ru/public/mstile-144x144.png&path=/var/www/levasheva.ru/public HTTP/1.1" 200 2580 "-" "Mozilla/5.0 (compatible; MJ12bot/v1.4.8; http://mj12bot.com/)"
198.244.183.61 - - [30/Dec/2025:01:08:22 +0300] "GET /?fileloc=/var/www/levasheva.ru/public/wp-trackback.php&path=/var/www/levasheva.ru/public HTTP/2.0" 200 4404 "-" "Mozilla/5.0 (compatible; AhrefsBot/7.0; +http://ahrefs.com/robot/)"
188.165.217.198 - - [30/Dec/2025:01:08:22 +0300] "GET /works/japanese-painting/?fileloc=/var/www/levasheva.ru/public/mstile-150x150.png&path=/var/www/levasheva.ru/public HTTP/1.1" 200 2580 "-" "Mozilla/5.0 (compatible; MJ12bot/v1.4.8; http://mj12bot.com/)"
188.165.217.198 - - [30/Dec/2025:01:08:27 +0300] "GET /works/japanese-painting/?fileloc=/var/www/levasheva.ru/public/mstile-310x150.png&path=/var/www/levasheva.ru/public HTTP/1.1" 200 2581 "-" "Mozilla/5.0 (compatible; MJ12bot/v1.4.8; http://mj12bot.com/)"
188.165.217.198 - - [30/Dec/2025:01:08:30 +0300] "GET /works/japanese-painting/?fileloc=/var/www/levasheva.ru/public/mstile-310x310.png&path=/var/www/levasheva.ru/public HTTP/1.1" 200 2580 "-" "Mozilla/5.0 (compatible; MJ12bot/v1.4.8; http://mj12bot.com/)"
188.165.217.198 - - [30/Dec/2025:01:08:33 +0300] "GET /works/japanese-painting/?fileloc=/var/www/levasheva.ru/public/mstile-70x70.png&path=/var/www/levasheva.ru/public HTTP/1.1" 200 2580 "-" "Mozilla/5.0 (compatible; MJ12bot/v1.4.8; http://mj12bot.com/)"
188.165.217.198 - - [30/Dec/2025:01:08:35 +0300] "GET /works/japanese-painting/?fileloc=/var/www/levasheva.ru/public/readme.html&path=/var/www/levasheva.ru/public HTTP/1.1" 200 5655 "-" "Mozilla/5.0 (compatible; MJ12bot/v1.4.8; http://mj12bot.com/)"
194.164.16.94 - - [30/Dec/2025:01:08:39 +0300] "POST /xmlrpc.php HTTP/2.0" 200 4920 "-" "Mozilla/5.0 (Windows NT 6.3; Win64; x64) AppleWebKit/537.36 (KHTML, like Gecko) Chrome/66.0.3359.181 Safari/537.36"
188.165.217.198 - - [30/Dec/2025:01:08:41 +0300] "GET /works/japanese-painting/?fileloc=/var/www/levasheva.ru/public/wp-activate.php&path=/var/www/levasheva.ru/public HTTP/1.1" 200 5085 "-" "Mozilla/5.0 (compatible; MJ12bot/v1.4.8; http://mj12bot.com/)"
188.165.217.198 - - [30/Dec/2025:01:08:46 +0300] "GET /works/japanese-painting/?fileloc=/var/www/levasheva.ru/public/wp-blog-header.php&path=/var/www/levasheva.ru/public HTTP/1.1" 200 2770 "-" "Mozilla/5.0 (compatible; MJ12bot/v1.4.8; http://mj12bot.com/)"
188.165.217.198 - - [30/Dec/2025:01:08:50 +0300] "GET /works/japanese-painting/?fileloc=/var/www/levasheva.ru/public/wp-comments-post.php&path=/var/www/levasheva.ru/public HTTP/1.1" 200 3624 "-" "Mozilla/5.0 (compatible; MJ12bot/v1.4.8; http://mj12bot.com/)"
188.165.217.198 - - [30/Dec/2025:01:08:54 +0300] "GET /works/japanese-painting/?fileloc=/var/www/levasheva.ru/public/wp-config-sample.php&path=/var/www/levasheva.ru/public HTTP/1.1" 200 3874 "-" "Mozilla/5.0 (compatible; MJ12bot/v1.4.8; http://mj12bot.com/)"
188.165.217.198 - - [30/Dec/2025:01:09:00 +0300] "GET /works/japanese-painting/?fileloc=/var/www/levasheva.ru/public/wp-config.php&path=/var/www/levasheva.ru/public HTTP/1.1" 200 3526 "-" "Mozilla/5.0 (compatible; MJ12bot/v1.4.8; http://mj12bot.com/)"
188.165.217.198 - - [30/Dec/2025:01:09:04 +0300] "GET /works/japanese-painting/?fileloc=/var/www/levasheva.ru/public/wp-cron.php&path=/var/www/levasheva.ru/public HTTP/1.1" 200 4663 "-" "Mozilla/5.0 (compatible; MJ12bot/v1.4.8; http://mj12bot.com/)"
188.165.217.198 - - [30/Dec/2025:01:09:06 +0300] "GET /works/japanese-painting/?fileloc=/var/www/levasheva.ru/public/wp-links-opml.php&path=/var/www/levasheva.ru/public HTTP/1.1" 200 3697 "-" "Mozilla/5.0 (compatible; MJ12bot/v1.4.8; http://mj12bot.com/)"
188.165.217.198 - - [30/Dec/2025:01:09:10 +0300] "GET /works/japanese-painting/?fileloc=/var/www/levasheva.ru/public/wp-load.php&path=/var/www/levasheva.ru/public HTTP/1.1" 200 4207 "-" "Mozilla/5.0 (compatible; MJ12bot/v1.4.8; http://mj12bot.com/)"
188.165.217.198 - - [30/Dec/2025:01:09:13 +0300] "GET /works/japanese-painting/?fileloc=/var/www/levasheva.ru/public/wp-mail.php&path=/var/www/levasheva.ru/public HTTP/1.1" 200 5621 "-" "Mozilla/5.0 (compatible; MJ12bot/v1.4.8; http://mj12bot.com/)"
188.165.217.198 - - [30/Dec/2025:01:09:16 +0300] "GET /works/japanese-painting/?fileloc=/var/www/levasheva.ru/public/wp-settings.php&path=/var/www/levasheva.ru/public HTTP/1.1" 200 8808 "-" "Mozilla/5.0 (compatible; MJ12bot/v1.4.8; http://mj12bot.com/)"
188.165.217.198 - - [30/Dec/2025:01:09:20 +0300] "GET /works/japanese-painting/?fileloc=/var/www/levasheva.ru/public/wp-signup.php&path=/var/www/levasheva.ru/public HTTP/1.1" 200 10782 "-" "Mozilla/5.0 (compatible; MJ12bot/v1.4.8; http://mj12bot.com/)"
188.165.217.198 - - [30/Dec/2025:01:09:24 +0300] "GET /works/japanese-painting/?fileloc=/var/www/levasheva.ru/public/wp-trackback.php&path=/var/www/levasheva.ru/public HTTP/1.1" 200 4417 "-" "Mozilla/5.0 (compatible; MJ12bot/v1.4.8; http://mj12bot.com/)"
188.165.217.198 - - [30/Dec/2025:01:09:30 +0300] "GET /works/japanese-painting/?path=/ HTTP/1.1" 200 3807 "-" "Mozilla/5.0 (compatible; MJ12bot/v1.4.8; http://mj12bot.com/)"
188.165.217.198 - - [30/Dec/2025:01:09:34 +0300] "GET /works/japanese-painting/?path=/var HTTP/1.1" 200 3286 "-" "Mozilla/5.0 (compatible; MJ12bot/v1.4.8; http://mj12bot.com/)"
188.165.217.198 - - [30/Dec/2025:01:09:38 +0300] "GET /works/japanese-painting/?path=/var/www HTTP/1.1" 200 3040 "-" "Mozilla/5.0 (compatible; MJ12bot/v1.4.8; http://mj12bot.com/)"
188.165.217.198 - - [30/Dec/2025:01:09:42 +0300] "GET /works/japanese-painting/?path=/var/www/levasheva.ru HTTP/1.1" 200 2964 "-" "Mozilla/5.0 (compatible; MJ12bot/v1.4.8; http://mj12bot.com/)"
188.165.217.198 - - [30/Dec/2025:01:09:45 +0300] "GET /works/japanese-painting/?path=/var/www/levasheva.ru/public HTTP/1.1" 200 4933 "-" "Mozilla/5.0 (compatible; MJ12bot/v1.4.8; http://mj12bot.com/)"
188.165.217.198 - - [30/Dec/2025:01:09:46 +0300] "GET /works/japanese-painting/?path=/var/www/levasheva.ru/public/.tmb HTTP/1.1" 200 4638 "-" "Mozilla/5.0 (compatible; MJ12bot/v1.4.8; http://mj12bot.com/)"
188.165.217.198 - - [30/Dec/2025:01:09:49 +0300] "GET /works/japanese-painting/?path=/var/www/levasheva.ru/public/wp-admin HTTP/1.1" 200 7345 "-" "Mozilla/5.0 (compatible; MJ12bot/v1.4.8; http://mj12bot.com/)"
188.165.217.198 - - [30/Dec/2025:01:09:54 +0300] "GET /works/japanese-painting/?path=/var/www/levasheva.ru/public/wp-content HTTP/1.1" 200 3316 "-" "Mozilla/5.0 (compatible; MJ12bot/v1.4.8; http://mj12bot.com/)"
188.165.217.198 - - [30/Dec/2025:01:09:57 +0300] "GET /works/japanese-painting/?path=/var/www/levasheva.ru/public/wp-includes HTTP/1.1" 200 14766 "-" "Mozilla/5.0 (compatible; MJ12bot/v1.4.8; http://mj12bot.com/)"
188.165.217.198 - - [30/Dec/2025:01:10:11 +0300] "GET /works/japanese-painting/japanese-poscards/?fileloc=/var/www/levasheva.ru/public/apple-touch-icon-114x114.png&path=/var/www/levasheva.ru/public HTTP/1.1" 200 2588 "-" "Mozilla/5.0 (compatible; MJ12bot/v1.4.8; http://mj12bot.com/)"
188.165.217.198 - - [30/Dec/2025:01:10:14 +0300] "GET /works/japanese-painting/japanese-poscards/?fileloc=/var/www/levasheva.ru/public/apple-touch-icon-120x120.png&path=/var/www/levasheva.ru/public HTTP/1.1" 200 2588 "-" "Mozilla/5.0 (compatible; MJ12bot/v1.4.8; http://mj12bot.com/)"
188.165.217.198 - - [30/Dec/2025:01:10:17 +0300] "GET /works/japanese-painting/japanese-poscards/?fileloc=/var/www/levasheva.ru/public/apple-touch-icon-144x144.png&path=/var/www/levasheva.ru/public HTTP/1.1" 200 2588 "-" "Mozilla/5.0 (compatible; MJ12bot/v1.4.8; http://mj12bot.com/)"
188.165.217.198 - - [30/Dec/2025:01:10:20 +0300] "GET /works/japanese-painting/japanese-poscards/?fileloc=/var/www/levasheva.ru/public/apple-touch-icon-152x152.png&path=/var/www/levasheva.ru/public HTTP/1.1" 200 2588 "-" "Mozilla/5.0 (compatible; MJ12bot/v1.4.8; http://mj12bot.com/)"
188.165.217.198 - - [30/Dec/2025:01:10:24 +0300] "GET /works/japanese-painting/japanese-poscards/?fileloc=/var/www/levasheva.ru/public/apple-touch-icon-180x180.png&path=/var/www/levasheva.ru/public HTTP/1.1" 200 2588 "-" "Mozilla/5.0 (compatible; MJ12bot/v1.4.8; http://mj12bot.com/)"
54.38.147.75 - - [30/Dec/2025:01:10:27 +0300] "GET /?fileloc=/var/www/levasheva.ru/public/wp-signup.php&path=/var/www/levasheva.ru/public HTTP/2.0" 200 10769 "-" "Mozilla/5.0 (compatible; AhrefsBot/7.0; +http://ahrefs.com/robot/)"
188.165.217.198 - - [30/Dec/2025:01:10:28 +0300] "GET /works/japanese-painting/japanese-poscards/?fileloc=/var/www/levasheva.ru/public/apple-touch-icon-57x57.png&path=/var/www/levasheva.ru/public HTTP/1.1" 200 2588 "-" "Mozilla/5.0 (compatible; MJ12bot/v1.4.8; http://mj12bot.com/)"
188.165.217.198 - - [30/Dec/2025:01:10:31 +0300] "GET /works/japanese-painting/japanese-poscards/?fileloc=/var/www/levasheva.ru/public/apple-touch-icon-60x60.png&path=/var/www/levasheva.ru/public HTTP/1.1" 200 2588 "-" "Mozilla/5.0 (compatible; MJ12bot/v1.4.8; http://mj12bot.com/)"
188.165.217.198 - - [30/Dec/2025:01:10:35 +0300] "GET /works/japanese-painting/japanese-poscards/?fileloc=/var/www/levasheva.ru/public/apple-touch-icon-72x72.png&path=/var/www/levasheva.ru/public HTTP/1.1" 200 2588 "-" "Mozilla/5.0 (compatible; MJ12bot/v1.4.8; http://mj12bot.com/)"
188.165.217.198 - - [30/Dec/2025:01:10:38 +0300] "GET /works/japanese-painting/japanese-poscards/?fileloc=/var/www/levasheva.ru/public/apple-touch-icon-76x76.png&path=/var/www/levasheva.ru/public HTTP/1.1" 200 2588 "-" "Mozilla/5.0 (compatible; MJ12bot/v1.4.8; http://mj12bot.com/)"
188.165.217.198 - - [30/Dec/2025:01:10:41 +0300] "GET /works/japanese-painting/japanese-poscards/?fileloc=/var/www/levasheva.ru/public/apple-touch-icon-precomposed.png&path=/var/www/levasheva.ru/public HTTP/1.1" 200 2590 "-" "Mozilla/5.0 (compatible; MJ12bot/v1.4.8; http://mj12bot.com/)"
188.165.217.198 - - [30/Dec/2025:01:10:45 +0300] "GET /works/japanese-painting/japanese-poscards/?fileloc=/var/www/levasheva.ru/public/apple-touch-icon.png&path=/var/www/levasheva.ru/public HTTP/1.1" 200 2583 "-" "Mozilla/5.0 (compatible; MJ12bot/v1.4.8; http://mj12bot.com/)"
188.165.217.198 - - [30/Dec/2025:01:10:50 +0300] "GET /works/japanese-painting/japanese-poscards/?fileloc=/var/www/levasheva.ru/public/browserconfig.xml&path=/var/www/levasheva.ru/public HTTP/1.1" 200 2741 "-" "Mozilla/5.0 (compatible; MJ12bot/v1.4.8; http://mj12bot.com/)"
188.165.217.198 - - [30/Dec/2025:01:10:54 +0300] "GET /works/japanese-painting/japanese-poscards/?fileloc=/var/www/levasheva.ru/public/favicon-160x160.png&path=/var/www/levasheva.ru/public HTTP/1.1" 200 2582 "-" "Mozilla/5.0 (compatible; MJ12bot/v1.4.8; http://mj12bot.com/)"
188.165.217.198 - - [30/Dec/2025:01:10:56 +0300] "GET /works/japanese-painting/japanese-poscards/?fileloc=/var/www/levasheva.ru/public/favicon-16x16.png&path=/var/www/levasheva.ru/public HTTP/1.1" 200 2581 "-" "Mozilla/5.0 (compatible; MJ12bot/v1.4.8; http://mj12bot.com/)"
188.165.217.198 - - [30/Dec/2025:01:11:01 +0300] "GET /works/japanese-painting/japanese-poscards/?fileloc=/var/www/levasheva.ru/public/favicon-192x192.png&path=/var/www/levasheva.ru/public HTTP/1.1" 200 2582 "-" "Mozilla/5.0 (compatible; MJ12bot/v1.4.8; http://mj12bot.com/)"
188.165.217.198 - - [30/Dec/2025:01:11:03 +0300] "GET /works/japanese-painting/japanese-poscards/?fileloc=/var/www/levasheva.ru/public/favicon-32x32.png&path=/var/www/levasheva.ru/public HTTP/1.1" 200 2581 "-" "Mozilla/5.0 (compatible; MJ12bot/v1.4.8; http://mj12bot.com/)"
188.165.217.198 - - [30/Dec/2025:01:11:08 +0300] "GET /works/japanese-painting/japanese-poscards/?fileloc=/var/www/levasheva.ru/public/favicon-96x96.png&path=/var/www/levasheva.ru/public HTTP/1.1" 200 2582 "-" "Mozilla/5.0 (compatible; MJ12bot/v1.4.8; http://mj12bot.com/)"
188.165.217.198 - - [30/Dec/2025:01:11:11 +0300] "GET /works/japanese-painting/japanese-poscards/?fileloc=/var/www/levasheva.ru/public/index.php&path=/var/www/levasheva.ru/public HTTP/1.1" 200 2795 "-" "Mozilla/5.0 (compatible; MJ12bot/v1.4.8; http://mj12bot.com/)"
188.165.217.198 - - [30/Dec/2025:01:11:14 +0300] "GET /works/japanese-painting/japanese-poscards/?fileloc=/var/www/levasheva.ru/public/info.php&path=/var/www/levasheva.ru/public HTTP/1.1" 200 2598 "-" "Mozilla/5.0 (compatible; MJ12bot/v1.4.8; http://mj12bot.com/)"
188.165.217.198 - - [30/Dec/2025:01:11:17 +0300] "GET /works/japanese-painting/japanese-poscards/?fileloc=/var/www/levasheva.ru/public/license.txt&path=/var/www/levasheva.ru/public HTTP/1.1" 200 9949 "-" "Mozilla/5.0 (compatible; MJ12bot/v1.4.8; http://mj12bot.com/)"
188.165.217.198 - - [30/Dec/2025:01:11:21 +0300] "GET /works/japanese-painting/japanese-poscards/?fileloc=/var/www/levasheva.ru/public/mstile-144x144.png&path=/var/www/levasheva.ru/public HTTP/1.1" 200 2580 "-" "Mozilla/5.0 (compatible; MJ12bot/v1.4.8; http://mj12bot.com/)"
188.165.217.198 - - [30/Dec/2025:01:11:23 +0300] "GET /works/japanese-painting/japanese-poscards/?fileloc=/var/www/levasheva.ru/public/mstile-150x150.png&path=/var/www/levasheva.ru/public HTTP/1.1" 200 2580 "-" "Mozilla/5.0 (compatible; MJ12bot/v1.4.8; http://mj12bot.com/)"
188.165.217.198 - - [30/Dec/2025:01:11:27 +0300] "GET /works/japanese-painting/japanese-poscards/?fileloc=/var/www/levasheva.ru/public/mstile-310x150.png&path=/var/www/levasheva.ru/public HTTP/1.1" 200 2581 "-" "Mozilla/5.0 (compatible; MJ12bot/v1.4.8; http://mj12bot.com/)"
188.165.217.198 - - [30/Dec/2025:01:11:32 +0300] "GET /works/japanese-painting/japanese-poscards/?fileloc=/var/www/levasheva.ru/public/mstile-310x310.png&path=/var/www/levasheva.ru/public HTTP/1.1" 200 2580 "-" "Mozilla/5.0 (compatible; MJ12bot/v1.4.8; http://mj12bot.com/)"
188.165.217.198 - - [30/Dec/2025:01:11:35 +0300] "GET /works/japanese-painting/japanese-poscards/?fileloc=/var/www/levasheva.ru/public/mstile-70x70.png&path=/var/www/levasheva.ru/public HTTP/1.1" 200 2580 "-" "Mozilla/5.0 (compatible; MJ12bot/v1.4.8; http://mj12bot.com/)"
188.165.217.198 - - [30/Dec/2025:01:11:37 +0300] "GET /works/japanese-painting/japanese-poscards/?fileloc=/var/www/levasheva.ru/public/readme.html&path=/var/www/levasheva.ru/public HTTP/1.1" 200 5655 "-" "Mozilla/5.0 (compatible; MJ12bot/v1.4.8; http://mj12bot.com/)"
188.165.217.198 - - [30/Dec/2025:01:11:41 +0300] "GET /works/japanese-painting/japanese-poscards/?fileloc=/var/www/levasheva.ru/public/wp-activate.php&path=/var/www/levasheva.ru/public HTTP/1.1" 200 5085 "-" "Mozilla/5.0 (compatible; MJ12bot/v1.4.8; http://mj12bot.com/)"
188.165.217.198 - - [30/Dec/2025:01:11:43 +0300] "GET /works/japanese-painting/japanese-poscards/?fileloc=/var/www/levasheva.ru/public/wp-blog-header.php&path=/var/www/levasheva.ru/public HTTP/1.1" 200 2770 "-" "Mozilla/5.0 (compatible; MJ12bot/v1.4.8; http://mj12bot.com/)"
188.165.217.198 - - [30/Dec/2025:01:11:48 +0300] "GET /works/japanese-painting/japanese-poscards/?fileloc=/var/www/levasheva.ru/public/wp-comments-post.php&path=/var/www/levasheva.ru/public HTTP/1.1" 200 3624 "-" "Mozilla/5.0 (compatible; MJ12bot/v1.4.8; http://mj12bot.com/)"
188.165.217.198 - - [30/Dec/2025:01:11:51 +0300] "GET /works/japanese-painting/japanese-poscards/?fileloc=/var/www/levasheva.ru/public/wp-config-sample.php&path=/var/www/levasheva.ru/public HTTP/1.1" 200 3874 "-" "Mozilla/5.0 (compatible; MJ12bot/v1.4.8; http://mj12bot.com/)"
188.165.217.198 - - [30/Dec/2025:01:11:53 +0300] "GET /works/japanese-painting/japanese-poscards/?fileloc=/var/www/levasheva.ru/public/wp-config.php&path=/var/www/levasheva.ru/public HTTP/1.1" 200 3526 "-" "Mozilla/5.0 (compatible; MJ12bot/v1.4.8; http://mj12bot.com/)"
188.165.217.198 - - [30/Dec/2025:01:11:56 +0300] "GET /works/japanese-painting/japanese-poscards/?fileloc=/var/www/levasheva.ru/public/wp-cron.php&path=/var/www/levasheva.ru/public HTTP/1.1" 200 4663 "-" "Mozilla/5.0 (compatible; MJ12bot/v1.4.8; http://mj12bot.com/)"
188.165.217.198 - - [30/Dec/2025:01:12:00 +0300] "GET /works/japanese-painting/japanese-poscards/?fileloc=/var/www/levasheva.ru/public/wp-links-opml.php&path=/var/www/levasheva.ru/public HTTP/1.1" 200 3697 "-" "Mozilla/5.0 (compatible; MJ12bot/v1.4.8; http://mj12bot.com/)"
188.165.217.198 - - [30/Dec/2025:01:12:02 +0300] "GET /works/japanese-painting/japanese-poscards/?fileloc=/var/www/levasheva.ru/public/wp-load.php&path=/var/www/levasheva.ru/public HTTP/1.1" 200 4207 "-" "Mozilla/5.0 (compatible; MJ12bot/v1.4.8; http://mj12bot.com/)"
188.165.217.198 - - [30/Dec/2025:01:12:04 +0300] "GET /works/japanese-painting/japanese-poscards/?fileloc=/var/www/levasheva.ru/public/wp-mail.php&path=/var/www/levasheva.ru/public HTTP/1.1" 200 5621 "-" "Mozilla/5.0 (compatible; MJ12bot/v1.4.8; http://mj12bot.com/)"
188.165.217.198 - - [30/Dec/2025:01:12:06 +0300] "GET /works/japanese-painting/japanese-poscards/?fileloc=/var/www/levasheva.ru/public/wp-settings.php&path=/var/www/levasheva.ru/public HTTP/1.1" 200 8808 "-" "Mozilla/5.0 (compatible; MJ12bot/v1.4.8; http://mj12bot.com/)"
198.244.240.42 - - [30/Dec/2025:01:12:07 +0300] "GET /?fileloc=/var/www/levasheva.ru/public/wp-settings.php&path=/var/www/levasheva.ru/public HTTP/2.0" 200 8795 "-" "Mozilla/5.0 (compatible; AhrefsBot/7.0; +http://ahrefs.com/robot/)"
188.165.217.198 - - [30/Dec/2025:01:12:09 +0300] "GET /works/japanese-painting/japanese-poscards/?fileloc=/var/www/levasheva.ru/public/wp-signup.php&path=/var/www/levasheva.ru/public HTTP/1.1" 200 10782 "-" "Mozilla/5.0 (compatible; MJ12bot/v1.4.8; http://mj12bot.com/)"
188.165.217.198 - - [30/Dec/2025:01:12:12 +0300] "GET /works/japanese-painting/japanese-poscards/?fileloc=/var/www/levasheva.ru/public/wp-trackback.php&path=/var/www/levasheva.ru/public HTTP/1.1" 200 4417 "-" "Mozilla/5.0 (compatible; MJ12bot/v1.4.8; http://mj12bot.com/)"
188.165.217.198 - - [30/Dec/2025:01:12:15 +0300] "GET /works/japanese-painting/japanese-poscards/?path=/ HTTP/1.1" 200 3807 "-" "Mozilla/5.0 (compatible; MJ12bot/v1.4.8; http://mj12bot.com/)"
188.165.217.198 - - [30/Dec/2025:01:12:18 +0300] "GET /works/japanese-painting/japanese-poscards/?path=/var HTTP/1.1" 200 3286 "-" "Mozilla/5.0 (compatible; MJ12bot/v1.4.8; http://mj12bot.com/)"
188.165.217.198 - - [30/Dec/2025:01:12:24 +0300] "GET /works/japanese-painting/japanese-poscards/?path=/var/www HTTP/1.1" 200 3040 "-" "Mozilla/5.0 (compatible; MJ12bot/v1.4.8; http://mj12bot.com/)"
188.165.217.198 - - [30/Dec/2025:01:12:27 +0300] "GET /works/japanese-painting/japanese-poscards/?path=/var/www/levasheva.ru HTTP/1.1" 200 2964 "-" "Mozilla/5.0 (compatible; MJ12bot/v1.4.8; http://mj12bot.com/)"
188.165.217.198 - - [30/Dec/2025:01:12:31 +0300] "GET /works/japanese-painting/japanese-poscards/?path=/var/www/levasheva.ru/public HTTP/1.1" 200 4933 "-" "Mozilla/5.0 (compatible; MJ12bot/v1.4.8; http://mj12bot.com/)"
188.165.217.198 - - [30/Dec/2025:01:12:33 +0300] "GET /works/japanese-painting/japanese-poscards/?path=/var/www/levasheva.ru/public/.tmb HTTP/1.1" 200 4638 "-" "Mozilla/5.0 (compatible; MJ12bot/v1.4.8; http://mj12bot.com/)"
188.165.217.198 - - [30/Dec/2025:01:12:36 +0300] "GET /works/japanese-painting/japanese-poscards/?path=/var/www/levasheva.ru/public/wp-admin HTTP/1.1" 200 7345 "-" "Mozilla/5.0 (compatible; MJ12bot/v1.4.8; http://mj12bot.com/)"
188.165.217.198 - - [30/Dec/2025:01:12:38 +0300] "GET /works/japanese-painting/japanese-poscards/?path=/var/www/levasheva.ru/public/wp-content HTTP/1.1" 200 3316 "-" "Mozilla/5.0 (compatible; MJ12bot/v1.4.8; http://mj12bot.com/)"
188.165.217.198 - - [30/Dec/2025:01:12:42 +0300] "GET /works/japanese-painting/japanese-poscards/?path=/var/www/levasheva.ru/public/wp-includes HTTP/1.1" 200 14766 "-" "Mozilla/5.0 (compatible; MJ12bot/v1.4.8; http://mj12bot.com/)"
188.165.217.198 - - [30/Dec/2025:01:12:44 +0300] "GET /works/japanese-painting/past-and-future/?fileloc=/var/www/levasheva.ru/public/apple-touch-icon-114x114.png&path=/var/www/levasheva.ru/public HTTP/1.1" 200 2588 "-" "Mozilla/5.0 (compatible; MJ12bot/v1.4.8; http://mj12bot.com/)"
188.165.217.198 - - [30/Dec/2025:01:12:47 +0300] "GET /works/japanese-painting/past-and-future/?fileloc=/var/www/levasheva.ru/public/apple-touch-icon-120x120.png&path=/var/www/levasheva.ru/public HTTP/1.1" 200 2588 "-" "Mozilla/5.0 (compatible; MJ12bot/v1.4.8; http://mj12bot.com/)"
188.165.217.198 - - [30/Dec/2025:01:12:50 +0300] "GET /works/japanese-painting/past-and-future/?fileloc=/var/www/levasheva.ru/public/apple-touch-icon-144x144.png&path=/var/www/levasheva.ru/public HTTP/1.1" 200 2588 "-" "Mozilla/5.0 (compatible; MJ12bot/v1.4.8; http://mj12bot.com/)"
188.165.217.198 - - [30/Dec/2025:01:12:53 +0300] "GET /works/japanese-painting/past-and-future/?fileloc=/var/www/levasheva.ru/public/apple-touch-icon-152x152.png&path=/var/www/levasheva.ru/public HTTP/1.1" 200 2588 "-" "Mozilla/5.0 (compatible; MJ12bot/v1.4.8; http://mj12bot.com/)"
188.165.217.198 - - [30/Dec/2025:01:12:56 +0300] "GET /works/japanese-painting/past-and-future/?fileloc=/var/www/levasheva.ru/public/apple-touch-icon-180x180.png&path=/var/www/levasheva.ru/public HTTP/1.1" 200 2588 "-" "Mozilla/5.0 (compatible; MJ12bot/v1.4.8; http://mj12bot.com/)"
188.165.217.198 - - [30/Dec/2025:01:13:00 +0300] "GET /works/japanese-painting/past-and-future/?fileloc=/var/www/levasheva.ru/public/apple-touch-icon-57x57.png&path=/var/www/levasheva.ru/public HTTP/1.1" 200 2588 "-" "Mozilla/5.0 (compatible; MJ12bot/v1.4.8; http://mj12bot.com/)"
188.165.217.198 - - [30/Dec/2025:01:13:02 +0300] "GET /works/japanese-painting/past-and-future/?fileloc=/var/www/levasheva.ru/public/apple-touch-icon-60x60.png&path=/var/www/levasheva.ru/public HTTP/1.1" 200 2588 "-" "Mozilla/5.0 (compatible; MJ12bot/v1.4.8; http://mj12bot.com/)"
188.165.217.198 - - [30/Dec/2025:01:13:06 +0300] "GET /works/japanese-painting/past-and-future/?fileloc=/var/www/levasheva.ru/public/apple-touch-icon-72x72.png&path=/var/www/levasheva.ru/public HTTP/1.1" 200 2588 "-" "Mozilla/5.0 (compatible; MJ12bot/v1.4.8; http://mj12bot.com/)"
188.165.217.198 - - [30/Dec/2025:01:13:10 +0300] "GET /works/japanese-painting/past-and-future/?fileloc=/var/www/levasheva.ru/public/apple-touch-icon-76x76.png&path=/var/www/levasheva.ru/public HTTP/1.1" 200 2588 "-" "Mozilla/5.0 (compatible; MJ12bot/v1.4.8; http://mj12bot.com/)"
188.165.217.198 - - [30/Dec/2025:01:13:14 +0300] "GET /works/japanese-painting/past-and-future/?fileloc=/var/www/levasheva.ru/public/apple-touch-icon-precomposed.png&path=/var/www/levasheva.ru/public HTTP/1.1" 200 2590 "-" "Mozilla/5.0 (compatible; MJ12bot/v1.4.8; http://mj12bot.com/)"
188.165.217.198 - - [30/Dec/2025:01:13:16 +0300] "GET /works/japanese-painting/past-and-future/?fileloc=/var/www/levasheva.ru/public/apple-touch-icon.png&path=/var/www/levasheva.ru/public HTTP/1.1" 200 2583 "-" "Mozilla/5.0 (compatible; MJ12bot/v1.4.8; http://mj12bot.com/)"
188.165.217.198 - - [30/Dec/2025:01:13:20 +0300] "GET /works/japanese-painting/past-and-future/?fileloc=/var/www/levasheva.ru/public/browserconfig.xml&path=/var/www/levasheva.ru/public HTTP/1.1" 200 2741 "-" "Mozilla/5.0 (compatible; MJ12bot/v1.4.8; http://mj12bot.com/)"
188.165.217.198 - - [30/Dec/2025:01:13:25 +0300] "GET /works/japanese-painting/past-and-future/?fileloc=/var/www/levasheva.ru/public/favicon-160x160.png&path=/var/www/levasheva.ru/public HTTP/1.1" 200 2582 "-" "Mozilla/5.0 (compatible; MJ12bot/v1.4.8; http://mj12bot.com/)"
188.165.217.198 - - [30/Dec/2025:01:13:28 +0300] "GET /works/japanese-painting/past-and-future/?fileloc=/var/www/levasheva.ru/public/favicon-16x16.png&path=/var/www/levasheva.ru/public HTTP/1.1" 200 2581 "-" "Mozilla/5.0 (compatible; MJ12bot/v1.4.8; http://mj12bot.com/)"
188.165.217.198 - - [30/Dec/2025:01:13:32 +0300] "GET /works/japanese-painting/past-and-future/?fileloc=/var/www/levasheva.ru/public/favicon-192x192.png&path=/var/www/levasheva.ru/public HTTP/1.1" 200 2582 "-" "Mozilla/5.0 (compatible; MJ12bot/v1.4.8; http://mj12bot.com/)"
188.165.217.198 - - [30/Dec/2025:01:13:34 +0300] "GET /works/japanese-painting/past-and-future/?fileloc=/var/www/levasheva.ru/public/favicon-32x32.png&path=/var/www/levasheva.ru/public HTTP/1.1" 200 2581 "-" "Mozilla/5.0 (compatible; MJ12bot/v1.4.8; http://mj12bot.com/)"
188.165.217.198 - - [30/Dec/2025:01:13:36 +0300] "GET /works/japanese-painting/past-and-future/?fileloc=/var/www/levasheva.ru/public/favicon-96x96.png&path=/var/www/levasheva.ru/public HTTP/1.1" 200 2582 "-" "Mozilla/5.0 (compatible; MJ12bot/v1.4.8; http://mj12bot.com/)"
188.165.217.198 - - [30/Dec/2025:01:13:38 +0300] "GET /works/japanese-painting/past-and-future/?fileloc=/var/www/levasheva.ru/public/index.php&path=/var/www/levasheva.ru/public HTTP/1.1" 200 2795 "-" "Mozilla/5.0 (compatible; MJ12bot/v1.4.8; http://mj12bot.com/)"
188.165.217.198 - - [30/Dec/2025:01:13:40 +0300] "GET /works/japanese-painting/past-and-future/?fileloc=/var/www/levasheva.ru/public/info.php&path=/var/www/levasheva.ru/public HTTP/1.1" 200 2598 "-" "Mozilla/5.0 (compatible; MJ12bot/v1.4.8; http://mj12bot.com/)"
188.165.217.198 - - [30/Dec/2025:01:13:43 +0300] "GET /works/japanese-painting/past-and-future/?fileloc=/var/www/levasheva.ru/public/license.txt&path=/var/www/levasheva.ru/public HTTP/1.1" 200 9949 "-" "Mozilla/5.0 (compatible; MJ12bot/v1.4.8; http://mj12bot.com/)"
188.165.217.198 - - [30/Dec/2025:01:13:45 +0300] "GET /works/japanese-painting/past-and-future/?fileloc=/var/www/levasheva.ru/public/mstile-144x144.png&path=/var/www/levasheva.ru/public HTTP/1.1" 200 2580 "-" "Mozilla/5.0 (compatible; MJ12bot/v1.4.8; http://mj12bot.com/)"
188.165.217.198 - - [30/Dec/2025:01:13:47 +0300] "GET /works/japanese-painting/past-and-future/?fileloc=/var/www/levasheva.ru/public/mstile-150x150.png&path=/var/www/levasheva.ru/public HTTP/1.1" 200 2580 "-" "Mozilla/5.0 (compatible; MJ12bot/v1.4.8; http://mj12bot.com/)"
188.165.217.198 - - [30/Dec/2025:01:13:49 +0300] "GET /works/japanese-painting/past-and-future/?fileloc=/var/www/levasheva.ru/public/mstile-310x150.png&path=/var/www/levasheva.ru/public HTTP/1.1" 200 2581 "-" "Mozilla/5.0 (compatible; MJ12bot/v1.4.8; http://mj12bot.com/)"
188.165.217.198 - - [30/Dec/2025:01:13:51 +0300] "GET /works/japanese-painting/past-and-future/?fileloc=/var/www/levasheva.ru/public/mstile-310x310.png&path=/var/www/levasheva.ru/public HTTP/1.1" 200 2580 "-" "Mozilla/5.0 (compatible; MJ12bot/v1.4.8; http://mj12bot.com/)"
188.165.217.198 - - [30/Dec/2025:01:13:53 +0300] "GET /works/japanese-painting/past-and-future/?fileloc=/var/www/levasheva.ru/public/mstile-70x70.png&path=/var/www/levasheva.ru/public HTTP/1.1" 200 2580 "-" "Mozilla/5.0 (compatible; MJ12bot/v1.4.8; http://mj12bot.com/)"
188.165.217.198 - - [30/Dec/2025:01:13:56 +0300] "GET /works/japanese-painting/past-and-future/?fileloc=/var/www/levasheva.ru/public/readme.html&path=/var/www/levasheva.ru/public HTTP/1.1" 200 5655 "-" "Mozilla/5.0 (compatible; MJ12bot/v1.4.8; http://mj12bot.com/)"
188.165.217.198 - - [30/Dec/2025:01:13:58 +0300] "GET /works/japanese-painting/past-and-future/?fileloc=/var/www/levasheva.ru/public/wp-activate.php&path=/var/www/levasheva.ru/public HTTP/1.1" 200 5085 "-" "Mozilla/5.0 (compatible; MJ12bot/v1.4.8; http://mj12bot.com/)"
51.195.244.162 - - [30/Dec/2025:01:13:59 +0300] "GET /?fileloc=/var/www/levasheva.ru/public/wp-mail.php&path=/var/www/levasheva.ru/public HTTP/2.0" 200 5608 "-" "Mozilla/5.0 (compatible; AhrefsBot/7.0; +http://ahrefs.com/robot/)"
188.165.217.198 - - [30/Dec/2025:01:14:01 +0300] "GET /works/japanese-painting/past-and-future/?fileloc=/var/www/levasheva.ru/public/wp-blog-header.php&path=/var/www/levasheva.ru/public HTTP/1.1" 200 2770 "-" "Mozilla/5.0 (compatible; MJ12bot/v1.4.8; http://mj12bot.com/)"
188.165.217.198 - - [30/Dec/2025:01:14:04 +0300] "GET /works/japanese-painting/past-and-future/?fileloc=/var/www/levasheva.ru/public/wp-comments-post.php&path=/var/www/levasheva.ru/public HTTP/1.1" 200 3624 "-" "Mozilla/5.0 (compatible; MJ12bot/v1.4.8; http://mj12bot.com/)"
188.165.217.198 - - [30/Dec/2025:01:14:06 +0300] "GET /works/japanese-painting/past-and-future/?fileloc=/var/www/levasheva.ru/public/wp-config-sample.php&path=/var/www/levasheva.ru/public HTTP/1.1" 200 3874 "-" "Mozilla/5.0 (compatible; MJ12bot/v1.4.8; http://mj12bot.com/)"
188.165.217.198 - - [30/Dec/2025:01:14:09 +0300] "GET /works/japanese-painting/past-and-future/?fileloc=/var/www/levasheva.ru/public/wp-config.php&path=/var/www/levasheva.ru/public HTTP/1.1" 200 3526 "-" "Mozilla/5.0 (compatible; MJ12bot/v1.4.8; http://mj12bot.com/)"
188.165.217.198 - - [30/Dec/2025:01:14:11 +0300] "GET /works/japanese-painting/past-and-future/?fileloc=/var/www/levasheva.ru/public/wp-cron.php&path=/var/www/levasheva.ru/public HTTP/1.1" 200 4663 "-" "Mozilla/5.0 (compatible; MJ12bot/v1.4.8; http://mj12bot.com/)"
188.165.217.198 - - [30/Dec/2025:01:14:14 +0300] "GET /works/japanese-painting/past-and-future/?fileloc=/var/www/levasheva.ru/public/wp-links-opml.php&path=/var/www/levasheva.ru/public HTTP/1.1" 200 3697 "-" "Mozilla/5.0 (compatible; MJ12bot/v1.4.8; http://mj12bot.com/)"
188.165.217.198 - - [30/Dec/2025:01:14:19 +0300] "GET /works/japanese-painting/past-and-future/?fileloc=/var/www/levasheva.ru/public/wp-load.php&path=/var/www/levasheva.ru/public HTTP/1.1" 200 4207 "-" "Mozilla/5.0 (compatible; MJ12bot/v1.4.8; http://mj12bot.com/)"
188.165.217.198 - - [30/Dec/2025:01:14:21 +0300] "GET /works/japanese-painting/past-and-future/?fileloc=/var/www/levasheva.ru/public/wp-mail.php&path=/var/www/levasheva.ru/public HTTP/1.1" 200 5621 "-" "Mozilla/5.0 (compatible; MJ12bot/v1.4.8; http://mj12bot.com/)"
188.165.217.198 - - [30/Dec/2025:01:14:25 +0300] "GET /works/japanese-painting/past-and-future/?fileloc=/var/www/levasheva.ru/public/wp-settings.php&path=/var/www/levasheva.ru/public HTTP/1.1" 200 8808 "-" "Mozilla/5.0 (compatible; MJ12bot/v1.4.8; http://mj12bot.com/)"
188.165.217.198 - - [30/Dec/2025:01:14:28 +0300] "GET /works/japanese-painting/past-and-future/?fileloc=/var/www/levasheva.ru/public/wp-signup.php&path=/var/www/levasheva.ru/public HTTP/1.1" 200 10782 "-" "Mozilla/5.0 (compatible; MJ12bot/v1.4.8; http://mj12bot.com/)"
188.165.217.198 - - [30/Dec/2025:01:14:29 +0300] "GET /works/japanese-painting/past-and-future/?fileloc=/var/www/levasheva.ru/public/wp-trackback.php&path=/var/www/levasheva.ru/public HTTP/1.1" 200 4417 "-" "Mozilla/5.0 (compatible; MJ12bot/v1.4.8; http://mj12bot.com/)"
188.165.217.198 - - [30/Dec/2025:01:14:32 +0300] "GET /works/japanese-painting/past-and-future/?path=/ HTTP/1.1" 200 3807 "-" "Mozilla/5.0 (compatible; MJ12bot/v1.4.8; http://mj12bot.com/)"
188.165.217.198 - - [30/Dec/2025:01:14:34 +0300] "GET /works/japanese-painting/past-and-future/?path=/var HTTP/1.1" 200 3286 "-" "Mozilla/5.0 (compatible; MJ12bot/v1.4.8; http://mj12bot.com/)"
188.165.217.198 - - [30/Dec/2025:01:14:36 +0300] "GET /works/japanese-painting/past-and-future/?path=/var/www HTTP/1.1" 200 3040 "-" "Mozilla/5.0 (compatible; MJ12bot/v1.4.8; http://mj12bot.com/)"
216.73.216.89 - - [30/Dec/2025:01:14:39 +0300] "GET /robots.txt HTTP/2.0" 200 4920 "-" "Mozilla/5.0 AppleWebKit/537.36 (KHTML, like Gecko; compatible; ClaudeBot/1.0; +claudebot@anthropic.com)"
216.73.216.89 - - [30/Dec/2025:01:14:39 +0300] "GET /works/japanese-painting/irina_levasheva_japan_painting_070?path=%2Fvar%2Fwww HTTP/2.0" 200 3028 "-" "Mozilla/5.0 AppleWebKit/537.36 (KHTML, like Gecko; compatible; ClaudeBot/1.0; +claudebot@anthropic.com)"
188.165.217.198 - - [30/Dec/2025:01:14:40 +0300] "GET /works/japanese-painting/past-and-future/?path=/var/www/levasheva.ru HTTP/1.1" 200 2964 "-" "Mozilla/5.0 (compatible; MJ12bot/v1.4.8; http://mj12bot.com/)"
216.73.216.89 - - [30/Dec/2025:01:14:40 +0300] "GET /works/japanese-painting/irina_levasheva_japan_painting_070?path=%2Fvar%2Fwww%2Flevasheva.ru%2Fpublic%2Fwp-admin HTTP/2.0" 200 7332 "-" "Mozilla/5.0 AppleWebKit/537.36 (KHTML, like Gecko; compatible; ClaudeBot/1.0; +claudebot@anthropic.com)"
216.73.216.89 - - [30/Dec/2025:01:14:40 +0300] "GET /works/japanese-painting/irina_levasheva_japan_painting_070?path=%2Fvar%2Fwww%2Flevasheva.ru%2Fpublic%2Fwp-includes HTTP/2.0" 200 14753 "-" "Mozilla/5.0 AppleWebKit/537.36 (KHTML, like Gecko; compatible; ClaudeBot/1.0; +claudebot@anthropic.com)"
188.165.217.198 - - [30/Dec/2025:01:14:42 +0300] "GET /works/japanese-painting/past-and-future/?path=/var/www/levasheva.ru/public HTTP/1.1" 200 4933 "-" "Mozilla/5.0 (compatible; MJ12bot/v1.4.8; http://mj12bot.com/)"
188.165.217.198 - - [30/Dec/2025:01:14:46 +0300] "GET /works/japanese-painting/past-and-future/?path=/var/www/levasheva.ru/public/.tmb HTTP/1.1" 200 4638 "-" "Mozilla/5.0 (compatible; MJ12bot/v1.4.8; http://mj12bot.com/)"
188.165.217.198 - - [30/Dec/2025:01:14:48 +0300] "GET /works/japanese-painting/past-and-future/?path=/var/www/levasheva.ru/public/wp-admin HTTP/1.1" 200 7345 "-" "Mozilla/5.0 (compatible; MJ12bot/v1.4.8; http://mj12bot.com/)"
188.165.217.198 - - [30/Dec/2025:01:14:50 +0300] "GET /works/japanese-painting/past-and-future/?path=/var/www/levasheva.ru/public/wp-content HTTP/1.1" 200 3316 "-" "Mozilla/5.0 (compatible; MJ12bot/v1.4.8; http://mj12bot.com/)"
188.165.217.198 - - [30/Dec/2025:01:14:52 +0300] "GET /works/japanese-painting/past-and-future/?path=/var/www/levasheva.ru/public/wp-includes HTTP/1.1" 200 14766 "-" "Mozilla/5.0 (compatible; MJ12bot/v1.4.8; http://mj12bot.com/)"
188.165.217.198 - - [30/Dec/2025:01:14:54 +0300] "GET /works/japanese-painting/tansaku/?fileloc=/var/www/levasheva.ru/public/apple-touch-icon-120x120.png&path=/var/www/levasheva.ru/public HTTP/1.1" 200 2588 "-" "Mozilla/5.0 (compatible; MJ12bot/v1.4.8; http://mj12bot.com/)"
188.165.217.198 - - [30/Dec/2025:01:14:57 +0300] "GET /works/japanese-painting/tansaku/?fileloc=/var/www/levasheva.ru/public/mstile-144x144.png&path=/var/www/levasheva.ru/public HTTP/1.1" 200 2580 "-" "Mozilla/5.0 (compatible; MJ12bot/v1.4.8; http://mj12bot.com/)"
188.165.217.198 - - [30/Dec/2025:01:15:02 +0300] "GET /works/japanese-painting/tansaku/?fileloc=/var/www/levasheva.ru/public/mstile-150x150.png&path=/var/www/levasheva.ru/public HTTP/1.1" 200 2580 "-" "Mozilla/5.0 (compatible; MJ12bot/v1.4.8; http://mj12bot.com/)"
216.73.216.89 - - [30/Dec/2025:01:15:02 +0300] "GET /works/japanese-painting/irina_levasheva_japan_painting_070?fileloc=%2Fvar%2Fwww%2Flevasheva.ru%2Fpublic%2Fwp-config-sample.php&path=%2Fvar%2Fwww%2Flevasheva.ru%2Fpublic HTTP/2.0" 200 3862 "-" "Mozilla/5.0 AppleWebKit/537.36 (KHTML, like Gecko; compatible; ClaudeBot/1.0; +claudebot@anthropic.com)"
216.73.216.89 - - [30/Dec/2025:01:15:02 +0300] "GET /works/japanese-painting/irina_levasheva_japan_painting_070?fileloc=%2Fvar%2Fwww%2Flevasheva.ru%2Fpublic%2Fwp-settings.php&path=%2Fvar%2Fwww%2Flevasheva.ru%2Fpublic HTTP/2.0" 200 8795 "-" "Mozilla/5.0 AppleWebKit/537.36 (KHTML, like Gecko; compatible; ClaudeBot/1.0; +claudebot@anthropic.com)"
216.73.216.89 - - [30/Dec/2025:01:15:02 +0300] "GET /works/japanese-painting/irina_levasheva_japan_painting_070?fileloc=%2Fvar%2Fwww%2Flevasheva.ru%2Fpublic%2Fwp-load.php&path=%2Fvar%2Fwww%2Flevasheva.ru%2Fpublic HTTP/2.0" 200 4194 "-" "Mozilla/5.0 AppleWebKit/537.36 (KHTML, like Gecko; compatible; ClaudeBot/1.0; +claudebot@anthropic.com)"
188.165.217.198 - - [30/Dec/2025:01:15:04 +0300] "GET /works/japanese-painting/tansaku/?fileloc=/var/www/levasheva.ru/public/mstile-310x150.png&path=/var/www/levasheva.ru/public HTTP/1.1" 200 2581 "-" "Mozilla/5.0 (compatible; MJ12bot/v1.4.8; http://mj12bot.com/)"
188.165.217.198 - - [30/Dec/2025:01:15:06 +0300] "GET /works/japanese-painting/tansaku/?fileloc=/var/www/levasheva.ru/public/mstile-310x310.png&path=/var/www/levasheva.ru/public HTTP/1.1" 200 2580 "-" "Mozilla/5.0 (compatible; MJ12bot/v1.4.8; http://mj12bot.com/)"
188.165.217.198 - - [30/Dec/2025:01:15:09 +0300] "GET /works/japanese-painting/tansaku/?fileloc=/var/www/levasheva.ru/public/mstile-70x70.png&path=/var/www/levasheva.ru/public HTTP/1.1" 200 2580 "-" "Mozilla/5.0 (compatible; MJ12bot/v1.4.8; http://mj12bot.com/)"
188.165.217.198 - - [30/Dec/2025:01:15:11 +0300] "GET /works/japanese-painting/tansaku/?fileloc=/var/www/levasheva.ru/public/readme.html&path=/var/www/levasheva.ru/public HTTP/1.1" 200 5655 "-" "Mozilla/5.0 (compatible; MJ12bot/v1.4.8; http://mj12bot.com/)"
188.165.217.198 - - [30/Dec/2025:01:15:15 +0300] "GET /works/japanese-painting/tansaku/?fileloc=/var/www/levasheva.ru/public/wp-activate.php&path=/var/www/levasheva.ru/public HTTP/1.1" 200 5085 "-" "Mozilla/5.0 (compatible; MJ12bot/v1.4.8; http://mj12bot.com/)"
188.165.217.198 - - [30/Dec/2025:01:15:17 +0300] "GET /works/japanese-painting/tansaku/?fileloc=/var/www/levasheva.ru/public/wp-blog-header.php&path=/var/www/levasheva.ru/public HTTP/1.1" 200 2770 "-" "Mozilla/5.0 (compatible; MJ12bot/v1.4.8; http://mj12bot.com/)"
188.165.217.198 - - [30/Dec/2025:01:15:20 +0300] "GET /works/japanese-painting/tansaku/?fileloc=/var/www/levasheva.ru/public/wp-config-sample.php&path=/var/www/levasheva.ru/public HTTP/1.1" 200 3874 "-" "Mozilla/5.0 (compatible; MJ12bot/v1.4.8; http://mj12bot.com/)"
188.165.217.198 - - [30/Dec/2025:01:15:22 +0300] "GET /works/japanese-painting/tansaku/?fileloc=/var/www/levasheva.ru/public/wp-config.php&path=/var/www/levasheva.ru/public HTTP/1.1" 200 3526 "-" "Mozilla/5.0 (compatible; MJ12bot/v1.4.8; http://mj12bot.com/)"
188.165.217.198 - - [30/Dec/2025:01:15:25 +0300] "GET /works/oil/?fileloc=/var/www/levasheva.ru/public/mstile-310x310.png&path=/var/www/levasheva.ru/public HTTP/1.1" 200 2580 "-" "Mozilla/5.0 (compatible; MJ12bot/v1.4.8; http://mj12bot.com/)"
188.165.217.198 - - [30/Dec/2025:01:15:27 +0300] "GET /works/oil/?fileloc=/var/www/levasheva.ru/public/mstile-70x70.png&path=/var/www/levasheva.ru/public HTTP/1.1" 200 2580 "-" "Mozilla/5.0 (compatible; MJ12bot/v1.4.8; http://mj12bot.com/)"
188.165.217.198 - - [30/Dec/2025:01:15:32 +0300] "GET /works/oil/?fileloc=/var/www/levasheva.ru/public/readme.html&path=/var/www/levasheva.ru/public HTTP/1.1" 200 5655 "-" "Mozilla/5.0 (compatible; MJ12bot/v1.4.8; http://mj12bot.com/)"
188.165.217.198 - - [30/Dec/2025:01:15:36 +0300] "GET /works/oil/?fileloc=/var/www/levasheva.ru/public/wp-activate.php&path=/var/www/levasheva.ru/public HTTP/1.1" 200 5085 "-" "Mozilla/5.0 (compatible; MJ12bot/v1.4.8; http://mj12bot.com/)"
188.165.217.198 - - [30/Dec/2025:01:15:40 +0300] "GET /works/oil/?fileloc=/var/www/levasheva.ru/public/wp-blog-header.php&path=/var/www/levasheva.ru/public HTTP/1.1" 200 2770 "-" "Mozilla/5.0 (compatible; MJ12bot/v1.4.8; http://mj12bot.com/)"
188.165.217.198 - - [30/Dec/2025:01:15:44 +0300] "GET /works/oil/?fileloc=/var/www/levasheva.ru/public/wp-comments-post.php&path=/var/www/levasheva.ru/public HTTP/1.1" 200 3624 "-" "Mozilla/5.0 (compatible; MJ12bot/v1.4.8; http://mj12bot.com/)"
188.165.217.198 - - [30/Dec/2025:01:15:47 +0300] "GET /works/oil/?fileloc=/var/www/levasheva.ru/public/wp-config-sample.php&path=/var/www/levasheva.ru/public HTTP/1.1" 200 3874 "-" "Mozilla/5.0 (compatible; MJ12bot/v1.4.8; http://mj12bot.com/)"
216.73.216.89 - - [30/Dec/2025:01:15:47 +0300] "GET /works/japanese-painting/irina_levasheva_japan_painting_070?fileloc=%2Fvar%2Fwww%2Flevasheva.ru%2Fpublic%2Fwp-comments-post.php&path=%2Fvar%2Fwww%2Flevasheva.ru%2Fpublic HTTP/2.0" 200 3612 "-" "Mozilla/5.0 AppleWebKit/537.36 (KHTML, like Gecko; compatible; ClaudeBot/1.0; +claudebot@anthropic.com)"
216.73.216.89 - - [30/Dec/2025:01:15:47 +0300] "GET /works/japanese-painting/irina_levasheva_japan_painting_070?path=%2Fvar%2Fwww%2Flevasheva.ru HTTP/2.0" 200 2952 "-" "Mozilla/5.0 AppleWebKit/537.36 (KHTML, like Gecko; compatible; ClaudeBot/1.0; +claudebot@anthropic.com)"
216.73.216.89 - - [30/Dec/2025:01:15:48 +0300] "GET /works/japanese-painting/irina_levasheva_japan_painting_070?fileloc=%2Fvar%2Fwww%2Flevasheva.ru%2Fpublic%2Fxmlrpc.php&path=%2Fvar%2Fwww%2Flevasheva.ru%2Fpublic HTTP/2.0" 200 3978 "-" "Mozilla/5.0 AppleWebKit/537.36 (KHTML, like Gecko; compatible; ClaudeBot/1.0; +claudebot@anthropic.com)"
188.165.217.198 - - [30/Dec/2025:01:15:49 +0300] "GET /works/oil/?fileloc=/var/www/levasheva.ru/public/wp-config.php&path=/var/www/levasheva.ru/public HTTP/1.1" 200 3526 "-" "Mozilla/5.0 (compatible; MJ12bot/v1.4.8; http://mj12bot.com/)"
188.165.217.198 - - [30/Dec/2025:01:15:51 +0300] "GET /works/oil/?fileloc=/var/www/levasheva.ru/public/wp-cron.php&path=/var/www/levasheva.ru/public HTTP/1.1" 200 4663 "-" "Mozilla/5.0 (compatible; MJ12bot/v1.4.8; http://mj12bot.com/)"
188.165.217.198 - - [30/Dec/2025:01:15:59 +0300] "GET /works/oil/?fileloc=/var/www/levasheva.ru/public/wp-links-opml.php&path=/var/www/levasheva.ru/public HTTP/1.1" 200 3697 "-" "Mozilla/5.0 (compatible; MJ12bot/v1.4.8; http://mj12bot.com/)"
198.244.242.158 - - [30/Dec/2025:01:15:59 +0300] "GET /?fileloc=/var/www/levasheva.ru/public/wp-login.php&path=/var/www/levasheva.ru/public HTTP/2.0" 200 15767 "-" "Mozilla/5.0 (compatible; AhrefsBot/7.0; +http://ahrefs.com/robot/)"
188.165.217.198 - - [30/Dec/2025:01:16:11 +0300] "GET /works/oil/?fileloc=/var/www/levasheva.ru/public/wp-load.php&path=/var/www/levasheva.ru/public HTTP/1.1" 200 4207 "-" "Mozilla/5.0 (compatible; MJ12bot/v1.4.8; http://mj12bot.com/)"
188.165.217.198 - - [30/Dec/2025:01:16:15 +0300] "GET /works/oil/?fileloc=/var/www/levasheva.ru/public/wp-mail.php&path=/var/www/levasheva.ru/public HTTP/1.1" 200 5621 "-" "Mozilla/5.0 (compatible; MJ12bot/v1.4.8; http://mj12bot.com/)"
188.165.217.198 - - [30/Dec/2025:01:16:20 +0300] "GET /works/oil/?fileloc=/var/www/levasheva.ru/public/wp-settings.php&path=/var/www/levasheva.ru/public HTTP/1.1" 200 8808 "-" "Mozilla/5.0 (compatible; MJ12bot/v1.4.8; http://mj12bot.com/)"
188.165.217.198 - - [30/Dec/2025:01:16:23 +0300] "GET /works/oil/?fileloc=/var/www/levasheva.ru/public/wp-signup.php&path=/var/www/levasheva.ru/public HTTP/1.1" 200 10782 "-" "Mozilla/5.0 (compatible; MJ12bot/v1.4.8; http://mj12bot.com/)"
216.73.216.89 - - [30/Dec/2025:01:16:25 +0300] "GET /works/japanese-painting/irina_levasheva_japan_painting_070?fileloc=%2Fvar%2Fwww%2Flevasheva.ru%2Fpublic%2Fwp-activate.php&path=%2Fvar%2Fwww%2Flevasheva.ru%2Fpublic HTTP/2.0" 200 5072 "-" "Mozilla/5.0 AppleWebKit/537.36 (KHTML, like Gecko; compatible; ClaudeBot/1.0; +claudebot@anthropic.com)"
216.73.216.89 - - [30/Dec/2025:01:16:25 +0300] "GET /works/japanese-painting/irina_levasheva_japan_painting_070?fileloc=%2Fvar%2Fwww%2Flevasheva.ru%2Fpublic%2Fwp-mail.php&path=%2Fvar%2Fwww%2Flevasheva.ru%2Fpublic HTTP/2.0" 200 5608 "-" "Mozilla/5.0 AppleWebKit/537.36 (KHTML, like Gecko; compatible; ClaudeBot/1.0; +claudebot@anthropic.com)"
216.73.216.89 - - [30/Dec/2025:01:16:26 +0300] "GET /works/japanese-painting/irina_levasheva_japan_painting_070?path=%2Fvar%2Fwww%2Flevasheva.ru%2Fpublic HTTP/2.0" 200 4920 "-" "Mozilla/5.0 AppleWebKit/537.36 (KHTML, like Gecko; compatible; ClaudeBot/1.0; +claudebot@anthropic.com)"
188.165.217.198 - - [30/Dec/2025:01:16:26 +0300] "GET /works/oil/?fileloc=/var/www/levasheva.ru/public/wp-trackback.php&path=/var/www/levasheva.ru/public HTTP/1.1" 200 4417 "-" "Mozilla/5.0 (compatible; MJ12bot/v1.4.8; http://mj12bot.com/)"
47.128.99.67 - - [30/Dec/2025:01:16:29 +0300] "GET / HTTP/2.0" 200 4920 "-" "Mozilla/5.0 (Linux; Android 5.0) AppleWebKit/537.36 (KHTML, like Gecko) Mobile Safari/537.36 (compatible; Bytespider; spider-feedback@bytedance.com)"
188.165.217.198 - - [30/Dec/2025:01:16:31 +0300] "GET /works/oil/?path=/ HTTP/1.1" 200 3807 "-" "Mozilla/5.0 (compatible; MJ12bot/v1.4.8; http://mj12bot.com/)"
188.165.217.198 - - [30/Dec/2025:01:16:36 +0300] "GET /works/oil/?path=/var HTTP/1.1" 200 3286 "-" "Mozilla/5.0 (compatible; MJ12bot/v1.4.8; http://mj12bot.com/)"
216.73.216.89 - - [30/Dec/2025:01:16:39 +0300] "GET /works/japanese-painting/irina_levasheva_japan_painting_070?path=%2Fvar%2Fwww%2Flevasheva.ru%2Fpublic%2F.tmb HTTP/2.0" 200 4625 "-" "Mozilla/5.0 AppleWebKit/537.36 (KHTML, like Gecko; compatible; ClaudeBot/1.0; +claudebot@anthropic.com)"
216.73.216.89 - - [30/Dec/2025:01:16:39 +0300] "GET /works/japanese-painting/irina_levasheva_japan_painting_070?fileloc=%2Fvar%2Fwww%2Flevasheva.ru%2Fpublic%2Fwp-config.php&path=%2Fvar%2Fwww%2Flevasheva.ru%2Fpublic HTTP/2.0" 200 3514 "-" "Mozilla/5.0 AppleWebKit/537.36 (KHTML, like Gecko; compatible; ClaudeBot/1.0; +claudebot@anthropic.com)"
216.73.216.89 - - [30/Dec/2025:01:16:40 +0300] "GET /works/japanese-painting/irina_levasheva_japan_painting_070?fileloc=%2Fvar%2Fwww%2Flevasheva.ru%2Fpublic%2Fwp-blog-header.php&path=%2Fvar%2Fwww%2Flevasheva.ru%2Fpublic HTTP/2.0" 200 2758 "-" "Mozilla/5.0 AppleWebKit/537.36 (KHTML, like Gecko; compatible; ClaudeBot/1.0; +claudebot@anthropic.com)"
188.165.217.198 - - [30/Dec/2025:01:16:43 +0300] "GET /works/oil/?path=/var/www HTTP/1.1" 200 3040 "-" "Mozilla/5.0 (compatible; MJ12bot/v1.4.8; http://mj12bot.com/)"
188.165.217.198 - - [30/Dec/2025:01:16:45 +0300] "GET /works/oil/?path=/var/www/levasheva.ru HTTP/1.1" 200 2964 "-" "Mozilla/5.0 (compatible; MJ12bot/v1.4.8; http://mj12bot.com/)"
188.165.217.198 - - [30/Dec/2025:01:16:48 +0300] "GET /works/oil/?path=/var/www/levasheva.ru/public HTTP/1.1" 200 4933 "-" "Mozilla/5.0 (compatible; MJ12bot/v1.4.8; http://mj12bot.com/)"
188.165.217.198 - - [30/Dec/2025:01:16:53 +0300] "GET /works/oil/?path=/var/www/levasheva.ru/public/.tmb HTTP/1.1" 200 4638 "-" "Mozilla/5.0 (compatible; MJ12bot/v1.4.8; http://mj12bot.com/)"
188.165.217.198 - - [30/Dec/2025:01:16:58 +0300] "GET /works/oil/?path=/var/www/levasheva.ru/public/wp-admin HTTP/1.1" 200 7345 "-" "Mozilla/5.0 (compatible; MJ12bot/v1.4.8; http://mj12bot.com/)"
188.165.217.198 - - [30/Dec/2025:01:17:03 +0300] "GET /works/oil/?path=/var/www/levasheva.ru/public/wp-content HTTP/1.1" 200 3316 "-" "Mozilla/5.0 (compatible; MJ12bot/v1.4.8; http://mj12bot.com/)"
216.73.216.89 - - [30/Dec/2025:01:17:03 +0300] "GET /works/japanese-painting/irina_levasheva_japan_painting_070?fileloc=%2Fvar%2Fwww%2Flevasheva.ru%2Fpublic%2Findex.php&path=%2Fvar%2Fwww%2Flevasheva.ru%2Fpublic HTTP/2.0" 200 2783 "-" "Mozilla/5.0 AppleWebKit/537.36 (KHTML, like Gecko; compatible; ClaudeBot/1.0; +claudebot@anthropic.com)"
216.73.216.89 - - [30/Dec/2025:01:17:03 +0300] "GET /works/japanese-painting/irina_levasheva_japan_painting_070?fileloc=%2Fvar%2Fwww%2Flevasheva.ru%2Fpublic%2Fwp-login.php&path=%2Fvar%2Fwww%2Flevasheva.ru%2Fpublic HTTP/2.0" 200 15767 "-" "Mozilla/5.0 AppleWebKit/537.36 (KHTML, like Gecko; compatible; ClaudeBot/1.0; +claudebot@anthropic.com)"
188.165.217.198 - - [30/Dec/2025:01:17:05 +0300] "GET /works/oil/?path=/var/www/levasheva.ru/public/wp-includes HTTP/1.1" 200 14766 "-" "Mozilla/5.0 (compatible; MJ12bot/v1.4.8; http://mj12bot.com/)"
188.165.217.198 - - [30/Dec/2025:01:17:10 +0300] "GET /works/restoration/?fileloc=/var/www/levasheva.ru/public/apple-touch-icon-114x114.png&path=/var/www/levasheva.ru/public HTTP/1.1" 200 2588 "-" "Mozilla/5.0 (compatible; MJ12bot/v1.4.8; http://mj12bot.com/)"
188.165.217.198 - - [30/Dec/2025:01:17:12 +0300] "GET /works/restoration/?fileloc=/var/www/levasheva.ru/public/apple-touch-icon-120x120.png&path=/var/www/levasheva.ru/public HTTP/1.1" 200 2588 "-" "Mozilla/5.0 (compatible; MJ12bot/v1.4.8; http://mj12bot.com/)"
188.165.217.198 - - [30/Dec/2025:01:17:16 +0300] "GET /works/restoration/?fileloc=/var/www/levasheva.ru/public/apple-touch-icon-144x144.png&path=/var/www/levasheva.ru/public HTTP/1.1" 200 2588 "-" "Mozilla/5.0 (compatible; MJ12bot/v1.4.8; http://mj12bot.com/)"
216.73.216.89 - - [30/Dec/2025:01:17:19 +0300] "GET /works/japanese-painting/irina_levasheva_japan_painting_070?fileloc=%2Fvar%2Fwww%2Flevasheva.ru%2Fpublic%2Fbrowserconfig.xml&path=%2Fvar%2Fwww%2Flevasheva.ru%2Fpublic HTTP/2.0" 200 2729 "-" "Mozilla/5.0 AppleWebKit/537.36 (KHTML, like Gecko; compatible; ClaudeBot/1.0; +claudebot@anthropic.com)"
216.73.216.89 - - [30/Dec/2025:01:17:19 +0300] "GET /works/japanese-painting/irina_levasheva_japan_painting_070?fileloc=%2Fvar%2Fwww%2Flevasheva.ru%2Fpublic%2Fwp-links-opml.php&path=%2Fvar%2Fwww%2Flevasheva.ru%2Fpublic HTTP/2.0" 200 3685 "-" "Mozilla/5.0 AppleWebKit/537.36 (KHTML, like Gecko; compatible; ClaudeBot/1.0; +claudebot@anthropic.com)"
188.165.217.198 - - [30/Dec/2025:01:17:20 +0300] "GET /works/restoration/?fileloc=/var/www/levasheva.ru/public/apple-touch-icon-152x152.png&path=/var/www/levasheva.ru/public HTTP/1.1" 200 2588 "-" "Mozilla/5.0 (compatible; MJ12bot/v1.4.8; http://mj12bot.com/)"
188.165.217.198 - - [30/Dec/2025:01:17:24 +0300] "GET /works/restoration/?fileloc=/var/www/levasheva.ru/public/apple-touch-icon-180x180.png&path=/var/www/levasheva.ru/public HTTP/1.1" 200 2588 "-" "Mozilla/5.0 (compatible; MJ12bot/v1.4.8; http://mj12bot.com/)"
188.165.217.198 - - [30/Dec/2025:01:17:27 +0300] "GET /works/restoration/?fileloc=/var/www/levasheva.ru/public/apple-touch-icon-57x57.png&path=/var/www/levasheva.ru/public HTTP/1.1" 200 2588 "-" "Mozilla/5.0 (compatible; MJ12bot/v1.4.8; http://mj12bot.com/)"
188.165.217.198 - - [30/Dec/2025:01:17:30 +0300] "GET /works/restoration/?fileloc=/var/www/levasheva.ru/public/apple-touch-icon-60x60.png&path=/var/www/levasheva.ru/public HTTP/1.1" 200 2588 "-" "Mozilla/5.0 (compatible; MJ12bot/v1.4.8; http://mj12bot.com/)"
