File: /var/log/nginx/levasheva.ru_access.log
167.172.169.77 - - [30/Dec/2025:00:00:10 +0300] "GET / HTTP/1.1" 200 79147 "-" "Mozilla/5.0 (Windows NT 10.0; Win64; x64) AppleWebKit/537.36 (KHTML, like Gecko) Chrome/143.0.0.0 Safari/537.36"
198.244.183.111 - - [30/Dec/2025:00:00:19 +0300] "GET /volshebstvo-yaponskoj-tushi-v-muzee-usadbe-arxangelskoe/archangelskoe-1-2014/?path=/var/www/levasheva.ru HTTP/2.0" 200 2952 "-" "Mozilla/5.0 (compatible; AhrefsBot/7.0; +http://ahrefs.com/robot/)"
114.119.156.140 - - [30/Dec/2025:00:02:31 +0300] "GET /mezhdunarodnaya-vystavka-konkurs-art-geografiya/irina_levasheva_02/ HTTP/1.1" 200 4933 "https://levasheva.ru/attachment-sitemap.xml" "Mozilla/5.0 (Linux; Android 7.0;) AppleWebKit/537.36 (KHTML, like Gecko) Mobile Safari/537.36 (compatible; PetalBot;+https://webmaster.petalsearch.com/site/petalbot)"
114.119.159.234 - - [30/Dec/2025:00:03:56 +0300] "GET /vystavka-tvorchestvo-i-restavraciya-v-egorevske/irina_levasheva_egoryevsk_07/ HTTP/1.1" 200 4933 "https://levasheva.ru/attachment-sitemap.xml" "Mozilla/5.0 (Linux; Android 7.0;) AppleWebKit/537.36 (KHTML, like Gecko) Mobile Safari/537.36 (compatible; PetalBot;+https://webmaster.petalsearch.com/site/petalbot)"
160.250.187.4 - - [30/Dec/2025:00:04:09 +0300] "GET /wp-login.php HTTP/2.0" 200 4920 "-" "Mozilla/5.0 (Windows NT 10.0; Win64; x64) AppleWebKit/537.36 (KHTML, like Gecko) Chrome/63.0.3239.108 Safari/537.36 OPR/50.0.2762.45"
160.250.187.4 - - [30/Dec/2025:00:04:13 +0300] "POST /wp-login.php HTTP/2.0" 200 4920 "https://levasheva.ru/wp-login.php" "Mozilla/5.0 (Windows NT 10.0; Win64; x64) AppleWebKit/537.36 (KHTML, like Gecko) Chrome/63.0.3239.108 Safari/537.36 OPR/50.0.2762.45"
198.244.242.37 - - [30/Dec/2025:00:05:40 +0300] "GET /volshebstvo-yaponskoj-tushi-v-muzee-usadbe-arxangelskoe/archangelskoe-1-2014/?path=/var/www HTTP/2.0" 200 3028 "-" "Mozilla/5.0 (compatible; AhrefsBot/7.0; +http://ahrefs.com/robot/)"
116.179.32.145 - - [30/Dec/2025:00:08:00 +0300] "GET /konkurs-500-luchshix-rabot-za-2015-god-vo-vseyaponskom-obshhestve-iskusstva-sujbokuga/ HTTP/1.1" 200 4933 "-" "Mozilla/5.0 (compatible; Baiduspider/2.0; +http://www.baidu.com/search/spider.html)"
51.195.244.45 - - [30/Dec/2025:00:11:18 +0300] "GET /volshebstvo-yaponskoj-tushi-v-muzee-usadbe-arxangelskoe/archangelskoe-1-2014/?path=/var HTTP/2.0" 200 3274 "-" "Mozilla/5.0 (compatible; AhrefsBot/7.0; +http://ahrefs.com/robot/)"
216.73.216.89 - - [30/Dec/2025:00:11:46 +0300] "GET /robots.txt HTTP/2.0" 200 4920 "-" "Mozilla/5.0 AppleWebKit/537.36 (KHTML, like Gecko; compatible; ClaudeBot/1.0; +claudebot@anthropic.com)"
216.73.216.89 - - [30/Dec/2025:00:11:46 +0300] "GET /sitemap_index.xml?path=%2Fvar%2Fwww%2Flevasheva.ru HTTP/2.0" 200 2952 "-" "Mozilla/5.0 AppleWebKit/537.36 (KHTML, like Gecko; compatible; ClaudeBot/1.0; +claudebot@anthropic.com)"
216.73.216.89 - - [30/Dec/2025:00:11:46 +0300] "GET /sitemap_index.xml?path=%2Fvar%2Fwww HTTP/2.0" 200 3028 "-" "Mozilla/5.0 AppleWebKit/537.36 (KHTML, like Gecko; compatible; ClaudeBot/1.0; +claudebot@anthropic.com)"
216.73.216.89 - - [30/Dec/2025:00:11:47 +0300] "GET /sitemap_index.xml?path=%2Fvar HTTP/2.0" 200 3274 "-" "Mozilla/5.0 AppleWebKit/537.36 (KHTML, like Gecko; compatible; ClaudeBot/1.0; +claudebot@anthropic.com)"
216.73.216.89 - - [30/Dec/2025:00:11:47 +0300] "GET /sitemap_index.xml?path=%2F HTTP/2.0" 200 3795 "-" "Mozilla/5.0 AppleWebKit/537.36 (KHTML, like Gecko; compatible; ClaudeBot/1.0; +claudebot@anthropic.com)"
216.73.216.89 - - [30/Dec/2025:00:12:22 +0300] "GET /sitemap_index.xml?path=%2Fvar%2Fwww%2Flevasheva.ru%2Fpublic HTTP/2.0" 200 4920 "-" "Mozilla/5.0 AppleWebKit/537.36 (KHTML, like Gecko; compatible; ClaudeBot/1.0; +claudebot@anthropic.com)"
216.73.216.89 - - [30/Dec/2025:00:12:22 +0300] "GET /sitemap_index.xml?path=%2Fvar%2Fwww%2Flevasheva.ru%2Fpublic%2Fwp-includes HTTP/2.0" 200 14753 "-" "Mozilla/5.0 AppleWebKit/537.36 (KHTML, like Gecko; compatible; ClaudeBot/1.0; +claudebot@anthropic.com)"
216.73.216.89 - - [30/Dec/2025:00:12:22 +0300] "GET /sitemap_index.xml?path=%2Fvar%2Fwww%2Flevasheva.ru%2Fpublic%2Fwp-admin HTTP/2.0" 200 7332 "-" "Mozilla/5.0 AppleWebKit/537.36 (KHTML, like Gecko; compatible; ClaudeBot/1.0; +claudebot@anthropic.com)"
216.73.216.89 - - [30/Dec/2025:00:13:15 +0300] "GET /sitemap_index.xml?fileloc=%2Fvar%2Fwww%2Flevasheva.ru%2Fpublic%2Fwp-comments-post.php&path=%2Fvar%2Fwww%2Flevasheva.ru%2Fpublic HTTP/2.0" 200 3612 "-" "Mozilla/5.0 AppleWebKit/537.36 (KHTML, like Gecko; compatible; ClaudeBot/1.0; +claudebot@anthropic.com)"
216.73.216.89 - - [30/Dec/2025:00:13:15 +0300] "GET /sitemap_index.xml?path=%2Fvar%2Fwww%2Flevasheva.ru%2Fpublic%2F.tmb HTTP/2.0" 200 4625 "-" "Mozilla/5.0 AppleWebKit/537.36 (KHTML, like Gecko; compatible; ClaudeBot/1.0; +claudebot@anthropic.com)"
216.73.216.89 - - [30/Dec/2025:00:13:16 +0300] "GET /sitemap_index.xml?path=%2Fvar%2Fwww%2Flevasheva.ru%2Fpublic%2Fwp-content HTTP/2.0" 200 3304 "-" "Mozilla/5.0 AppleWebKit/537.36 (KHTML, like Gecko; compatible; ClaudeBot/1.0; +claudebot@anthropic.com)"
216.73.216.89 - - [30/Dec/2025:00:13:58 +0300] "GET /sitemap_index.xml?fileloc=%2Fvar%2Fwww%2Flevasheva.ru%2Fpublic%2Fwp-load.php&path=%2Fvar%2Fwww%2Flevasheva.ru%2Fpublic HTTP/2.0" 200 4194 "-" "Mozilla/5.0 AppleWebKit/537.36 (KHTML, like Gecko; compatible; ClaudeBot/1.0; +claudebot@anthropic.com)"
216.73.216.89 - - [30/Dec/2025:00:13:58 +0300] "GET /sitemap_index.xml?fileloc=%2Fvar%2Fwww%2Flevasheva.ru%2Fpublic%2Fwp-config-sample.php&path=%2Fvar%2Fwww%2Flevasheva.ru%2Fpublic HTTP/2.0" 200 3862 "-" "Mozilla/5.0 AppleWebKit/537.36 (KHTML, like Gecko; compatible; ClaudeBot/1.0; +claudebot@anthropic.com)"
216.73.216.89 - - [30/Dec/2025:00:13:59 +0300] "GET /sitemap_index.xml?fileloc=%2Fvar%2Fwww%2Flevasheva.ru%2Fpublic%2Fxmlrpc.php&path=%2Fvar%2Fwww%2Flevasheva.ru%2Fpublic HTTP/2.0" 200 3978 "-" "Mozilla/5.0 AppleWebKit/537.36 (KHTML, like Gecko; compatible; ClaudeBot/1.0; +claudebot@anthropic.com)"
31.163.58.38 - - [30/Dec/2025:00:14:24 +0300] "GET /favicon.ico HTTP/2.0" 200 4920 "https://levasheva.ru/wp-content/uploads/2018/10/irina_levasheva_pevek_2018_01.jpg" "Mozilla/5.0 (Windows NT 10.0; Win64; x64) AppleWebKit/537.36 (KHTML, like Gecko) Chrome/140.0.0.0 YaBrowser/25.10.0.0 Safari/537.36"
31.163.58.38 - - [30/Dec/2025:00:14:24 +0300] "GET /favicon.ico HTTP/2.0" 200 4920 "https://levasheva.ru/wp-content/uploads/2018/10/irina_levasheva_pevek_2018_01.jpg" "Mozilla/5.0 (Windows NT 10.0; Win64; x64) AppleWebKit/537.36 (KHTML, like Gecko) Chrome/140.0.0.0 YaBrowser/25.10.0.0 Safari/537.36"
216.73.216.89 - - [30/Dec/2025:00:14:50 +0300] "GET /sitemap_index.xml?fileloc=%2Fvar%2Fwww%2Flevasheva.ru%2Fpublic%2Fwp-trackback.php&path=%2Fvar%2Fwww%2Flevasheva.ru%2Fpublic HTTP/2.0" 200 4404 "-" "Mozilla/5.0 AppleWebKit/537.36 (KHTML, like Gecko; compatible; ClaudeBot/1.0; +claudebot@anthropic.com)"
216.73.216.89 - - [30/Dec/2025:00:14:50 +0300] "GET /sitemap_index.xml?fileloc=%2Fvar%2Fwww%2Flevasheva.ru%2Fpublic%2Fwp-settings.php&path=%2Fvar%2Fwww%2Flevasheva.ru%2Fpublic HTTP/2.0" 200 8795 "-" "Mozilla/5.0 AppleWebKit/537.36 (KHTML, like Gecko; compatible; ClaudeBot/1.0; +claudebot@anthropic.com)"
216.73.216.89 - - [30/Dec/2025:00:14:50 +0300] "GET /sitemap_index.xml?fileloc=%2Fvar%2Fwww%2Flevasheva.ru%2Fpublic%2Fwp-activate.php&path=%2Fvar%2Fwww%2Flevasheva.ru%2Fpublic HTTP/2.0" 200 5072 "-" "Mozilla/5.0 AppleWebKit/537.36 (KHTML, like Gecko; compatible; ClaudeBot/1.0; +claudebot@anthropic.com)"
216.73.216.89 - - [30/Dec/2025:00:15:12 +0300] "GET /sitemap_index.xml?fileloc=%2Fvar%2Fwww%2Flevasheva.ru%2Fpublic%2Fwp-mail.php&path=%2Fvar%2Fwww%2Flevasheva.ru%2Fpublic HTTP/2.0" 200 5608 "-" "Mozilla/5.0 AppleWebKit/537.36 (KHTML, like Gecko; compatible; ClaudeBot/1.0; +claudebot@anthropic.com)"
216.73.216.89 - - [30/Dec/2025:00:15:12 +0300] "GET /sitemap_index.xml?fileloc=%2Fvar%2Fwww%2Flevasheva.ru%2Fpublic%2Fwp-config.php&path=%2Fvar%2Fwww%2Flevasheva.ru%2Fpublic HTTP/2.0" 200 3514 "-" "Mozilla/5.0 AppleWebKit/537.36 (KHTML, like Gecko; compatible; ClaudeBot/1.0; +claudebot@anthropic.com)"
216.73.216.89 - - [30/Dec/2025:00:15:12 +0300] "GET /sitemap_index.xml?fileloc=%2Fvar%2Fwww%2Flevasheva.ru%2Fpublic%2Fwp-cron.php&path=%2Fvar%2Fwww%2Flevasheva.ru%2Fpublic HTTP/2.0" 200 4650 "-" "Mozilla/5.0 AppleWebKit/537.36 (KHTML, like Gecko; compatible; ClaudeBot/1.0; +claudebot@anthropic.com)"
216.73.216.89 - - [30/Dec/2025:00:15:55 +0300] "GET /sitemap_index.xml?fileloc=%2Fvar%2Fwww%2Flevasheva.ru%2Fpublic%2Fbrowserconfig.xml&path=%2Fvar%2Fwww%2Flevasheva.ru%2Fpublic HTTP/2.0" 200 2729 "-" "Mozilla/5.0 AppleWebKit/537.36 (KHTML, like Gecko; compatible; ClaudeBot/1.0; +claudebot@anthropic.com)"
216.73.216.89 - - [30/Dec/2025:00:15:55 +0300] "GET /sitemap_index.xml?fileloc=%2Fvar%2Fwww%2Flevasheva.ru%2Fpublic%2Fwp-links-opml.php&path=%2Fvar%2Fwww%2Flevasheva.ru%2Fpublic HTTP/2.0" 200 3685 "-" "Mozilla/5.0 AppleWebKit/537.36 (KHTML, like Gecko; compatible; ClaudeBot/1.0; +claudebot@anthropic.com)"
216.73.216.89 - - [30/Dec/2025:00:15:56 +0300] "GET /sitemap_index.xml?fileloc=%2Fvar%2Fwww%2Flevasheva.ru%2Fpublic%2Fwp-blog-header.php&path=%2Fvar%2Fwww%2Flevasheva.ru%2Fpublic HTTP/2.0" 200 2758 "-" "Mozilla/5.0 AppleWebKit/537.36 (KHTML, like Gecko; compatible; ClaudeBot/1.0; +claudebot@anthropic.com)"
216.73.216.89 - - [30/Dec/2025:00:16:08 +0300] "GET /sitemap_index.xml?fileloc=%2Fvar%2Fwww%2Flevasheva.ru%2Fpublic%2Findex.php&path=%2Fvar%2Fwww%2Flevasheva.ru%2Fpublic HTTP/2.0" 200 2783 "-" "Mozilla/5.0 AppleWebKit/537.36 (KHTML, like Gecko; compatible; ClaudeBot/1.0; +claudebot@anthropic.com)"
216.73.216.89 - - [30/Dec/2025:00:16:08 +0300] "GET /sitemap_index.xml?fileloc=%2Fvar%2Fwww%2Flevasheva.ru%2Fpublic%2Fwp-login.php&path=%2Fvar%2Fwww%2Flevasheva.ru%2Fpublic HTTP/2.0" 200 15767 "-" "Mozilla/5.0 AppleWebKit/537.36 (KHTML, like Gecko; compatible; ClaudeBot/1.0; +claudebot@anthropic.com)"
216.73.216.89 - - [30/Dec/2025:00:16:08 +0300] "GET /sitemap_index.xml?fileloc=%2Fvar%2Fwww%2Flevasheva.ru%2Fpublic%2Finfo.php&path=%2Fvar%2Fwww%2Flevasheva.ru%2Fpublic HTTP/2.0" 200 2586 "-" "Mozilla/5.0 AppleWebKit/537.36 (KHTML, like Gecko; compatible; ClaudeBot/1.0; +claudebot@anthropic.com)"
51.195.215.113 - - [30/Dec/2025:00:16:47 +0300] "GET /volshebstvo-yaponskoj-tushi-v-muzee-usadbe-arxangelskoe/archangelskoe-1-2014/?path=/ HTTP/2.0" 200 3795 "-" "Mozilla/5.0 (compatible; AhrefsBot/7.0; +http://ahrefs.com/robot/)"
216.73.216.89 - - [30/Dec/2025:00:17:00 +0300] "GET /sitemap_index.xml?fileloc=%2Fvar%2Fwww%2Flevasheva.ru%2Fpublic%2Fapple-touch-icon-76x76.png&path=%2Fvar%2Fwww%2Flevasheva.ru%2Fpublic HTTP/2.0" 200 2576 "-" "Mozilla/5.0 AppleWebKit/537.36 (KHTML, like Gecko; compatible; ClaudeBot/1.0; +claudebot@anthropic.com)"
216.73.216.89 - - [30/Dec/2025:00:17:00 +0300] "GET /sitemap_index.xml?fileloc=%2Fvar%2Fwww%2Flevasheva.ru%2Fpublic%2Fapple-touch-icon.png&path=%2Fvar%2Fwww%2Flevasheva.ru%2Fpublic HTTP/2.0" 200 2571 "-" "Mozilla/5.0 AppleWebKit/537.36 (KHTML, like Gecko; compatible; ClaudeBot/1.0; +claudebot@anthropic.com)"
216.73.216.89 - - [30/Dec/2025:00:17:00 +0300] "GET /sitemap_index.xml?fileloc=%2Fvar%2Fwww%2Flevasheva.ru%2Fpublic%2Fapple-touch-icon-precomposed.png&path=%2Fvar%2Fwww%2Flevasheva.ru%2Fpublic HTTP/2.0" 200 2578 "-" "Mozilla/5.0 AppleWebKit/537.36 (KHTML, like Gecko; compatible; ClaudeBot/1.0; +claudebot@anthropic.com)"
216.73.216.89 - - [30/Dec/2025:00:17:22 +0300] "GET /sitemap_index.xml?fileloc=%2Fvar%2Fwww%2Flevasheva.ru%2Fpublic%2Fwp-signup.php&path=%2Fvar%2Fwww%2Flevasheva.ru%2Fpublic HTTP/2.0" 200 10769 "-" "Mozilla/5.0 AppleWebKit/537.36 (KHTML, like Gecko; compatible; ClaudeBot/1.0; +claudebot@anthropic.com)"
216.73.216.89 - - [30/Dec/2025:00:17:22 +0300] "GET /sitemap_index.xml?fileloc=%2Fvar%2Fwww%2Flevasheva.ru%2Fpublic%2Flicense.txt&path=%2Fvar%2Fwww%2Flevasheva.ru%2Fpublic HTTP/2.0" 200 9936 "-" "Mozilla/5.0 AppleWebKit/537.36 (KHTML, like Gecko; compatible; ClaudeBot/1.0; +claudebot@anthropic.com)"
216.73.216.89 - - [30/Dec/2025:00:17:23 +0300] "GET /sitemap_index.xml?fileloc=%2Fvar%2Fwww%2Flevasheva.ru%2Fpublic%2Freadme.html&path=%2Fvar%2Fwww%2Flevasheva.ru%2Fpublic HTTP/2.0" 200 5642 "-" "Mozilla/5.0 AppleWebKit/537.36 (KHTML, like Gecko; compatible; ClaudeBot/1.0; +claudebot@anthropic.com)"
216.73.216.89 - - [30/Dec/2025:00:17:33 +0300] "GET /sitemap_index.xml?fileloc=%2Fvar%2Fwww%2Flevasheva.ru%2Fpublic%2Ffavicon-32x32.png&path=%2Fvar%2Fwww%2Flevasheva.ru%2Fpublic HTTP/2.0" 200 2569 "-" "Mozilla/5.0 AppleWebKit/537.36 (KHTML, like Gecko; compatible; ClaudeBot/1.0; +claudebot@anthropic.com)"
216.73.216.89 - - [30/Dec/2025:00:17:33 +0300] "GET /sitemap_index.xml?fileloc=%2Fvar%2Fwww%2Flevasheva.ru%2Fpublic%2Fapple-touch-icon-152x152.png&path=%2Fvar%2Fwww%2Flevasheva.ru%2Fpublic HTTP/2.0" 200 2576 "-" "Mozilla/5.0 AppleWebKit/537.36 (KHTML, like Gecko; compatible; ClaudeBot/1.0; +claudebot@anthropic.com)"
216.73.216.89 - - [30/Dec/2025:00:17:33 +0300] "GET /sitemap_index.xml?fileloc=%2Fvar%2Fwww%2Flevasheva.ru%2Fpublic%2Ffavicon-96x96.png&path=%2Fvar%2Fwww%2Flevasheva.ru%2Fpublic HTTP/2.0" 200 2570 "-" "Mozilla/5.0 AppleWebKit/537.36 (KHTML, like Gecko; compatible; ClaudeBot/1.0; +claudebot@anthropic.com)"
216.73.216.89 - - [30/Dec/2025:00:17:56 +0300] "GET /sitemap_index.xml?fileloc=%2Fvar%2Fwww%2Flevasheva.ru%2Fpublic%2Ffavicon-16x16.png&path=%2Fvar%2Fwww%2Flevasheva.ru%2Fpublic HTTP/2.0" 200 2569 "-" "Mozilla/5.0 AppleWebKit/537.36 (KHTML, like Gecko; compatible; ClaudeBot/1.0; +claudebot@anthropic.com)"
216.73.216.89 - - [30/Dec/2025:00:17:56 +0300] "GET /sitemap_index.xml?fileloc=%2Fvar%2Fwww%2Flevasheva.ru%2Fpublic%2Fmstile-150x150.png&path=%2Fvar%2Fwww%2Flevasheva.ru%2Fpublic HTTP/2.0" 200 2568 "-" "Mozilla/5.0 AppleWebKit/537.36 (KHTML, like Gecko; compatible; ClaudeBot/1.0; +claudebot@anthropic.com)"
216.73.216.89 - - [30/Dec/2025:00:17:57 +0300] "GET /sitemap_index.xml?fileloc=%2Fvar%2Fwww%2Flevasheva.ru%2Fpublic%2Fmstile-70x70.png&path=%2Fvar%2Fwww%2Flevasheva.ru%2Fpublic HTTP/2.0" 200 2568 "-" "Mozilla/5.0 AppleWebKit/537.36 (KHTML, like Gecko; compatible; ClaudeBot/1.0; +claudebot@anthropic.com)"
216.73.216.89 - - [30/Dec/2025:00:18:50 +0300] "GET /sitemap_index.xml?fileloc=%2Fvar%2Fwww%2Flevasheva.ru%2Fpublic%2Fapple-touch-icon-72x72.png&path=%2Fvar%2Fwww%2Flevasheva.ru%2Fpublic HTTP/2.0" 200 2576 "-" "Mozilla/5.0 AppleWebKit/537.36 (KHTML, like Gecko; compatible; ClaudeBot/1.0; +claudebot@anthropic.com)"
216.73.216.89 - - [30/Dec/2025:00:18:50 +0300] "GET /sitemap_index.xml?fileloc=%2Fvar%2Fwww%2Flevasheva.ru%2Fpublic%2Ffavicon-192x192.png&path=%2Fvar%2Fwww%2Flevasheva.ru%2Fpublic HTTP/2.0" 200 2570 "-" "Mozilla/5.0 AppleWebKit/537.36 (KHTML, like Gecko; compatible; ClaudeBot/1.0; +claudebot@anthropic.com)"
216.73.216.89 - - [30/Dec/2025:00:18:51 +0300] "GET /sitemap_index.xml?fileloc=%2Fvar%2Fwww%2Flevasheva.ru%2Fpublic%2Fapple-touch-icon-60x60.png&path=%2Fvar%2Fwww%2Flevasheva.ru%2Fpublic HTTP/2.0" 200 2576 "-" "Mozilla/5.0 AppleWebKit/537.36 (KHTML, like Gecko; compatible; ClaudeBot/1.0; +claudebot@anthropic.com)"
216.73.216.89 - - [30/Dec/2025:00:19:03 +0300] "GET /sitemap_index.xml?fileloc=%2Fvar%2Fwww%2Flevasheva.ru%2Fpublic%2Fmstile-310x310.png&path=%2Fvar%2Fwww%2Flevasheva.ru%2Fpublic HTTP/2.0" 200 2568 "-" "Mozilla/5.0 AppleWebKit/537.36 (KHTML, like Gecko; compatible; ClaudeBot/1.0; +claudebot@anthropic.com)"
216.73.216.89 - - [30/Dec/2025:00:19:03 +0300] "GET /sitemap_index.xml?fileloc=%2Fvar%2Fwww%2Flevasheva.ru%2Fpublic%2Fmstile-310x150.png&path=%2Fvar%2Fwww%2Flevasheva.ru%2Fpublic HTTP/2.0" 200 2569 "-" "Mozilla/5.0 AppleWebKit/537.36 (KHTML, like Gecko; compatible; ClaudeBot/1.0; +claudebot@anthropic.com)"
216.73.216.89 - - [30/Dec/2025:00:19:04 +0300] "GET /sitemap_index.xml?fileloc=%2Fvar%2Fwww%2Flevasheva.ru%2Fpublic%2Fapple-touch-icon-57x57.png&path=%2Fvar%2Fwww%2Flevasheva.ru%2Fpublic HTTP/2.0" 200 2576 "-" "Mozilla/5.0 AppleWebKit/537.36 (KHTML, like Gecko; compatible; ClaudeBot/1.0; +claudebot@anthropic.com)"
216.73.216.89 - - [30/Dec/2025:00:19:32 +0300] "GET /sitemap_index.xml?fileloc=%2Fvar%2Fwww%2Flevasheva.ru%2Fpublic%2Fapple-touch-icon-144x144.png&path=%2Fvar%2Fwww%2Flevasheva.ru%2Fpublic HTTP/2.0" 200 2576 "-" "Mozilla/5.0 AppleWebKit/537.36 (KHTML, like Gecko; compatible; ClaudeBot/1.0; +claudebot@anthropic.com)"
216.73.216.89 - - [30/Dec/2025:00:19:32 +0300] "GET /sitemap_index.xml?fileloc=%2Fvar%2Fwww%2Flevasheva.ru%2Fpublic%2Fapple-touch-icon-120x120.png&path=%2Fvar%2Fwww%2Flevasheva.ru%2Fpublic HTTP/2.0" 200 2576 "-" "Mozilla/5.0 AppleWebKit/537.36 (KHTML, like Gecko; compatible; ClaudeBot/1.0; +claudebot@anthropic.com)"
216.73.216.89 - - [30/Dec/2025:00:19:32 +0300] "GET /sitemap_index.xml?fileloc=%2Fvar%2Fwww%2Flevasheva.ru%2Fpublic%2Fmstile-144x144.png&path=%2Fvar%2Fwww%2Flevasheva.ru%2Fpublic HTTP/2.0" 200 2568 "-" "Mozilla/5.0 AppleWebKit/537.36 (KHTML, like Gecko; compatible; ClaudeBot/1.0; +claudebot@anthropic.com)"
148.72.119.138 - - [30/Dec/2025:00:19:56 +0300] "POST /xmlrpc.php HTTP/2.0" 200 4920 "-" "Mozilla/5.0 (Windows NT 10.0; WOW64) AppleWebKit/537.36 (KHTML, like Gecko) Chrome/66.0.3359.170 Safari/537.36"
216.73.216.89 - - [30/Dec/2025:00:20:04 +0300] "GET /sitemap_index.xml?fileloc=%2Fvar%2Fwww%2Flevasheva.ru%2Fpublic%2Ffavicon-160x160.png&path=%2Fvar%2Fwww%2Flevasheva.ru%2Fpublic HTTP/2.0" 200 2570 "-" "Mozilla/5.0 AppleWebKit/537.36 (KHTML, like Gecko; compatible; ClaudeBot/1.0; +claudebot@anthropic.com)"
216.73.216.89 - - [30/Dec/2025:00:20:04 +0300] "GET /sitemap_index.xml?fileloc=%2Fvar%2Fwww%2Flevasheva.ru%2Fpublic%2Fapple-touch-icon-114x114.png&path=%2Fvar%2Fwww%2Flevasheva.ru%2Fpublic HTTP/2.0" 200 2576 "-" "Mozilla/5.0 AppleWebKit/537.36 (KHTML, like Gecko; compatible; ClaudeBot/1.0; +claudebot@anthropic.com)"
216.73.216.89 - - [30/Dec/2025:00:20:04 +0300] "GET /sitemap_index.xml?fileloc=%2Fvar%2Fwww%2Flevasheva.ru%2Fpublic%2Fapple-touch-icon-180x180.png&path=%2Fvar%2Fwww%2Flevasheva.ru%2Fpublic HTTP/2.0" 200 2576 "-" "Mozilla/5.0 AppleWebKit/537.36 (KHTML, like Gecko; compatible; ClaudeBot/1.0; +claudebot@anthropic.com)"
148.72.119.138 - - [30/Dec/2025:00:20:08 +0300] "POST /xmlrpc.php HTTP/2.0" 200 4920 "-" "Mozilla/5.0 (Windows NT 10.0; WOW64) AppleWebKit/537.36 (KHTML, like Gecko) Chrome/66.0.3359.170 Safari/537.36"
148.72.119.138 - - [30/Dec/2025:00:20:22 +0300] "POST /xmlrpc.php HTTP/2.0" 200 4920 "-" "Mozilla/5.0 (Windows NT 10.0; WOW64) AppleWebKit/537.36 (KHTML, like Gecko) Chrome/66.0.3359.170 Safari/537.36"
148.72.119.138 - - [30/Dec/2025:00:20:37 +0300] "POST /xmlrpc.php HTTP/2.0" 200 4920 "-" "Mozilla/5.0 (Windows NT 10.0; WOW64) AppleWebKit/537.36 (KHTML, like Gecko) Chrome/66.0.3359.170 Safari/537.36"
198.244.240.38 - - [30/Dec/2025:00:21:58 +0300] "GET /volshebstvo-yaponskoj-tushi-v-muzee-usadbe-arxangelskoe/archangelskoe-1-2014/?fileloc=/var/www/levasheva.ru/public/xmlrpc.php&path=/var/www/levasheva.ru/public HTTP/2.0" 200 3978 "-" "Mozilla/5.0 (compatible; AhrefsBot/7.0; +http://ahrefs.com/robot/)"
94.154.35.236 - - [30/Dec/2025:00:22:35 +0300] "HEAD /bitrix.tar HTTP/1.1" 301 0 "-" "Mozilla/5.0 (Windows NT 10.0; Win64; x64) AppleWebKit/537.36 (KHTML, like Gecko) Chrome/101.0.4951.67 Safari/537.36"
94.154.35.236 - - [30/Dec/2025:00:22:36 +0300] "HEAD /bitrix.tar HTTP/1.1" 200 0 "-" "Mozilla/5.0 (Windows NT 10.0; Win64; x64) AppleWebKit/537.36 (KHTML, like Gecko) Chrome/101.0.4951.67 Safari/537.36"
160.250.187.4 - - [30/Dec/2025:00:26:43 +0300] "POST /xmlrpc.php HTTP/2.0" 200 4920 "-" "Mozilla/5.0 (Macintosh; Intel Mac OS X 10_12_6) AppleWebKit/537.36 (KHTML, like Gecko) Chrome/65.0.3325.181 Safari/537.36"
160.250.187.4 - - [30/Dec/2025:00:26:55 +0300] "POST /xmlrpc.php HTTP/2.0" 200 4920 "-" "Mozilla/5.0 (Macintosh; Intel Mac OS X 10_12_6) AppleWebKit/537.36 (KHTML, like Gecko) Chrome/65.0.3325.181 Safari/537.36"
160.250.187.4 - - [30/Dec/2025:00:27:12 +0300] "POST /xmlrpc.php HTTP/2.0" 200 4920 "-" "Mozilla/5.0 (Macintosh; Intel Mac OS X 10_12_6) AppleWebKit/537.36 (KHTML, like Gecko) Chrome/65.0.3325.181 Safari/537.36"
198.244.183.217 - - [30/Dec/2025:00:27:22 +0300] "GET /sitemap_index.xml HTTP/2.0" 200 4920 "-" "Mozilla/5.0 (compatible; AhrefsBot/7.0; +http://ahrefs.com/robot/)"
160.250.187.4 - - [30/Dec/2025:00:27:27 +0300] "POST /xmlrpc.php HTTP/2.0" 200 4920 "-" "Mozilla/5.0 (Macintosh; Intel Mac OS X 10_12_6) AppleWebKit/537.36 (KHTML, like Gecko) Chrome/65.0.3325.181 Safari/537.36"
51.195.215.156 - - [30/Dec/2025:00:29:16 +0300] "GET /?pilihan&path=/var/www/levasheva.ru/public HTTP/2.0" 200 4920 "-" "Mozilla/5.0 (compatible; AhrefsBot/7.0; +http://ahrefs.com/robot/)"
51.89.129.216 - - [30/Dec/2025:00:31:30 +0300] "GET /?path=/var/www/levasheva.ru/public/wp-includes HTTP/2.0" 200 14753 "-" "Mozilla/5.0 (compatible; AhrefsBot/7.0; +http://ahrefs.com/robot/)"
66.249.70.107 - - [30/Dec/2025:00:32:55 +0300] "GET /tag/midori-yamada/ HTTP/1.1" 200 4933 "-" "Mozilla/5.0 (Linux; Android 6.0.1; Nexus 5X Build/MMB29P) AppleWebKit/537.36 (KHTML, like Gecko) Chrome/141.0.7390.122 Mobile Safari/537.36 (compatible; GoogleOther)"
198.244.242.110 - - [30/Dec/2025:00:35:52 +0300] "GET /?path=/var/www/levasheva.ru/public/wp-content HTTP/2.0" 200 3304 "-" "Mozilla/5.0 (compatible; AhrefsBot/7.0; +http://ahrefs.com/robot/)"
198.244.168.145 - - [30/Dec/2025:00:40:17 +0300] "GET /?path=/var/www/levasheva.ru/public/wp-admin HTTP/2.0" 200 7332 "-" "Mozilla/5.0 (compatible; AhrefsBot/7.0; +http://ahrefs.com/robot/)"
198.244.226.132 - - [30/Dec/2025:00:43:51 +0300] "GET /?path=/var/www/levasheva.ru/public/.tmb HTTP/2.0" 200 4625 "-" "Mozilla/5.0 (compatible; AhrefsBot/7.0; +http://ahrefs.com/robot/)"
51.81.14.24 - - [30/Dec/2025:00:43:51 +0300] "GET /wp-login.php HTTP/2.0" 200 4920 "-" "Mozilla/5.0 (Macintosh; Intel Mac OS X 10_12_5) AppleWebKit/537.36 (KHTML, like Gecko) Chrome/65.0.3325.181 Safari/537.36"
51.81.14.24 - - [30/Dec/2025:00:43:53 +0300] "POST /wp-login.php HTTP/2.0" 200 4920 "https://levasheva.ru/wp-login.php" "Mozilla/5.0 (Macintosh; Intel Mac OS X 10_12_5) AppleWebKit/537.36 (KHTML, like Gecko) Chrome/65.0.3325.181 Safari/537.36"
114.119.156.38 - - [30/Dec/2025:00:45:22 +0300] "GET /vystavka-nixon-no-bi-v-moskve/irina_levasheva_vmdi_11/ HTTP/1.1" 200 4933 "https://levasheva.ru/attachment-sitemap2.xml" "Mozilla/5.0 (Linux; Android 7.0;) AppleWebKit/537.36 (KHTML, like Gecko) Mobile Safari/537.36 (compatible; PetalBot;+https://webmaster.petalsearch.com/site/petalbot)"
45.157.54.19 - - [30/Dec/2025:00:46:03 +0300] "POST /xmlrpc.php HTTP/2.0" 200 79133 "-" "Mozilla/5.0 (Windows NT 10.0; Win64; x64) AppleWebKit/537.36 (KHTML, like Gecko) Chrome/127.0.0.0 Safari/537.36"
203.112.154.60 - - [30/Dec/2025:00:46:22 +0300] "POST /xmlrpc.php HTTP/2.0" 200 4920 "-" "Mozilla/5.0 (Macintosh; Intel Mac OS X 10_13_3) AppleWebKit/537.36 (KHTML, like Gecko) Chrome/65.0.3325.162 Safari/537.36"
203.112.154.60 - - [30/Dec/2025:00:46:28 +0300] "POST /xmlrpc.php HTTP/2.0" 200 4920 "-" "Mozilla/5.0 (Macintosh; Intel Mac OS X 10_13_3) AppleWebKit/537.36 (KHTML, like Gecko) Chrome/65.0.3325.162 Safari/537.36"
203.112.154.60 - - [30/Dec/2025:00:46:30 +0300] "POST /xmlrpc.php HTTP/2.0" 200 4920 "-" "Mozilla/5.0 (Macintosh; Intel Mac OS X 10_13_3) AppleWebKit/537.36 (KHTML, like Gecko) Chrome/65.0.3325.162 Safari/537.36"
203.112.154.60 - - [30/Dec/2025:00:46:40 +0300] "POST /xmlrpc.php HTTP/2.0" 200 4920 "-" "Mozilla/5.0 (Macintosh; Intel Mac OS X 10_13_3) AppleWebKit/537.36 (KHTML, like Gecko) Chrome/65.0.3325.162 Safari/537.36"
198.244.226.135 - - [30/Dec/2025:00:47:56 +0300] "GET /?path=/var/www/levasheva.ru/public HTTP/2.0" 200 4920 "-" "Mozilla/5.0 (compatible; AhrefsBot/7.0; +http://ahrefs.com/robot/)"
198.244.226.81 - - [30/Dec/2025:00:49:46 +0300] "GET /?path=/var/www/levasheva.ru HTTP/2.0" 200 2952 "-" "Mozilla/5.0 (compatible; AhrefsBot/7.0; +http://ahrefs.com/robot/)"
15.235.59.82 - - [30/Dec/2025:00:50:44 +0300] "POST /xmlrpc.php HTTP/2.0" 200 79133 "-" "Mozilla/5.0 (Windows NT 10.0; Win64; x64) AppleWebKit/537.36 (KHTML, like Gecko) Chrome/127.0.0.0 Safari/537.36"
83.137.145.97 - - [30/Dec/2025:00:51:00 +0300] "POST /xmlrpc.php HTTP/1.1" 200 4933 "-" "Mozilla/5.0 (Windows NT 10.0; Win64; x64; rv:90.0) Gecko/20100101 Firefox/90.0"
198.244.240.2 - - [30/Dec/2025:00:53:49 +0300] "GET /?path=/var/www HTTP/2.0" 200 3028 "-" "Mozilla/5.0 (compatible; AhrefsBot/7.0; +http://ahrefs.com/robot/)"
54.38.147.236 - - [30/Dec/2025:00:57:48 +0300] "GET /?path=/var HTTP/2.0" 200 3274 "-" "Mozilla/5.0 (compatible; AhrefsBot/7.0; +http://ahrefs.com/robot/)"
216.73.216.89 - - [30/Dec/2025:00:58:49 +0300] "GET /konkurs-500-luchshix-rabot-za-2016-god-vo-vseyaponskom-obshhestve-iskusstva-sujbokuga/irina_levasheva_suibokuga_tokyo_2016_06?fileloc=%2Fvar%2Fwww%2Flevasheva.ru%2Fpublic%2Fwp-activate.php&path=%2Fvar%2Fwww%2Flevasheva.ru%2Fpublic HTTP/2.0" 200 5072 "-" "Mozilla/5.0 AppleWebKit/537.36 (KHTML, like Gecko; compatible; ClaudeBot/1.0; +claudebot@anthropic.com)"
216.73.216.89 - - [30/Dec/2025:00:58:49 +0300] "GET /konkurs-500-luchshix-rabot-za-2016-god-vo-vseyaponskom-obshhestve-iskusstva-sujbokuga/irina_levasheva_suibokuga_tokyo_2016_06?fileloc=%2Fvar%2Fwww%2Flevasheva.ru%2Fpublic%2Fwp-cron.php&path=%2Fvar%2Fwww%2Flevasheva.ru%2Fpublic HTTP/2.0" 200 4650 "-" "Mozilla/5.0 AppleWebKit/537.36 (KHTML, like Gecko; compatible; ClaudeBot/1.0; +claudebot@anthropic.com)"
216.73.216.89 - - [30/Dec/2025:00:58:50 +0300] "GET /konkurs-500-luchshix-rabot-za-2016-god-vo-vseyaponskom-obshhestve-iskusstva-sujbokuga/irina_levasheva_suibokuga_tokyo_2016_06?fileloc=%2Fvar%2Fwww%2Flevasheva.ru%2Fpublic%2Fwp-mail.php&path=%2Fvar%2Fwww%2Flevasheva.ru%2Fpublic HTTP/2.0" 200 5608 "-" "Mozilla/5.0 AppleWebKit/537.36 (KHTML, like Gecko; compatible; ClaudeBot/1.0; +claudebot@anthropic.com)"
216.73.216.89 - - [30/Dec/2025:00:59:56 +0300] "GET /konkurs-500-luchshix-rabot-za-2016-god-vo-vseyaponskom-obshhestve-iskusstva-sujbokuga/irina_levasheva_suibokuga_tokyo_2016_06?fileloc=%2Fvar%2Fwww%2Flevasheva.ru%2Fpublic%2Fwp-config-sample.php&path=%2Fvar%2Fwww%2Flevasheva.ru%2Fpublic HTTP/2.0" 200 3862 "-" "Mozilla/5.0 AppleWebKit/537.36 (KHTML, like Gecko; compatible; ClaudeBot/1.0; +claudebot@anthropic.com)"
216.73.216.89 - - [30/Dec/2025:00:59:56 +0300] "GET /konkurs-500-luchshix-rabot-za-2016-god-vo-vseyaponskom-obshhestve-iskusstva-sujbokuga/irina_levasheva_suibokuga_tokyo_2016_06?path=%2Fvar%2Fwww%2Flevasheva.ru%2Fpublic%2Fwp-includes HTTP/2.0" 200 14753 "-" "Mozilla/5.0 AppleWebKit/537.36 (KHTML, like Gecko; compatible; ClaudeBot/1.0; +claudebot@anthropic.com)"
216.73.216.89 - - [30/Dec/2025:00:59:56 +0300] "GET /konkurs-500-luchshix-rabot-za-2016-god-vo-vseyaponskom-obshhestve-iskusstva-sujbokuga/irina_levasheva_suibokuga_tokyo_2016_06?fileloc=%2Fvar%2Fwww%2Flevasheva.ru%2Fpublic%2Fwp-settings.php&path=%2Fvar%2Fwww%2Flevasheva.ru%2Fpublic HTTP/2.0" 200 8795 "-" "Mozilla/5.0 AppleWebKit/537.36 (KHTML, like Gecko; compatible; ClaudeBot/1.0; +claudebot@anthropic.com)"
216.73.216.89 - - [30/Dec/2025:01:00:06 +0300] "GET /konkurs-500-luchshix-rabot-za-2016-god-vo-vseyaponskom-obshhestve-iskusstva-sujbokuga/irina_levasheva_suibokuga_tokyo_2016_06?fileloc=%2Fvar%2Fwww%2Flevasheva.ru%2Fpublic%2Fwp-config.php&path=%2Fvar%2Fwww%2Flevasheva.ru%2Fpublic HTTP/2.0" 200 3514 "-" "Mozilla/5.0 AppleWebKit/537.36 (KHTML, like Gecko; compatible; ClaudeBot/1.0; +claudebot@anthropic.com)"
216.73.216.89 - - [30/Dec/2025:01:00:06 +0300] "GET /konkurs-500-luchshix-rabot-za-2016-god-vo-vseyaponskom-obshhestve-iskusstva-sujbokuga/irina_levasheva_suibokuga_tokyo_2016_06?fileloc=%2Fvar%2Fwww%2Flevasheva.ru%2Fpublic%2Fwp-login.php&path=%2Fvar%2Fwww%2Flevasheva.ru%2Fpublic HTTP/2.0" 200 15767 "-" "Mozilla/5.0 AppleWebKit/537.36 (KHTML, like Gecko; compatible; ClaudeBot/1.0; +claudebot@anthropic.com)"
216.73.216.89 - - [30/Dec/2025:01:00:07 +0300] "GET /konkurs-500-luchshix-rabot-za-2016-god-vo-vseyaponskom-obshhestve-iskusstva-sujbokuga/irina_levasheva_suibokuga_tokyo_2016_06?fileloc=%2Fvar%2Fwww%2Flevasheva.ru%2Fpublic%2Finfo.php&path=%2Fvar%2Fwww%2Flevasheva.ru%2Fpublic HTTP/2.0" 200 2586 "-" "Mozilla/5.0 AppleWebKit/537.36 (KHTML, like Gecko; compatible; ClaudeBot/1.0; +claudebot@anthropic.com)"
216.73.216.89 - - [30/Dec/2025:01:00:49 +0300] "GET /konkurs-500-luchshix-rabot-za-2016-god-vo-vseyaponskom-obshhestve-iskusstva-sujbokuga/irina_levasheva_suibokuga_tokyo_2016_06?fileloc=%2Fvar%2Fwww%2Flevasheva.ru%2Fpublic%2Fwp-load.php&path=%2Fvar%2Fwww%2Flevasheva.ru%2Fpublic HTTP/2.0" 200 4194 "-" "Mozilla/5.0 AppleWebKit/537.36 (KHTML, like Gecko; compatible; ClaudeBot/1.0; +claudebot@anthropic.com)"
216.73.216.89 - - [30/Dec/2025:01:00:49 +0300] "GET /konkurs-500-luchshix-rabot-za-2016-god-vo-vseyaponskom-obshhestve-iskusstva-sujbokuga/irina_levasheva_suibokuga_tokyo_2016_06?fileloc=%2Fvar%2Fwww%2Flevasheva.ru%2Fpublic%2Fwp-comments-post.php&path=%2Fvar%2Fwww%2Flevasheva.ru%2Fpublic HTTP/2.0" 200 3612 "-" "Mozilla/5.0 AppleWebKit/537.36 (KHTML, like Gecko; compatible; ClaudeBot/1.0; +claudebot@anthropic.com)"
216.73.216.89 - - [30/Dec/2025:01:00:49 +0300] "GET /konkurs-500-luchshix-rabot-za-2016-god-vo-vseyaponskom-obshhestve-iskusstva-sujbokuga/irina_levasheva_suibokuga_tokyo_2016_06?fileloc=%2Fvar%2Fwww%2Flevasheva.ru%2Fpublic%2Fxmlrpc.php&path=%2Fvar%2Fwww%2Flevasheva.ru%2Fpublic HTTP/2.0" 200 3978 "-" "Mozilla/5.0 AppleWebKit/537.36 (KHTML, like Gecko; compatible; ClaudeBot/1.0; +claudebot@anthropic.com)"
198.244.242.94 - - [30/Dec/2025:01:01:15 +0300] "GET /?path=/ HTTP/2.0" 200 3795 "-" "Mozilla/5.0 (compatible; AhrefsBot/7.0; +http://ahrefs.com/robot/)"
45.157.54.19 - - [30/Dec/2025:01:01:25 +0300] "POST /xmlrpc.php HTTP/2.0" 200 79133 "-" "Mozilla/5.0 (Windows NT 10.0; Win64; x64) AppleWebKit/537.36 (KHTML, like Gecko) Chrome/127.0.0.0 Safari/537.36"
216.73.216.89 - - [30/Dec/2025:01:01:35 +0300] "GET /konkurs-500-luchshix-rabot-za-2016-god-vo-vseyaponskom-obshhestve-iskusstva-sujbokuga/irina_levasheva_suibokuga_tokyo_2016_06?fileloc=%2Fvar%2Fwww%2Flevasheva.ru%2Fpublic%2Fwp-links-opml.php&path=%2Fvar%2Fwww%2Flevasheva.ru%2Fpublic HTTP/2.0" 200 3685 "-" "Mozilla/5.0 AppleWebKit/537.36 (KHTML, like Gecko; compatible; ClaudeBot/1.0; +claudebot@anthropic.com)"
216.73.216.89 - - [30/Dec/2025:01:01:35 +0300] "GET /konkurs-500-luchshix-rabot-za-2016-god-vo-vseyaponskom-obshhestve-iskusstva-sujbokuga/irina_levasheva_suibokuga_tokyo_2016_06?fileloc=%2Fvar%2Fwww%2Flevasheva.ru%2Fpublic%2Findex.php&path=%2Fvar%2Fwww%2Flevasheva.ru%2Fpublic HTTP/2.0" 200 2783 "-" "Mozilla/5.0 AppleWebKit/537.36 (KHTML, like Gecko; compatible; ClaudeBot/1.0; +claudebot@anthropic.com)"
216.73.216.89 - - [30/Dec/2025:01:01:35 +0300] "GET /konkurs-500-luchshix-rabot-za-2016-god-vo-vseyaponskom-obshhestve-iskusstva-sujbokuga/irina_levasheva_suibokuga_tokyo_2016_06?path=%2Fvar%2Fwww%2Flevasheva.ru%2Fpublic%2Fwp-content HTTP/2.0" 200 3304 "-" "Mozilla/5.0 AppleWebKit/537.36 (KHTML, like Gecko; compatible; ClaudeBot/1.0; +claudebot@anthropic.com)"
216.73.216.89 - - [30/Dec/2025:01:01:42 +0300] "GET /konkurs-500-luchshix-rabot-za-2016-god-vo-vseyaponskom-obshhestve-iskusstva-sujbokuga/irina_levasheva_suibokuga_tokyo_2016_06?fileloc=%2Fvar%2Fwww%2Flevasheva.ru%2Fpublic%2Fwp-signup.php&path=%2Fvar%2Fwww%2Flevasheva.ru%2Fpublic HTTP/2.0" 200 10769 "-" "Mozilla/5.0 AppleWebKit/537.36 (KHTML, like Gecko; compatible; ClaudeBot/1.0; +claudebot@anthropic.com)"
216.73.216.89 - - [30/Dec/2025:01:01:42 +0300] "GET /konkurs-500-luchshix-rabot-za-2016-god-vo-vseyaponskom-obshhestve-iskusstva-sujbokuga/irina_levasheva_suibokuga_tokyo_2016_06?fileloc=%2Fvar%2Fwww%2Flevasheva.ru%2Fpublic%2Freadme.html&path=%2Fvar%2Fwww%2Flevasheva.ru%2Fpublic HTTP/2.0" 200 5642 "-" "Mozilla/5.0 AppleWebKit/537.36 (KHTML, like Gecko; compatible; ClaudeBot/1.0; +claudebot@anthropic.com)"
216.73.216.89 - - [30/Dec/2025:01:01:42 +0300] "GET /konkurs-500-luchshix-rabot-za-2016-god-vo-vseyaponskom-obshhestve-iskusstva-sujbokuga/irina_levasheva_suibokuga_tokyo_2016_06?fileloc=%2Fvar%2Fwww%2Flevasheva.ru%2Fpublic%2Fbrowserconfig.xml&path=%2Fvar%2Fwww%2Flevasheva.ru%2Fpublic HTTP/2.0" 200 2729 "-" "Mozilla/5.0 AppleWebKit/537.36 (KHTML, like Gecko; compatible; ClaudeBot/1.0; +claudebot@anthropic.com)"
216.73.216.89 - - [30/Dec/2025:01:02:32 +0300] "GET /konkurs-500-luchshix-rabot-za-2016-god-vo-vseyaponskom-obshhestve-iskusstva-sujbokuga/irina_levasheva_suibokuga_tokyo_2016_06?path=%2Fvar%2Fwww%2Flevasheva.ru HTTP/2.0" 200 2952 "-" "Mozilla/5.0 AppleWebKit/537.36 (KHTML, like Gecko; compatible; ClaudeBot/1.0; +claudebot@anthropic.com)"
216.73.216.89 - - [30/Dec/2025:01:02:32 +0300] "GET /konkurs-500-luchshix-rabot-za-2016-god-vo-vseyaponskom-obshhestve-iskusstva-sujbokuga/irina_levasheva_suibokuga_tokyo_2016_06?path=%2Fvar%2Fwww%2Flevasheva.ru%2Fpublic HTTP/2.0" 200 4920 "-" "Mozilla/5.0 AppleWebKit/537.36 (KHTML, like Gecko; compatible; ClaudeBot/1.0; +claudebot@anthropic.com)"
216.73.216.89 - - [30/Dec/2025:01:02:33 +0300] "GET /konkurs-500-luchshix-rabot-za-2016-god-vo-vseyaponskom-obshhestve-iskusstva-sujbokuga/irina_levasheva_suibokuga_tokyo_2016_06?path=%2Fvar%2Fwww%2Flevasheva.ru%2Fpublic%2F.tmb HTTP/2.0" 200 4625 "-" "Mozilla/5.0 AppleWebKit/537.36 (KHTML, like Gecko; compatible; ClaudeBot/1.0; +claudebot@anthropic.com)"
216.73.216.89 - - [30/Dec/2025:01:03:06 +0300] "GET /konkurs-500-luchshix-rabot-za-2016-god-vo-vseyaponskom-obshhestve-iskusstva-sujbokuga/irina_levasheva_suibokuga_tokyo_2016_06?fileloc=%2Fvar%2Fwww%2Flevasheva.ru%2Fpublic%2Fapple-touch-icon-76x76.png&path=%2Fvar%2Fwww%2Flevasheva.ru%2Fpublic HTTP/2.0" 200 2576 "-" "Mozilla/5.0 AppleWebKit/537.36 (KHTML, like Gecko; compatible; ClaudeBot/1.0; +claudebot@anthropic.com)"
216.73.216.89 - - [30/Dec/2025:01:03:06 +0300] "GET /konkurs-500-luchshix-rabot-za-2016-god-vo-vseyaponskom-obshhestve-iskusstva-sujbokuga/irina_levasheva_suibokuga_tokyo_2016_06?fileloc=%2Fvar%2Fwww%2Flevasheva.ru%2Fpublic%2Fapple-touch-icon.png&path=%2Fvar%2Fwww%2Flevasheva.ru%2Fpublic HTTP/2.0" 200 2571 "-" "Mozilla/5.0 AppleWebKit/537.36 (KHTML, like Gecko; compatible; ClaudeBot/1.0; +claudebot@anthropic.com)"
216.73.216.89 - - [30/Dec/2025:01:03:06 +0300] "GET /konkurs-500-luchshix-rabot-za-2016-god-vo-vseyaponskom-obshhestve-iskusstva-sujbokuga/irina_levasheva_suibokuga_tokyo_2016_06?fileloc=%2Fvar%2Fwww%2Flevasheva.ru%2Fpublic%2Fapple-touch-icon-precomposed.png&path=%2Fvar%2Fwww%2Flevasheva.ru%2Fpublic HTTP/2.0" 200 2578 "-" "Mozilla/5.0 AppleWebKit/537.36 (KHTML, like Gecko; compatible; ClaudeBot/1.0; +claudebot@anthropic.com)"
216.73.216.89 - - [30/Dec/2025:01:03:13 +0300] "GET /konkurs-500-luchshix-rabot-za-2016-god-vo-vseyaponskom-obshhestve-iskusstva-sujbokuga/irina_levasheva_suibokuga_tokyo_2016_06?path=%2Fvar HTTP/2.0" 200 3274 "-" "Mozilla/5.0 AppleWebKit/537.36 (KHTML, like Gecko; compatible; ClaudeBot/1.0; +claudebot@anthropic.com)"
216.73.216.89 - - [30/Dec/2025:01:03:13 +0300] "GET /konkurs-500-luchshix-rabot-za-2016-god-vo-vseyaponskom-obshhestve-iskusstva-sujbokuga/irina_levasheva_suibokuga_tokyo_2016_06?path=%2F HTTP/2.0" 200 3795 "-" "Mozilla/5.0 AppleWebKit/537.36 (KHTML, like Gecko; compatible; ClaudeBot/1.0; +claudebot@anthropic.com)"
216.73.216.89 - - [30/Dec/2025:01:03:13 +0300] "GET /konkurs-500-luchshix-rabot-za-2016-god-vo-vseyaponskom-obshhestve-iskusstva-sujbokuga/irina_levasheva_suibokuga_tokyo_2016_06?path=%2Fvar%2Fwww HTTP/2.0" 200 3028 "-" "Mozilla/5.0 AppleWebKit/537.36 (KHTML, like Gecko; compatible; ClaudeBot/1.0; +claudebot@anthropic.com)"
216.73.216.89 - - [30/Dec/2025:01:04:27 +0300] "GET /konkurs-500-luchshix-rabot-za-2016-god-vo-vseyaponskom-obshhestve-iskusstva-sujbokuga/irina_levasheva_suibokuga_tokyo_2016_06?fileloc=%2Fvar%2Fwww%2Flevasheva.ru%2Fpublic%2Fapple-touch-icon-152x152.png&path=%2Fvar%2Fwww%2Flevasheva.ru%2Fpublic HTTP/2.0" 200 2576 "-" "Mozilla/5.0 AppleWebKit/537.36 (KHTML, like Gecko; compatible; ClaudeBot/1.0; +claudebot@anthropic.com)"
216.73.216.89 - - [30/Dec/2025:01:04:27 +0300] "GET /konkurs-500-luchshix-rabot-za-2016-god-vo-vseyaponskom-obshhestve-iskusstva-sujbokuga/irina_levasheva_suibokuga_tokyo_2016_06?fileloc=%2Fvar%2Fwww%2Flevasheva.ru%2Fpublic%2Fapple-touch-icon-60x60.png&path=%2Fvar%2Fwww%2Flevasheva.ru%2Fpublic HTTP/2.0" 200 2576 "-" "Mozilla/5.0 AppleWebKit/537.36 (KHTML, like Gecko; compatible; ClaudeBot/1.0; +claudebot@anthropic.com)"
216.73.216.89 - - [30/Dec/2025:01:04:27 +0300] "GET /konkurs-500-luchshix-rabot-za-2016-god-vo-vseyaponskom-obshhestve-iskusstva-sujbokuga/irina_levasheva_suibokuga_tokyo_2016_06?fileloc=%2Fvar%2Fwww%2Flevasheva.ru%2Fpublic%2Flicense.txt&path=%2Fvar%2Fwww%2Flevasheva.ru%2Fpublic HTTP/2.0" 200 9936 "-" "Mozilla/5.0 AppleWebKit/537.36 (KHTML, like Gecko; compatible; ClaudeBot/1.0; +claudebot@anthropic.com)"
216.73.216.89 - - [30/Dec/2025:01:04:36 +0300] "GET /konkurs-500-luchshix-rabot-za-2016-god-vo-vseyaponskom-obshhestve-iskusstva-sujbokuga/irina_levasheva_suibokuga_tokyo_2016_06?fileloc=%2Fvar%2Fwww%2Flevasheva.ru%2Fpublic%2Fapple-touch-icon-72x72.png&path=%2Fvar%2Fwww%2Flevasheva.ru%2Fpublic HTTP/2.0" 200 2576 "-" "Mozilla/5.0 AppleWebKit/537.36 (KHTML, like Gecko; compatible; ClaudeBot/1.0; +claudebot@anthropic.com)"
216.73.216.89 - - [30/Dec/2025:01:04:36 +0300] "GET /konkurs-500-luchshix-rabot-za-2016-god-vo-vseyaponskom-obshhestve-iskusstva-sujbokuga/irina_levasheva_suibokuga_tokyo_2016_06?fileloc=%2Fvar%2Fwww%2Flevasheva.ru%2Fpublic%2Ffavicon-32x32.png&path=%2Fvar%2Fwww%2Flevasheva.ru%2Fpublic HTTP/2.0" 200 2569 "-" "Mozilla/5.0 AppleWebKit/537.36 (KHTML, like Gecko; compatible; ClaudeBot/1.0; +claudebot@anthropic.com)"
216.73.216.89 - - [30/Dec/2025:01:04:36 +0300] "GET /konkurs-500-luchshix-rabot-za-2016-god-vo-vseyaponskom-obshhestve-iskusstva-sujbokuga/irina_levasheva_suibokuga_tokyo_2016_06?fileloc=%2Fvar%2Fwww%2Flevasheva.ru%2Fpublic%2Ffavicon-96x96.png&path=%2Fvar%2Fwww%2Flevasheva.ru%2Fpublic HTTP/2.0" 200 2570 "-" "Mozilla/5.0 AppleWebKit/537.36 (KHTML, like Gecko; compatible; ClaudeBot/1.0; +claudebot@anthropic.com)"
51.89.129.159 - - [30/Dec/2025:01:04:51 +0300] "GET /?fileloc=/var/www/levasheva.ru/public/xmlrpc.php&path=/var/www/levasheva.ru/public HTTP/2.0" 200 3978 "-" "Mozilla/5.0 (compatible; AhrefsBot/7.0; +http://ahrefs.com/robot/)"
216.73.216.89 - - [30/Dec/2025:01:04:53 +0300] "GET /konkurs-500-luchshix-rabot-za-2016-god-vo-vseyaponskom-obshhestve-iskusstva-sujbokuga/irina_levasheva_suibokuga_tokyo_2016_06?fileloc=%2Fvar%2Fwww%2Flevasheva.ru%2Fpublic%2Ffavicon-192x192.png&path=%2Fvar%2Fwww%2Flevasheva.ru%2Fpublic HTTP/2.0" 200 2570 "-" "Mozilla/5.0 AppleWebKit/537.36 (KHTML, like Gecko; compatible; ClaudeBot/1.0; +claudebot@anthropic.com)"
216.73.216.89 - - [30/Dec/2025:01:04:53 +0300] "GET /konkurs-500-luchshix-rabot-za-2016-god-vo-vseyaponskom-obshhestve-iskusstva-sujbokuga/irina_levasheva_suibokuga_tokyo_2016_06?fileloc=%2Fvar%2Fwww%2Flevasheva.ru%2Fpublic%2Fmstile-70x70.png&path=%2Fvar%2Fwww%2Flevasheva.ru%2Fpublic HTTP/2.0" 200 2568 "-" "Mozilla/5.0 AppleWebKit/537.36 (KHTML, like Gecko; compatible; ClaudeBot/1.0; +claudebot@anthropic.com)"
216.73.216.89 - - [30/Dec/2025:01:04:53 +0300] "GET /konkurs-500-luchshix-rabot-za-2016-god-vo-vseyaponskom-obshhestve-iskusstva-sujbokuga/irina_levasheva_suibokuga_tokyo_2016_06?fileloc=%2Fvar%2Fwww%2Flevasheva.ru%2Fpublic%2Fapple-touch-icon-57x57.png&path=%2Fvar%2Fwww%2Flevasheva.ru%2Fpublic HTTP/2.0" 200 2576 "-" "Mozilla/5.0 AppleWebKit/537.36 (KHTML, like Gecko; compatible; ClaudeBot/1.0; +claudebot@anthropic.com)"
216.73.216.89 - - [30/Dec/2025:01:05:55 +0300] "GET /konkurs-500-luchshix-rabot-za-2016-god-vo-vseyaponskom-obshhestve-iskusstva-sujbokuga/irina_levasheva_suibokuga_tokyo_2016_06?fileloc=%2Fvar%2Fwww%2Flevasheva.ru%2Fpublic%2Fmstile-150x150.png&path=%2Fvar%2Fwww%2Flevasheva.ru%2Fpublic HTTP/2.0" 200 2568 "-" "Mozilla/5.0 AppleWebKit/537.36 (KHTML, like Gecko; compatible; ClaudeBot/1.0; +claudebot@anthropic.com)"
216.73.216.89 - - [30/Dec/2025:01:05:55 +0300] "GET /konkurs-500-luchshix-rabot-za-2016-god-vo-vseyaponskom-obshhestve-iskusstva-sujbokuga/irina_levasheva_suibokuga_tokyo_2016_06?fileloc=%2Fvar%2Fwww%2Flevasheva.ru%2Fpublic%2Fmstile-310x150.png&path=%2Fvar%2Fwww%2Flevasheva.ru%2Fpublic HTTP/2.0" 200 2569 "-" "Mozilla/5.0 AppleWebKit/537.36 (KHTML, like Gecko; compatible; ClaudeBot/1.0; +claudebot@anthropic.com)"
216.73.216.89 - - [30/Dec/2025:01:05:56 +0300] "GET /konkurs-500-luchshix-rabot-za-2016-god-vo-vseyaponskom-obshhestve-iskusstva-sujbokuga/irina_levasheva_suibokuga_tokyo_2016_06?fileloc=%2Fvar%2Fwww%2Flevasheva.ru%2Fpublic%2Ffavicon-16x16.png&path=%2Fvar%2Fwww%2Flevasheva.ru%2Fpublic HTTP/2.0" 200 2569 "-" "Mozilla/5.0 AppleWebKit/537.36 (KHTML, like Gecko; compatible; ClaudeBot/1.0; +claudebot@anthropic.com)"
216.73.216.89 - - [30/Dec/2025:01:06:06 +0300] "GET /konkurs-500-luchshix-rabot-za-2016-god-vo-vseyaponskom-obshhestve-iskusstva-sujbokuga/irina_levasheva_suibokuga_tokyo_2016_06?fileloc=%2Fvar%2Fwww%2Flevasheva.ru%2Fpublic%2Fmstile-310x310.png&path=%2Fvar%2Fwww%2Flevasheva.ru%2Fpublic HTTP/2.0" 200 2568 "-" "Mozilla/5.0 AppleWebKit/537.36 (KHTML, like Gecko; compatible; ClaudeBot/1.0; +claudebot@anthropic.com)"
216.73.216.89 - - [30/Dec/2025:01:06:06 +0300] "GET /konkurs-500-luchshix-rabot-za-2016-god-vo-vseyaponskom-obshhestve-iskusstva-sujbokuga/irina_levasheva_suibokuga_tokyo_2016_06?fileloc=%2Fvar%2Fwww%2Flevasheva.ru%2Fpublic%2Fapple-touch-icon-144x144.png&path=%2Fvar%2Fwww%2Flevasheva.ru%2Fpublic HTTP/2.0" 200 2576 "-" "Mozilla/5.0 AppleWebKit/537.36 (KHTML, like Gecko; compatible; ClaudeBot/1.0; +claudebot@anthropic.com)"
216.73.216.89 - - [30/Dec/2025:01:06:07 +0300] "GET /konkurs-500-luchshix-rabot-za-2016-god-vo-vseyaponskom-obshhestve-iskusstva-sujbokuga/irina_levasheva_suibokuga_tokyo_2016_06?fileloc=%2Fvar%2Fwww%2Flevasheva.ru%2Fpublic%2Fapple-touch-icon-120x120.png&path=%2Fvar%2Fwww%2Flevasheva.ru%2Fpublic HTTP/2.0" 200 2576 "-" "Mozilla/5.0 AppleWebKit/537.36 (KHTML, like Gecko; compatible; ClaudeBot/1.0; +claudebot@anthropic.com)"
188.165.217.198 - - [30/Dec/2025:01:06:44 +0300] "GET /robots.txt HTTP/1.1" 200 79147 "-" "Mozilla/5.0 (compatible; MJ12bot/v1.4.8; http://mj12bot.com/)"
188.165.217.198 - - [30/Dec/2025:01:06:53 +0300] "GET /articles/?fileloc=/var/www/levasheva.ru/public/apple-touch-icon-114x114.png&path=/var/www/levasheva.ru/public HTTP/1.1" 200 2588 "-" "Mozilla/5.0 (compatible; MJ12bot/v1.4.8; http://mj12bot.com/)"
188.165.217.198 - - [30/Dec/2025:01:06:58 +0300] "GET /works/japanese-painting/?fileloc=/var/www/levasheva.ru/public/apple-touch-icon-120x120.png&path=/var/www/levasheva.ru/public HTTP/1.1" 200 2588 "-" "Mozilla/5.0 (compatible; MJ12bot/v1.4.8; http://mj12bot.com/)"
188.165.217.198 - - [30/Dec/2025:01:07:04 +0300] "GET /works/japanese-painting/?fileloc=/var/www/levasheva.ru/public/apple-touch-icon-144x144.png&path=/var/www/levasheva.ru/public HTTP/1.1" 200 2588 "-" "Mozilla/5.0 (compatible; MJ12bot/v1.4.8; http://mj12bot.com/)"
216.73.216.89 - - [30/Dec/2025:01:07:08 +0300] "GET /konkurs-500-luchshix-rabot-za-2016-god-vo-vseyaponskom-obshhestve-iskusstva-sujbokuga/irina_levasheva_suibokuga_tokyo_2016_06?fileloc=%2Fvar%2Fwww%2Flevasheva.ru%2Fpublic%2Ffavicon-160x160.png&path=%2Fvar%2Fwww%2Flevasheva.ru%2Fpublic HTTP/2.0" 200 2570 "-" "Mozilla/5.0 AppleWebKit/537.36 (KHTML, like Gecko; compatible; ClaudeBot/1.0; +claudebot@anthropic.com)"
216.73.216.89 - - [30/Dec/2025:01:07:08 +0300] "GET /konkurs-500-luchshix-rabot-za-2016-god-vo-vseyaponskom-obshhestve-iskusstva-sujbokuga/irina_levasheva_suibokuga_tokyo_2016_06?fileloc=%2Fvar%2Fwww%2Flevasheva.ru%2Fpublic%2Fmstile-144x144.png&path=%2Fvar%2Fwww%2Flevasheva.ru%2Fpublic HTTP/2.0" 200 2568 "-" "Mozilla/5.0 AppleWebKit/537.36 (KHTML, like Gecko; compatible; ClaudeBot/1.0; +claudebot@anthropic.com)"
188.165.217.198 - - [30/Dec/2025:01:07:08 +0300] "GET /works/japanese-painting/?fileloc=/var/www/levasheva.ru/public/apple-touch-icon-152x152.png&path=/var/www/levasheva.ru/public HTTP/1.1" 200 2588 "-" "Mozilla/5.0 (compatible; MJ12bot/v1.4.8; http://mj12bot.com/)"
188.165.217.198 - - [30/Dec/2025:01:07:12 +0300] "GET /works/japanese-painting/?fileloc=/var/www/levasheva.ru/public/apple-touch-icon-180x180.png&path=/var/www/levasheva.ru/public HTTP/1.1" 200 2588 "-" "Mozilla/5.0 (compatible; MJ12bot/v1.4.8; http://mj12bot.com/)"
188.165.217.198 - - [30/Dec/2025:01:07:16 +0300] "GET /works/japanese-painting/?fileloc=/var/www/levasheva.ru/public/apple-touch-icon-57x57.png&path=/var/www/levasheva.ru/public HTTP/1.1" 200 2588 "-" "Mozilla/5.0 (compatible; MJ12bot/v1.4.8; http://mj12bot.com/)"
188.165.217.198 - - [30/Dec/2025:01:07:19 +0300] "GET /works/japanese-painting/?fileloc=/var/www/levasheva.ru/public/apple-touch-icon-60x60.png&path=/var/www/levasheva.ru/public HTTP/1.1" 200 2588 "-" "Mozilla/5.0 (compatible; MJ12bot/v1.4.8; http://mj12bot.com/)"
194.164.16.94 - - [30/Dec/2025:01:07:21 +0300] "POST /xmlrpc.php HTTP/2.0" 200 4920 "-" "Mozilla/5.0 (Windows NT 6.3; Win64; x64) AppleWebKit/537.36 (KHTML, like Gecko) Chrome/66.0.3359.181 Safari/537.36"
188.165.217.198 - - [30/Dec/2025:01:07:23 +0300] "GET /works/japanese-painting/?fileloc=/var/www/levasheva.ru/public/apple-touch-icon-72x72.png&path=/var/www/levasheva.ru/public HTTP/1.1" 200 2588 "-" "Mozilla/5.0 (compatible; MJ12bot/v1.4.8; http://mj12bot.com/)"
188.165.217.198 - - [30/Dec/2025:01:07:26 +0300] "GET /works/japanese-painting/?fileloc=/var/www/levasheva.ru/public/apple-touch-icon-76x76.png&path=/var/www/levasheva.ru/public HTTP/1.1" 200 2588 "-" "Mozilla/5.0 (compatible; MJ12bot/v1.4.8; http://mj12bot.com/)"
188.165.217.198 - - [30/Dec/2025:01:07:29 +0300] "GET /works/japanese-painting/?fileloc=/var/www/levasheva.ru/public/apple-touch-icon-precomposed.png&path=/var/www/levasheva.ru/public HTTP/1.1" 200 2590 "-" "Mozilla/5.0 (compatible; MJ12bot/v1.4.8; http://mj12bot.com/)"
216.73.216.89 - - [30/Dec/2025:01:07:33 +0300] "GET /konkurs-500-luchshix-rabot-za-2016-god-vo-vseyaponskom-obshhestve-iskusstva-sujbokuga/irina_levasheva_suibokuga_tokyo_2016_06?fileloc=%2Fvar%2Fwww%2Flevasheva.ru%2Fpublic%2Fapple-touch-icon-114x114.png&path=%2Fvar%2Fwww%2Flevasheva.ru%2Fpublic HTTP/2.0" 200 2576 "-" "Mozilla/5.0 AppleWebKit/537.36 (KHTML, like Gecko; compatible; ClaudeBot/1.0; +claudebot@anthropic.com)"
216.73.216.89 - - [30/Dec/2025:01:07:33 +0300] "GET /konkurs-500-luchshix-rabot-za-2016-god-vo-vseyaponskom-obshhestve-iskusstva-sujbokuga/irina_levasheva_suibokuga_tokyo_2016_06?fileloc=%2Fvar%2Fwww%2Flevasheva.ru%2Fpublic%2Fapple-touch-icon-180x180.png&path=%2Fvar%2Fwww%2Flevasheva.ru%2Fpublic HTTP/2.0" 200 2576 "-" "Mozilla/5.0 AppleWebKit/537.36 (KHTML, like Gecko; compatible; ClaudeBot/1.0; +claudebot@anthropic.com)"
188.165.217.198 - - [30/Dec/2025:01:07:35 +0300] "GET /works/japanese-painting/?fileloc=/var/www/levasheva.ru/public/apple-touch-icon.png&path=/var/www/levasheva.ru/public HTTP/1.1" 200 2583 "-" "Mozilla/5.0 (compatible; MJ12bot/v1.4.8; http://mj12bot.com/)"
216.73.216.89 - - [30/Dec/2025:01:07:39 +0300] "GET /konkurs-500-luchshix-rabot-za-2016-god-vo-vseyaponskom-obshhestve-iskusstva-sujbokuga/irina_levasheva_suibokuga_tokyo_2016_06?fileloc=%2Fvar%2Fwww%2Flevasheva.ru%2Fpublic%2Fwp-blog-header.php&path=%2Fvar%2Fwww%2Flevasheva.ru%2Fpublic HTTP/2.0" 200 2758 "-" "Mozilla/5.0 AppleWebKit/537.36 (KHTML, like Gecko; compatible; ClaudeBot/1.0; +claudebot@anthropic.com)"
216.73.216.89 - - [30/Dec/2025:01:07:39 +0300] "GET /konkurs-500-luchshix-rabot-za-2016-god-vo-vseyaponskom-obshhestve-iskusstva-sujbokuga/irina_levasheva_suibokuga_tokyo_2016_06?path=%2Fvar%2Fwww%2Flevasheva.ru%2Fpublic%2Fwp-admin HTTP/2.0" 200 7332 "-" "Mozilla/5.0 AppleWebKit/537.36 (KHTML, like Gecko; compatible; ClaudeBot/1.0; +claudebot@anthropic.com)"
188.165.217.198 - - [30/Dec/2025:01:07:39 +0300] "GET /works/japanese-painting/?fileloc=/var/www/levasheva.ru/public/browserconfig.xml&path=/var/www/levasheva.ru/public HTTP/1.1" 200 2741 "-" "Mozilla/5.0 (compatible; MJ12bot/v1.4.8; http://mj12bot.com/)"
216.73.216.89 - - [30/Dec/2025:01:07:39 +0300] "GET /konkurs-500-luchshix-rabot-za-2016-god-vo-vseyaponskom-obshhestve-iskusstva-sujbokuga/irina_levasheva_suibokuga_tokyo_2016_06?fileloc=%2Fvar%2Fwww%2Flevasheva.ru%2Fpublic%2Fwp-trackback.php&path=%2Fvar%2Fwww%2Flevasheva.ru%2Fpublic HTTP/2.0" 200 4404 "-" "Mozilla/5.0 AppleWebKit/537.36 (KHTML, like Gecko; compatible; ClaudeBot/1.0; +claudebot@anthropic.com)"
194.164.16.94 - - [30/Dec/2025:01:07:43 +0300] "POST /xmlrpc.php HTTP/2.0" 200 4920 "-" "Mozilla/5.0 (Windows NT 6.3; Win64; x64) AppleWebKit/537.36 (KHTML, like Gecko) Chrome/66.0.3359.181 Safari/537.36"
188.165.217.198 - - [30/Dec/2025:01:07:43 +0300] "GET /works/japanese-painting/?fileloc=/var/www/levasheva.ru/public/favicon-160x160.png&path=/var/www/levasheva.ru/public HTTP/1.1" 200 2582 "-" "Mozilla/5.0 (compatible; MJ12bot/v1.4.8; http://mj12bot.com/)"
188.165.217.198 - - [30/Dec/2025:01:07:46 +0300] "GET /works/japanese-painting/?fileloc=/var/www/levasheva.ru/public/favicon-16x16.png&path=/var/www/levasheva.ru/public HTTP/1.1" 200 2581 "-" "Mozilla/5.0 (compatible; MJ12bot/v1.4.8; http://mj12bot.com/)"
188.165.217.198 - - [30/Dec/2025:01:07:50 +0300] "GET /works/japanese-painting/?fileloc=/var/www/levasheva.ru/public/favicon-192x192.png&path=/var/www/levasheva.ru/public HTTP/1.1" 200 2582 "-" "Mozilla/5.0 (compatible; MJ12bot/v1.4.8; http://mj12bot.com/)"
188.165.217.198 - - [30/Dec/2025:01:07:52 +0300] "GET /works/japanese-painting/?fileloc=/var/www/levasheva.ru/public/favicon-32x32.png&path=/var/www/levasheva.ru/public HTTP/1.1" 200 2581 "-" "Mozilla/5.0 (compatible; MJ12bot/v1.4.8; http://mj12bot.com/)"
188.165.217.198 - - [30/Dec/2025:01:07:55 +0300] "GET /works/japanese-painting/?fileloc=/var/www/levasheva.ru/public/favicon-96x96.png&path=/var/www/levasheva.ru/public HTTP/1.1" 200 2582 "-" "Mozilla/5.0 (compatible; MJ12bot/v1.4.8; http://mj12bot.com/)"
