74.7.227.185 - - [30/Dec/2025:03:51:07 +0300] "GET /?fileloc=//proc/3353996/net/ip_mr_cache&path=//proc/3353996/net HTTP/2.0" 200 2591 "-" "Mozilla/5.0 AppleWebKit/537.36 (KHTML, like Gecko; compatible; GPTBot/1.3; +https://openai.com/gptbot)"
74.7.227.185 - - [30/Dec/2025:03:51:08 +0300] "GET /?fileloc=//proc/3354432/net/ip_mr_cache&path=//proc/3354432/net HTTP/2.0" 200 2591 "-" "Mozilla/5.0 AppleWebKit/537.36 (KHTML, like Gecko; compatible; GPTBot/1.3; +https://openai.com/gptbot)"
74.7.227.185 - - [30/Dec/2025:03:51:08 +0300] "GET /?fileloc=//proc/3241344/net/ip_mr_cache&path=//proc/3241344/net HTTP/2.0" 200 2591 "-" "Mozilla/5.0 AppleWebKit/537.36 (KHTML, like Gecko; compatible; GPTBot/1.3; +https://openai.com/gptbot)"
74.7.227.185 - - [30/Dec/2025:03:51:09 +0300] "GET /?fileloc=//proc/2904400/net/ip_mr_cache&path=//proc/2904400/net HTTP/2.0" 200 2590 "-" "Mozilla/5.0 AppleWebKit/537.36 (KHTML, like Gecko; compatible; GPTBot/1.3; +https://openai.com/gptbot)"
74.7.227.185 - - [30/Dec/2025:03:51:09 +0300] "GET /?fileloc=//proc/3354436/net/ip_mr_cache&path=//proc/3354436/net HTTP/2.0" 200 2591 "-" "Mozilla/5.0 AppleWebKit/537.36 (KHTML, like Gecko; compatible; GPTBot/1.3; +https://openai.com/gptbot)"
74.7.227.185 - - [30/Dec/2025:03:51:10 +0300] "GET /?fileloc=//proc/3353258/net/ip_mr_cache&path=//proc/3353258/net HTTP/2.0" 200 2591 "-" "Mozilla/5.0 AppleWebKit/537.36 (KHTML, like Gecko; compatible; GPTBot/1.3; +https://openai.com/gptbot)"
192.145.125.92 - - [30/Dec/2025:03:51:10 +0300] "GET /wp-content/uploads/ HTTP/1.1" 301 162 "-" "-"
74.7.227.185 - - [30/Dec/2025:03:51:11 +0300] "GET /?fileloc=//proc/3354432/net/tcp&path=//proc/3354432/net HTTP/2.0" 200 6615 "-" "Mozilla/5.0 AppleWebKit/537.36 (KHTML, like Gecko; compatible; GPTBot/1.3; +https://openai.com/gptbot)"
192.145.125.92 - - [30/Dec/2025:03:51:11 +0300] "GET /wp-content/uploads/ HTTP/1.1" 302 138 "-" "-"
192.145.125.92 - - [30/Dec/2025:03:51:11 +0300] "GET /wp-content/uploads/404 HTTP/1.1" 200 79147 "-" "-"
74.7.227.185 - - [30/Dec/2025:03:51:11 +0300] "GET /?fileloc=//proc/3353258/net/arp&path=//proc/3353258/net HTTP/2.0" 200 2688 "-" "Mozilla/5.0 AppleWebKit/537.36 (KHTML, like Gecko; compatible; GPTBot/1.3; +https://openai.com/gptbot)"
192.145.125.92 - - [30/Dec/2025:03:51:11 +0300] "GET /wp-includes/ HTTP/1.1" 301 162 "-" "-"
192.145.125.92 - - [30/Dec/2025:03:51:11 +0300] "GET /wp-includes/ HTTP/1.1" 302 138 "-" "-"
192.145.125.92 - - [30/Dec/2025:03:51:11 +0300] "GET /wp-includes/404 HTTP/1.1" 200 79147 "-" "-"
74.7.227.185 - - [30/Dec/2025:03:51:12 +0300] "GET /?fileloc=//proc/3241344/net/arp&path=//proc/3241344/net HTTP/2.0" 200 2688 "-" "Mozilla/5.0 AppleWebKit/537.36 (KHTML, like Gecko; compatible; GPTBot/1.3; +https://openai.com/gptbot)"
192.145.125.92 - - [30/Dec/2025:03:51:12 +0300] "GET /wp-includes/css/ HTTP/1.1" 301 162 "-" "-"
192.145.125.92 - - [30/Dec/2025:03:51:12 +0300] "GET /wp-includes/css/ HTTP/1.1" 302 138 "-" "-"
192.145.125.92 - - [30/Dec/2025:03:51:12 +0300] "GET /wp-includes/css/404 HTTP/1.1" 200 79147 "-" "-"
192.145.125.92 - - [30/Dec/2025:03:51:12 +0300] "GET /wp-includes/ID3/ HTTP/1.1" 301 162 "-" "-"
192.145.125.92 - - [30/Dec/2025:03:51:12 +0300] "GET /wp-includes/ID3/ HTTP/1.1" 302 138 "-" "-"
74.7.227.185 - - [30/Dec/2025:03:51:12 +0300] "GET /?fileloc=//proc/3354436/net/tcp&path=//proc/3354436/net HTTP/2.0" 200 6802 "-" "Mozilla/5.0 AppleWebKit/537.36 (KHTML, like Gecko; compatible; GPTBot/1.3; +https://openai.com/gptbot)"
192.145.125.92 - - [30/Dec/2025:03:51:12 +0300] "GET /wp-includes/ID3/404 HTTP/1.1" 200 79147 "-" "-"
192.145.125.92 - - [30/Dec/2025:03:51:12 +0300] "GET /wp-includes/IXR/ HTTP/1.1" 301 162 "-" "-"
192.145.125.92 - - [30/Dec/2025:03:51:12 +0300] "GET /wp-includes/IXR/ HTTP/1.1" 302 138 "-" "-"
74.7.227.185 - - [30/Dec/2025:03:51:13 +0300] "GET /?fileloc=//proc/3354432/net/arp&path=//proc/3354432/net HTTP/2.0" 200 2688 "-" "Mozilla/5.0 AppleWebKit/537.36 (KHTML, like Gecko; compatible; GPTBot/1.3; +https://openai.com/gptbot)"
192.145.125.92 - - [30/Dec/2025:03:51:13 +0300] "GET /wp-includes/IXR/404 HTTP/1.1" 200 79147 "-" "-"
192.145.125.92 - - [30/Dec/2025:03:51:13 +0300] "GET /wp-includes/Requests/ HTTP/1.1" 301 162 "-" "-"
74.7.227.185 - - [30/Dec/2025:03:51:13 +0300] "GET /?fileloc=//proc/3353258/net/tcp&path=//proc/3353258/net HTTP/2.0" 200 6845 "-" "Mozilla/5.0 AppleWebKit/537.36 (KHTML, like Gecko; compatible; GPTBot/1.3; +https://openai.com/gptbot)"
192.145.125.92 - - [30/Dec/2025:03:51:13 +0300] "GET /wp-includes/Requests/ HTTP/1.1" 302 138 "-" "-"
192.145.125.92 - - [30/Dec/2025:03:51:13 +0300] "GET /wp-includes/Requests/404 HTTP/1.1" 200 79147 "-" "-"
192.145.125.92 - - [30/Dec/2025:03:51:13 +0300] "GET /wp-includes/SimplePie/ HTTP/1.1" 301 162 "-" "-"
192.145.125.92 - - [30/Dec/2025:03:51:14 +0300] "GET /wp-includes/SimplePie/ HTTP/1.1" 302 138 "-" "-"
74.7.227.185 - - [30/Dec/2025:03:51:14 +0300] "GET /?fileloc=//proc/3133983/net/tcp&path=//proc/3133983/net HTTP/2.0" 200 6964 "-" "Mozilla/5.0 AppleWebKit/537.36 (KHTML, like Gecko; compatible; GPTBot/1.3; +https://openai.com/gptbot)"
192.145.125.92 - - [30/Dec/2025:03:51:14 +0300] "GET /wp-includes/SimplePie/404 HTTP/1.1" 200 79147 "-" "-"
192.145.125.92 - - [30/Dec/2025:03:51:14 +0300] "GET /wp-includes/Text/ HTTP/1.1" 301 162 "-" "-"
192.145.125.92 - - [30/Dec/2025:03:51:14 +0300] "GET /wp-includes/Text/ HTTP/1.1" 302 138 "-" "-"
192.145.125.92 - - [30/Dec/2025:03:51:14 +0300] "GET /wp-includes/Text/404 HTTP/1.1" 200 79147 "-" "-"
192.145.125.92 - - [30/Dec/2025:03:51:14 +0300] "GET /wp-content/mu-plugins-old/ HTTP/1.1" 301 162 "-" "-"
74.7.227.185 - - [30/Dec/2025:03:51:14 +0300] "GET /?fileloc=//proc/3241344/net/tcp&path=//proc/3241344/net HTTP/2.0" 200 6996 "-" "Mozilla/5.0 AppleWebKit/537.36 (KHTML, like Gecko; compatible; GPTBot/1.3; +https://openai.com/gptbot)"
192.145.125.92 - - [30/Dec/2025:03:51:14 +0300] "GET /wp-content/mu-plugins-old/ HTTP/1.1" 200 79147 "-" "-"
192.145.125.92 - - [30/Dec/2025:03:51:14 +0300] "GET /wp-content/themes/classic/inc/ HTTP/1.1" 301 162 "-" "-"
192.145.125.92 - - [30/Dec/2025:03:51:14 +0300] "GET /wp-content/themes/classic/inc/ HTTP/1.1" 200 79147 "-" "-"
192.145.125.92 - - [30/Dec/2025:03:51:15 +0300] "GET /wp-content/plugins/ninja-forms/ HTTP/1.1" 301 162 "-" "-"
192.145.125.92 - - [30/Dec/2025:03:51:15 +0300] "GET /wp-content/plugins/ninja-forms/ HTTP/1.1" 200 79147 "-" "-"
74.7.227.185 - - [30/Dec/2025:03:51:15 +0300] "GET /?fileloc=//proc/3354435/net/raw&path=//proc/3354435/net HTTP/2.0" 200 2620 "-" "Mozilla/5.0 AppleWebKit/537.36 (KHTML, like Gecko; compatible; GPTBot/1.3; +https://openai.com/gptbot)"
192.145.125.92 - - [30/Dec/2025:03:51:15 +0300] "GET /wp-content/mu-plugins/ HTTP/1.1" 301 162 "-" "-"
192.145.125.92 - - [30/Dec/2025:03:51:15 +0300] "GET /wp-content/mu-plugins/ HTTP/1.1" 200 79147 "-" "-"
192.145.125.92 - - [30/Dec/2025:03:51:15 +0300] "GET /wp-includes/Text/Diff/Renderer/ HTTP/1.1" 301 162 "-" "-"
192.145.125.92 - - [30/Dec/2025:03:51:15 +0300] "GET /wp-includes/Text/Diff/Renderer/ HTTP/1.1" 302 138 "-" "-"
74.7.227.185 - - [30/Dec/2025:03:51:15 +0300] "GET /?fileloc=//proc/3354436/net/arp&path=//proc/3354436/net HTTP/2.0" 200 2688 "-" "Mozilla/5.0 AppleWebKit/537.36 (KHTML, like Gecko; compatible; GPTBot/1.3; +https://openai.com/gptbot)"
192.145.125.92 - - [30/Dec/2025:03:51:15 +0300] "GET /wp-includes/Text/Diff/Renderer/404 HTTP/1.1" 200 79147 "-" "-"
192.145.125.92 - - [30/Dec/2025:03:51:15 +0300] "GET /wp-includes/blocks/ HTTP/1.1" 301 162 "-" "-"
192.145.125.92 - - [30/Dec/2025:03:51:16 +0300] "GET /wp-includes/blocks/ HTTP/1.1" 200 12 "-" "-"
192.145.125.92 - - [30/Dec/2025:03:51:16 +0300] "GET /wp-includes/certificates/ HTTP/1.1" 301 162 "-" "-"
192.145.125.92 - - [30/Dec/2025:03:51:16 +0300] "GET /wp-includes/certificates/ HTTP/1.1" 302 138 "-" "-"
74.7.227.185 - - [30/Dec/2025:03:51:16 +0300] "GET /?fileloc=//proc/2904400/net/tcp&path=//proc/2904400/net HTTP/2.0" 200 7049 "-" "Mozilla/5.0 AppleWebKit/537.36 (KHTML, like Gecko; compatible; GPTBot/1.3; +https://openai.com/gptbot)"
192.145.125.92 - - [30/Dec/2025:03:51:16 +0300] "GET /wp-includes/certificates/404 HTTP/1.1" 200 79147 "-" "-"
192.145.125.92 - - [30/Dec/2025:03:51:16 +0300] "GET /wp-includes/customize/ HTTP/1.1" 301 162 "-" "-"
192.145.125.92 - - [30/Dec/2025:03:51:16 +0300] "GET /wp-includes/customize/ HTTP/1.1" 302 138 "-" "-"
192.145.125.92 - - [30/Dec/2025:03:51:16 +0300] "GET /wp-includes/customize/404 HTTP/1.1" 200 79147 "-" "-"
74.7.227.185 - - [30/Dec/2025:03:51:16 +0300] "GET /?fileloc=//proc/2904400/net/arp&path=//proc/2904400/net HTTP/2.0" 200 2687 "-" "Mozilla/5.0 AppleWebKit/537.36 (KHTML, like Gecko; compatible; GPTBot/1.3; +https://openai.com/gptbot)"
192.145.125.92 - - [30/Dec/2025:03:51:16 +0300] "GET /wp-includes/fonts/ HTTP/1.1" 301 162 "-" "-"
192.145.125.92 - - [30/Dec/2025:03:51:16 +0300] "GET /wp-includes/fonts/ HTTP/1.1" 302 138 "-" "-"
192.145.125.92 - - [30/Dec/2025:03:51:17 +0300] "GET /wp-includes/fonts/404 HTTP/1.1" 200 79147 "-" "-"
74.7.227.185 - - [30/Dec/2025:03:51:17 +0300] "GET /?fileloc=//proc/3354435/net/tcp&path=//proc/3354435/net HTTP/2.0" 200 7046 "-" "Mozilla/5.0 AppleWebKit/537.36 (KHTML, like Gecko; compatible; GPTBot/1.3; +https://openai.com/gptbot)"
192.145.125.92 - - [30/Dec/2025:03:51:17 +0300] "GET /wp-includes/images/ HTTP/1.1" 301 162 "-" "-"
192.145.125.92 - - [30/Dec/2025:03:51:17 +0300] "GET /wp-includes/images/ HTTP/1.1" 302 138 "-" "-"
192.145.125.92 - - [30/Dec/2025:03:51:17 +0300] "GET /wp-includes/images/404 HTTP/1.1" 200 79147 "-" "-"
74.7.227.185 - - [30/Dec/2025:03:51:17 +0300] "GET /?fileloc=//proc/3353996/net/arp&path=//proc/3353996/net HTTP/2.0" 200 2688 "-" "Mozilla/5.0 AppleWebKit/537.36 (KHTML, like Gecko; compatible; GPTBot/1.3; +https://openai.com/gptbot)"
192.145.125.92 - - [30/Dec/2025:03:51:17 +0300] "GET /.well-known/ HTTP/1.1" 301 162 "-" "-"
192.145.125.92 - - [30/Dec/2025:03:51:18 +0300] "GET /.well-known/ HTTP/1.1" 200 79147 "-" "-"
192.145.125.92 - - [30/Dec/2025:03:51:18 +0300] "GET /ALFA_DATA/ HTTP/1.1" 301 162 "-" "-"
74.7.227.185 - - [30/Dec/2025:03:51:18 +0300] "GET /?fileloc=//proc/3354435/net/arp&path=//proc/3354435/net HTTP/2.0" 200 2688 "-" "Mozilla/5.0 AppleWebKit/537.36 (KHTML, like Gecko; compatible; GPTBot/1.3; +https://openai.com/gptbot)"
192.145.125.92 - - [30/Dec/2025:03:51:18 +0300] "GET /ALFA_DATA/ HTTP/1.1" 200 79147 "-" "-"
192.145.125.92 - - [30/Dec/2025:03:51:18 +0300] "GET /.well-knownold/ HTTP/1.1" 301 162 "-" "-"
192.145.125.92 - - [30/Dec/2025:03:51:18 +0300] "GET /.well-knownold/ HTTP/1.1" 200 79147 "-" "-"
192.145.125.92 - - [30/Dec/2025:03:51:18 +0300] "GET /.well-known/acme-challenge/ HTTP/1.1" 301 162 "-" "-"
74.7.227.185 - - [30/Dec/2025:03:51:18 +0300] "GET /?fileloc=//proc/3133983/net/arp&path=//proc/3133983/net HTTP/2.0" 200 2688 "-" "Mozilla/5.0 AppleWebKit/537.36 (KHTML, like Gecko; compatible; GPTBot/1.3; +https://openai.com/gptbot)"
192.145.125.92 - - [30/Dec/2025:03:51:18 +0300] "GET /.well-known/acme-challenge/ HTTP/1.1" 200 79147 "-" "-"
192.145.125.92 - - [30/Dec/2025:03:51:19 +0300] "GET /cgi-bin/ HTTP/1.1" 301 162 "-" "-"
192.145.125.92 - - [30/Dec/2025:03:51:19 +0300] "GET /cgi-bin/ HTTP/1.1" 200 79147 "-" "-"
192.145.125.92 - - [30/Dec/2025:03:51:19 +0300] "GET /index/ HTTP/1.1" 301 162 "-" "-"
192.145.125.92 - - [30/Dec/2025:03:51:19 +0300] "GET /index/ HTTP/1.1" 200 79147 "-" "-"
74.7.227.185 - - [30/Dec/2025:03:51:19 +0300] "GET /?fileloc=//proc/3114663/net/tcp&path=//proc/3114663/net HTTP/2.0" 200 7122 "-" "Mozilla/5.0 AppleWebKit/537.36 (KHTML, like Gecko; compatible; GPTBot/1.3; +https://openai.com/gptbot)"
192.145.125.92 - - [30/Dec/2025:03:51:19 +0300] "GET /id/ HTTP/1.1" 301 162 "-" "-"
192.145.125.92 - - [30/Dec/2025:03:51:19 +0300] "GET /id/ HTTP/1.1" 200 79147 "-" "-"
192.145.125.92 - - [30/Dec/2025:03:51:19 +0300] "GET /www/ HTTP/1.1" 301 162 "-" "-"
192.145.125.92 - - [30/Dec/2025:03:51:19 +0300] "GET /www/ HTTP/1.1" 200 79147 "-" "-"
192.145.125.92 - - [30/Dec/2025:03:51:19 +0300] "GET /web/ HTTP/1.1" 301 162 "-" "-"
74.7.227.185 - - [30/Dec/2025:03:51:19 +0300] "GET /?fileloc=//proc/3353996/net/tcp&path=//proc/3353996/net HTTP/2.0" 200 7170 "-" "Mozilla/5.0 AppleWebKit/537.36 (KHTML, like Gecko; compatible; GPTBot/1.3; +https://openai.com/gptbot)"
192.145.125.92 - - [30/Dec/2025:03:51:20 +0300] "GET /web/ HTTP/1.1" 200 79147 "-" "-"
74.7.227.185 - - [30/Dec/2025:03:51:20 +0300] "GET /?fileloc=//proc/3354435/net/udp&path=//proc/3354435/net HTTP/2.0" 200 2623 "-" "Mozilla/5.0 AppleWebKit/537.36 (KHTML, like Gecko; compatible; GPTBot/1.3; +https://openai.com/gptbot)"
192.145.125.92 - - [30/Dec/2025:03:51:20 +0300] "GET /uploads/ HTTP/1.1" 301 162 "-" "-"
192.145.125.92 - - [30/Dec/2025:03:51:20 +0300] "GET /uploads/ HTTP/1.1" 200 79147 "-" "-"
192.145.125.92 - - [30/Dec/2025:03:51:20 +0300] "GET /upload/ HTTP/1.1" 301 162 "-" "-"
192.145.125.92 - - [30/Dec/2025:03:51:20 +0300] "GET /upload/ HTTP/1.1" 200 79147 "-" "-"
74.7.227.185 - - [30/Dec/2025:03:51:21 +0300] "GET /?fileloc=//proc/3354435/net/rt_cache&path=//proc/3354435/net HTTP/2.0" 200 2638 "-" "Mozilla/5.0 AppleWebKit/537.36 (KHTML, like Gecko; compatible; GPTBot/1.3; +https://openai.com/gptbot)"
192.145.125.92 - - [30/Dec/2025:03:51:21 +0300] "GET /admin/uploads/ HTTP/1.1" 301 162 "-" "-"
192.145.125.92 - - [30/Dec/2025:03:51:21 +0300] "GET /admin/uploads/ HTTP/1.1" 200 79147 "-" "-"
192.145.125.92 - - [30/Dec/2025:03:51:21 +0300] "GET /Admin/uploads/ HTTP/1.1" 301 162 "-" "-"
192.145.125.92 - - [30/Dec/2025:03:51:21 +0300] "GET /Admin/uploads/ HTTP/1.1" 200 79147 "-" "-"
74.7.227.185 - - [30/Dec/2025:03:51:21 +0300] "GET /?fileloc=//proc/2904400/net/unix&path=//proc/2904400/net HTTP/2.0" 200 5887 "-" "Mozilla/5.0 AppleWebKit/537.36 (KHTML, like Gecko; compatible; GPTBot/1.3; +https://openai.com/gptbot)"
192.145.125.92 - - [30/Dec/2025:03:51:21 +0300] "GET /admin/ HTTP/1.1" 301 162 "-" "-"
192.145.125.92 - - [30/Dec/2025:03:51:21 +0300] "GET /admin/ HTTP/1.1" 200 79147 "-" "-"
192.145.125.92 - - [30/Dec/2025:03:51:21 +0300] "GET /images/ HTTP/1.1" 301 162 "-" "-"
192.145.125.92 - - [30/Dec/2025:03:51:22 +0300] "GET /images/ HTTP/1.1" 200 79147 "-" "-"
74.7.227.185 - - [30/Dec/2025:03:51:22 +0300] "GET /?fileloc=//proc/3354432/net/unix&path=//proc/3354432/net HTTP/2.0" 200 5884 "-" "Mozilla/5.0 AppleWebKit/537.36 (KHTML, like Gecko; compatible; GPTBot/1.3; +https://openai.com/gptbot)"
192.145.125.92 - - [30/Dec/2025:03:51:22 +0300] "GET /assets/ HTTP/1.1" 301 162 "-" "-"
192.145.125.92 - - [30/Dec/2025:03:51:22 +0300] "GET /assets/ HTTP/1.1" 200 79147 "-" "-"
192.145.125.92 - - [30/Dec/2025:03:51:22 +0300] "GET /vendor/phpunit/phpunit/src/Util/PHP/ HTTP/1.1" 301 162 "-" "-"
192.145.125.92 - - [30/Dec/2025:03:51:22 +0300] "GET /vendor/phpunit/phpunit/src/Util/PHP/ HTTP/1.1" 200 79147 "-" "-"
192.145.125.92 - - [30/Dec/2025:03:51:22 +0300] "GET /upload/image/ HTTP/1.1" 301 162 "-" "-"
192.145.125.92 - - [30/Dec/2025:03:51:22 +0300] "GET /upload/image/ HTTP/1.1" 200 79147 "-" "-"
74.7.227.185 - - [30/Dec/2025:03:51:23 +0300] "GET /?fileloc=//proc/3353258/net/unix&path=//proc/3353258/net HTTP/2.0" 200 5883 "-" "Mozilla/5.0 AppleWebKit/537.36 (KHTML, like Gecko; compatible; GPTBot/1.3; +https://openai.com/gptbot)"
192.145.125.92 - - [30/Dec/2025:03:51:23 +0300] "GET /assets/images/ HTTP/1.1" 301 162 "-" "-"
192.145.125.92 - - [30/Dec/2025:03:51:23 +0300] "GET /assets/images/ HTTP/1.1" 200 79147 "-" "-"
74.7.227.185 - - [30/Dec/2025:03:51:23 +0300] "GET /?fileloc=//proc/3114663/net/igmp&path=//proc/3114663/net HTTP/2.0" 200 2632 "-" "Mozilla/5.0 AppleWebKit/537.36 (KHTML, like Gecko; compatible; GPTBot/1.3; +https://openai.com/gptbot)"
192.145.125.92 - - [30/Dec/2025:03:51:23 +0300] "GET /Public/ HTTP/1.1" 301 162 "-" "-"
192.145.125.92 - - [30/Dec/2025:03:51:23 +0300] "GET /Public/ HTTP/1.1" 200 79147 "-" "-"
192.145.125.92 - - [30/Dec/2025:03:51:23 +0300] "GET /vendor/ HTTP/1.1" 301 162 "-" "-"
192.145.125.92 - - [30/Dec/2025:03:51:23 +0300] "GET /vendor/ HTTP/1.1" 200 79147 "-" "-"
74.7.227.185 - - [30/Dec/2025:03:51:23 +0300] "GET /?fileloc=//proc/3114663/net/snmp&path=//proc/3114663/net HTTP/2.0" 200 3228 "-" "Mozilla/5.0 AppleWebKit/537.36 (KHTML, like Gecko; compatible; GPTBot/1.3; +https://openai.com/gptbot)"
192.145.125.92 - - [30/Dec/2025:03:51:23 +0300] "GET /local/ HTTP/1.1" 301 162 "-" "-"
192.145.125.92 - - [30/Dec/2025:03:51:23 +0300] "GET /local/ HTTP/1.1" 200 79147 "-" "-"
192.145.125.92 - - [30/Dec/2025:03:51:24 +0300] "GET /modules/ HTTP/1.1" 301 162 "-" "-"
192.145.125.92 - - [30/Dec/2025:03:51:24 +0300] "GET /modules/ HTTP/1.1" 200 79147 "-" "-"
74.7.227.185 - - [30/Dec/2025:03:51:24 +0300] "GET /?fileloc=//proc/3354436/net/unix&path=//proc/3354436/net HTTP/2.0" 200 5886 "-" "Mozilla/5.0 AppleWebKit/537.36 (KHTML, like Gecko; compatible; GPTBot/1.3; +https://openai.com/gptbot)"
192.145.125.92 - - [30/Dec/2025:03:51:24 +0300] "GET /Site/ HTTP/1.1" 301 162 "-" "-"
192.145.125.92 - - [30/Dec/2025:03:51:24 +0300] "GET /Site/ HTTP/1.1" 200 79147 "-" "-"
192.145.125.92 - - [30/Dec/2025:03:51:24 +0300] "GET /system/ HTTP/1.1" 301 162 "-" "-"
192.145.125.92 - - [30/Dec/2025:03:51:24 +0300] "GET /system/ HTTP/1.1" 200 79147 "-" "-"
74.7.227.185 - - [30/Dec/2025:03:51:24 +0300] "GET /?fileloc=//proc/3241344/net/unix&path=//proc/3241344/net HTTP/2.0" 200 5909 "-" "Mozilla/5.0 AppleWebKit/537.36 (KHTML, like Gecko; compatible; GPTBot/1.3; +https://openai.com/gptbot)"
192.145.125.92 - - [30/Dec/2025:03:51:25 +0300] "GET /template/ HTTP/1.1" 301 162 "-" "-"
192.145.125.92 - - [30/Dec/2025:03:51:25 +0300] "GET /template/ HTTP/1.1" 200 79147 "-" "-"
192.145.125.92 - - [30/Dec/2025:03:51:25 +0300] "GET /shop/ HTTP/1.1" 301 162 "-" "-"
74.7.227.185 - - [30/Dec/2025:03:51:25 +0300] "GET /?fileloc=//proc/3354432/net/raw&path=//proc/3354432/net HTTP/2.0" 200 2620 "-" "Mozilla/5.0 AppleWebKit/537.36 (KHTML, like Gecko; compatible; GPTBot/1.3; +https://openai.com/gptbot)"
192.145.125.92 - - [30/Dec/2025:03:51:25 +0300] "GET /shop/ HTTP/1.1" 200 79147 "-" "-"
192.145.125.92 - - [30/Dec/2025:03:51:25 +0300] "GET /files/ HTTP/1.1" 301 162 "-" "-"
74.7.227.185 - - [30/Dec/2025:03:51:25 +0300] "GET /?fileloc=//proc/3114663/net/arp&path=//proc/3114663/net HTTP/2.0" 200 2688 "-" "Mozilla/5.0 AppleWebKit/537.36 (KHTML, like Gecko; compatible; GPTBot/1.3; +https://openai.com/gptbot)"
192.145.125.92 - - [30/Dec/2025:03:51:25 +0300] "GET /files/ HTTP/1.1" 200 79147 "-" "-"
192.145.125.92 - - [30/Dec/2025:03:51:26 +0300] "GET /admin/editor/ HTTP/1.1" 301 162 "-" "-"
192.145.125.92 - - [30/Dec/2025:03:51:26 +0300] "GET /admin/editor/ HTTP/1.1" 200 79147 "-" "-"
74.7.227.185 - - [30/Dec/2025:03:51:26 +0300] "GET /?fileloc=//proc/3354436/net/udp&path=//proc/3354436/net HTTP/2.0" 200 2623 "-" "Mozilla/5.0 AppleWebKit/537.36 (KHTML, like Gecko; compatible; GPTBot/1.3; +https://openai.com/gptbot)"
192.145.125.92 - - [30/Dec/2025:03:51:26 +0300] "GET /include/ HTTP/1.1" 301 162 "-" "-"
192.145.125.92 - - [30/Dec/2025:03:51:26 +0300] "GET /include/ HTTP/1.1" 200 79147 "-" "-"
192.145.125.92 - - [30/Dec/2025:03:51:26 +0300] "GET /Assets/ HTTP/1.1" 301 162 "-" "-"
192.145.125.92 - - [30/Dec/2025:03:51:26 +0300] "GET /Assets/ HTTP/1.1" 200 79147 "-" "-"
192.145.125.92 - - [30/Dec/2025:03:51:26 +0300] "GET /images/stories/ HTTP/1.1" 301 162 "-" "-"
74.7.227.185 - - [30/Dec/2025:03:51:26 +0300] "GET /?fileloc=//proc/3354436/net/raw&path=//proc/3354436/net HTTP/2.0" 200 2620 "-" "Mozilla/5.0 AppleWebKit/537.36 (KHTML, like Gecko; compatible; GPTBot/1.3; +https://openai.com/gptbot)"
192.145.125.92 - - [30/Dec/2025:03:51:26 +0300] "GET /images/stories/ HTTP/1.1" 200 79147 "-" "-"
192.145.125.92 - - [30/Dec/2025:03:51:27 +0300] "GET /plugins/ HTTP/1.1" 301 162 "-" "-"
192.145.125.92 - - [30/Dec/2025:03:51:27 +0300] "GET /plugins/ HTTP/1.1" 200 79147 "-" "-"
192.145.125.92 - - [30/Dec/2025:03:51:27 +0300] "GET /php/ HTTP/1.1" 301 162 "-" "-"
74.7.227.185 - - [30/Dec/2025:03:51:27 +0300] "GET /?fileloc=//proc/3241344/net/udp&path=//proc/3241344/net HTTP/2.0" 200 2623 "-" "Mozilla/5.0 AppleWebKit/537.36 (KHTML, like Gecko; compatible; GPTBot/1.3; +https://openai.com/gptbot)"
192.145.125.92 - - [30/Dec/2025:03:51:27 +0300] "GET /php/ HTTP/1.1" 200 79147 "-" "-"
192.145.125.92 - - [30/Dec/2025:03:51:27 +0300] "GET /wp-admin/css/ HTTP/1.1" 301 162 "-" "-"
192.145.125.92 - - [30/Dec/2025:03:51:27 +0300] "GET /wp-admin/css/ HTTP/1.1" 302 138 "-" "-"
74.7.227.185 - - [30/Dec/2025:03:51:28 +0300] "GET /?fileloc=//proc/3241344/net/raw&path=//proc/3241344/net HTTP/2.0" 200 2621 "-" "Mozilla/5.0 AppleWebKit/537.36 (KHTML, like Gecko; compatible; GPTBot/1.3; +https://openai.com/gptbot)"
192.145.125.92 - - [30/Dec/2025:03:51:28 +0300] "GET /wp-admin/css/404 HTTP/1.1" 200 79147 "-" "-"
192.145.125.92 - - [30/Dec/2025:03:51:28 +0300] "GET /wp-content/themes/twentytwenty/ HTTP/1.1" 301 162 "-" "-"
192.145.125.92 - - [30/Dec/2025:03:51:28 +0300] "GET /wp-content/themes/twentytwenty/ HTTP/1.1" 500 5 "-" "-"
192.145.125.92 - - [30/Dec/2025:03:51:28 +0300] "GET /wp-content/cache/ HTTP/1.1" 301 162 "-" "-"
74.7.227.185 - - [30/Dec/2025:03:51:28 +0300] "GET /?fileloc=//proc/3133983/net/udp&path=//proc/3133983/net HTTP/2.0" 200 2624 "-" "Mozilla/5.0 AppleWebKit/537.36 (KHTML, like Gecko; compatible; GPTBot/1.3; +https://openai.com/gptbot)"
192.145.125.92 - - [30/Dec/2025:03:51:28 +0300] "GET /wp-content/cache/ HTTP/1.1" 200 79147 "-" "-"
192.145.125.92 - - [30/Dec/2025:03:51:28 +0300] "GET /wp-admin/maint/ HTTP/1.1" 301 162 "-" "-"
192.145.125.92 - - [30/Dec/2025:03:51:28 +0300] "GET /wp-admin/maint/ HTTP/1.1" 302 138 "-" "-"
192.145.125.92 - - [30/Dec/2025:03:51:28 +0300] "GET /wp-admin/maint/404 HTTP/1.1" 200 79147 "-" "-"
74.7.227.185 - - [30/Dec/2025:03:51:28 +0300] "GET /?fileloc=//proc/3354432/net/udp&path=//proc/3354432/net HTTP/2.0" 200 2623 "-" "Mozilla/5.0 AppleWebKit/537.36 (KHTML, like Gecko; compatible; GPTBot/1.3; +https://openai.com/gptbot)"
192.145.125.92 - - [30/Dec/2025:03:51:29 +0300] "GET /wp-content/plugins/akismet/ HTTP/1.1" 301 162 "-" "-"
192.145.125.92 - - [30/Dec/2025:03:51:29 +0300] "GET /wp-content/plugins/akismet/ HTTP/1.1" 200 5 "-" "-"
192.145.125.92 - - [30/Dec/2025:03:51:29 +0300] "GET /wp-includes/assets/ HTTP/1.1" 301 162 "-" "-"
192.145.125.92 - - [30/Dec/2025:03:51:29 +0300] "GET /wp-includes/assets/ HTTP/1.1" 302 138 "-" "-"
192.145.125.92 - - [30/Dec/2025:03:51:29 +0300] "GET /wp-includes/assets/404 HTTP/1.1" 200 79147 "-" "-"
74.7.227.185 - - [30/Dec/2025:03:51:29 +0300] "GET /?fileloc=//proc/3114663/net/raw&path=//proc/3114663/net HTTP/2.0" 200 2620 "-" "Mozilla/5.0 AppleWebKit/537.36 (KHTML, like Gecko; compatible; GPTBot/1.3; +https://openai.com/gptbot)"
192.145.125.92 - - [30/Dec/2025:03:51:29 +0300] "GET /wp-includes/block-patterns/ HTTP/1.1" 301 162 "-" "-"
192.145.125.92 - - [30/Dec/2025:03:51:29 +0300] "GET /wp-includes/block-patterns/ HTTP/1.1" 302 138 "-" "-"
192.145.125.92 - - [30/Dec/2025:03:51:29 +0300] "GET /wp-includes/block-patterns/404 HTTP/1.1" 200 79147 "-" "-"
192.145.125.92 - - [30/Dec/2025:03:51:29 +0300] "GET /wp-includes/block-supports/ HTTP/1.1" 301 162 "-" "-"
192.145.125.92 - - [30/Dec/2025:03:51:29 +0300] "GET /wp-includes/block-supports/ HTTP/1.1" 302 138 "-" "-"
74.7.227.185 - - [30/Dec/2025:03:51:30 +0300] "GET /?fileloc=//proc/3353996/net/rt_cache&path=//proc/3353996/net HTTP/2.0" 200 2638 "-" "Mozilla/5.0 AppleWebKit/537.36 (KHTML, like Gecko; compatible; GPTBot/1.3; +https://openai.com/gptbot)"
192.145.125.92 - - [30/Dec/2025:03:51:30 +0300] "GET /wp-includes/block-supports/404 HTTP/1.1" 200 79147 "-" "-"
192.145.125.92 - - [30/Dec/2025:03:51:30 +0300] "GET /wp-includes/html-api/ HTTP/1.1" 301 162 "-" "-"
192.145.125.92 - - [30/Dec/2025:03:51:30 +0300] "GET /wp-includes/html-api/ HTTP/1.1" 302 138 "-" "-"
192.145.125.92 - - [30/Dec/2025:03:51:30 +0300] "GET /wp-includes/html-api/404 HTTP/1.1" 200 79147 "-" "-"
74.7.227.185 - - [30/Dec/2025:03:51:30 +0300] "GET /?fileloc=//proc/3133983/net/fib_trie&path=//proc/3133983/net HTTP/2.0" 200 2731 "-" "Mozilla/5.0 AppleWebKit/537.36 (KHTML, like Gecko; compatible; GPTBot/1.3; +https://openai.com/gptbot)"
192.145.125.92 - - [30/Dec/2025:03:51:30 +0300] "GET /wp-includes/js/ HTTP/1.1" 301 162 "-" "-"
192.145.125.92 - - [30/Dec/2025:03:51:30 +0300] "GET /wp-includes/js/ HTTP/1.1" 302 138 "-" "-"
192.145.125.92 - - [30/Dec/2025:03:51:30 +0300] "GET /wp-includes/js/404 HTTP/1.1" 200 79147 "-" "-"
74.7.227.185 - - [30/Dec/2025:03:51:31 +0300] "GET /?fileloc=//proc/3354436/net/rt_cache&path=//proc/3354436/net HTTP/2.0" 200 2638 "-" "Mozilla/5.0 AppleWebKit/537.36 (KHTML, like Gecko; compatible; GPTBot/1.3; +https://openai.com/gptbot)"
192.145.125.92 - - [30/Dec/2025:03:51:31 +0300] "GET /wp-includes/php-compat/ HTTP/1.1" 301 162 "-" "-"
192.145.125.92 - - [30/Dec/2025:03:51:31 +0300] "GET /wp-includes/php-compat/ HTTP/1.1" 302 138 "-" "-"
74.7.227.185 - - [30/Dec/2025:03:51:31 +0300] "GET /?fileloc=//proc/3354435/net/fib_trie&path=//proc/3354435/net HTTP/2.0" 200 2732 "-" "Mozilla/5.0 AppleWebKit/537.36 (KHTML, like Gecko; compatible; GPTBot/1.3; +https://openai.com/gptbot)"
192.145.125.92 - - [30/Dec/2025:03:51:31 +0300] "GET /wp-includes/php-compat/404 HTTP/1.1" 200 79147 "-" "-"
192.145.125.92 - - [30/Dec/2025:03:51:31 +0300] "GET /wp-includes/PHPMailer/ HTTP/1.1" 301 162 "-" "-"
192.145.125.92 - - [30/Dec/2025:03:51:31 +0300] "GET /wp-includes/PHPMailer/ HTTP/1.1" 302 138 "-" "-"
192.145.125.92 - - [30/Dec/2025:03:51:32 +0300] "GET /wp-includes/PHPMailer/404 HTTP/1.1" 200 79147 "-" "-"
74.7.227.185 - - [30/Dec/2025:03:51:32 +0300] "GET /?fileloc=//proc/2904400/net/rt_cache&path=//proc/2904400/net HTTP/2.0" 200 2638 "-" "Mozilla/5.0 AppleWebKit/537.36 (KHTML, like Gecko; compatible; GPTBot/1.3; +https://openai.com/gptbot)"
192.145.125.92 - - [30/Dec/2025:03:51:32 +0300] "GET /wp-includes/pomo/ HTTP/1.1" 301 162 "-" "-"
192.145.125.92 - - [30/Dec/2025:03:51:32 +0300] "GET /wp-includes/pomo/ HTTP/1.1" 302 138 "-" "-"
192.145.125.92 - - [30/Dec/2025:03:51:32 +0300] "GET /wp-includes/pomo/404 HTTP/1.1" 200 79147 "-" "-"
74.7.227.185 - - [30/Dec/2025:03:51:32 +0300] "GET /?fileloc=//proc/3353258/net/rt_cache&path=//proc/3353258/net HTTP/2.0" 200 2638 "-" "Mozilla/5.0 AppleWebKit/537.36 (KHTML, like Gecko; compatible; GPTBot/1.3; +https://openai.com/gptbot)"
192.145.125.92 - - [30/Dec/2025:03:51:32 +0300] "GET /wp-includes/random_compat/ HTTP/1.1" 301 162 "-" "-"
192.145.125.92 - - [30/Dec/2025:03:51:32 +0300] "GET /wp-includes/random_compat/ HTTP/1.1" 200 79147 "-" "-"
74.7.227.185 - - [30/Dec/2025:03:51:33 +0300] "GET /?fileloc=//proc/3133983/net/rt_cache&path=//proc/3133983/net HTTP/2.0" 200 2639 "-" "Mozilla/5.0 AppleWebKit/537.36 (KHTML, like Gecko; compatible; GPTBot/1.3; +https://openai.com/gptbot)"
192.145.125.92 - - [30/Dec/2025:03:51:33 +0300] "GET /wp-includes/rest-api/ HTTP/1.1" 301 162 "-" "-"
192.145.125.92 - - [30/Dec/2025:03:51:33 +0300] "GET /wp-includes/rest-api/ HTTP/1.1" 302 138 "-" "-"
192.145.125.92 - - [30/Dec/2025:03:51:33 +0300] "GET /wp-includes/rest-api/404 HTTP/1.1" 200 79147 "-" "-"
192.145.125.92 - - [30/Dec/2025:03:51:33 +0300] "GET /wp-includes/sitemaps/ HTTP/1.1" 301 162 "-" "-"
74.7.227.185 - - [30/Dec/2025:03:51:33 +0300] "GET /?fileloc=//proc/3114663/net/rt_cache&path=//proc/3114663/net HTTP/2.0" 200 2638 "-" "Mozilla/5.0 AppleWebKit/537.36 (KHTML, like Gecko; compatible; GPTBot/1.3; +https://openai.com/gptbot)"
192.145.125.92 - - [30/Dec/2025:03:51:33 +0300] "GET /wp-includes/sitemaps/ HTTP/1.1" 302 138 "-" "-"
192.145.125.92 - - [30/Dec/2025:03:51:33 +0300] "GET /wp-includes/sitemaps/404 HTTP/1.1" 200 79147 "-" "-"
192.145.125.92 - - [30/Dec/2025:03:51:34 +0300] "GET /wp-includes/sodium_compat/ HTTP/1.1" 301 162 "-" "-"
192.145.125.92 - - [30/Dec/2025:03:51:34 +0300] "GET /wp-includes/sodium_compat/ HTTP/1.1" 302 138 "-" "-"
74.7.227.185 - - [30/Dec/2025:03:51:34 +0300] "GET /?fileloc=//proc/3354432/net/rt_cache&path=//proc/3354432/net HTTP/2.0" 200 2638 "-" "Mozilla/5.0 AppleWebKit/537.36 (KHTML, like Gecko; compatible; GPTBot/1.3; +https://openai.com/gptbot)"
192.145.125.92 - - [30/Dec/2025:03:51:34 +0300] "GET /wp-includes/sodium_compat/404 HTTP/1.1" 200 79147 "-" "-"
192.145.125.92 - - [30/Dec/2025:03:51:34 +0300] "GET /wp-includes/style-engine/ HTTP/1.1" 301 162 "-" "-"
192.145.125.92 - - [30/Dec/2025:03:51:34 +0300] "GET /wp-includes/style-engine/ HTTP/1.1" 302 138 "-" "-"
192.145.125.92 - - [30/Dec/2025:03:51:34 +0300] "GET /wp-includes/style-engine/404 HTTP/1.1" 200 79147 "-" "-"
74.7.227.185 - - [30/Dec/2025:03:51:34 +0300] "GET /?fileloc=//proc/3114663/net/unix&path=//proc/3114663/net HTTP/2.0" 200 5908 "-" "Mozilla/5.0 AppleWebKit/537.36 (KHTML, like Gecko; compatible; GPTBot/1.3; +https://openai.com/gptbot)"
192.145.125.92 - - [30/Dec/2025:03:51:35 +0300] "GET /wp-includes/theme-compat/ HTTP/1.1" 301 162 "-" "-"
192.145.125.92 - - [30/Dec/2025:03:51:35 +0300] "GET /wp-includes/theme-compat/ HTTP/1.1" 302 138 "-" "-"
192.145.125.92 - - [30/Dec/2025:03:51:35 +0300] "GET /wp-includes/theme-compat/404 HTTP/1.1" 200 79147 "-" "-"
74.7.227.185 - - [30/Dec/2025:03:51:35 +0300] "GET /?fileloc=//proc/3354432/net/tls_stat&path=//proc/3354432/net HTTP/2.0" 200 2641 "-" "Mozilla/5.0 AppleWebKit/537.36 (KHTML, like Gecko; compatible; GPTBot/1.3; +https://openai.com/gptbot)"
192.145.125.92 - - [30/Dec/2025:03:51:35 +0300] "GET /wp-includes/widgets/ HTTP/1.1" 301 162 "-" "-"
192.145.125.92 - - [30/Dec/2025:03:51:35 +0300] "GET /wp-includes/widgets/ HTTP/1.1" 302 138 "-" "-"
74.7.227.185 - - [30/Dec/2025:03:51:35 +0300] "GET /?fileloc=//proc/3353258/net/tls_stat&path=//proc/3353258/net HTTP/2.0" 200 2641 "-" "Mozilla/5.0 AppleWebKit/537.36 (KHTML, like Gecko; compatible; GPTBot/1.3; +https://openai.com/gptbot)"
192.145.125.92 - - [30/Dec/2025:03:51:36 +0300] "GET /wp-includes/widgets/404 HTTP/1.1" 200 79147 "-" "-"
74.7.227.185 - - [30/Dec/2025:03:51:36 +0300] "GET /?fileloc=//proc/3354436/net/tls_stat&path=//proc/3354436/net HTTP/2.0" 200 2641 "-" "Mozilla/5.0 AppleWebKit/537.36 (KHTML, like Gecko; compatible; GPTBot/1.3; +https://openai.com/gptbot)"
192.145.125.92 - - [30/Dec/2025:03:51:36 +0300] "GET /wp-admin/css/colors/ectoplasm/ HTTP/1.1" 301 162 "-" "-"
192.145.125.92 - - [30/Dec/2025:03:51:36 +0300] "GET /wp-admin/css/colors/ectoplasm/ HTTP/1.1" 302 138 "-" "-"
192.145.125.92 - - [30/Dec/2025:03:51:36 +0300] "GET /wp-admin/css/colors/ectoplasm/404 HTTP/1.1" 200 79147 "-" "-"
74.7.227.185 - - [30/Dec/2025:03:51:36 +0300] "GET /?fileloc=//proc/3241344/net/tls_stat&path=//proc/3241344/net HTTP/2.0" 200 2641 "-" "Mozilla/5.0 AppleWebKit/537.36 (KHTML, like Gecko; compatible; GPTBot/1.3; +https://openai.com/gptbot)"
192.145.125.92 - - [30/Dec/2025:03:51:36 +0300] "GET /wp-admin/css/colors/ HTTP/1.1" 301 162 "-" "-"
192.145.125.92 - - [30/Dec/2025:03:51:36 +0300] "GET /wp-admin/css/colors/ HTTP/1.1" 302 138 "-" "-"
192.145.125.92 - - [30/Dec/2025:03:51:37 +0300] "GET /wp-admin/css/colors/404 HTTP/1.1" 200 79147 "-" "-"
192.145.125.92 - - [30/Dec/2025:03:51:37 +0300] "GET /admin/images/slider/ HTTP/1.1" 301 162 "-" "-"
192.145.125.92 - - [30/Dec/2025:03:51:37 +0300] "GET /admin/images/slider/ HTTP/1.1" 200 79147 "-" "-"
192.145.125.92 - - [30/Dec/2025:03:51:37 +0300] "GET /admin/fckeditor/editor/filemanager/ HTTP/1.1" 301 162 "-" "-"
74.7.227.185 - - [30/Dec/2025:03:51:37 +0300] "GET /?fileloc=//proc/3354435/net/ip_mr_cache&path=//proc/3354435/net HTTP/2.0" 200 2591 "-" "Mozilla/5.0 AppleWebKit/537.36 (KHTML, like Gecko; compatible; GPTBot/1.3; +https://openai.com/gptbot)"
192.145.125.92 - - [30/Dec/2025:03:51:37 +0300] "GET /admin/fckeditor/editor/filemanager/ HTTP/1.1" 200 79147 "-" "-"
192.145.125.92 - - [30/Dec/2025:03:51:37 +0300] "GET /sites/default/files/ HTTP/1.1" 301 162 "-" "-"
74.7.227.185 - - [30/Dec/2025:03:51:37 +0300] "GET /?fileloc=//proc/3114663/net/tls_stat&path=//proc/3114663/net HTTP/2.0" 200 2641 "-" "Mozilla/5.0 AppleWebKit/537.36 (KHTML, like Gecko; compatible; GPTBot/1.3; +https://openai.com/gptbot)"
192.145.125.92 - - [30/Dec/2025:03:51:37 +0300] "GET /sites/default/files/ HTTP/1.1" 200 79147 "-" "-"
192.145.125.92 - - [30/Dec/2025:03:51:38 +0300] "GET /admin/controller/extension/extension/ HTTP/1.1" 301 162 "-" "-"
192.145.125.92 - - [30/Dec/2025:03:51:38 +0300] "GET /admin/controller/extension/extension/ HTTP/1.1" 200 79147 "-" "-"
74.7.227.185 - - [30/Dec/2025:03:51:38 +0300] "GET /?fileloc=//proc/3241344/net/fib_trie&path=//proc/3241344/net HTTP/2.0" 200 2732 "-" "Mozilla/5.0 AppleWebKit/537.36 (KHTML, like Gecko; compatible; GPTBot/1.3; +https://openai.com/gptbot)"
192.145.125.92 - - [30/Dec/2025:03:51:38 +0300] "GET /modules/mod_simplefileuploadv1.3/elements/ HTTP/1.1" 301 162 "-" "-"
192.145.125.92 - - [30/Dec/2025:03:51:38 +0300] "GET /modules/mod_simplefileuploadv1.3/elements/ HTTP/1.1" 200 79147 "-" "-"
74.7.227.185 - - [30/Dec/2025:03:51:38 +0300] "GET /?path=//proc/3133983/fd HTTP/2.0" 200 2606 "-" "Mozilla/5.0 AppleWebKit/537.36 (KHTML, like Gecko; compatible; GPTBot/1.3; +https://openai.com/gptbot)"
192.145.125.92 - - [30/Dec/2025:03:51:39 +0300] "GET /components/ HTTP/1.1" 301 162 "-" "-"
192.145.125.92 - - [30/Dec/2025:03:51:39 +0300] "GET /components/ HTTP/1.1" 200 79147 "-" "-"
74.7.227.185 - - [30/Dec/2025:03:51:39 +0300] "GET /?path=//proc/3133983/ns HTTP/2.0" 200 2606 "-" "Mozilla/5.0 AppleWebKit/537.36 (KHTML, like Gecko; compatible; GPTBot/1.3; +https://openai.com/gptbot)"
192.145.125.92 - - [30/Dec/2025:03:51:39 +0300] "GET /admin/uploads/images/ HTTP/1.1" 301 162 "-" "-"
192.145.125.92 - - [30/Dec/2025:03:51:39 +0300] "GET /admin/uploads/images/ HTTP/1.1" 200 79147 "-" "-"
192.145.125.92 - - [30/Dec/2025:03:51:39 +0300] "GET /wp-content/plugins/classic-editor/ HTTP/1.1" 301 162 "-" "-"
192.145.125.92 - - [30/Dec/2025:03:51:39 +0300] "GET /wp-content/plugins/classic-editor/ HTTP/1.1" 200 79147 "-" "-"
74.7.227.185 - - [30/Dec/2025:03:51:39 +0300] "GET /?path=//proc/3354515 HTTP/2.0" 200 4796 "-" "Mozilla/5.0 AppleWebKit/537.36 (KHTML, like Gecko; compatible; GPTBot/1.3; +https://openai.com/gptbot)"
192.145.125.92 - - [30/Dec/2025:03:51:40 +0300] "GET /wp-content/fonts/ HTTP/1.1" 301 162 "-" "-"
192.145.125.92 - - [30/Dec/2025:03:51:40 +0300] "GET /wp-content/fonts/ HTTP/1.1" 200 79147 "-" "-"
192.145.125.92 - - [30/Dec/2025:03:51:40 +0300] "GET /wp-content/plugins/contact-form-7/admin/js/ HTTP/1.1" 301 162 "-" "-"
192.145.125.92 - - [30/Dec/2025:03:51:40 +0300] "GET /wp-content/plugins/contact-form-7/admin/js/ HTTP/1.1" 200 79147 "-" "-"
192.145.125.92 - - [30/Dec/2025:03:51:40 +0300] "GET /wp-content/plugins/contact-form-7/ HTTP/1.1" 301 162 "-" "-"
74.7.227.185 - - [30/Dec/2025:03:51:40 +0300] "GET /?path=//proc/3252153 HTTP/2.0" 200 4793 "-" "Mozilla/5.0 AppleWebKit/537.36 (KHTML, like Gecko; compatible; GPTBot/1.3; +https://openai.com/gptbot)"
192.145.125.92 - - [30/Dec/2025:03:51:40 +0300] "GET /wp-content/plugins/contact-form-7/ HTTP/1.1" 302 138 "-" "-"
192.145.125.92 - - [30/Dec/2025:03:51:40 +0300] "GET /wp-content/plugins/contact-form-7/404 HTTP/1.1" 200 79147 "-" "-"
192.145.125.92 - - [30/Dec/2025:03:51:40 +0300] "GET /wordpress/ HTTP/1.1" 301 162 "-" "-"
74.7.227.185 - - [30/Dec/2025:03:51:41 +0300] "GET /?path=//proc/3353227 HTTP/2.0" 200 4796 "-" "Mozilla/5.0 AppleWebKit/537.36 (KHTML, like Gecko; compatible; GPTBot/1.3; +https://openai.com/gptbot)"
192.145.125.92 - - [30/Dec/2025:03:51:41 +0300] "GET /wordpress/ HTTP/1.1" 200 79147 "-" "-"
192.145.125.92 - - [30/Dec/2025:03:51:41 +0300] "GET /wp-admin/images/ HTTP/1.1" 301 162 "-" "-"
192.145.125.92 - - [30/Dec/2025:03:51:41 +0300] "GET /wp-admin/images/ HTTP/1.1" 302 138 "-" "-"
192.145.125.92 - - [30/Dec/2025:03:51:41 +0300] "GET /wp-admin/images/404 HTTP/1.1" 200 79147 "-" "-"
74.7.227.185 - - [30/Dec/2025:03:51:41 +0300] "GET /?path=//proc/3354403 HTTP/2.0" 200 2598 "-" "Mozilla/5.0 AppleWebKit/537.36 (KHTML, like Gecko; compatible; GPTBot/1.3; +https://openai.com/gptbot)"
192.145.125.92 - - [30/Dec/2025:03:51:41 +0300] "GET /wp-content/plugins/wordpress-seo/js/dist/ HTTP/1.1" 301 162 "-" "-"
192.145.125.92 - - [30/Dec/2025:03:51:41 +0300] "GET /wp-content/plugins/wordpress-seo/js/dist/ HTTP/1.1" 302 138 "-" "-"
192.145.125.92 - - [30/Dec/2025:03:51:41 +0300] "GET /wp-content/plugins/wordpress-seo/js/dist/404 HTTP/1.1" 200 79147 "-" "-"
74.7.227.185 - - [30/Dec/2025:03:51:42 +0300] "GET /?path=//proc/3354343 HTTP/2.0" 200 4903 "-" "Mozilla/5.0 AppleWebKit/537.36 (KHTML, like Gecko; compatible; GPTBot/1.3; +https://openai.com/gptbot)"
192.145.125.92 - - [30/Dec/2025:03:51:42 +0300] "GET /wp-content/plugins/wordpress-seo/ HTTP/1.1" 301 162 "-" "-"
192.145.125.92 - - [30/Dec/2025:03:51:42 +0300] "GET /wp-content/plugins/wordpress-seo/ HTTP/1.1" 200 5 "-" "-"
192.145.125.92 - - [30/Dec/2025:03:51:42 +0300] "GET /js/ HTTP/1.1" 301 162 "-" "-"
74.7.227.185 - - [30/Dec/2025:03:51:42 +0300] "GET /?path=//proc/3114661 HTTP/2.0" 200 4796 "-" "Mozilla/5.0 AppleWebKit/537.36 (KHTML, like Gecko; compatible; GPTBot/1.3; +https://openai.com/gptbot)"
192.145.125.92 - - [30/Dec/2025:03:51:42 +0300] "GET /js/ HTTP/1.1" 200 79147 "-" "-"
192.145.125.92 - - [30/Dec/2025:03:51:42 +0300] "GET /wp-content/plugins/woocommerce/assets/js/ HTTP/1.1" 301 162 "-" "-"
192.145.125.92 - - [30/Dec/2025:03:51:42 +0300] "GET /wp-content/plugins/woocommerce/assets/js/ HTTP/1.1" 200 79147 "-" "-"
74.7.227.185 - - [30/Dec/2025:03:51:43 +0300] "GET /?path=//proc/3353859 HTTP/2.0" 200 2598 "-" "Mozilla/5.0 AppleWebKit/537.36 (KHTML, like Gecko; compatible; GPTBot/1.3; +https://openai.com/gptbot)"
192.145.125.92 - - [30/Dec/2025:03:51:43 +0300] "GET /wp-content/plugins/woocommerce/ HTTP/1.1" 301 162 "-" "-"
192.145.125.92 - - [30/Dec/2025:03:51:43 +0300] "GET /wp-content/plugins/woocommerce/ HTTP/1.1" 200 79147 "-" "-"
192.145.125.92 - - [30/Dec/2025:03:51:43 +0300] "GET /wp-admin/meta/ HTTP/1.1" 301 162 "-" "-"
192.145.125.92 - - [30/Dec/2025:03:51:43 +0300] "GET /wp-admin/meta/ HTTP/1.1" 200 79147 "-" "-"
74.7.227.185 - - [30/Dec/2025:03:51:43 +0300] "GET /?fileloc=//proc/277205/net/connector&path=//proc/277205/net HTTP/2.0" 200 2569 "-" "Mozilla/5.0 AppleWebKit/537.36 (KHTML, like Gecko; compatible; GPTBot/1.3; +https://openai.com/gptbot)"
192.145.125.92 - - [30/Dec/2025:03:51:43 +0300] "GET /wp-admin/network/ HTTP/1.1" 301 162 "-" "-"
192.145.125.92 - - [30/Dec/2025:03:51:43 +0300] "GET /wp-admin/network/ HTTP/1.1" 200 59743 "-" "-"
192.145.125.92 - - [30/Dec/2025:03:51:44 +0300] "GET /wp-admin/user/ HTTP/1.1" 301 162 "-" "-"
74.7.227.185 - - [30/Dec/2025:03:51:44 +0300] "GET /?fileloc=//proc/2461908/net/snmp&path=//proc/2461908/net HTTP/2.0" 200 3227 "-" "Mozilla/5.0 AppleWebKit/537.36 (KHTML, like Gecko; compatible; GPTBot/1.3; +https://openai.com/gptbot)"
192.145.125.92 - - [30/Dec/2025:03:51:44 +0300] "GET /wp-admin/user/ HTTP/1.1" 200 28398 "-" "-"
192.145.125.92 - - [30/Dec/2025:03:51:44 +0300] "GET /wp-content/ HTTP/1.1" 301 162 "-" "-"
192.145.125.92 - - [30/Dec/2025:03:51:44 +0300] "GET /wp-content/ HTTP/1.1" 200 5 "-" "-"
192.145.125.92 - - [30/Dec/2025:03:51:44 +0300] "GET /wp-content/plugins/ HTTP/1.1" 301 162 "-" "-"
192.145.125.92 - - [30/Dec/2025:03:51:44 +0300] "GET /wp-content/plugins/ HTTP/1.1" 200 5 "-" "-"
74.7.227.185 - - [30/Dec/2025:03:51:44 +0300] "GET /?fileloc=//proc/3133983/net/icmp&path=//proc/3133983/net HTTP/2.0" 200 2624 "-" "Mozilla/5.0 AppleWebKit/537.36 (KHTML, like Gecko; compatible; GPTBot/1.3; +https://openai.com/gptbot)"
192.145.125.92 - - [30/Dec/2025:03:51:44 +0300] "GET /wp-content/themes/ HTTP/1.1" 301 162 "-" "-"
192.145.125.92 - - [30/Dec/2025:03:51:44 +0300] "GET /wp-content/themes/ HTTP/1.1" 200 5 "-" "-"
192.145.125.92 - - [30/Dec/2025:03:51:44 +0300] "GET /wp-admin/includes/ HTTP/1.1" 301 162 "-" "-"
192.145.125.92 - - [30/Dec/2025:03:51:45 +0300] "GET /wp-admin/includes/ HTTP/1.1" 302 138 "-" "-"
192.145.125.92 - - [30/Dec/2025:03:51:45 +0300] "GET /wp-admin/includes/404 HTTP/1.1" 200 79147 "-" "-"
74.7.227.185 - - [30/Dec/2025:03:51:45 +0300] "GET /?fileloc=//proc/3354435/net/icmp&path=//proc/3354435/net HTTP/2.0" 200 2624 "-" "Mozilla/5.0 AppleWebKit/537.36 (KHTML, like Gecko; compatible; GPTBot/1.3; +https://openai.com/gptbot)"
192.145.125.92 - - [30/Dec/2025:03:51:45 +0300] "GET /wp-admin/ HTTP/1.1" 301 162 "-" "-"
192.145.125.92 - - [30/Dec/2025:03:51:45 +0300] "GET /wp-admin/ HTTP/1.1" 200 165565 "-" "-"
192.145.125.92 - - [30/Dec/2025:03:51:45 +0300] "GET /wp-content/upgrade/ HTTP/1.1" 301 162 "-" "-"
74.7.227.185 - - [30/Dec/2025:03:51:45 +0300] "GET /?path=//proc/3354515/net HTTP/2.0" 200 4714 "-" "Mozilla/5.0 AppleWebKit/537.36 (KHTML, like Gecko; compatible; GPTBot/1.3; +https://openai.com/gptbot)"
192.145.125.92 - - [30/Dec/2025:03:51:45 +0300] "GET /wp-content/upgrade/ HTTP/1.1" 302 138 "-" "-"
192.145.125.92 - - [30/Dec/2025:03:51:45 +0300] "GET /wp-content/upgrade/404 HTTP/1.1" 200 79147 "-" "-"
74.7.227.185 - - [30/Dec/2025:03:51:46 +0300] "GET /?path=//proc/3252153/net HTTP/2.0" 200 4714 "-" "Mozilla/5.0 AppleWebKit/537.36 (KHTML, like Gecko; compatible; GPTBot/1.3; +https://openai.com/gptbot)"
74.7.227.185 - - [30/Dec/2025:03:51:46 +0300] "GET /?fileloc=//proc/3353227/clear_refs&path=//proc/3353227 HTTP/2.0" 200 2545 "-" "Mozilla/5.0 AppleWebKit/537.36 (KHTML, like Gecko; compatible; GPTBot/1.3; +https://openai.com/gptbot)"
74.7.227.185 - - [30/Dec/2025:03:51:47 +0300] "GET /?path=//proc/3353227/net HTTP/2.0" 200 4714 "-" "Mozilla/5.0 AppleWebKit/537.36 (KHTML, like Gecko; compatible; GPTBot/1.3; +https://openai.com/gptbot)"
74.7.227.185 - - [30/Dec/2025:03:51:47 +0300] "GET /?path=//proc/3354343/net HTTP/2.0" 200 4714 "-" "Mozilla/5.0 AppleWebKit/537.36 (KHTML, like Gecko; compatible; GPTBot/1.3; +https://openai.com/gptbot)"
74.7.227.185 - - [30/Dec/2025:03:51:48 +0300] "GET /?path=//proc/3114661/net HTTP/2.0" 200 4714 "-" "Mozilla/5.0 AppleWebKit/537.36 (KHTML, like Gecko; compatible; GPTBot/1.3; +https://openai.com/gptbot)"
74.7.227.185 - - [30/Dec/2025:03:51:48 +0300] "GET /?fileloc=//proc/3354343/cmdline&path=//proc/3354343 HTTP/2.0" 200 2665 "-" "Mozilla/5.0 AppleWebKit/537.36 (KHTML, like Gecko; compatible; GPTBot/1.3; +https://openai.com/gptbot)"
74.7.227.185 - - [30/Dec/2025:03:51:49 +0300] "GET /?fileloc=//proc/3114661/timers&path=//proc/3114661 HTTP/2.0" 200 2541 "-" "Mozilla/5.0 AppleWebKit/537.36 (KHTML, like Gecko; compatible; GPTBot/1.3; +https://openai.com/gptbot)"
74.7.227.185 - - [30/Dec/2025:03:51:49 +0300] "GET /?fileloc=//proc/3353227/cpuset&path=//proc/3353227 HTTP/2.0" 200 2543 "-" "Mozilla/5.0 AppleWebKit/537.36 (KHTML, like Gecko; compatible; GPTBot/1.3; +https://openai.com/gptbot)"
74.7.227.185 - - [30/Dec/2025:03:51:50 +0300] "GET /?path=//proc/3252153/ns HTTP/2.0" 200 2605 "-" "Mozilla/5.0 AppleWebKit/537.36 (KHTML, like Gecko; compatible; GPTBot/1.3; +https://openai.com/gptbot)"
74.7.227.185 - - [30/Dec/2025:03:51:51 +0300] "GET /?path=//proc/3114661/ns HTTP/2.0" 200 2605 "-" "Mozilla/5.0 AppleWebKit/537.36 (KHTML, like Gecko; compatible; GPTBot/1.3; +https://openai.com/gptbot)"
74.7.227.185 - - [30/Dec/2025:03:51:51 +0300] "GET /?fileloc=//proc/3354515/net/ip_tables_matches&path=//proc/3354515/net HTTP/2.0" 200 2555 "-" "Mozilla/5.0 AppleWebKit/537.36 (KHTML, like Gecko; compatible; GPTBot/1.3; +https://openai.com/gptbot)"
74.7.227.185 - - [30/Dec/2025:03:51:52 +0300] "GET /?fileloc=//proc/3354515/net/udplite&path=//proc/3354515/net HTTP/2.0" 200 2627 "-" "Mozilla/5.0 AppleWebKit/537.36 (KHTML, like Gecko; compatible; GPTBot/1.3; +https://openai.com/gptbot)"
74.7.227.185 - - [30/Dec/2025:03:51:52 +0300] "GET /?fileloc=//proc/3252153/net/ip_mr_vif&path=//proc/3252153/net HTTP/2.0" 200 2595 "-" "Mozilla/5.0 AppleWebKit/537.36 (KHTML, like Gecko; compatible; GPTBot/1.3; +https://openai.com/gptbot)"
74.7.227.185 - - [30/Dec/2025:03:51:53 +0300] "GET /?fileloc=//proc/3353227/net/ip_mr_vif&path=//proc/3353227/net HTTP/2.0" 200 2596 "-" "Mozilla/5.0 AppleWebKit/537.36 (KHTML, like Gecko; compatible; GPTBot/1.3; +https://openai.com/gptbot)"
74.7.227.185 - - [30/Dec/2025:03:51:53 +0300] "GET /?fileloc=//proc/3354515/net/ip_mr_vif&path=//proc/3354515/net HTTP/2.0" 200 2596 "-" "Mozilla/5.0 AppleWebKit/537.36 (KHTML, like Gecko; compatible; GPTBot/1.3; +https://openai.com/gptbot)"
74.7.227.185 - - [30/Dec/2025:03:51:54 +0300] "GET /?fileloc=//proc/3114661/net/ip_mr_vif&path=//proc/3114661/net HTTP/2.0" 200 2596 "-" "Mozilla/5.0 AppleWebKit/537.36 (KHTML, like Gecko; compatible; GPTBot/1.3; +https://openai.com/gptbot)"
74.7.227.185 - - [30/Dec/2025:03:51:54 +0300] "GET /?fileloc=//proc/3354515/net/raw6&path=//proc/3354515/net HTTP/2.0" 200 2625 "-" "Mozilla/5.0 AppleWebKit/537.36 (KHTML, like Gecko; compatible; GPTBot/1.3; +https://openai.com/gptbot)"
74.7.227.185 - - [30/Dec/2025:03:51:55 +0300] "GET /?fileloc=//proc/3353227/net/raw6&path=//proc/3353227/net HTTP/2.0" 200 2625 "-" "Mozilla/5.0 AppleWebKit/537.36 (KHTML, like Gecko; compatible; GPTBot/1.3; +https://openai.com/gptbot)"
74.7.227.185 - - [30/Dec/2025:03:51:55 +0300] "GET /?path=//proc/3114661/fd HTTP/2.0" 200 2606 "-" "Mozilla/5.0 AppleWebKit/537.36 (KHTML, like Gecko; compatible; GPTBot/1.3; +https://openai.com/gptbot)"
74.7.227.185 - - [30/Dec/2025:03:51:56 +0300] "GET /?path=//proc/3354515/fd HTTP/2.0" 200 2606 "-" "Mozilla/5.0 AppleWebKit/537.36 (KHTML, like Gecko; compatible; GPTBot/1.3; +https://openai.com/gptbot)"
74.7.227.185 - - [30/Dec/2025:03:51:56 +0300] "GET /?path=//proc/3252153/fd HTTP/2.0" 200 2605 "-" "Mozilla/5.0 AppleWebKit/537.36 (KHTML, like Gecko; compatible; GPTBot/1.3; +https://openai.com/gptbot)"
74.7.227.185 - - [30/Dec/2025:03:51:57 +0300] "GET /?path=//proc/3354515/ns HTTP/2.0" 200 2606 "-" "Mozilla/5.0 AppleWebKit/537.36 (KHTML, like Gecko; compatible; GPTBot/1.3; +https://openai.com/gptbot)"
74.7.227.185 - - [30/Dec/2025:03:51:57 +0300] "GET /?path=//proc/3353227/ns HTTP/2.0" 200 2606 "-" "Mozilla/5.0 AppleWebKit/537.36 (KHTML, like Gecko; compatible; GPTBot/1.3; +https://openai.com/gptbot)"
74.7.227.185 - - [30/Dec/2025:03:51:58 +0300] "GET /?path=//proc/3353227/fd HTTP/2.0" 200 2606 "-" "Mozilla/5.0 AppleWebKit/537.36 (KHTML, like Gecko; compatible; GPTBot/1.3; +https://openai.com/gptbot)"
74.7.227.185 - - [30/Dec/2025:03:51:58 +0300] "GET /?fileloc=//proc/3252153/net/raw6&path=//proc/3252153/net HTTP/2.0" 200 2625 "-" "Mozilla/5.0 AppleWebKit/537.36 (KHTML, like Gecko; compatible; GPTBot/1.3; +https://openai.com/gptbot)"
74.7.227.185 - - [30/Dec/2025:03:51:59 +0300] "GET /?fileloc=//proc/3252153/net/udp6&path=//proc/3252153/net HTTP/2.0" 200 2675 "-" "Mozilla/5.0 AppleWebKit/537.36 (KHTML, like Gecko; compatible; GPTBot/1.3; +https://openai.com/gptbot)"
74.7.227.185 - - [30/Dec/2025:03:52:00 +0300] "GET /?fileloc=//proc/3354515/net/udp6&path=//proc/3354515/net HTTP/2.0" 200 2676 "-" "Mozilla/5.0 AppleWebKit/537.36 (KHTML, like Gecko; compatible; GPTBot/1.3; +https://openai.com/gptbot)"
74.7.227.185 - - [30/Dec/2025:03:52:00 +0300] "GET /?fileloc=//proc/3353227/net/udp6&path=//proc/3353227/net HTTP/2.0" 200 2676 "-" "Mozilla/5.0 AppleWebKit/537.36 (KHTML, like Gecko; compatible; GPTBot/1.3; +https://openai.com/gptbot)"
74.7.227.185 - - [30/Dec/2025:03:52:01 +0300] "GET /?fileloc=//proc/3354343/net/rt_acct&path=//proc/3354343/net HTTP/2.0" 200 2590 "-" "Mozilla/5.0 AppleWebKit/537.36 (KHTML, like Gecko; compatible; GPTBot/1.3; +https://openai.com/gptbot)"
74.7.227.185 - - [30/Dec/2025:03:52:01 +0300] "GET /?fileloc=//proc/3252153/net/udp&path=//proc/3252153/net HTTP/2.0" 200 2622 "-" "Mozilla/5.0 AppleWebKit/537.36 (KHTML, like Gecko; compatible; GPTBot/1.3; +https://openai.com/gptbot)"
74.7.227.185 - - [30/Dec/2025:03:52:02 +0300] "GET /?fileloc=//proc/3114661/net/tcp6&path=//proc/3114661/net HTTP/2.0" 200 3046 "-" "Mozilla/5.0 AppleWebKit/537.36 (KHTML, like Gecko; compatible; GPTBot/1.3; +https://openai.com/gptbot)"
74.7.227.185 - - [30/Dec/2025:03:52:02 +0300] "GET /?fileloc=//proc/3354343/net/raw6&path=//proc/3354343/net HTTP/2.0" 200 2625 "-" "Mozilla/5.0 AppleWebKit/537.36 (KHTML, like Gecko; compatible; GPTBot/1.3; +https://openai.com/gptbot)"
74.7.227.185 - - [30/Dec/2025:03:52:03 +0300] "GET /?fileloc=//proc/3114661/net/rt_acct&path=//proc/3114661/net HTTP/2.0" 200 2590 "-" "Mozilla/5.0 AppleWebKit/537.36 (KHTML, like Gecko; compatible; GPTBot/1.3; +https://openai.com/gptbot)"
74.7.227.185 - - [30/Dec/2025:03:52:03 +0300] "GET /?fileloc=//proc/3353227/net/rt_acct&path=//proc/3353227/net HTTP/2.0" 200 2590 "-" "Mozilla/5.0 AppleWebKit/537.36 (KHTML, like Gecko; compatible; GPTBot/1.3; +https://openai.com/gptbot)"
74.7.227.185 - - [30/Dec/2025:03:52:04 +0300] "GET /?fileloc=//proc/3252153/net/rt_acct&path=//proc/3252153/net HTTP/2.0" 200 2589 "-" "Mozilla/5.0 AppleWebKit/537.36 (KHTML, like Gecko; compatible; GPTBot/1.3; +https://openai.com/gptbot)"
74.7.227.185 - - [30/Dec/2025:03:52:04 +0300] "GET /?fileloc=//proc/3354515/net/rt_acct&path=//proc/3354515/net HTTP/2.0" 200 2590 "-" "Mozilla/5.0 AppleWebKit/537.36 (KHTML, like Gecko; compatible; GPTBot/1.3; +https://openai.com/gptbot)"
74.7.227.185 - - [30/Dec/2025:03:52:05 +0300] "GET /?fileloc=//proc/3354343/net/ip_mr_vif&path=//proc/3354343/net HTTP/2.0" 200 2596 "-" "Mozilla/5.0 AppleWebKit/537.36 (KHTML, like Gecko; compatible; GPTBot/1.3; +https://openai.com/gptbot)"
74.7.227.185 - - [30/Dec/2025:03:52:05 +0300] "GET /?fileloc=//proc/3353227/net/fib_trie&path=//proc/3353227/net HTTP/2.0" 200 2731 "-" "Mozilla/5.0 AppleWebKit/537.36 (KHTML, like Gecko; compatible; GPTBot/1.3; +https://openai.com/gptbot)"
74.7.227.185 - - [30/Dec/2025:03:52:06 +0300] "GET /?fileloc=//proc/3252153/net/fib_trie&path=//proc/3252153/net HTTP/2.0" 200 2730 "-" "Mozilla/5.0 AppleWebKit/537.36 (KHTML, like Gecko; compatible; GPTBot/1.3; +https://openai.com/gptbot)"
