74.7.227.185 - - [30/Dec/2025:03:40:40 +0300] "GET /?fileloc=//proc/2044/net/dev_mcast&path=//proc/2044/net HTTP/2.0" 200 2587 "-" "Mozilla/5.0 AppleWebKit/537.36 (KHTML, like Gecko; compatible; GPTBot/1.3; +https://openai.com/gptbot)"
74.225.247.240 - - [30/Dec/2025:03:40:41 +0300] "GET /wp-content/inputs.php HTTP/1.1" 200 79147 "https://www.bing.com/" "Mozilla/5.0 (Linux; Android 14; Pixel 8 Pro) AppleWebKit/537.36 (KHTML, like Gecko) Chrome/119.0.0.0 Mobile Safari/537.36"
74.225.247.240 - - [30/Dec/2025:03:40:41 +0300] "GET /wp-content/l.php HTTP/1.1" 301 162 "https://duckduckgo.com/" "Mozilla/5.0 (Linux; Android 12; 2201116SG) AppleWebKit/537.36 (KHTML, like Gecko) Chrome/116.0.0.0 Mobile Safari/537.36"
74.7.227.185 - - [30/Dec/2025:03:40:41 +0300] "GET /?fileloc=//proc/2044/net/xfrm_stat&path=//proc/2044/net HTTP/2.0" 200 2738 "-" "Mozilla/5.0 AppleWebKit/537.36 (KHTML, like Gecko; compatible; GPTBot/1.3; +https://openai.com/gptbot)"
74.225.247.240 - - [30/Dec/2025:03:40:41 +0300] "GET /wp-content/l.php HTTP/1.1" 200 79147 "https://duckduckgo.com/" "Mozilla/5.0 (Linux; Android 12; 2201116SG) AppleWebKit/537.36 (KHTML, like Gecko) Chrome/116.0.0.0 Mobile Safari/537.36"
74.225.247.240 - - [30/Dec/2025:03:40:41 +0300] "GET /wp-content/languages/autoload_classmap.php HTTP/1.1" 301 162 "https://www.google.co.uk/" "Mozilla/5.0 (iPhone; CPU iPhone OS 17_1 like Mac OS X) AppleWebKit/605.1.15 (KHTML, like Gecko) CriOS/119.0.6045.109 Mobile/15E148 Safari/604.1"
74.225.247.240 - - [30/Dec/2025:03:40:41 +0300] "GET /wp-content/languages/autoload_classmap.php HTTP/1.1" 200 79147 "https://www.google.co.uk/" "Mozilla/5.0 (iPhone; CPU iPhone OS 17_1 like Mac OS X) AppleWebKit/605.1.15 (KHTML, like Gecko) CriOS/119.0.6045.109 Mobile/15E148 Safari/604.1"
74.7.227.185 - - [30/Dec/2025:03:40:42 +0300] "GET /?fileloc=//proc/1424/net/xfrm_stat&path=//proc/1424/net HTTP/2.0" 200 2738 "-" "Mozilla/5.0 AppleWebKit/537.36 (KHTML, like Gecko; compatible; GPTBot/1.3; +https://openai.com/gptbot)"
74.225.247.240 - - [30/Dec/2025:03:40:42 +0300] "GET /wp-content/mini.php HTTP/1.1" 301 162 "https://duckduckgo.com/" "Mozilla/5.0 (Linux; Android 13; M2101K6G) AppleWebKit/537.36 (KHTML, like Gecko) Chrome/116.0.0.0 Mobile Safari/537.36"
74.225.247.240 - - [30/Dec/2025:03:40:42 +0300] "GET /wp-content/mini.php HTTP/1.1" 200 79147 "https://duckduckgo.com/" "Mozilla/5.0 (Linux; Android 13; M2101K6G) AppleWebKit/537.36 (KHTML, like Gecko) Chrome/116.0.0.0 Mobile Safari/537.36"
74.225.247.240 - - [30/Dec/2025:03:40:42 +0300] "GET /wp-content/plugins/admin.php HTTP/1.1" 301 162 "https://www.google.com/" "Mozilla/5.0 (iPad; CPU OS 16_7_2 like Mac OS X) AppleWebKit/605.1.15 (KHTML, like Gecko) Version/16.6 Mobile/15E148 Safari/604.1"
74.7.227.185 - - [30/Dec/2025:03:40:42 +0300] "GET /?fileloc=//proc/2044/net/packet&path=//proc/2044/net HTTP/2.0" 200 2587 "-" "Mozilla/5.0 AppleWebKit/537.36 (KHTML, like Gecko; compatible; GPTBot/1.3; +https://openai.com/gptbot)"
74.225.247.240 - - [30/Dec/2025:03:40:42 +0300] "GET /wp-content/plugins/admin.php HTTP/1.1" 200 79147 "https://www.google.com/" "Mozilla/5.0 (iPad; CPU OS 16_7_2 like Mac OS X) AppleWebKit/605.1.15 (KHTML, like Gecko) Version/16.6 Mobile/15E148 Safari/604.1"
74.225.247.240 - - [30/Dec/2025:03:40:42 +0300] "GET /wp-content/plugins/akismet/akismet.php HTTP/1.1" 301 162 "https://www.google.co.uk/" "Mozilla/5.0 (iPad; CPU OS 17_0_3 like Mac OS X) AppleWebKit/605.1.15 (KHTML, like Gecko) Version/17.0.1 Mobile/15E148 Safari/604.1"
74.7.227.185 - - [30/Dec/2025:03:40:43 +0300] "GET /?fileloc=//proc/3553/net/packet&path=//proc/3553/net HTTP/2.0" 200 2587 "-" "Mozilla/5.0 AppleWebKit/537.36 (KHTML, like Gecko; compatible; GPTBot/1.3; +https://openai.com/gptbot)"
74.225.247.240 - - [30/Dec/2025:03:40:43 +0300] "GET /wp-content/plugins/akismet/akismet.php HTTP/1.1" 200 80 "https://www.google.co.uk/" "Mozilla/5.0 (iPad; CPU OS 17_0_3 like Mac OS X) AppleWebKit/605.1.15 (KHTML, like Gecko) Version/17.0.1 Mobile/15E148 Safari/604.1"
74.225.247.240 - - [30/Dec/2025:03:40:43 +0300] "GET /wp-content/plugins/yanierin/akcc.php HTTP/1.1" 301 162 "https://www.google.com/" "Mozilla/5.g (Linux; Android 13; Pixel 7) AppleWebKit/537.36 (KHTML, like Gecko) Chrome/116.0.0.0 Mobile Safari/537.36"
74.225.247.240 - - [30/Dec/2025:03:40:43 +0300] "GET /wp-content/plugins/yanierin/akcc.php HTTP/1.1" 200 79147 "https://www.google.com/" "Mozilla/5.g (Linux; Android 13; Pixel 7) AppleWebKit/537.36 (KHTML, like Gecko) Chrome/116.0.0.0 Mobile Safari/537.36"
74.7.227.185 - - [30/Dec/2025:03:40:43 +0300] "GET /?fileloc=//proc/3553/net/psched&path=//proc/3553/net HTTP/2.0" 200 2571 "-" "Mozilla/5.0 AppleWebKit/537.36 (KHTML, like Gecko; compatible; GPTBot/1.3; +https://openai.com/gptbot)"
74.225.247.240 - - [30/Dec/2025:03:40:43 +0300] "GET /wp-content/themes/about.php HTTP/1.1" 301 162 "https://www.bing.com/" "Mozilla/5.0 (Linux; Android 11; 21081111RG) AppleWebKit/537.36 (KHTML, like Gecko) Chrome/116.0.0.0 Mobile Safari/537.36"
74.225.247.240 - - [30/Dec/2025:03:40:43 +0300] "GET /wp-content/themes/about.php HTTP/1.1" 200 79147 "https://www.bing.com/" "Mozilla/5.0 (Linux; Android 11; 21081111RG) AppleWebKit/537.36 (KHTML, like Gecko) Chrome/116.0.0.0 Mobile Safari/537.36"
74.225.247.240 - - [30/Dec/2025:03:40:44 +0300] "GET /wp-content/themes/admin.php HTTP/1.1" 301 162 "https://www.google.co.uk/" "Mozilla/5.0 (iPhone; CPU iPhone OS 16_6_1 like Mac OS X) AppleWebKit/605.1.15 (KHTML, like Gecko) Version/16.6 Mobile/15E148 Safari/604.1"
74.7.227.185 - - [30/Dec/2025:03:40:44 +0300] "GET /?fileloc=//proc/1424/net/packet&path=//proc/1424/net HTTP/2.0" 200 2587 "-" "Mozilla/5.0 AppleWebKit/537.36 (KHTML, like Gecko; compatible; GPTBot/1.3; +https://openai.com/gptbot)"
74.225.247.240 - - [30/Dec/2025:03:40:44 +0300] "GET /wp-content/themes/admin.php HTTP/1.1" 200 79147 "https://www.google.co.uk/" "Mozilla/5.0 (iPhone; CPU iPhone OS 16_6_1 like Mac OS X) AppleWebKit/605.1.15 (KHTML, like Gecko) Version/16.6 Mobile/15E148 Safari/604.1"
74.225.247.240 - - [30/Dec/2025:03:40:44 +0300] "GET /wp-content/themes/twentyfifteen/404.php HTTP/1.1" 301 162 "https://www.yahoo.com/" "Mozilla/5.0 (Linux; Android 13; M2101K6G) AppleWebKit/537.36 (KHTML, like Gecko) Chrome/116.0.0.0 Mobile Safari/537.36"
74.225.247.240 - - [30/Dec/2025:03:40:44 +0300] "GET /wp-content/themes/twentyfifteen/404.php HTTP/1.1" 500 5 "https://www.yahoo.com/" "Mozilla/5.0 (Linux; Android 13; M2101K6G) AppleWebKit/537.36 (KHTML, like Gecko) Chrome/116.0.0.0 Mobile Safari/537.36"
74.7.227.185 - - [30/Dec/2025:03:40:44 +0300] "GET /?fileloc=//proc/2697/net/dev_mcast&path=//proc/2697/net HTTP/2.0" 200 2588 "-" "Mozilla/5.0 AppleWebKit/537.36 (KHTML, like Gecko; compatible; GPTBot/1.3; +https://openai.com/gptbot)"
74.225.247.240 - - [30/Dec/2025:03:40:44 +0300] "GET /wp-content/uploads/index.php HTTP/1.1" 301 162 "https://www.bing.com/" "Mozilla/5.0 (iPhone; CPU iPhone OS 16_6_1 like Mac OS X) AppleWebKit/605.1.15 (KHTML, like Gecko) Version/16.6 Mobile/15E148 Safari/604.1"
74.225.247.240 - - [30/Dec/2025:03:40:45 +0300] "GET /wp-content/uploads/index.php HTTP/1.1" 200 79147 "https://www.bing.com/" "Mozilla/5.0 (iPhone; CPU iPhone OS 16_6_1 like Mac OS X) AppleWebKit/605.1.15 (KHTML, like Gecko) Version/16.6 Mobile/15E148 Safari/604.1"
74.7.227.185 - - [30/Dec/2025:03:40:45 +0300] "GET /?fileloc=//proc/2175/net/dev_mcast&path=//proc/2175/net HTTP/2.0" 200 2588 "-" "Mozilla/5.0 AppleWebKit/537.36 (KHTML, like Gecko; compatible; GPTBot/1.3; +https://openai.com/gptbot)"
74.225.247.240 - - [30/Dec/2025:03:40:45 +0300] "GET /wp-content/wp-conflg.php HTTP/1.1" 301 162 "https://www.google.de/" "Mozilla/5.0 (Linux; Android 13; SM-S908E) AppleWebKit/537.36 (KHTML, like Gecko) Chrome/116.0.0.0 Mobile Safari/537.36"
74.225.247.240 - - [30/Dec/2025:03:40:45 +0300] "GET /wp-content/wp-conflg.php HTTP/1.1" 200 79147 "https://www.google.de/" "Mozilla/5.0 (Linux; Android 13; SM-S908E) AppleWebKit/537.36 (KHTML, like Gecko) Chrome/116.0.0.0 Mobile Safari/537.36"
74.7.227.185 - - [30/Dec/2025:03:40:45 +0300] "GET /?fileloc=//proc/1423/net/dev_mcast&path=//proc/1423/net HTTP/2.0" 200 2587 "-" "Mozilla/5.0 AppleWebKit/537.36 (KHTML, like Gecko; compatible; GPTBot/1.3; +https://openai.com/gptbot)"
74.225.247.240 - - [30/Dec/2025:03:40:45 +0300] "GET /wp-content/wp.php HTTP/1.1" 301 162 "https://www.google.co.uk/" "Mozilla/5.0 (Linux; Android 13; M2101K6G) AppleWebKit/537.36 (KHTML, like Gecko) Chrome/116.0.0.0 Mobile Safari/537.36"
74.225.247.240 - - [30/Dec/2025:03:40:46 +0300] "GET /wp-content/wp.php HTTP/1.1" 200 79147 "https://www.google.co.uk/" "Mozilla/5.0 (Linux; Android 13; M2101K6G) AppleWebKit/537.36 (KHTML, like Gecko) Chrome/116.0.0.0 Mobile Safari/537.36"
74.7.227.185 - - [30/Dec/2025:03:40:46 +0300] "GET /?fileloc=//proc/2175/net/igmp6&path=//proc/2175/net HTTP/2.0" 200 2609 "-" "Mozilla/5.0 AppleWebKit/537.36 (KHTML, like Gecko; compatible; GPTBot/1.3; +https://openai.com/gptbot)"
74.225.247.240 - - [30/Dec/2025:03:40:46 +0300] "GET /wp-editor.php HTTP/1.1" 301 162 "https://www.google.de/" "Mozilla/5.0 (Linux; Android 13; SM-G991U) AppleWebKit/537.36 (KHTML, like Gecko) Chrome/117.0.0.0 Mobile Safari/537.36"
74.225.247.240 - - [30/Dec/2025:03:40:46 +0300] "GET /wp-editor.php HTTP/1.1" 200 79147 "https://www.google.de/" "Mozilla/5.0 (Linux; Android 13; SM-G991U) AppleWebKit/537.36 (KHTML, like Gecko) Chrome/117.0.0.0 Mobile Safari/537.36"
74.225.247.240 - - [30/Dec/2025:03:40:46 +0300] "GET /wp-includes/4.php HTTP/1.1" 301 162 "https://www.google.co.uk/" "Mozilla/5.0 (Linux; Android 13; M2101K6G) AppleWebKit/537.36 (KHTML, like Gecko) Chrome/116.0.0.0 Mobile Safari/537.36"
74.7.227.185 - - [30/Dec/2025:03:40:46 +0300] "GET /?fileloc=//proc/1423/net/igmp6&path=//proc/1423/net HTTP/2.0" 200 2609 "-" "Mozilla/5.0 AppleWebKit/537.36 (KHTML, like Gecko; compatible; GPTBot/1.3; +https://openai.com/gptbot)"
74.225.247.240 - - [30/Dec/2025:03:40:47 +0300] "GET /wp-includes/4.php HTTP/1.1" 200 79147 "https://www.google.co.uk/" "Mozilla/5.0 (Linux; Android 13; M2101K6G) AppleWebKit/537.36 (KHTML, like Gecko) Chrome/116.0.0.0 Mobile Safari/537.36"
74.225.247.240 - - [30/Dec/2025:03:40:47 +0300] "GET /wp-includes/ID3 HTTP/1.1" 301 162 "https://www.google.fr/" "Mozilla/5.0 (Linux; Android 13; SM-G991U) AppleWebKit/537.36 (KHTML, like Gecko) Chrome/117.0.0.0 Mobile Safari/537.36"
74.7.227.185 - - [30/Dec/2025:03:40:47 +0300] "GET /?fileloc=//proc/2697/net/packet&path=//proc/2697/net HTTP/2.0" 200 2587 "-" "Mozilla/5.0 AppleWebKit/537.36 (KHTML, like Gecko; compatible; GPTBot/1.3; +https://openai.com/gptbot)"
74.225.247.240 - - [30/Dec/2025:03:40:47 +0300] "GET /wp-includes/ID3 HTTP/1.1" 301 162 "https://www.google.fr/" "Mozilla/5.0 (Linux; Android 13; SM-G991U) AppleWebKit/537.36 (KHTML, like Gecko) Chrome/117.0.0.0 Mobile Safari/537.36"
74.225.247.240 - - [30/Dec/2025:03:40:47 +0300] "GET /wp-includes/ID3/ HTTP/1.1" 302 138 "https://www.google.fr/" "Mozilla/5.0 (Linux; Android 13; SM-G991U) AppleWebKit/537.36 (KHTML, like Gecko) Chrome/117.0.0.0 Mobile Safari/537.36"
74.7.227.185 - - [30/Dec/2025:03:40:47 +0300] "GET /?fileloc=//proc/2044/net/psched&path=//proc/2044/net HTTP/2.0" 200 2571 "-" "Mozilla/5.0 AppleWebKit/537.36 (KHTML, like Gecko; compatible; GPTBot/1.3; +https://openai.com/gptbot)"
74.225.247.240 - - [30/Dec/2025:03:40:47 +0300] "GET /wp-includes/ID3/404 HTTP/1.1" 200 79147 "https://www.google.fr/" "Mozilla/5.0 (Linux; Android 13; SM-G991U) AppleWebKit/537.36 (KHTML, like Gecko) Chrome/117.0.0.0 Mobile Safari/537.36"
74.225.247.240 - - [30/Dec/2025:03:40:48 +0300] "GET /wp-includes/IXR HTTP/1.1" 301 162 "https://www.google.com/" "Mozilla/5.0 (Linux; Android 12; SM-A525F) AppleWebKit/537.36 (KHTML, like Gecko) Chrome/117.0.0.0 Mobile Safari/537.36"
74.225.247.240 - - [30/Dec/2025:03:40:48 +0300] "GET /wp-includes/IXR HTTP/1.1" 301 162 "https://www.google.com/" "Mozilla/5.0 (Linux; Android 12; SM-A525F) AppleWebKit/537.36 (KHTML, like Gecko) Chrome/117.0.0.0 Mobile Safari/537.36"
74.7.227.185 - - [30/Dec/2025:03:40:48 +0300] "GET /?fileloc=//proc/2175/net/packet&path=//proc/2175/net HTTP/2.0" 200 2587 "-" "Mozilla/5.0 AppleWebKit/537.36 (KHTML, like Gecko; compatible; GPTBot/1.3; +https://openai.com/gptbot)"
74.225.247.240 - - [30/Dec/2025:03:40:48 +0300] "GET /wp-includes/IXR/ HTTP/1.1" 302 138 "https://www.google.com/" "Mozilla/5.0 (Linux; Android 12; SM-A525F) AppleWebKit/537.36 (KHTML, like Gecko) Chrome/117.0.0.0 Mobile Safari/537.36"
74.225.247.240 - - [30/Dec/2025:03:40:48 +0300] "GET /wp-includes/IXR/404 HTTP/1.1" 200 79147 "https://www.google.com/" "Mozilla/5.0 (Linux; Android 12; SM-A525F) AppleWebKit/537.36 (KHTML, like Gecko) Chrome/117.0.0.0 Mobile Safari/537.36"
74.225.247.240 - - [30/Dec/2025:03:40:48 +0300] "GET /wp-includes/Requests/about.php HTTP/1.1" 301 162 "https://www.google.com/" "Mozilla/5.0 (iPhone; CPU iPhone OS 16_0 like Mac OS X) AppleWebKit/605.1.15 (KHTML, like Gecko) FxiOS/118.0 Mobile/15E148 Safari/605.1.15"
74.7.227.185 - - [30/Dec/2025:03:40:48 +0300] "GET /?fileloc=//proc/1424/net/psched&path=//proc/1424/net HTTP/2.0" 200 2571 "-" "Mozilla/5.0 AppleWebKit/537.36 (KHTML, like Gecko; compatible; GPTBot/1.3; +https://openai.com/gptbot)"
74.225.247.240 - - [30/Dec/2025:03:40:49 +0300] "GET /wp-includes/Requests/about.php HTTP/1.1" 200 79147 "https://www.google.com/" "Mozilla/5.0 (iPhone; CPU iPhone OS 16_0 like Mac OS X) AppleWebKit/605.1.15 (KHTML, like Gecko) FxiOS/118.0 Mobile/15E148 Safari/605.1.15"
74.225.247.240 - - [30/Dec/2025:03:40:49 +0300] "GET /wp-includes/SimplePie/chosen.php HTTP/1.1" 301 162 "https://www.google.fr/" "Mozilla/5.0 (iPhone; CPU iPhone OS 17_0_3 like Mac OS X) AppleWebKit/605.1.15 (KHTML, like Gecko) Version/17.0.1 Mobile/15E148 Safari/604.1"
74.7.227.185 - - [30/Dec/2025:03:40:49 +0300] "GET /?fileloc=//proc/1423/net/packet&path=//proc/1423/net HTTP/2.0" 200 2587 "-" "Mozilla/5.0 AppleWebKit/537.36 (KHTML, like Gecko; compatible; GPTBot/1.3; +https://openai.com/gptbot)"
74.225.247.240 - - [30/Dec/2025:03:40:49 +0300] "GET /wp-includes/SimplePie/chosen.php HTTP/1.1" 200 79147 "https://www.google.fr/" "Mozilla/5.0 (iPhone; CPU iPhone OS 17_0_3 like Mac OS X) AppleWebKit/605.1.15 (KHTML, like Gecko) Version/17.0.1 Mobile/15E148 Safari/604.1"
74.225.247.240 - - [30/Dec/2025:03:40:49 +0300] "GET /wp-includes/Text/Diff/Renderer/index.php HTTP/1.1" 301 162 "https://www.yahoo.com/" "Mozilla/5.0 (Linux; Android 12; SM-A525F) AppleWebKit/537.36 (KHTML, like Gecko) Chrome/117.0.0.0 Mobile Safari/537.36"
74.225.247.240 - - [30/Dec/2025:03:40:49 +0300] "GET /wp-includes/Text/Diff/Renderer/index.php HTTP/1.1" 200 79147 "https://www.yahoo.com/" "Mozilla/5.0 (Linux; Android 12; SM-A525F) AppleWebKit/537.36 (KHTML, like Gecko) Chrome/117.0.0.0 Mobile Safari/537.36"
74.7.227.185 - - [30/Dec/2025:03:40:49 +0300] "GET /?fileloc=//proc/3553/net/rt6_stats&path=//proc/3553/net HTTP/2.0" 200 2565 "-" "Mozilla/5.0 AppleWebKit/537.36 (KHTML, like Gecko; compatible; GPTBot/1.3; +https://openai.com/gptbot)"
74.225.247.240 - - [30/Dec/2025:03:40:50 +0300] "GET /wp-includes/assets/index.php HTTP/1.1" 301 162 "https://www.google.fr/" "Mozilla/5.0 (iPhone; CPU iPhone OS 15_7_9 like Mac OS X) AppleWebKit/605.1.15 (KHTML, like Gecko) Version/15.6.5 Mobile/15E148 Safari/604.1"
74.225.247.240 - - [30/Dec/2025:03:40:50 +0300] "GET /wp-includes/assets/index.php HTTP/1.1" 200 79147 "https://www.google.fr/" "Mozilla/5.0 (iPhone; CPU iPhone OS 15_7_9 like Mac OS X) AppleWebKit/605.1.15 (KHTML, like Gecko) Version/15.6.5 Mobile/15E148 Safari/604.1"
74.225.247.240 - - [30/Dec/2025:03:40:50 +0300] "GET /wp-includes/certificates/chosen.php HTTP/1.1" 301 162 "https://www.google.de/" "Mozilla/5.0 (iPhone; CPU iPhone OS 16_0 like Mac OS X) AppleWebKit/605.1.15 (KHTML, like Gecko) FxiOS/118.0 Mobile/15E148 Safari/605.1.15"
74.225.247.240 - - [30/Dec/2025:03:40:50 +0300] "GET /wp-includes/certificates/chosen.php HTTP/1.1" 200 79147 "https://www.google.de/" "Mozilla/5.0 (iPhone; CPU iPhone OS 16_0 like Mac OS X) AppleWebKit/605.1.15 (KHTML, like Gecko) FxiOS/118.0 Mobile/15E148 Safari/605.1.15"
74.225.247.240 - - [30/Dec/2025:03:40:50 +0300] "GET /wp-includes/customize/autoload_classmap.php HTTP/1.1" 301 162 "https://duckduckgo.com/" "Mozilla/5.0 (Linux; Android 12; V2134) AppleWebKit/537.36 (KHTML, like Gecko) Chrome/116.0.0.0 Mobile Safari/537.36"
74.7.227.185 - - [30/Dec/2025:03:40:50 +0300] "GET /?fileloc=//proc/2697/net/sockstat6&path=//proc/2697/net HTTP/2.0" 200 2597 "-" "Mozilla/5.0 AppleWebKit/537.36 (KHTML, like Gecko; compatible; GPTBot/1.3; +https://openai.com/gptbot)"
74.225.247.240 - - [30/Dec/2025:03:40:51 +0300] "GET /wp-includes/customize/autoload_classmap.php HTTP/1.1" 200 79147 "https://duckduckgo.com/" "Mozilla/5.0 (Linux; Android 12; V2134) AppleWebKit/537.36 (KHTML, like Gecko) Chrome/116.0.0.0 Mobile Safari/537.36"
74.7.227.185 - - [30/Dec/2025:03:40:51 +0300] "GET /?fileloc=//proc/2175/net/mcfilter6&path=//proc/2175/net HTTP/2.0" 200 2589 "-" "Mozilla/5.0 AppleWebKit/537.36 (KHTML, like Gecko; compatible; GPTBot/1.3; +https://openai.com/gptbot)"
74.225.247.240 - - [30/Dec/2025:03:40:51 +0300] "GET /wp-includes/customize/chosen.php HTTP/1.1" 301 162 "https://duckduckgo.com/" "Mozilla/5.0 (Linux; Android 11; CPH2251) AppleWebKit/537.36 (KHTML, like Gecko) Chrome/116.0.0.0 Mobile Safari/537.36"
74.225.247.240 - - [30/Dec/2025:03:40:51 +0300] "GET /wp-includes/customize/chosen.php HTTP/1.1" 200 79147 "https://duckduckgo.com/" "Mozilla/5.0 (Linux; Android 11; CPH2251) AppleWebKit/537.36 (KHTML, like Gecko) Chrome/116.0.0.0 Mobile Safari/537.36"
74.225.247.240 - - [30/Dec/2025:03:40:51 +0300] "GET /wp-includes/edit.php HTTP/1.1" 301 162 "https://www.google.de/" "Mozilla/5.0 (Linux; Android 12; 2201116SG) AppleWebKit/537.36 (KHTML, like Gecko) Chrome/116.0.0.0 Mobile Safari/537.36"
74.7.227.185 - - [30/Dec/2025:03:40:51 +0300] "GET /?fileloc=//proc/1423/net/mcfilter6&path=//proc/1423/net HTTP/2.0" 200 2589 "-" "Mozilla/5.0 AppleWebKit/537.36 (KHTML, like Gecko; compatible; GPTBot/1.3; +https://openai.com/gptbot)"
74.225.247.240 - - [30/Dec/2025:03:40:51 +0300] "GET /wp-includes/edit.php HTTP/1.1" 200 79147 "https://www.google.de/" "Mozilla/5.0 (Linux; Android 12; 2201116SG) AppleWebKit/537.36 (KHTML, like Gecko) Chrome/116.0.0.0 Mobile Safari/537.36"
74.225.247.240 - - [30/Dec/2025:03:40:52 +0300] "GET /wp-includes/gelay.php HTTP/1.1" 301 162 "https://www.bing.com/" "Mozilla/5.0 (Linux; Android 12; V2134) AppleWebKit/537.36 (KHTML, like Gecko) Chrome/116.0.0.0 Mobile Safari/537.36"
74.7.227.185 - - [30/Dec/2025:03:40:52 +0300] "GET /?path=//proc/1048 HTTP/2.0" 200 4782 "-" "Mozilla/5.0 AppleWebKit/537.36 (KHTML, like Gecko; compatible; GPTBot/1.3; +https://openai.com/gptbot)"
74.225.247.240 - - [30/Dec/2025:03:40:52 +0300] "GET /wp-includes/gelay.php HTTP/1.1" 200 79147 "https://www.bing.com/" "Mozilla/5.0 (Linux; Android 12; V2134) AppleWebKit/537.36 (KHTML, like Gecko) Chrome/116.0.0.0 Mobile Safari/537.36"
74.225.247.240 - - [30/Dec/2025:03:40:52 +0300] "GET /wp-includes/images/index.php HTTP/1.1" 301 162 "https://www.google.de/" "Mozilla/5.0 (iPhone; CPU iPhone OS 16_0 like Mac OS X) AppleWebKit/605.1.15 (KHTML, like Gecko) FxiOS/118.0 Mobile/15E148 Safari/605.1.15"
74.7.227.185 - - [30/Dec/2025:03:40:52 +0300] "GET /?path=//proc/4179 HTTP/2.0" 200 4782 "-" "Mozilla/5.0 AppleWebKit/537.36 (KHTML, like Gecko; compatible; GPTBot/1.3; +https://openai.com/gptbot)"
74.225.247.240 - - [30/Dec/2025:03:40:52 +0300] "GET /wp-includes/images/index.php HTTP/1.1" 200 79147 "https://www.google.de/" "Mozilla/5.0 (iPhone; CPU iPhone OS 16_0 like Mac OS X) AppleWebKit/605.1.15 (KHTML, like Gecko) FxiOS/118.0 Mobile/15E148 Safari/605.1.15"
74.225.247.240 - - [30/Dec/2025:03:40:53 +0300] "GET /wp-includes/images/media HTTP/1.1" 301 162 "https://www.bing.com/" "Mozilla/5.0 (iPhone; CPU iPhone OS 17_1_1 like Mac OS X) AppleWebKit/605.1.15 (KHTML, like Gecko) Version/17.1 Mobile/15E148 Safari/604.1"
74.7.227.185 - - [30/Dec/2025:03:40:53 +0300] "GET /?path=//proc/1046 HTTP/2.0" 200 4782 "-" "Mozilla/5.0 AppleWebKit/537.36 (KHTML, like Gecko; compatible; GPTBot/1.3; +https://openai.com/gptbot)"
74.225.247.240 - - [30/Dec/2025:03:40:53 +0300] "GET /wp-includes/images/media HTTP/1.1" 301 162 "https://www.bing.com/" "Mozilla/5.0 (iPhone; CPU iPhone OS 17_1_1 like Mac OS X) AppleWebKit/605.1.15 (KHTML, like Gecko) Version/17.1 Mobile/15E148 Safari/604.1"
74.225.247.240 - - [30/Dec/2025:03:40:53 +0300] "GET /wp-includes/images/media/ HTTP/1.1" 302 138 "https://www.bing.com/" "Mozilla/5.0 (iPhone; CPU iPhone OS 17_1_1 like Mac OS X) AppleWebKit/605.1.15 (KHTML, like Gecko) Version/17.1 Mobile/15E148 Safari/604.1"
74.7.227.185 - - [30/Dec/2025:03:40:53 +0300] "GET /?path=//proc/1419 HTTP/2.0" 200 4781 "-" "Mozilla/5.0 AppleWebKit/537.36 (KHTML, like Gecko; compatible; GPTBot/1.3; +https://openai.com/gptbot)"
74.225.247.240 - - [30/Dec/2025:03:40:53 +0300] "GET /wp-includes/images/media/404 HTTP/1.1" 200 79147 "https://www.bing.com/" "Mozilla/5.0 (iPhone; CPU iPhone OS 17_1_1 like Mac OS X) AppleWebKit/605.1.15 (KHTML, like Gecko) Version/17.1 Mobile/15E148 Safari/604.1"
74.225.247.240 - - [30/Dec/2025:03:40:54 +0300] "GET /wp-includes/js/dist/development HTTP/1.1" 301 162 "https://www.google.com/" "Mozilla/5.0 (Linux; Android 14; Pixel 8 Pro) AppleWebKit/537.36 (KHTML, like Gecko) Chrome/119.0.0.0 Mobile Safari/537.36"
74.225.247.240 - - [30/Dec/2025:03:40:54 +0300] "GET /wp-includes/js/dist/development HTTP/1.1" 301 162 "https://www.google.com/" "Mozilla/5.0 (Linux; Android 14; Pixel 8 Pro) AppleWebKit/537.36 (KHTML, like Gecko) Chrome/119.0.0.0 Mobile Safari/537.36"
74.7.227.185 - - [30/Dec/2025:03:40:54 +0300] "GET /?fileloc=//proc/2175/net/connector&path=//proc/2175/net HTTP/2.0" 200 2568 "-" "Mozilla/5.0 AppleWebKit/537.36 (KHTML, like Gecko; compatible; GPTBot/1.3; +https://openai.com/gptbot)"
74.225.247.240 - - [30/Dec/2025:03:40:54 +0300] "GET /wp-includes/js/dist/development/ HTTP/1.1" 302 138 "https://www.google.com/" "Mozilla/5.0 (Linux; Android 14; Pixel 8 Pro) AppleWebKit/537.36 (KHTML, like Gecko) Chrome/119.0.0.0 Mobile Safari/537.36"
74.225.247.240 - - [30/Dec/2025:03:40:54 +0300] "GET /wp-includes/js/dist/development/404 HTTP/1.1" 200 79147 "https://www.google.com/" "Mozilla/5.0 (Linux; Android 14; Pixel 8 Pro) AppleWebKit/537.36 (KHTML, like Gecko) Chrome/119.0.0.0 Mobile Safari/537.36"
74.7.227.185 - - [30/Dec/2025:03:40:54 +0300] "GET /?fileloc=//proc/2044/net/connector&path=//proc/2044/net HTTP/2.0" 200 2567 "-" "Mozilla/5.0 AppleWebKit/537.36 (KHTML, like Gecko; compatible; GPTBot/1.3; +https://openai.com/gptbot)"
74.225.247.240 - - [30/Dec/2025:03:40:54 +0300] "GET /wp-includes/js/thickbox/thickbox.php HTTP/1.1" 301 162 "https://www.bing.com/" "Mozilla/5.0 (iPhone; CPU iPhone OS 16_6_1 like Mac OS X) AppleWebKit/605.1.15 (KHTML, like Gecko) Version/16.6 Mobile/15E148 Safari/604.1"
74.225.247.240 - - [30/Dec/2025:03:40:55 +0300] "GET /wp-includes/js/thickbox/thickbox.php HTTP/1.1" 200 79147 "https://www.bing.com/" "Mozilla/5.0 (iPhone; CPU iPhone OS 16_6_1 like Mac OS X) AppleWebKit/605.1.15 (KHTML, like Gecko) Version/16.6 Mobile/15E148 Safari/604.1"
74.225.247.240 - - [30/Dec/2025:03:40:55 +0300] "GET /wp-includes/js/tinymce/plugins/compat3x/about.php HTTP/1.1" 301 162 "https://www.google.co.uk/" "Mozilla/5.0 (Linux; Android 12; 2201116SG) AppleWebKit/537.36 (KHTML, like Gecko) Chrome/116.0.0.0 Mobile Safari/537.36"
74.7.227.185 - - [30/Dec/2025:03:40:55 +0300] "GET /?fileloc=//proc/1424/net/protocols&path=//proc/1424/net HTTP/2.0" 200 2939 "-" "Mozilla/5.0 AppleWebKit/537.36 (KHTML, like Gecko; compatible; GPTBot/1.3; +https://openai.com/gptbot)"
74.225.247.240 - - [30/Dec/2025:03:40:55 +0300] "GET /wp-includes/js/tinymce/plugins/compat3x/about.php HTTP/1.1" 200 79147 "https://www.google.co.uk/" "Mozilla/5.0 (Linux; Android 12; 2201116SG) AppleWebKit/537.36 (KHTML, like Gecko) Chrome/116.0.0.0 Mobile Safari/537.36"
74.225.247.240 - - [30/Dec/2025:03:40:55 +0300] "GET /wp-includes/mini.php HTTP/1.1" 301 162 "https://www.google.co.uk/" "Mozilla/5.0 (iPhone; CPU iPhone OS 17_1_1 like Mac OS X) AppleWebKit/605.1.15 (KHTML, like Gecko) Version/17.1 Mobile/15E148 Safari/604.1"
74.225.247.240 - - [30/Dec/2025:03:40:55 +0300] "GET /wp-includes/mini.php HTTP/1.1" 200 79147 "https://www.google.co.uk/" "Mozilla/5.0 (iPhone; CPU iPhone OS 17_1_1 like Mac OS X) AppleWebKit/605.1.15 (KHTML, like Gecko) Version/17.1 Mobile/15E148 Safari/604.1"
74.7.227.185 - - [30/Dec/2025:03:40:55 +0300] "GET /?fileloc=//proc/3553/net/protocols&path=//proc/3553/net HTTP/2.0" 200 2939 "-" "Mozilla/5.0 AppleWebKit/537.36 (KHTML, like Gecko; compatible; GPTBot/1.3; +https://openai.com/gptbot)"
74.225.247.240 - - [30/Dec/2025:03:40:56 +0300] "GET /wp-includes/sitemaps/wp-conflg.php HTTP/1.1" 301 162 "https://www.google.fr/" "Mozilla/5.0 (iPhone; CPU iPhone OS 16_6_1 like Mac OS X) AppleWebKit/605.1.15 (KHTML, like Gecko) Version/16.6 Mobile/15E148 Safari/604.1"
74.225.247.240 - - [30/Dec/2025:03:40:56 +0300] "GET /wp-includes/sitemaps/wp-conflg.php HTTP/1.1" 200 79147 "https://www.google.fr/" "Mozilla/5.0 (iPhone; CPU iPhone OS 16_6_1 like Mac OS X) AppleWebKit/605.1.15 (KHTML, like Gecko) Version/16.6 Mobile/15E148 Safari/604.1"
74.7.227.185 - - [30/Dec/2025:03:40:56 +0300] "GET /?fileloc=//proc/1423/net/connector&path=//proc/1423/net HTTP/2.0" 200 2567 "-" "Mozilla/5.0 AppleWebKit/537.36 (KHTML, like Gecko; compatible; GPTBot/1.3; +https://openai.com/gptbot)"
74.225.247.240 - - [30/Dec/2025:03:40:56 +0300] "GET /wp-includes/style-engine/index.php HTTP/1.1" 301 162 "https://www.google.fr/" "Mozilla/5.g (Linux; Android 13; Pixel 7) AppleWebKit/537.36 (KHTML, like Gecko) Chrome/116.0.0.0 Mobile Safari/537.36"
74.225.247.240 - - [30/Dec/2025:03:40:56 +0300] "GET /wp-includes/style-engine/index.php HTTP/1.1" 200 79147 "https://www.google.fr/" "Mozilla/5.g (Linux; Android 13; Pixel 7) AppleWebKit/537.36 (KHTML, like Gecko) Chrome/116.0.0.0 Mobile Safari/537.36"
74.225.247.240 - - [30/Dec/2025:03:40:56 +0300] "GET /wp-signin.php HTTP/1.1" 301 162 "https://www.google.com/" "Mozilla/5.0 (Linux; Android 12; SM-A525F) AppleWebKit/537.36 (KHTML, like Gecko) Chrome/117.0.0.0 Mobile Safari/537.36"
74.7.227.185 - - [30/Dec/2025:03:40:56 +0300] "GET /?fileloc=//proc/1424/net/connector&path=//proc/1424/net HTTP/2.0" 200 2567 "-" "Mozilla/5.0 AppleWebKit/537.36 (KHTML, like Gecko; compatible; GPTBot/1.3; +https://openai.com/gptbot)"
74.225.247.240 - - [30/Dec/2025:03:40:57 +0300] "GET /wp-signin.php HTTP/1.1" 200 79147 "https://www.google.com/" "Mozilla/5.0 (Linux; Android 12; SM-A525F) AppleWebKit/537.36 (KHTML, like Gecko) Chrome/117.0.0.0 Mobile Safari/537.36"
74.225.247.240 - - [30/Dec/2025:03:40:57 +0300] "GET /wp-video.php HTTP/1.1" 301 162 "https://duckduckgo.com/" "Mozilla/5.0 (iPhone; CPU iPhone OS 16_0 like Mac OS X) AppleWebKit/605.1.15 (KHTML, like Gecko) FxiOS/118.0 Mobile/15E148 Safari/605.1.15"
74.225.247.240 - - [30/Dec/2025:03:40:57 +0300] "GET /wp-video.php HTTP/1.1" 200 79147 "https://duckduckgo.com/" "Mozilla/5.0 (iPhone; CPU iPhone OS 16_0 like Mac OS X) AppleWebKit/605.1.15 (KHTML, like Gecko) FxiOS/118.0 Mobile/15E148 Safari/605.1.15"
74.7.227.185 - - [30/Dec/2025:03:40:57 +0300] "GET /?fileloc=//proc/2044/net/protocols&path=//proc/2044/net HTTP/2.0" 200 2939 "-" "Mozilla/5.0 AppleWebKit/537.36 (KHTML, like Gecko; compatible; GPTBot/1.3; +https://openai.com/gptbot)"
74.225.247.240 - - [30/Dec/2025:03:40:57 +0300] "GET /wp-xml.php HTTP/1.1" 301 162 "https://www.yahoo.com/" "Mozilla/5.0 (Linux; Android 13; SM-G991U) AppleWebKit/537.36 (KHTML, like Gecko) Chrome/117.0.0.0 Mobile Safari/537.36"
74.225.247.240 - - [30/Dec/2025:03:40:57 +0300] "GET /wp-xml.php HTTP/1.1" 200 79147 "https://www.yahoo.com/" "Mozilla/5.0 (Linux; Android 13; SM-G991U) AppleWebKit/537.36 (KHTML, like Gecko) Chrome/117.0.0.0 Mobile Safari/537.36"
74.7.227.185 - - [30/Dec/2025:03:40:58 +0300] "GET /?path=//proc/1048/net HTTP/2.0" 200 4669 "-" "Mozilla/5.0 AppleWebKit/537.36 (KHTML, like Gecko; compatible; GPTBot/1.3; +https://openai.com/gptbot)"
74.225.247.240 - - [30/Dec/2025:03:40:58 +0300] "GET /wso.php HTTP/1.1" 301 162 "https://www.google.com/" "Mozilla/5.0 (Linux; Android 13; SM-S908E) AppleWebKit/537.36 (KHTML, like Gecko) Chrome/116.0.0.0 Mobile Safari/537.36"
74.225.247.240 - - [30/Dec/2025:03:40:58 +0300] "GET /wso.php HTTP/1.1" 200 79147 "https://www.google.com/" "Mozilla/5.0 (Linux; Android 13; SM-S908E) AppleWebKit/537.36 (KHTML, like Gecko) Chrome/116.0.0.0 Mobile Safari/537.36"
198.244.226.9 - - [30/Dec/2025:03:40:58 +0300] "GET /?path=//lost+found HTTP/2.0" 200 2589 "-" "Mozilla/5.0 (compatible; AhrefsBot/7.0; +http://ahrefs.com/robot/)"
74.7.227.185 - - [30/Dec/2025:03:40:58 +0300] "GET /?path=//proc/4179/net HTTP/2.0" 200 4670 "-" "Mozilla/5.0 AppleWebKit/537.36 (KHTML, like Gecko; compatible; GPTBot/1.3; +https://openai.com/gptbot)"
74.7.227.185 - - [30/Dec/2025:03:40:59 +0300] "GET /?fileloc=//proc/1046/oom_score_adj&path=//proc/1046 HTTP/2.0" 200 2551 "-" "Mozilla/5.0 AppleWebKit/537.36 (KHTML, like Gecko; compatible; GPTBot/1.3; +https://openai.com/gptbot)"
74.7.227.185 - - [30/Dec/2025:03:40:59 +0300] "GET /?path=//proc/1046/net HTTP/2.0" 200 4669 "-" "Mozilla/5.0 AppleWebKit/537.36 (KHTML, like Gecko; compatible; GPTBot/1.3; +https://openai.com/gptbot)"
74.7.227.185 - - [30/Dec/2025:03:41:00 +0300] "GET /?path=//proc/1419/net HTTP/2.0" 200 4669 "-" "Mozilla/5.0 AppleWebKit/537.36 (KHTML, like Gecko; compatible; GPTBot/1.3; +https://openai.com/gptbot)"
74.7.227.185 - - [30/Dec/2025:03:41:00 +0300] "GET /?fileloc=//proc/1046/arch_status&path=//proc/1046 HTTP/2.0" 200 2542 "-" "Mozilla/5.0 AppleWebKit/537.36 (KHTML, like Gecko; compatible; GPTBot/1.3; +https://openai.com/gptbot)"
74.7.227.185 - - [30/Dec/2025:03:41:01 +0300] "GET /?fileloc=//proc/2697/net/ptype&path=//proc/2697/net HTTP/2.0" 200 2588 "-" "Mozilla/5.0 AppleWebKit/537.36 (KHTML, like Gecko; compatible; GPTBot/1.3; +https://openai.com/gptbot)"
74.7.227.185 - - [30/Dec/2025:03:41:01 +0300] "GET /?fileloc=//proc/2175/net/fib_trie&path=//proc/2175/net HTTP/2.0" 200 2729 "-" "Mozilla/5.0 AppleWebKit/537.36 (KHTML, like Gecko; compatible; GPTBot/1.3; +https://openai.com/gptbot)"
74.7.227.185 - - [30/Dec/2025:03:41:02 +0300] "GET /?fileloc=//proc/1423/net/tls_stat&path=//proc/1423/net HTTP/2.0" 200 2639 "-" "Mozilla/5.0 AppleWebKit/537.36 (KHTML, like Gecko; compatible; GPTBot/1.3; +https://openai.com/gptbot)"
74.7.227.185 - - [30/Dec/2025:03:41:02 +0300] "GET /?fileloc=//proc/2697/net/tls_stat&path=//proc/2697/net HTTP/2.0" 200 2639 "-" "Mozilla/5.0 AppleWebKit/537.36 (KHTML, like Gecko; compatible; GPTBot/1.3; +https://openai.com/gptbot)"
74.7.227.185 - - [30/Dec/2025:03:41:03 +0300] "GET /?fileloc=//proc/2175/net/tls_stat&path=//proc/2175/net HTTP/2.0" 200 2639 "-" "Mozilla/5.0 AppleWebKit/537.36 (KHTML, like Gecko; compatible; GPTBot/1.3; +https://openai.com/gptbot)"
74.7.227.185 - - [30/Dec/2025:03:41:03 +0300] "GET /?fileloc=//proc/1048/net/anycast6&path=//proc/1048/net HTTP/2.0" 200 2549 "-" "Mozilla/5.0 AppleWebKit/537.36 (KHTML, like Gecko; compatible; GPTBot/1.3; +https://openai.com/gptbot)"
74.7.227.185 - - [30/Dec/2025:03:41:04 +0300] "GET /?fileloc=//proc/4179/net/anycast6&path=//proc/4179/net HTTP/2.0" 200 2550 "-" "Mozilla/5.0 AppleWebKit/537.36 (KHTML, like Gecko; compatible; GPTBot/1.3; +https://openai.com/gptbot)"
74.7.227.185 - - [30/Dec/2025:03:41:04 +0300] "GET /?fileloc=//proc/4179/net/udplite6&path=//proc/4179/net HTTP/2.0" 200 2624 "-" "Mozilla/5.0 AppleWebKit/537.36 (KHTML, like Gecko; compatible; GPTBot/1.3; +https://openai.com/gptbot)"
74.7.227.185 - - [30/Dec/2025:03:41:05 +0300] "GET /?fileloc=//proc/1048/net/udplite6&path=//proc/1048/net HTTP/2.0" 200 2624 "-" "Mozilla/5.0 AppleWebKit/537.36 (KHTML, like Gecko; compatible; GPTBot/1.3; +https://openai.com/gptbot)"
74.7.227.185 - - [30/Dec/2025:03:41:06 +0300] "GET /?fileloc=//proc/1419/net/tls_stat&path=//proc/1419/net HTTP/2.0" 200 2639 "-" "Mozilla/5.0 AppleWebKit/537.36 (KHTML, like Gecko; compatible; GPTBot/1.3; +https://openai.com/gptbot)"
74.7.227.185 - - [30/Dec/2025:03:41:06 +0300] "GET /?fileloc=//proc/1419/net/anycast6&path=//proc/1419/net HTTP/2.0" 200 2549 "-" "Mozilla/5.0 AppleWebKit/537.36 (KHTML, like Gecko; compatible; GPTBot/1.3; +https://openai.com/gptbot)"
74.7.227.185 - - [30/Dec/2025:03:41:07 +0300] "GET /?fileloc=//proc/1046/net/udplite6&path=//proc/1046/net HTTP/2.0" 200 2624 "-" "Mozilla/5.0 AppleWebKit/537.36 (KHTML, like Gecko; compatible; GPTBot/1.3; +https://openai.com/gptbot)"
74.7.227.185 - - [30/Dec/2025:03:41:07 +0300] "GET /?fileloc=//proc/1046/net/anycast6&path=//proc/1046/net HTTP/2.0" 200 2549 "-" "Mozilla/5.0 AppleWebKit/537.36 (KHTML, like Gecko; compatible; GPTBot/1.3; +https://openai.com/gptbot)"
74.7.227.185 - - [30/Dec/2025:03:41:08 +0300] "GET /?fileloc=//proc/1419/net/udplite6&path=//proc/1419/net HTTP/2.0" 200 2624 "-" "Mozilla/5.0 AppleWebKit/537.36 (KHTML, like Gecko; compatible; GPTBot/1.3; +https://openai.com/gptbot)"
74.7.227.185 - - [30/Dec/2025:03:41:08 +0300] "GET /?fileloc=//proc/4179/net/ip6_flowlabel&path=//proc/4179/net HTTP/2.0" 200 2587 "-" "Mozilla/5.0 AppleWebKit/537.36 (KHTML, like Gecko; compatible; GPTBot/1.3; +https://openai.com/gptbot)"
74.7.227.185 - - [30/Dec/2025:03:41:09 +0300] "GET /?fileloc=//proc/1048/net/ip6_flowlabel&path=//proc/1048/net HTTP/2.0" 200 2585 "-" "Mozilla/5.0 AppleWebKit/537.36 (KHTML, like Gecko; compatible; GPTBot/1.3; +https://openai.com/gptbot)"
74.7.227.185 - - [30/Dec/2025:03:41:09 +0300] "GET /?fileloc=//proc/1048/net/sockstat&path=//proc/1048/net HTTP/2.0" 200 2631 "-" "Mozilla/5.0 AppleWebKit/537.36 (KHTML, like Gecko; compatible; GPTBot/1.3; +https://openai.com/gptbot)"
74.7.227.185 - - [30/Dec/2025:03:41:10 +0300] "GET /?fileloc=//proc/4179/net/sockstat&path=//proc/4179/net HTTP/2.0" 200 2631 "-" "Mozilla/5.0 AppleWebKit/537.36 (KHTML, like Gecko; compatible; GPTBot/1.3; +https://openai.com/gptbot)"
74.7.227.185 - - [30/Dec/2025:03:41:10 +0300] "GET /?fileloc=//proc/4179/net/wireless&path=//proc/4179/net HTTP/2.0" 200 2648 "-" "Mozilla/5.0 AppleWebKit/537.36 (KHTML, like Gecko; compatible; GPTBot/1.3; +https://openai.com/gptbot)"
74.7.227.185 - - [30/Dec/2025:03:41:11 +0300] "GET /?fileloc=//proc/1046/net/wireless&path=//proc/1046/net HTTP/2.0" 200 2647 "-" "Mozilla/5.0 AppleWebKit/537.36 (KHTML, like Gecko; compatible; GPTBot/1.3; +https://openai.com/gptbot)"
74.7.227.185 - - [30/Dec/2025:03:41:11 +0300] "GET /?fileloc=//proc/1046/net/sockstat&path=//proc/1046/net HTTP/2.0" 200 2631 "-" "Mozilla/5.0 AppleWebKit/537.36 (KHTML, like Gecko; compatible; GPTBot/1.3; +https://openai.com/gptbot)"
74.7.227.185 - - [30/Dec/2025:03:41:12 +0300] "GET /?fileloc=//proc/1048/net/wireless&path=//proc/1048/net HTTP/2.0" 200 2647 "-" "Mozilla/5.0 AppleWebKit/537.36 (KHTML, like Gecko; compatible; GPTBot/1.3; +https://openai.com/gptbot)"
74.7.227.185 - - [30/Dec/2025:03:41:12 +0300] "GET /?fileloc=//proc/1046/net/udplite&path=//proc/1046/net HTTP/2.0" 200 2623 "-" "Mozilla/5.0 AppleWebKit/537.36 (KHTML, like Gecko; compatible; GPTBot/1.3; +https://openai.com/gptbot)"
74.7.227.185 - - [30/Dec/2025:03:41:13 +0300] "GET /?fileloc=//proc/1048/net/udplite&path=//proc/1048/net HTTP/2.0" 200 2623 "-" "Mozilla/5.0 AppleWebKit/537.36 (KHTML, like Gecko; compatible; GPTBot/1.3; +https://openai.com/gptbot)"
74.7.227.185 - - [30/Dec/2025:03:41:13 +0300] "GET /?fileloc=//proc/4179/net/udplite&path=//proc/4179/net HTTP/2.0" 200 2624 "-" "Mozilla/5.0 AppleWebKit/537.36 (KHTML, like Gecko; compatible; GPTBot/1.3; +https://openai.com/gptbot)"
74.7.227.185 - - [30/Dec/2025:03:41:14 +0300] "GET /?fileloc=//proc/1419/net/ip6_flowlabel&path=//proc/1419/net HTTP/2.0" 200 2585 "-" "Mozilla/5.0 AppleWebKit/537.36 (KHTML, like Gecko; compatible; GPTBot/1.3; +https://openai.com/gptbot)"
74.7.227.185 - - [30/Dec/2025:03:41:14 +0300] "GET /?fileloc=//proc/1046/net/ip6_flowlabel&path=//proc/1046/net HTTP/2.0" 200 2585 "-" "Mozilla/5.0 AppleWebKit/537.36 (KHTML, like Gecko; compatible; GPTBot/1.3; +https://openai.com/gptbot)"
74.7.227.185 - - [30/Dec/2025:03:41:15 +0300] "GET /?fileloc=//proc/1419/net/netlink&path=//proc/1419/net HTTP/2.0" 200 3085 "-" "Mozilla/5.0 AppleWebKit/537.36 (KHTML, like Gecko; compatible; GPTBot/1.3; +https://openai.com/gptbot)"
74.7.227.185 - - [30/Dec/2025:03:41:15 +0300] "GET /?fileloc=//proc/1419/net/netstat&path=//proc/1419/net HTTP/2.0" 200 4196 "-" "Mozilla/5.0 AppleWebKit/537.36 (KHTML, like Gecko; compatible; GPTBot/1.3; +https://openai.com/gptbot)"
74.7.227.185 - - [30/Dec/2025:03:41:16 +0300] "GET /?fileloc=//proc/4179/net/netstat&path=//proc/4179/net HTTP/2.0" 200 4198 "-" "Mozilla/5.0 AppleWebKit/537.36 (KHTML, like Gecko; compatible; GPTBot/1.3; +https://openai.com/gptbot)"
74.7.227.185 - - [30/Dec/2025:03:41:16 +0300] "GET /?fileloc=//proc/1048/net/mcfilter&path=//proc/1048/net HTTP/2.0" 200 2578 "-" "Mozilla/5.0 AppleWebKit/537.36 (KHTML, like Gecko; compatible; GPTBot/1.3; +https://openai.com/gptbot)"
74.7.227.185 - - [30/Dec/2025:03:41:17 +0300] "GET /?fileloc=//proc/1419/net/sockstat&path=//proc/1419/net HTTP/2.0" 200 2631 "-" "Mozilla/5.0 AppleWebKit/537.36 (KHTML, like Gecko; compatible; GPTBot/1.3; +https://openai.com/gptbot)"
74.7.227.185 - - [30/Dec/2025:03:41:18 +0300] "GET /?fileloc=//proc/1046/net/netstat&path=//proc/1046/net HTTP/2.0" 200 4200 "-" "Mozilla/5.0 AppleWebKit/537.36 (KHTML, like Gecko; compatible; GPTBot/1.3; +https://openai.com/gptbot)"
74.7.227.185 - - [30/Dec/2025:03:41:18 +0300] "GET /?fileloc=//proc/1046/net/netlink&path=//proc/1046/net HTTP/2.0" 200 3085 "-" "Mozilla/5.0 AppleWebKit/537.36 (KHTML, like Gecko; compatible; GPTBot/1.3; +https://openai.com/gptbot)"
74.7.227.185 - - [30/Dec/2025:03:41:19 +0300] "GET /?fileloc=//proc/1419/net/udplite&path=//proc/1419/net HTTP/2.0" 200 2624 "-" "Mozilla/5.0 AppleWebKit/537.36 (KHTML, like Gecko; compatible; GPTBot/1.3; +https://openai.com/gptbot)"
74.7.227.185 - - [30/Dec/2025:03:41:19 +0300] "GET /?fileloc=//proc/4179/net/netlink&path=//proc/4179/net HTTP/2.0" 200 3086 "-" "Mozilla/5.0 AppleWebKit/537.36 (KHTML, like Gecko; compatible; GPTBot/1.3; +https://openai.com/gptbot)"
74.7.227.185 - - [30/Dec/2025:03:41:20 +0300] "GET /?fileloc=//proc/1048/net/netstat&path=//proc/1048/net HTTP/2.0" 200 4205 "-" "Mozilla/5.0 AppleWebKit/537.36 (KHTML, like Gecko; compatible; GPTBot/1.3; +https://openai.com/gptbot)"
74.7.227.185 - - [30/Dec/2025:03:41:20 +0300] "GET /?fileloc=//proc/1419/net/mcfilter&path=//proc/1419/net HTTP/2.0" 200 2578 "-" "Mozilla/5.0 AppleWebKit/537.36 (KHTML, like Gecko; compatible; GPTBot/1.3; +https://openai.com/gptbot)"
74.7.227.185 - - [30/Dec/2025:03:41:21 +0300] "GET /?fileloc=//proc/1419/net/wireless&path=//proc/1419/net HTTP/2.0" 200 2648 "-" "Mozilla/5.0 AppleWebKit/537.36 (KHTML, like Gecko; compatible; GPTBot/1.3; +https://openai.com/gptbot)"
74.7.227.185 - - [30/Dec/2025:03:41:21 +0300] "GET /?fileloc=//proc/4179/net/mcfilter&path=//proc/4179/net HTTP/2.0" 200 2578 "-" "Mozilla/5.0 AppleWebKit/537.36 (KHTML, like Gecko; compatible; GPTBot/1.3; +https://openai.com/gptbot)"
74.7.227.185 - - [30/Dec/2025:03:41:22 +0300] "GET /?fileloc=//proc/1048/net/netlink&path=//proc/1048/net HTTP/2.0" 200 3085 "-" "Mozilla/5.0 AppleWebKit/537.36 (KHTML, like Gecko; compatible; GPTBot/1.3; +https://openai.com/gptbot)"
74.7.227.185 - - [30/Dec/2025:03:41:22 +0300] "GET /?fileloc=//proc/1046/net/mcfilter&path=//proc/1046/net HTTP/2.0" 200 2578 "-" "Mozilla/5.0 AppleWebKit/537.36 (KHTML, like Gecko; compatible; GPTBot/1.3; +https://openai.com/gptbot)"
74.7.227.185 - - [30/Dec/2025:03:41:23 +0300] "GET /?fileloc=//proc/1419/net/xfrm_stat&path=//proc/1419/net HTTP/2.0" 200 2738 "-" "Mozilla/5.0 AppleWebKit/537.36 (KHTML, like Gecko; compatible; GPTBot/1.3; +https://openai.com/gptbot)"
74.7.227.185 - - [30/Dec/2025:03:41:23 +0300] "GET /?fileloc=//proc/1419/net/dev_mcast&path=//proc/1419/net HTTP/2.0" 200 2587 "-" "Mozilla/5.0 AppleWebKit/537.36 (KHTML, like Gecko; compatible; GPTBot/1.3; +https://openai.com/gptbot)"
74.7.227.185 - - [30/Dec/2025:03:41:24 +0300] "GET /?fileloc=//proc/4179/net/xfrm_stat&path=//proc/4179/net HTTP/2.0" 200 2739 "-" "Mozilla/5.0 AppleWebKit/537.36 (KHTML, like Gecko; compatible; GPTBot/1.3; +https://openai.com/gptbot)"
74.7.227.185 - - [30/Dec/2025:03:41:24 +0300] "GET /?fileloc=//proc/1048/net/xfrm_stat&path=//proc/1048/net HTTP/2.0" 200 2738 "-" "Mozilla/5.0 AppleWebKit/537.36 (KHTML, like Gecko; compatible; GPTBot/1.3; +https://openai.com/gptbot)"
74.7.227.185 - - [30/Dec/2025:03:41:25 +0300] "GET /?fileloc=//proc/1046/net/xfrm_stat&path=//proc/1046/net HTTP/2.0" 200 2738 "-" "Mozilla/5.0 AppleWebKit/537.36 (KHTML, like Gecko; compatible; GPTBot/1.3; +https://openai.com/gptbot)"
74.7.227.185 - - [30/Dec/2025:03:41:25 +0300] "GET /?fileloc=//proc/4179/net/fib_triestat&path=//proc/4179/net HTTP/2.0" 200 2793 "-" "Mozilla/5.0 AppleWebKit/537.36 (KHTML, like Gecko; compatible; GPTBot/1.3; +https://openai.com/gptbot)"
74.7.227.185 - - [30/Dec/2025:03:41:26 +0300] "GET /?fileloc=//proc/1046/net/fib_triestat&path=//proc/1046/net HTTP/2.0" 200 2791 "-" "Mozilla/5.0 AppleWebKit/537.36 (KHTML, like Gecko; compatible; GPTBot/1.3; +https://openai.com/gptbot)"
74.7.227.185 - - [30/Dec/2025:03:41:26 +0300] "GET /?fileloc=//proc/1048/net/fib_triestat&path=//proc/1048/net HTTP/2.0" 200 2792 "-" "Mozilla/5.0 AppleWebKit/537.36 (KHTML, like Gecko; compatible; GPTBot/1.3; +https://openai.com/gptbot)"
74.7.227.185 - - [30/Dec/2025:03:41:27 +0300] "GET /?fileloc=//proc/4179/net/if_inet6&path=//proc/4179/net HTTP/2.0" 200 2596 "-" "Mozilla/5.0 AppleWebKit/537.36 (KHTML, like Gecko; compatible; GPTBot/1.3; +https://openai.com/gptbot)"
74.7.227.185 - - [30/Dec/2025:03:41:28 +0300] "GET /?fileloc=//proc/1048/net/if_inet6&path=//proc/1048/net HTTP/2.0" 200 2595 "-" "Mozilla/5.0 AppleWebKit/537.36 (KHTML, like Gecko; compatible; GPTBot/1.3; +https://openai.com/gptbot)"
74.7.227.185 - - [30/Dec/2025:03:41:28 +0300] "GET /?fileloc=//proc/1419/net/ip_tables_names&path=//proc/1419/net HTTP/2.0" 200 2552 "-" "Mozilla/5.0 AppleWebKit/537.36 (KHTML, like Gecko; compatible; GPTBot/1.3; +https://openai.com/gptbot)"
74.7.227.185 - - [30/Dec/2025:03:41:29 +0300] "GET /?fileloc=//proc/1419/net/ip_tables_targets&path=//proc/1419/net HTTP/2.0" 200 2551 "-" "Mozilla/5.0 AppleWebKit/537.36 (KHTML, like Gecko; compatible; GPTBot/1.3; +https://openai.com/gptbot)"
74.7.227.185 - - [30/Dec/2025:03:41:29 +0300] "GET /?fileloc=//proc/1419/net/ip_tables_matches&path=//proc/1419/net HTTP/2.0" 200 2553 "-" "Mozilla/5.0 AppleWebKit/537.36 (KHTML, like Gecko; compatible; GPTBot/1.3; +https://openai.com/gptbot)"
74.7.227.185 - - [30/Dec/2025:03:41:30 +0300] "GET /?fileloc=//proc/1419/net/protocols&path=//proc/1419/net HTTP/2.0" 200 2939 "-" "Mozilla/5.0 AppleWebKit/537.36 (KHTML, like Gecko; compatible; GPTBot/1.3; +https://openai.com/gptbot)"
74.7.227.185 - - [30/Dec/2025:03:41:30 +0300] "GET /?fileloc=//proc/4179/net/connector&path=//proc/4179/net HTTP/2.0" 200 2568 "-" "Mozilla/5.0 AppleWebKit/537.36 (KHTML, like Gecko; compatible; GPTBot/1.3; +https://openai.com/gptbot)"
74.7.227.185 - - [30/Dec/2025:03:41:31 +0300] "GET /?fileloc=//proc/4179/net/ip_tables_targets&path=//proc/4179/net HTTP/2.0" 200 2551 "-" "Mozilla/5.0 AppleWebKit/537.36 (KHTML, like Gecko; compatible; GPTBot/1.3; +https://openai.com/gptbot)"
74.7.227.185 - - [30/Dec/2025:03:41:31 +0300] "GET /?fileloc=//proc/1048/net/ip_tables_targets&path=//proc/1048/net HTTP/2.0" 200 2551 "-" "Mozilla/5.0 AppleWebKit/537.36 (KHTML, like Gecko; compatible; GPTBot/1.3; +https://openai.com/gptbot)"
74.7.227.185 - - [30/Dec/2025:03:41:32 +0300] "GET /?fileloc=//proc/1046/net/ip_tables_targets&path=//proc/1046/net HTTP/2.0" 200 2551 "-" "Mozilla/5.0 AppleWebKit/537.36 (KHTML, like Gecko; compatible; GPTBot/1.3; +https://openai.com/gptbot)"
74.7.227.185 - - [30/Dec/2025:03:41:32 +0300] "GET /?fileloc=//proc/1419/net/if_inet6&path=//proc/1419/net HTTP/2.0" 200 2595 "-" "Mozilla/5.0 AppleWebKit/537.36 (KHTML, like Gecko; compatible; GPTBot/1.3; +https://openai.com/gptbot)"
74.7.227.185 - - [30/Dec/2025:03:41:33 +0300] "GET /?fileloc=//proc/1046/net/if_inet6&path=//proc/1046/net HTTP/2.0" 200 2595 "-" "Mozilla/5.0 AppleWebKit/537.36 (KHTML, like Gecko; compatible; GPTBot/1.3; +https://openai.com/gptbot)"
74.7.227.185 - - [30/Dec/2025:03:41:33 +0300] "GET /?fileloc=//proc/1048/net/protocols&path=//proc/1048/net HTTP/2.0" 200 2939 "-" "Mozilla/5.0 AppleWebKit/537.36 (KHTML, like Gecko; compatible; GPTBot/1.3; +https://openai.com/gptbot)"
74.7.227.185 - - [30/Dec/2025:03:41:34 +0300] "GET /?fileloc=//proc/4179/net/protocols&path=//proc/4179/net HTTP/2.0" 200 2939 "-" "Mozilla/5.0 AppleWebKit/537.36 (KHTML, like Gecko; compatible; GPTBot/1.3; +https://openai.com/gptbot)"
74.7.227.185 - - [30/Dec/2025:03:41:34 +0300] "GET /?fileloc=//proc/1419/net/fib_triestat&path=//proc/1419/net HTTP/2.0" 200 2790 "-" "Mozilla/5.0 AppleWebKit/537.36 (KHTML, like Gecko; compatible; GPTBot/1.3; +https://openai.com/gptbot)"
74.7.227.185 - - [30/Dec/2025:03:41:35 +0300] "GET /?fileloc=//proc/4179/net/softnet_stat&path=//proc/4179/net HTTP/2.0" 200 2573 "-" "Mozilla/5.0 AppleWebKit/537.36 (KHTML, like Gecko; compatible; GPTBot/1.3; +https://openai.com/gptbot)"
74.7.227.185 - - [30/Dec/2025:03:41:35 +0300] "GET /?fileloc=//proc/1046/net/softnet_stat&path=//proc/1046/net HTTP/2.0" 200 2572 "-" "Mozilla/5.0 AppleWebKit/537.36 (KHTML, like Gecko; compatible; GPTBot/1.3; +https://openai.com/gptbot)"
74.7.227.185 - - [30/Dec/2025:03:41:36 +0300] "GET /?fileloc=//proc/1048/net/softnet_stat&path=//proc/1048/net HTTP/2.0" 200 2570 "-" "Mozilla/5.0 AppleWebKit/537.36 (KHTML, like Gecko; compatible; GPTBot/1.3; +https://openai.com/gptbot)"
74.7.227.185 - - [30/Dec/2025:03:41:36 +0300] "GET /?fileloc=//proc/4179/net/rt6_stats&path=//proc/4179/net HTTP/2.0" 200 2566 "-" "Mozilla/5.0 AppleWebKit/537.36 (KHTML, like Gecko; compatible; GPTBot/1.3; +https://openai.com/gptbot)"
74.7.227.185 - - [30/Dec/2025:03:41:37 +0300] "GET /?fileloc=//proc/1419/net/softnet_stat&path=//proc/1419/net HTTP/2.0" 200 2572 "-" "Mozilla/5.0 AppleWebKit/537.36 (KHTML, like Gecko; compatible; GPTBot/1.3; +https://openai.com/gptbot)"
74.7.227.185 - - [30/Dec/2025:03:41:37 +0300] "GET /?fileloc=//proc/4179/net/ip_mr_cache&path=//proc/4179/net HTTP/2.0" 200 2589 "-" "Mozilla/5.0 AppleWebKit/537.36 (KHTML, like Gecko; compatible; GPTBot/1.3; +https://openai.com/gptbot)"
74.7.227.185 - - [30/Dec/2025:03:41:38 +0300] "GET /?fileloc=//proc/4179/net/ipv6_route&path=//proc/4179/net HTTP/2.0" 200 2667 "-" "Mozilla/5.0 AppleWebKit/537.36 (KHTML, like Gecko; compatible; GPTBot/1.3; +https://openai.com/gptbot)"
74.7.227.185 - - [30/Dec/2025:03:41:39 +0300] "GET /?fileloc=//proc/1048/net/ipv6_route&path=//proc/1048/net HTTP/2.0" 200 2666 "-" "Mozilla/5.0 AppleWebKit/537.36 (KHTML, like Gecko; compatible; GPTBot/1.3; +https://openai.com/gptbot)"
74.7.227.185 - - [30/Dec/2025:03:41:39 +0300] "GET /?fileloc=//proc/1419/net/ip6_mr_vif&path=//proc/1419/net HTTP/2.0" 200 2584 "-" "Mozilla/5.0 AppleWebKit/537.36 (KHTML, like Gecko; compatible; GPTBot/1.3; +https://openai.com/gptbot)"
74.7.227.185 - - [30/Dec/2025:03:41:40 +0300] "GET /?fileloc=//proc/1048/net/sockstat6&path=//proc/1048/net HTTP/2.0" 200 2597 "-" "Mozilla/5.0 AppleWebKit/537.36 (KHTML, like Gecko; compatible; GPTBot/1.3; +https://openai.com/gptbot)"
74.7.227.185 - - [30/Dec/2025:03:41:40 +0300] "GET /?fileloc=//proc/4179/net/sockstat6&path=//proc/4179/net HTTP/2.0" 200 2597 "-" "Mozilla/5.0 AppleWebKit/537.36 (KHTML, like Gecko; compatible; GPTBot/1.3; +https://openai.com/gptbot)"
74.7.227.185 - - [30/Dec/2025:03:41:41 +0300] "GET /?fileloc=//proc/1046/net/ip_mr_vif&path=//proc/1046/net HTTP/2.0" 200 2593 "-" "Mozilla/5.0 AppleWebKit/537.36 (KHTML, like Gecko; compatible; GPTBot/1.3; +https://openai.com/gptbot)"
74.7.227.185 - - [30/Dec/2025:03:41:41 +0300] "GET /?fileloc=//proc/1048/net/ip_mr_vif&path=//proc/1048/net HTTP/2.0" 200 2593 "-" "Mozilla/5.0 AppleWebKit/537.36 (KHTML, like Gecko; compatible; GPTBot/1.3; +https://openai.com/gptbot)"
74.7.227.185 - - [30/Dec/2025:03:41:42 +0300] "GET /?fileloc=//proc/4179/net/ip_mr_vif&path=//proc/4179/net HTTP/2.0" 200 2595 "-" "Mozilla/5.0 AppleWebKit/537.36 (KHTML, like Gecko; compatible; GPTBot/1.3; +https://openai.com/gptbot)"
74.7.227.185 - - [30/Dec/2025:03:41:42 +0300] "GET /?fileloc=//proc/4179/net/psched&path=//proc/4179/net HTTP/2.0" 200 2571 "-" "Mozilla/5.0 AppleWebKit/537.36 (KHTML, like Gecko; compatible; GPTBot/1.3; +https://openai.com/gptbot)"
74.7.227.185 - - [30/Dec/2025:03:41:43 +0300] "GET /?fileloc=//proc/1048/net/psched&path=//proc/1048/net HTTP/2.0" 200 2571 "-" "Mozilla/5.0 AppleWebKit/537.36 (KHTML, like Gecko; compatible; GPTBot/1.3; +https://openai.com/gptbot)"
74.7.227.185 - - [30/Dec/2025:03:41:43 +0300] "GET /?fileloc=//proc/1046/net/psched&path=//proc/1046/net HTTP/2.0" 200 2571 "-" "Mozilla/5.0 AppleWebKit/537.36 (KHTML, like Gecko; compatible; GPTBot/1.3; +https://openai.com/gptbot)"
74.7.227.185 - - [30/Dec/2025:03:41:44 +0300] "GET /?fileloc=//proc/1419/net/ptype&path=//proc/1419/net HTTP/2.0" 200 2588 "-" "Mozilla/5.0 AppleWebKit/537.36 (KHTML, like Gecko; compatible; GPTBot/1.3; +https://openai.com/gptbot)"
74.7.227.185 - - [30/Dec/2025:03:41:44 +0300] "GET /?fileloc=//proc/1419/net/route&path=//proc/1419/net HTTP/2.0" 200 2657 "-" "Mozilla/5.0 AppleWebKit/537.36 (KHTML, like Gecko; compatible; GPTBot/1.3; +https://openai.com/gptbot)"
74.7.227.185 - - [30/Dec/2025:03:41:45 +0300] "GET /?fileloc=//proc/1046/net/route&path=//proc/1046/net HTTP/2.0" 200 2657 "-" "Mozilla/5.0 AppleWebKit/537.36 (KHTML, like Gecko; compatible; GPTBot/1.3; +https://openai.com/gptbot)"
