216.73.216.89 - - [30/Dec/2025:03:39:12 +0300] "GET /?fileloc=%2Fvar%2Fwww%2Flevasheva.ru%2Fpublic%2Fwp-admin%2Fincludes%2Fclass-core-upgrader.php&path=%2Fvar%2Fwww%2Flevasheva.ru%2Fpublic%2Fwp-admin%2Fincludes HTTP/2.0" 200 7157 "-" "Mozilla/5.0 AppleWebKit/537.36 (KHTML, like Gecko; compatible; ClaudeBot/1.0; +claudebot@anthropic.com)"
216.73.216.89 - - [30/Dec/2025:03:39:12 +0300] "GET /?fileloc=%2Fvar%2Fbackups%2Fdpkg.statoverride.6.gz&path=%2Fvar%2Fbackups HTTP/2.0" 200 2555 "-" "Mozilla/5.0 AppleWebKit/537.36 (KHTML, like Gecko; compatible; ClaudeBot/1.0; +claudebot@anthropic.com)"
216.73.216.89 - - [30/Dec/2025:03:39:12 +0300] "GET /?fileloc=%2Fvar%2Fwww%2Flevasheva.ru%2Fpublic%2Fwp-includes%2Fblocks%2Fquery.php&path=%2Fvar%2Fwww%2Flevasheva.ru%2Fpublic%2Fwp-includes%2Fblocks HTTP/2.0" 200 4363 "-" "Mozilla/5.0 AppleWebKit/537.36 (KHTML, like Gecko; compatible; ClaudeBot/1.0; +claudebot@anthropic.com)"
74.7.227.185 - - [30/Dec/2025:03:39:12 +0300] "GET /?fileloc=/var/www/levasheva.ru/public/wp-admin/admin-post.php&path=/var/www/levasheva.ru/public/wp-admin HTTP/2.0" 200 3304 "-" "Mozilla/5.0 AppleWebKit/537.36 (KHTML, like Gecko; compatible; GPTBot/1.3; +https://openai.com/gptbot)"
216.73.216.89 - - [30/Dec/2025:03:39:13 +0300] "GET /?path=%2Fvar%2Ftmp%2Fsystemd-private-555ec04b54f243e98f924006cdf0deb5-dovecot.service-s2nCN7 HTTP/2.0" 200 2653 "-" "Mozilla/5.0 AppleWebKit/537.36 (KHTML, like Gecko; compatible; ClaudeBot/1.0; +claudebot@anthropic.com)"
216.73.216.89 - - [30/Dec/2025:03:39:13 +0300] "GET /?fileloc=%2Fvar%2Fwww%2Flevasheva.ru%2Fpublic%2Fwp-admin%2Fcss%2Fcustomize-nav-menus.min.css&path=%2Fvar%2Fwww%2Flevasheva.ru%2Fpublic%2Fwp-admin%2Fcss HTTP/2.0" 200 5960 "-" "Mozilla/5.0 AppleWebKit/537.36 (KHTML, like Gecko; compatible; ClaudeBot/1.0; +claudebot@anthropic.com)"
216.73.216.89 - - [30/Dec/2025:03:39:13 +0300] "GET /?fileloc=%2Fvar%2Fwww%2Flevasheva.ru%2Fpublic%2Fwp-includes%2FID3%2Fmodule.audio-video.quicktime.php&path=%2Fvar%2Fwww%2Flevasheva.ru%2Fpublic%2Fwp-includes%2FID3 HTTP/2.0" 200 36150 "-" "Mozilla/5.0 AppleWebKit/537.36 (KHTML, like Gecko; compatible; ClaudeBot/1.0; +claudebot@anthropic.com)"
216.73.216.89 - - [30/Dec/2025:03:39:13 +0300] "GET /?fileloc=%2Fvar%2Fwww%2Flevasheva.ru%2Fpublic%2Fwp-admin%2Fincludes%2Fclass-wp-upgrader.php&path=%2Fvar%2Fwww%2Flevasheva.ru%2Fpublic%2Fwp-admin%2Fincludes HTTP/2.0" 200 13692 "-" "Mozilla/5.0 AppleWebKit/537.36 (KHTML, like Gecko; compatible; ClaudeBot/1.0; +claudebot@anthropic.com)"
216.73.216.89 - - [30/Dec/2025:03:39:13 +0300] "GET /?fileloc=%2Fvar%2Fwww%2Flevasheva.ru%2Fpublic%2Fwp-includes%2Fassets%2Fscript-modules-packages.min.php&path=%2Fvar%2Fwww%2Flevasheva.ru%2Fpublic%2Fwp-includes%2Fassets HTTP/2.0" 200 3005 "-" "Mozilla/5.0 AppleWebKit/537.36 (KHTML, like Gecko; compatible; ClaudeBot/1.0; +claudebot@anthropic.com)"
216.73.216.89 - - [30/Dec/2025:03:39:13 +0300] "GET /?fileloc=%2Fvar%2Fwww%2Flevasheva.ru%2Fpublic%2Fwp-admin%2Fcss%2Fcustomize-nav-menus-rtl.css&path=%2Fvar%2Fwww%2Flevasheva.ru%2Fpublic%2Fwp-admin%2Fcss HTTP/2.0" 200 6915 "-" "Mozilla/5.0 AppleWebKit/537.36 (KHTML, like Gecko; compatible; ClaudeBot/1.0; +claudebot@anthropic.com)"
216.73.216.89 - - [30/Dec/2025:03:39:13 +0300] "GET /?fileloc=%2Fvar%2Fwww%2Flevasheva.ru%2Fpublic%2Fwp-admin%2Fincludes%2Fclass-pclzip.php&path=%2Fvar%2Fwww%2Flevasheva.ru%2Fpublic%2Fwp-admin%2Fincludes HTTP/2.0" 200 33155 "-" "Mozilla/5.0 AppleWebKit/537.36 (KHTML, like Gecko; compatible; ClaudeBot/1.0; +claudebot@anthropic.com)"
216.73.216.89 - - [30/Dec/2025:03:39:13 +0300] "GET /?fileloc=%2Fvar%2Fwww%2Flevasheva.ru%2Fpublic%2Fwp-includes%2FSimplePie%2FCategory.php&path=%2Fvar%2Fwww%2Flevasheva.ru%2Fpublic%2Fwp-includes%2FSimplePie HTTP/2.0" 200 4198 "-" "Mozilla/5.0 AppleWebKit/537.36 (KHTML, like Gecko; compatible; ClaudeBot/1.0; +claudebot@anthropic.com)"
74.7.227.185 - - [30/Dec/2025:03:39:13 +0300] "GET /?fileloc=/var/www/levasheva.ru/public/wp-admin/post.php&path=/var/www/levasheva.ru/public/wp-admin HTTP/2.0" 200 5571 "-" "Mozilla/5.0 AppleWebKit/537.36 (KHTML, like Gecko; compatible; GPTBot/1.3; +https://openai.com/gptbot)"
216.73.216.89 - - [30/Dec/2025:03:39:13 +0300] "GET /?fileloc=%2Fvar%2Fwww%2Flevasheva.ru%2Fpublic%2Fwp-includes%2Fassets%2Fscript-loader-packages.php&path=%2Fvar%2Fwww%2Flevasheva.ru%2Fpublic%2Fwp-includes%2Fassets HTTP/2.0" 200 4836 "-" "Mozilla/5.0 AppleWebKit/537.36 (KHTML, like Gecko; compatible; ClaudeBot/1.0; +claudebot@anthropic.com)"
216.73.216.89 - - [30/Dec/2025:03:39:13 +0300] "GET /?fileloc=%2Fvar%2Fwww%2Flevasheva.ru%2Fpublic%2Fwp-admin%2Fincludes%2Fnav-menu.php&path=%2Fvar%2Fwww%2Flevasheva.ru%2Fpublic%2Fwp-admin%2Fincludes HTTP/2.0" 200 13501 "-" "Mozilla/5.0 AppleWebKit/537.36 (KHTML, like Gecko; compatible; ClaudeBot/1.0; +claudebot@anthropic.com)"
216.73.216.89 - - [30/Dec/2025:03:39:13 +0300] "GET /?fileloc=%2Fvar%2Fwww%2Flevasheva.ru%2Fpublic%2Fwp-admin%2Fuser%2Fmenu.php&path=%2Fvar%2Fwww%2Flevasheva.ru%2Fpublic%2Fwp-admin%2Fuser HTTP/2.0" 200 2930 "-" "Mozilla/5.0 AppleWebKit/537.36 (KHTML, like Gecko; compatible; ClaudeBot/1.0; +claudebot@anthropic.com)"
216.73.216.89 - - [30/Dec/2025:03:39:13 +0300] "GET /?fileloc=%2Fvar%2Fwww%2Flevasheva.ru%2Fpublic%2Fwp-admin%2Fcss%2Fthemes.min.css&path=%2Fvar%2Fwww%2Flevasheva.ru%2Fpublic%2Fwp-admin%2Fcss HTTP/2.0" 200 8992 "-" "Mozilla/5.0 AppleWebKit/537.36 (KHTML, like Gecko; compatible; ClaudeBot/1.0; +claudebot@anthropic.com)"
216.73.216.89 - - [30/Dec/2025:03:39:13 +0300] "GET /?fileloc=%2Fvar%2Fwww%2Flevasheva.ru%2Fpublic%2Fwp-admin%2Fcss%2Ffarbtastic-rtl.min.css&path=%2Fvar%2Fwww%2Flevasheva.ru%2Fpublic%2Fwp-admin%2Fcss HTTP/2.0" 200 2793 "-" "Mozilla/5.0 AppleWebKit/537.36 (KHTML, like Gecko; compatible; ClaudeBot/1.0; +claudebot@anthropic.com)"
216.73.216.89 - - [30/Dec/2025:03:39:14 +0300] "GET /?fileloc=%2Fvar%2Fwww%2Flevasheva.ru%2Fpublic%2Fwp-admin%2Fnetwork%2Fabout.php&path=%2Fvar%2Fwww%2Flevasheva.ru%2Fpublic%2Fwp-admin%2Fnetwork HTTP/2.0" 200 2735 "-" "Mozilla/5.0 AppleWebKit/537.36 (KHTML, like Gecko; compatible; ClaudeBot/1.0; +claudebot@anthropic.com)"
74.7.227.185 - - [30/Dec/2025:03:39:14 +0300] "GET /?fileloc=/var/www/levasheva.ru/public/wp-cron.php&path=/var/www/levasheva.ru/public HTTP/2.0" 200 4650 "-" "Mozilla/5.0 AppleWebKit/537.36 (KHTML, like Gecko; compatible; GPTBot/1.3; +https://openai.com/gptbot)"
216.73.216.89 - - [30/Dec/2025:03:39:14 +0300] "GET /?fileloc=%2Fvar%2Fwww%2Flevasheva.ru%2Fpublic%2Fwp-admin%2Fcss%2Fdashboard-rtl.min.css&path=%2Fvar%2Fwww%2Flevasheva.ru%2Fpublic%2Fwp-admin%2Fcss HTTP/2.0" 200 7585 "-" "Mozilla/5.0 AppleWebKit/537.36 (KHTML, like Gecko; compatible; ClaudeBot/1.0; +claudebot@anthropic.com)"
216.73.216.89 - - [30/Dec/2025:03:39:14 +0300] "GET /?fileloc=%2Fvar%2Fwww%2Flevasheva.ru%2Fpublic%2Fwp-admin%2Fincludes%2Fclass-wp-filesystem-ftpext.php&path=%2Fvar%2Fwww%2Flevasheva.ru%2Fpublic%2Fwp-admin%2Fincludes HTTP/2.0" 200 8003 "-" "Mozilla/5.0 AppleWebKit/537.36 (KHTML, like Gecko; compatible; ClaudeBot/1.0; +claudebot@anthropic.com)"
51.195.244.119 - - [30/Dec/2025:03:39:14 +0300] "GET /?path=//proc HTTP/2.0" 200 8744 "-" "Mozilla/5.0 (compatible; AhrefsBot/7.0; +http://ahrefs.com/robot/)"
74.7.227.185 - - [30/Dec/2025:03:39:14 +0300] "GET /?fileloc=/var/www/levasheva.ru/public/wp-admin/privacy-policy-guide.php&path=/var/www/levasheva.ru/public/wp-admin HTTP/2.0" 200 4021 "-" "Mozilla/5.0 AppleWebKit/537.36 (KHTML, like Gecko; compatible; GPTBot/1.3; +https://openai.com/gptbot)"
74.7.227.185 - - [30/Dec/2025:03:39:15 +0300] "GET /?fileloc=/var/www/levasheva.ru/public/wp-admin/post-new.php&path=/var/www/levasheva.ru/public/wp-admin HTTP/2.0" 200 3611 "-" "Mozilla/5.0 AppleWebKit/537.36 (KHTML, like Gecko; compatible; GPTBot/1.3; +https://openai.com/gptbot)"
74.7.227.185 - - [30/Dec/2025:03:39:15 +0300] "GET /?path=/var/www/891rpm.com HTTP/2.0" 200 2912 "-" "Mozilla/5.0 AppleWebKit/537.36 (KHTML, like Gecko; compatible; GPTBot/1.3; +https://openai.com/gptbot)"
74.7.227.185 - - [30/Dec/2025:03:39:15 +0300] "GET /?fileloc=/var/www/levasheva.ru/public/wp-admin/user-edit.php&path=/var/www/levasheva.ru/public/wp-admin HTTP/2.0" 200 13162 "-" "Mozilla/5.0 AppleWebKit/537.36 (KHTML, like Gecko; compatible; GPTBot/1.3; +https://openai.com/gptbot)"
74.7.227.185 - - [30/Dec/2025:03:39:17 +0300] "GET /?fileloc=//initrd.img&path=/ HTTP/2.0" 200 2456 "-" "Mozilla/5.0 AppleWebKit/537.36 (KHTML, like Gecko; compatible; GPTBot/1.3; +https://openai.com/gptbot)"
74.7.227.185 - - [30/Dec/2025:03:39:17 +0300] "GET /?path=//proc HTTP/2.0" 200 8744 "-" "Mozilla/5.0 AppleWebKit/537.36 (KHTML, like Gecko; compatible; GPTBot/1.3; +https://openai.com/gptbot)"
74.7.227.185 - - [30/Dec/2025:03:39:18 +0300] "GET /?path=//media HTTP/2.0" 200 2584 "-" "Mozilla/5.0 AppleWebKit/537.36 (KHTML, like Gecko; compatible; GPTBot/1.3; +https://openai.com/gptbot)"
74.7.227.185 - - [30/Dec/2025:03:39:18 +0300] "GET /?path=/var/log HTTP/2.0" 200 6572 "-" "Mozilla/5.0 AppleWebKit/537.36 (KHTML, like Gecko; compatible; GPTBot/1.3; +https://openai.com/gptbot)"
74.7.227.185 - - [30/Dec/2025:03:39:18 +0300] "GET /?path=/var/opt HTTP/2.0" 200 2593 "-" "Mozilla/5.0 AppleWebKit/537.36 (KHTML, like Gecko; compatible; GPTBot/1.3; +https://openai.com/gptbot)"
74.7.227.185 - - [30/Dec/2025:03:39:19 +0300] "GET /?path=/var/tmp HTTP/2.0" 200 3136 "-" "Mozilla/5.0 AppleWebKit/537.36 (KHTML, like Gecko; compatible; GPTBot/1.3; +https://openai.com/gptbot)"
74.7.227.185 - - [30/Dec/2025:03:39:20 +0300] "GET /?path=/var/run HTTP/2.0" 200 4378 "-" "Mozilla/5.0 AppleWebKit/537.36 (KHTML, like Gecko; compatible; GPTBot/1.3; +https://openai.com/gptbot)"
74.7.227.185 - - [30/Dec/2025:03:39:20 +0300] "GET /?path=/var/lib HTTP/2.0" 200 4101 "-" "Mozilla/5.0 AppleWebKit/537.36 (KHTML, like Gecko; compatible; GPTBot/1.3; +https://openai.com/gptbot)"
74.7.227.185 - - [30/Dec/2025:03:39:20 +0300] "GET /?path=/var/cache HTTP/2.0" 200 3318 "-" "Mozilla/5.0 AppleWebKit/537.36 (KHTML, like Gecko; compatible; GPTBot/1.3; +https://openai.com/gptbot)"
74.7.227.185 - - [30/Dec/2025:03:39:21 +0300] "GET /?path=/var/www/891rpm.com/public HTTP/2.0" 200 4695 "-" "Mozilla/5.0 AppleWebKit/537.36 (KHTML, like Gecko; compatible; GPTBot/1.3; +https://openai.com/gptbot)"
74.7.227.185 - - [30/Dec/2025:03:39:22 +0300] "GET /?path=/var/snap HTTP/2.0" 200 2956 "-" "Mozilla/5.0 AppleWebKit/537.36 (KHTML, like Gecko; compatible; GPTBot/1.3; +https://openai.com/gptbot)"
74.7.227.185 - - [30/Dec/2025:03:39:22 +0300] "GET /?path=/var/local HTTP/2.0" 200 2594 "-" "Mozilla/5.0 AppleWebKit/537.36 (KHTML, like Gecko; compatible; GPTBot/1.3; +https://openai.com/gptbot)"
74.7.227.185 - - [30/Dec/2025:03:39:23 +0300] "GET /?path=//proc/14 HTTP/2.0" 200 4838 "-" "Mozilla/5.0 AppleWebKit/537.36 (KHTML, like Gecko; compatible; GPTBot/1.3; +https://openai.com/gptbot)"
74.7.227.185 - - [30/Dec/2025:03:39:23 +0300] "GET /?path=//proc/633 HTTP/2.0" 200 4786 "-" "Mozilla/5.0 AppleWebKit/537.36 (KHTML, like Gecko; compatible; GPTBot/1.3; +https://openai.com/gptbot)"
74.7.227.185 - - [30/Dec/2025:03:39:24 +0300] "GET /?fileloc=/var/log/php7.4-fpm.log.7.gz&path=/var/log HTTP/2.0" 200 2551 "-" "Mozilla/5.0 AppleWebKit/537.36 (KHTML, like Gecko; compatible; GPTBot/1.3; +https://openai.com/gptbot)"
74.7.227.185 - - [30/Dec/2025:03:39:24 +0300] "GET /?fileloc=//proc/interrupts&path=//proc HTTP/2.0" 200 3149 "-" "Mozilla/5.0 AppleWebKit/537.36 (KHTML, like Gecko; compatible; GPTBot/1.3; +https://openai.com/gptbot)"
74.7.227.185 - - [30/Dec/2025:03:39:25 +0300] "GET /?path=//proc/281560 HTTP/2.0" 200 4792 "-" "Mozilla/5.0 AppleWebKit/537.36 (KHTML, like Gecko; compatible; GPTBot/1.3; +https://openai.com/gptbot)"
74.7.227.185 - - [30/Dec/2025:03:39:25 +0300] "GET /?path=//proc/3553 HTTP/2.0" 200 4782 "-" "Mozilla/5.0 AppleWebKit/537.36 (KHTML, like Gecko; compatible; GPTBot/1.3; +https://openai.com/gptbot)"
74.7.227.185 - - [30/Dec/2025:03:39:26 +0300] "GET /?path=//proc/2175 HTTP/2.0" 200 4782 "-" "Mozilla/5.0 AppleWebKit/537.36 (KHTML, like Gecko; compatible; GPTBot/1.3; +https://openai.com/gptbot)"
74.7.227.185 - - [30/Dec/2025:03:39:26 +0300] "GET /?path=//proc/2044 HTTP/2.0" 200 4781 "-" "Mozilla/5.0 AppleWebKit/537.36 (KHTML, like Gecko; compatible; GPTBot/1.3; +https://openai.com/gptbot)"
74.7.227.185 - - [30/Dec/2025:03:39:27 +0300] "GET /?fileloc=/var/www/891rpm.com/public/10.torrent&path=/var/www/891rpm.com/public HTTP/2.0" 200 2563 "-" "Mozilla/5.0 AppleWebKit/537.36 (KHTML, like Gecko; compatible; GPTBot/1.3; +https://openai.com/gptbot)"
74.7.227.185 - - [30/Dec/2025:03:39:27 +0300] "GET /?path=/var/www/891rpm.com/public/f HTTP/2.0" 200 3119 "-" "Mozilla/5.0 AppleWebKit/537.36 (KHTML, like Gecko; compatible; GPTBot/1.3; +https://openai.com/gptbot)"
74.7.227.185 - - [30/Dec/2025:03:39:28 +0300] "GET /?path=//proc/1424 HTTP/2.0" 200 4781 "-" "Mozilla/5.0 AppleWebKit/537.36 (KHTML, like Gecko; compatible; GPTBot/1.3; +https://openai.com/gptbot)"
74.7.227.185 - - [30/Dec/2025:03:39:28 +0300] "GET /?fileloc=//proc/14/oom_adj&path=//proc/14 HTTP/2.0" 200 2544 "-" "Mozilla/5.0 AppleWebKit/537.36 (KHTML, like Gecko; compatible; GPTBot/1.3; +https://openai.com/gptbot)"
74.7.227.185 - - [30/Dec/2025:03:39:29 +0300] "GET /?path=//proc/633/net HTTP/2.0" 200 4669 "-" "Mozilla/5.0 AppleWebKit/537.36 (KHTML, like Gecko; compatible; GPTBot/1.3; +https://openai.com/gptbot)"
74.7.227.185 - - [30/Dec/2025:03:39:29 +0300] "GET /?path=//proc/2697 HTTP/2.0" 200 4782 "-" "Mozilla/5.0 AppleWebKit/537.36 (KHTML, like Gecko; compatible; GPTBot/1.3; +https://openai.com/gptbot)"
74.7.227.185 - - [30/Dec/2025:03:39:30 +0300] "GET /?path=//proc/1423 HTTP/2.0" 200 4781 "-" "Mozilla/5.0 AppleWebKit/537.36 (KHTML, like Gecko; compatible; GPTBot/1.3; +https://openai.com/gptbot)"
74.7.227.185 - - [30/Dec/2025:03:39:30 +0300] "GET /?path=//proc/281560/net HTTP/2.0" 200 4714 "-" "Mozilla/5.0 AppleWebKit/537.36 (KHTML, like Gecko; compatible; GPTBot/1.3; +https://openai.com/gptbot)"
74.7.227.185 - - [30/Dec/2025:03:39:31 +0300] "GET /?path=//proc/3553/net HTTP/2.0" 200 4669 "-" "Mozilla/5.0 AppleWebKit/537.36 (KHTML, like Gecko; compatible; GPTBot/1.3; +https://openai.com/gptbot)"
74.7.227.185 - - [30/Dec/2025:03:39:31 +0300] "GET /?fileloc=//proc/2175/wchan&path=//proc/2175 HTTP/2.0" 200 2543 "-" "Mozilla/5.0 AppleWebKit/537.36 (KHTML, like Gecko; compatible; GPTBot/1.3; +https://openai.com/gptbot)"
74.7.227.185 - - [30/Dec/2025:03:39:32 +0300] "GET /?fileloc=//proc/2044/cmdline&path=//proc/2044 HTTP/2.0" 200 2568 "-" "Mozilla/5.0 AppleWebKit/537.36 (KHTML, like Gecko; compatible; GPTBot/1.3; +https://openai.com/gptbot)"
74.7.227.185 - - [30/Dec/2025:03:39:33 +0300] "GET /?path=//proc/2175/net HTTP/2.0" 200 4669 "-" "Mozilla/5.0 AppleWebKit/537.36 (KHTML, like Gecko; compatible; GPTBot/1.3; +https://openai.com/gptbot)"
74.7.227.185 - - [30/Dec/2025:03:39:33 +0300] "GET /?path=//proc/2044/net HTTP/2.0" 200 4669 "-" "Mozilla/5.0 AppleWebKit/537.36 (KHTML, like Gecko; compatible; GPTBot/1.3; +https://openai.com/gptbot)"
74.7.227.185 - - [30/Dec/2025:03:39:34 +0300] "GET /?path=//proc/1424/net HTTP/2.0" 200 4669 "-" "Mozilla/5.0 AppleWebKit/537.36 (KHTML, like Gecko; compatible; GPTBot/1.3; +https://openai.com/gptbot)"
74.7.227.185 - - [30/Dec/2025:03:39:34 +0300] "GET /?fileloc=//proc/1424/pagemap&path=//proc/1424 HTTP/2.0" 200 2541 "-" "Mozilla/5.0 AppleWebKit/537.36 (KHTML, like Gecko; compatible; GPTBot/1.3; +https://openai.com/gptbot)"
74.7.227.185 - - [30/Dec/2025:03:39:35 +0300] "GET /?fileloc=//proc/633/net/sockstat6&path=//proc/633/net HTTP/2.0" 200 2595 "-" "Mozilla/5.0 AppleWebKit/537.36 (KHTML, like Gecko; compatible; GPTBot/1.3; +https://openai.com/gptbot)"
74.7.227.185 - - [30/Dec/2025:03:39:35 +0300] "GET /?path=//proc/2697/net HTTP/2.0" 200 4669 "-" "Mozilla/5.0 AppleWebKit/537.36 (KHTML, like Gecko; compatible; GPTBot/1.3; +https://openai.com/gptbot)"
74.7.227.185 - - [30/Dec/2025:03:39:36 +0300] "GET /?fileloc=//proc/1423/loginuid&path=//proc/1423 HTTP/2.0" 200 2554 "-" "Mozilla/5.0 AppleWebKit/537.36 (KHTML, like Gecko; compatible; GPTBot/1.3; +https://openai.com/gptbot)"
74.7.227.185 - - [30/Dec/2025:03:39:36 +0300] "GET /?path=//proc/1423/net HTTP/2.0" 200 4669 "-" "Mozilla/5.0 AppleWebKit/537.36 (KHTML, like Gecko; compatible; GPTBot/1.3; +https://openai.com/gptbot)"
74.7.227.185 - - [30/Dec/2025:03:39:37 +0300] "GET /?fileloc=//proc/3553/net/anycast6&path=//proc/3553/net HTTP/2.0" 200 2549 "-" "Mozilla/5.0 AppleWebKit/537.36 (KHTML, like Gecko; compatible; GPTBot/1.3; +https://openai.com/gptbot)"
74.7.227.185 - - [30/Dec/2025:03:39:37 +0300] "GET /?fileloc=//proc/3553/net/udplite6&path=//proc/3553/net HTTP/2.0" 200 2624 "-" "Mozilla/5.0 AppleWebKit/537.36 (KHTML, like Gecko; compatible; GPTBot/1.3; +https://openai.com/gptbot)"
74.7.227.185 - - [30/Dec/2025:03:39:38 +0300] "GET /?fileloc=//proc/3553/net/netstat&path=//proc/3553/net HTTP/2.0" 200 4197 "-" "Mozilla/5.0 AppleWebKit/537.36 (KHTML, like Gecko; compatible; GPTBot/1.3; +https://openai.com/gptbot)"
74.7.227.185 - - [30/Dec/2025:03:39:38 +0300] "GET /?fileloc=//proc/2175/net/sockstat&path=//proc/2175/net HTTP/2.0" 200 2631 "-" "Mozilla/5.0 AppleWebKit/537.36 (KHTML, like Gecko; compatible; GPTBot/1.3; +https://openai.com/gptbot)"
74.7.227.185 - - [30/Dec/2025:03:39:39 +0300] "GET /?fileloc=//proc/2175/net/ip6_mr_vif&path=//proc/2175/net HTTP/2.0" 200 2585 "-" "Mozilla/5.0 AppleWebKit/537.36 (KHTML, like Gecko; compatible; GPTBot/1.3; +https://openai.com/gptbot)"
74.7.227.185 - - [30/Dec/2025:03:39:39 +0300] "GET /?path=//proc/1424/net/stat HTTP/2.0" 200 2969 "-" "Mozilla/5.0 AppleWebKit/537.36 (KHTML, like Gecko; compatible; GPTBot/1.3; +https://openai.com/gptbot)"
74.7.227.185 - - [30/Dec/2025:03:39:40 +0300] "GET /?fileloc=//proc/2175/net/anycast6&path=//proc/2175/net HTTP/2.0" 200 2550 "-" "Mozilla/5.0 AppleWebKit/537.36 (KHTML, like Gecko; compatible; GPTBot/1.3; +https://openai.com/gptbot)"
74.7.227.185 - - [30/Dec/2025:03:39:40 +0300] "GET /?fileloc=//proc/2175/net/udplite6&path=//proc/2175/net HTTP/2.0" 200 2624 "-" "Mozilla/5.0 AppleWebKit/537.36 (KHTML, like Gecko; compatible; GPTBot/1.3; +https://openai.com/gptbot)"
74.7.227.185 - - [30/Dec/2025:03:39:41 +0300] "GET /?fileloc=//proc/2697/net/xfrm_stat&path=//proc/2697/net HTTP/2.0" 200 2739 "-" "Mozilla/5.0 AppleWebKit/537.36 (KHTML, like Gecko; compatible; GPTBot/1.3; +https://openai.com/gptbot)"
74.7.227.185 - - [30/Dec/2025:03:39:42 +0300] "GET /?fileloc=//proc/1424/net/anycast6&path=//proc/1424/net HTTP/2.0" 200 2549 "-" "Mozilla/5.0 AppleWebKit/537.36 (KHTML, like Gecko; compatible; GPTBot/1.3; +https://openai.com/gptbot)"
74.7.227.185 - - [30/Dec/2025:03:39:42 +0300] "GET /?fileloc=//proc/1423/net/udplite6&path=//proc/1423/net HTTP/2.0" 200 2624 "-" "Mozilla/5.0 AppleWebKit/537.36 (KHTML, like Gecko; compatible; GPTBot/1.3; +https://openai.com/gptbot)"
74.7.227.185 - - [30/Dec/2025:03:39:43 +0300] "GET /?fileloc=//proc/1423/net/anycast6&path=//proc/1423/net HTTP/2.0" 200 2549 "-" "Mozilla/5.0 AppleWebKit/537.36 (KHTML, like Gecko; compatible; GPTBot/1.3; +https://openai.com/gptbot)"
74.7.227.185 - - [30/Dec/2025:03:39:43 +0300] "GET /?fileloc=//proc/2044/net/anycast6&path=//proc/2044/net HTTP/2.0" 200 2549 "-" "Mozilla/5.0 AppleWebKit/537.36 (KHTML, like Gecko; compatible; GPTBot/1.3; +https://openai.com/gptbot)"
74.7.227.185 - - [30/Dec/2025:03:39:44 +0300] "GET /?fileloc=//proc/2697/net/udplite6&path=//proc/2697/net HTTP/2.0" 200 2624 "-" "Mozilla/5.0 AppleWebKit/537.36 (KHTML, like Gecko; compatible; GPTBot/1.3; +https://openai.com/gptbot)"
74.7.227.185 - - [30/Dec/2025:03:39:44 +0300] "GET /?fileloc=//proc/2697/net/anycast6&path=//proc/2697/net HTTP/2.0" 200 2550 "-" "Mozilla/5.0 AppleWebKit/537.36 (KHTML, like Gecko; compatible; GPTBot/1.3; +https://openai.com/gptbot)"
74.7.227.185 - - [30/Dec/2025:03:39:45 +0300] "GET /?fileloc=//proc/2175/net/icmp6&path=//proc/2175/net HTTP/2.0" 200 2622 "-" "Mozilla/5.0 AppleWebKit/537.36 (KHTML, like Gecko; compatible; GPTBot/1.3; +https://openai.com/gptbot)"
74.7.227.185 - - [30/Dec/2025:03:39:45 +0300] "GET /?fileloc=//proc/2044/net/udplite6&path=//proc/2044/net HTTP/2.0" 200 2624 "-" "Mozilla/5.0 AppleWebKit/537.36 (KHTML, like Gecko; compatible; GPTBot/1.3; +https://openai.com/gptbot)"
74.7.227.185 - - [30/Dec/2025:03:39:46 +0300] "GET /?fileloc=//proc/1424/net/udplite6&path=//proc/1424/net HTTP/2.0" 200 2624 "-" "Mozilla/5.0 AppleWebKit/537.36 (KHTML, like Gecko; compatible; GPTBot/1.3; +https://openai.com/gptbot)"
74.7.227.185 - - [30/Dec/2025:03:39:46 +0300] "GET /?fileloc=//proc/2175/net/ip6_flowlabel&path=//proc/2175/net HTTP/2.0" 200 2586 "-" "Mozilla/5.0 AppleWebKit/537.36 (KHTML, like Gecko; compatible; GPTBot/1.3; +https://openai.com/gptbot)"
74.7.227.185 - - [30/Dec/2025:03:39:47 +0300] "GET /?fileloc=//proc/1423/net/ip6_flowlabel&path=//proc/1423/net HTTP/2.0" 200 2585 "-" "Mozilla/5.0 AppleWebKit/537.36 (KHTML, like Gecko; compatible; GPTBot/1.3; +https://openai.com/gptbot)"
74.7.227.185 - - [30/Dec/2025:03:39:47 +0300] "GET /?fileloc=//proc/2175/net/udplite&path=//proc/2175/net HTTP/2.0" 200 2624 "-" "Mozilla/5.0 AppleWebKit/537.36 (KHTML, like Gecko; compatible; GPTBot/1.3; +https://openai.com/gptbot)"
74.7.227.185 - - [30/Dec/2025:03:39:48 +0300] "GET /?fileloc=//proc/2697/net/sockstat&path=//proc/2697/net HTTP/2.0" 200 2631 "-" "Mozilla/5.0 AppleWebKit/537.36 (KHTML, like Gecko; compatible; GPTBot/1.3; +https://openai.com/gptbot)"
74.7.227.185 - - [30/Dec/2025:03:39:48 +0300] "GET /?fileloc=//proc/2697/net/wireless&path=//proc/2697/net HTTP/2.0" 200 2648 "-" "Mozilla/5.0 AppleWebKit/537.36 (KHTML, like Gecko; compatible; GPTBot/1.3; +https://openai.com/gptbot)"
74.7.227.185 - - [30/Dec/2025:03:39:49 +0300] "GET /?fileloc=//proc/1423/net/udplite&path=//proc/1423/net HTTP/2.0" 200 2624 "-" "Mozilla/5.0 AppleWebKit/537.36 (KHTML, like Gecko; compatible; GPTBot/1.3; +https://openai.com/gptbot)"
74.7.227.185 - - [30/Dec/2025:03:39:49 +0300] "GET /?fileloc=//proc/2697/net/udplite&path=//proc/2697/net HTTP/2.0" 200 2624 "-" "Mozilla/5.0 AppleWebKit/537.36 (KHTML, like Gecko; compatible; GPTBot/1.3; +https://openai.com/gptbot)"
74.7.227.185 - - [30/Dec/2025:03:39:50 +0300] "GET /?fileloc=//proc/2175/net/wireless&path=//proc/2175/net HTTP/2.0" 200 2648 "-" "Mozilla/5.0 AppleWebKit/537.36 (KHTML, like Gecko; compatible; GPTBot/1.3; +https://openai.com/gptbot)"
74.7.227.185 - - [30/Dec/2025:03:39:50 +0300] "GET /?fileloc=//proc/1423/net/sockstat&path=//proc/1423/net HTTP/2.0" 200 2631 "-" "Mozilla/5.0 AppleWebKit/537.36 (KHTML, like Gecko; compatible; GPTBot/1.3; +https://openai.com/gptbot)"
74.7.227.185 - - [30/Dec/2025:03:39:51 +0300] "GET /?fileloc=//proc/1423/net/wireless&path=//proc/1423/net HTTP/2.0" 200 2648 "-" "Mozilla/5.0 AppleWebKit/537.36 (KHTML, like Gecko; compatible; GPTBot/1.3; +https://openai.com/gptbot)"
74.7.227.185 - - [30/Dec/2025:03:39:51 +0300] "GET /?fileloc=//proc/2044/net/ip6_flowlabel&path=//proc/2044/net HTTP/2.0" 200 2586 "-" "Mozilla/5.0 AppleWebKit/537.36 (KHTML, like Gecko; compatible; GPTBot/1.3; +https://openai.com/gptbot)"
74.7.227.185 - - [30/Dec/2025:03:39:52 +0300] "GET /?fileloc=//proc/2697/net/ip6_flowlabel&path=//proc/2697/net HTTP/2.0" 200 2586 "-" "Mozilla/5.0 AppleWebKit/537.36 (KHTML, like Gecko; compatible; GPTBot/1.3; +https://openai.com/gptbot)"
74.7.227.185 - - [30/Dec/2025:03:39:52 +0300] "GET /?fileloc=//proc/1424/net/ip6_flowlabel&path=//proc/1424/net HTTP/2.0" 200 2585 "-" "Mozilla/5.0 AppleWebKit/537.36 (KHTML, like Gecko; compatible; GPTBot/1.3; +https://openai.com/gptbot)"
74.7.227.185 - - [30/Dec/2025:03:39:53 +0300] "GET /?fileloc=//proc/2044/net/netlink&path=//proc/2044/net HTTP/2.0" 200 3085 "-" "Mozilla/5.0 AppleWebKit/537.36 (KHTML, like Gecko; compatible; GPTBot/1.3; +https://openai.com/gptbot)"
74.7.227.185 - - [30/Dec/2025:03:39:53 +0300] "GET /?fileloc=//proc/1424/net/netlink&path=//proc/1424/net HTTP/2.0" 200 3085 "-" "Mozilla/5.0 AppleWebKit/537.36 (KHTML, like Gecko; compatible; GPTBot/1.3; +https://openai.com/gptbot)"
74.7.227.185 - - [30/Dec/2025:03:39:54 +0300] "GET /?fileloc=//proc/1424/net/netstat&path=//proc/1424/net HTTP/2.0" 200 4200 "-" "Mozilla/5.0 AppleWebKit/537.36 (KHTML, like Gecko; compatible; GPTBot/1.3; +https://openai.com/gptbot)"
74.7.227.185 - - [30/Dec/2025:03:39:55 +0300] "GET /?fileloc=//proc/3553/net/wireless&path=//proc/3553/net HTTP/2.0" 200 2648 "-" "Mozilla/5.0 AppleWebKit/537.36 (KHTML, like Gecko; compatible; GPTBot/1.3; +https://openai.com/gptbot)"
74.7.227.185 - - [30/Dec/2025:03:39:55 +0300] "GET /?fileloc=//proc/3553/net/netlink&path=//proc/3553/net HTTP/2.0" 200 3086 "-" "Mozilla/5.0 AppleWebKit/537.36 (KHTML, like Gecko; compatible; GPTBot/1.3; +https://openai.com/gptbot)"
74.7.227.185 - - [30/Dec/2025:03:39:56 +0300] "GET /?fileloc=//proc/2044/net/netstat&path=//proc/2044/net HTTP/2.0" 200 4197 "-" "Mozilla/5.0 AppleWebKit/537.36 (KHTML, like Gecko; compatible; GPTBot/1.3; +https://openai.com/gptbot)"
74.7.227.185 - - [30/Dec/2025:03:39:56 +0300] "GET /?fileloc=//proc/3553/net/udplite&path=//proc/3553/net HTTP/2.0" 200 2623 "-" "Mozilla/5.0 AppleWebKit/537.36 (KHTML, like Gecko; compatible; GPTBot/1.3; +https://openai.com/gptbot)"
74.7.227.185 - - [30/Dec/2025:03:39:57 +0300] "GET /?fileloc=//proc/2044/net/wireless&path=//proc/2044/net HTTP/2.0" 200 2648 "-" "Mozilla/5.0 AppleWebKit/537.36 (KHTML, like Gecko; compatible; GPTBot/1.3; +https://openai.com/gptbot)"
74.7.227.185 - - [30/Dec/2025:03:39:58 +0300] "GET /?fileloc=//proc/2044/net/udplite&path=//proc/2044/net HTTP/2.0" 200 2623 "-" "Mozilla/5.0 AppleWebKit/537.36 (KHTML, like Gecko; compatible; GPTBot/1.3; +https://openai.com/gptbot)"
74.7.227.185 - - [30/Dec/2025:03:39:58 +0300] "GET /?fileloc=//proc/1424/net/udplite&path=//proc/1424/net HTTP/2.0" 200 2624 "-" "Mozilla/5.0 AppleWebKit/537.36 (KHTML, like Gecko; compatible; GPTBot/1.3; +https://openai.com/gptbot)"
74.7.227.185 - - [30/Dec/2025:03:39:58 +0300] "GET /?fileloc=//proc/1424/net/wireless&path=//proc/1424/net HTTP/2.0" 200 2648 "-" "Mozilla/5.0 AppleWebKit/537.36 (KHTML, like Gecko; compatible; GPTBot/1.3; +https://openai.com/gptbot)"
74.7.227.185 - - [30/Dec/2025:03:39:59 +0300] "GET /?fileloc=//proc/1423/net/mcfilter&path=//proc/1423/net HTTP/2.0" 200 2578 "-" "Mozilla/5.0 AppleWebKit/537.36 (KHTML, like Gecko; compatible; GPTBot/1.3; +https://openai.com/gptbot)"
74.7.227.185 - - [30/Dec/2025:03:39:59 +0300] "GET /?fileloc=//proc/2175/net/mcfilter&path=//proc/2175/net HTTP/2.0" 200 2578 "-" "Mozilla/5.0 AppleWebKit/537.36 (KHTML, like Gecko; compatible; GPTBot/1.3; +https://openai.com/gptbot)"
74.7.227.185 - - [30/Dec/2025:03:40:00 +0300] "GET /?fileloc=//proc/2697/net/netlink&path=//proc/2697/net HTTP/2.0" 200 3086 "-" "Mozilla/5.0 AppleWebKit/537.36 (KHTML, like Gecko; compatible; GPTBot/1.3; +https://openai.com/gptbot)"
74.7.227.185 - - [30/Dec/2025:03:40:01 +0300] "GET /?fileloc=//proc/2175/net/netstat&path=//proc/2175/net HTTP/2.0" 200 4199 "-" "Mozilla/5.0 AppleWebKit/537.36 (KHTML, like Gecko; compatible; GPTBot/1.3; +https://openai.com/gptbot)"
74.7.227.185 - - [30/Dec/2025:03:40:01 +0300] "GET /?fileloc=//proc/2697/net/mcfilter&path=//proc/2697/net HTTP/2.0" 200 2578 "-" "Mozilla/5.0 AppleWebKit/537.36 (KHTML, like Gecko; compatible; GPTBot/1.3; +https://openai.com/gptbot)"
74.7.227.185 - - [30/Dec/2025:03:40:02 +0300] "GET /?fileloc=//proc/1423/net/netlink&path=//proc/1423/net HTTP/2.0" 200 3085 "-" "Mozilla/5.0 AppleWebKit/537.36 (KHTML, like Gecko; compatible; GPTBot/1.3; +https://openai.com/gptbot)"
74.7.227.185 - - [30/Dec/2025:03:40:02 +0300] "GET /?fileloc=//proc/2697/net/netstat&path=//proc/2697/net HTTP/2.0" 200 4201 "-" "Mozilla/5.0 AppleWebKit/537.36 (KHTML, like Gecko; compatible; GPTBot/1.3; +https://openai.com/gptbot)"
74.7.227.185 - - [30/Dec/2025:03:40:03 +0300] "GET /?fileloc=//proc/1423/net/netstat&path=//proc/1423/net HTTP/2.0" 200 4197 "-" "Mozilla/5.0 AppleWebKit/537.36 (KHTML, like Gecko; compatible; GPTBot/1.3; +https://openai.com/gptbot)"
74.7.227.185 - - [30/Dec/2025:03:40:03 +0300] "GET /?fileloc=//proc/2175/net/netlink&path=//proc/2175/net HTTP/2.0" 200 3085 "-" "Mozilla/5.0 AppleWebKit/537.36 (KHTML, like Gecko; compatible; GPTBot/1.3; +https://openai.com/gptbot)"
74.7.227.185 - - [30/Dec/2025:03:40:04 +0300] "GET /?fileloc=//proc/1423/net/xfrm_stat&path=//proc/1423/net HTTP/2.0" 200 2738 "-" "Mozilla/5.0 AppleWebKit/537.36 (KHTML, like Gecko; compatible; GPTBot/1.3; +https://openai.com/gptbot)"
74.7.227.185 - - [30/Dec/2025:03:40:04 +0300] "GET /?fileloc=//proc/2175/net/xfrm_stat&path=//proc/2175/net HTTP/2.0" 200 2739 "-" "Mozilla/5.0 AppleWebKit/537.36 (KHTML, like Gecko; compatible; GPTBot/1.3; +https://openai.com/gptbot)"
74.7.227.185 - - [30/Dec/2025:03:40:05 +0300] "GET /?fileloc=//proc/281560/net/dev_mcast&path=//proc/281560/net HTTP/2.0" 200 2589 "-" "Mozilla/5.0 AppleWebKit/537.36 (KHTML, like Gecko; compatible; GPTBot/1.3; +https://openai.com/gptbot)"
74.7.227.185 - - [30/Dec/2025:03:40:05 +0300] "GET /?fileloc=//proc/2175/net/fib_triestat&path=//proc/2175/net HTTP/2.0" 200 2791 "-" "Mozilla/5.0 AppleWebKit/537.36 (KHTML, like Gecko; compatible; GPTBot/1.3; +https://openai.com/gptbot)"
74.7.227.185 - - [30/Dec/2025:03:40:06 +0300] "GET /?fileloc=//proc/1423/net/fib_triestat&path=//proc/1423/net HTTP/2.0" 200 2791 "-" "Mozilla/5.0 AppleWebKit/537.36 (KHTML, like Gecko; compatible; GPTBot/1.3; +https://openai.com/gptbot)"
74.7.227.185 - - [30/Dec/2025:03:40:06 +0300] "GET /?fileloc=//proc/2697/net/fib_triestat&path=//proc/2697/net HTTP/2.0" 200 2790 "-" "Mozilla/5.0 AppleWebKit/537.36 (KHTML, like Gecko; compatible; GPTBot/1.3; +https://openai.com/gptbot)"
74.7.227.185 - - [30/Dec/2025:03:40:07 +0300] "GET /?fileloc=//proc/3553/net/dev_mcast&path=//proc/3553/net HTTP/2.0" 200 2588 "-" "Mozilla/5.0 AppleWebKit/537.36 (KHTML, like Gecko; compatible; GPTBot/1.3; +https://openai.com/gptbot)"
74.7.227.185 - - [30/Dec/2025:03:40:07 +0300] "GET /?fileloc=//proc/2175/net/if_inet6&path=//proc/2175/net HTTP/2.0" 200 2596 "-" "Mozilla/5.0 AppleWebKit/537.36 (KHTML, like Gecko; compatible; GPTBot/1.3; +https://openai.com/gptbot)"
74.7.227.185 - - [30/Dec/2025:03:40:08 +0300] "GET /?fileloc=//proc/1423/net/if_inet6&path=//proc/1423/net HTTP/2.0" 200 2595 "-" "Mozilla/5.0 AppleWebKit/537.36 (KHTML, like Gecko; compatible; GPTBot/1.3; +https://openai.com/gptbot)"
74.7.227.185 - - [30/Dec/2025:03:40:08 +0300] "GET /?fileloc=//proc/2044/net/ip_tables_names&path=//proc/2044/net HTTP/2.0" 200 2551 "-" "Mozilla/5.0 AppleWebKit/537.36 (KHTML, like Gecko; compatible; GPTBot/1.3; +https://openai.com/gptbot)"
74.7.227.185 - - [30/Dec/2025:03:40:09 +0300] "GET /?fileloc=//proc/1424/net/ip_tables_names&path=//proc/1424/net HTTP/2.0" 200 2552 "-" "Mozilla/5.0 AppleWebKit/537.36 (KHTML, like Gecko; compatible; GPTBot/1.3; +https://openai.com/gptbot)"
141.94.101.142 - - [30/Dec/2025:03:40:09 +0300] "GET /robots.txt HTTP/1.1" 200 79147 "-" "Mozilla/5.0 (compatible; MJ12bot/v1.4.8; http://mj12bot.com/)"
74.7.227.185 - - [30/Dec/2025:03:40:09 +0300] "GET /?fileloc=//proc/633/net/mcfilter6&path=//proc/633/net HTTP/2.0" 200 2589 "-" "Mozilla/5.0 AppleWebKit/537.36 (KHTML, like Gecko; compatible; GPTBot/1.3; +https://openai.com/gptbot)"
74.7.227.185 - - [30/Dec/2025:03:40:10 +0300] "GET /?fileloc=//proc/3553/net/if_inet6&path=//proc/3553/net HTTP/2.0" 200 2595 "-" "Mozilla/5.0 AppleWebKit/537.36 (KHTML, like Gecko; compatible; GPTBot/1.3; +https://openai.com/gptbot)"
74.7.227.185 - - [30/Dec/2025:03:40:10 +0300] "GET /?fileloc=//proc/2044/net/ip_tables_matches&path=//proc/2044/net HTTP/2.0" 200 2553 "-" "Mozilla/5.0 AppleWebKit/537.36 (KHTML, like Gecko; compatible; GPTBot/1.3; +https://openai.com/gptbot)"
141.94.101.142 - - [30/Dec/2025:03:40:11 +0300] "GET /articles/?fileloc=/var/www/levasheva.ru/public/apple-touch-icon-144x144.png&path=/var/www/levasheva.ru/public HTTP/1.1" 200 2588 "-" "Mozilla/5.0 (compatible; MJ12bot/v1.4.8; http://mj12bot.com/)"
74.7.227.185 - - [30/Dec/2025:03:40:11 +0300] "GET /?fileloc=//proc/2044/net/ip_tables_targets&path=//proc/2044/net HTTP/2.0" 200 2551 "-" "Mozilla/5.0 AppleWebKit/537.36 (KHTML, like Gecko; compatible; GPTBot/1.3; +https://openai.com/gptbot)"
74.7.227.185 - - [30/Dec/2025:03:40:12 +0300] "GET /?fileloc=//proc/1424/net/ip_tables_targets&path=//proc/1424/net HTTP/2.0" 200 2551 "-" "Mozilla/5.0 AppleWebKit/537.36 (KHTML, like Gecko; compatible; GPTBot/1.3; +https://openai.com/gptbot)"
74.7.227.185 - - [30/Dec/2025:03:40:12 +0300] "GET /?fileloc=//proc/1424/net/ip_tables_matches&path=//proc/1424/net HTTP/2.0" 200 2553 "-" "Mozilla/5.0 AppleWebKit/537.36 (KHTML, like Gecko; compatible; GPTBot/1.3; +https://openai.com/gptbot)"
74.7.227.185 - - [30/Dec/2025:03:40:13 +0300] "GET /?fileloc=//proc/2697/net/connector&path=//proc/2697/net HTTP/2.0" 200 2568 "-" "Mozilla/5.0 AppleWebKit/537.36 (KHTML, like Gecko; compatible; GPTBot/1.3; +https://openai.com/gptbot)"
74.7.227.185 - - [30/Dec/2025:03:40:13 +0300] "GET /?fileloc=//proc/2697/net/ip_tables_targets&path=//proc/2697/net HTTP/2.0" 200 2551 "-" "Mozilla/5.0 AppleWebKit/537.36 (KHTML, like Gecko; compatible; GPTBot/1.3; +https://openai.com/gptbot)"
74.7.227.185 - - [30/Dec/2025:03:40:14 +0300] "GET /?fileloc=//proc/2175/net/ip_tables_targets&path=//proc/2175/net HTTP/2.0" 200 2551 "-" "Mozilla/5.0 AppleWebKit/537.36 (KHTML, like Gecko; compatible; GPTBot/1.3; +https://openai.com/gptbot)"
74.7.227.185 - - [30/Dec/2025:03:40:14 +0300] "GET /?fileloc=//proc/1423/net/ip_tables_targets&path=//proc/1423/net HTTP/2.0" 200 2551 "-" "Mozilla/5.0 AppleWebKit/537.36 (KHTML, like Gecko; compatible; GPTBot/1.3; +https://openai.com/gptbot)"
74.7.227.185 - - [30/Dec/2025:03:40:15 +0300] "GET /?fileloc=//proc/1424/net/if_inet6&path=//proc/1424/net HTTP/2.0" 200 2595 "-" "Mozilla/5.0 AppleWebKit/537.36 (KHTML, like Gecko; compatible; GPTBot/1.3; +https://openai.com/gptbot)"
74.7.227.185 - - [30/Dec/2025:03:40:15 +0300] "GET /?fileloc=//proc/2697/net/if_inet6&path=//proc/2697/net HTTP/2.0" 200 2596 "-" "Mozilla/5.0 AppleWebKit/537.36 (KHTML, like Gecko; compatible; GPTBot/1.3; +https://openai.com/gptbot)"
74.7.227.185 - - [30/Dec/2025:03:40:16 +0300] "GET /?fileloc=//proc/2044/net/if_inet6&path=//proc/2044/net HTTP/2.0" 200 2595 "-" "Mozilla/5.0 AppleWebKit/537.36 (KHTML, like Gecko; compatible; GPTBot/1.3; +https://openai.com/gptbot)"
74.7.227.185 - - [30/Dec/2025:03:40:16 +0300] "GET /?fileloc=//proc/3553/net/xfrm_stat&path=//proc/3553/net HTTP/2.0" 200 2738 "-" "Mozilla/5.0 AppleWebKit/537.36 (KHTML, like Gecko; compatible; GPTBot/1.3; +https://openai.com/gptbot)"
74.7.227.185 - - [30/Dec/2025:03:40:17 +0300] "GET /?fileloc=//proc/633/net/protocols&path=//proc/633/net HTTP/2.0" 200 2938 "-" "Mozilla/5.0 AppleWebKit/537.36 (KHTML, like Gecko; compatible; GPTBot/1.3; +https://openai.com/gptbot)"
74.7.227.185 - - [30/Dec/2025:03:40:17 +0300] "GET /?fileloc=//proc/2175/net/protocols&path=//proc/2175/net HTTP/2.0" 200 2938 "-" "Mozilla/5.0 AppleWebKit/537.36 (KHTML, like Gecko; compatible; GPTBot/1.3; +https://openai.com/gptbot)"
74.7.227.185 - - [30/Dec/2025:03:40:18 +0300] "GET /?fileloc=//proc/2697/net/protocols&path=//proc/2697/net HTTP/2.0" 200 2938 "-" "Mozilla/5.0 AppleWebKit/537.36 (KHTML, like Gecko; compatible; GPTBot/1.3; +https://openai.com/gptbot)"
74.7.227.185 - - [30/Dec/2025:03:40:18 +0300] "GET /?fileloc=//proc/2697/net/softnet_stat&path=//proc/2697/net HTTP/2.0" 200 2572 "-" "Mozilla/5.0 AppleWebKit/537.36 (KHTML, like Gecko; compatible; GPTBot/1.3; +https://openai.com/gptbot)"
74.7.227.185 - - [30/Dec/2025:03:40:19 +0300] "GET /?fileloc=//proc/1424/net/fib_triestat&path=//proc/1424/net HTTP/2.0" 200 2792 "-" "Mozilla/5.0 AppleWebKit/537.36 (KHTML, like Gecko; compatible; GPTBot/1.3; +https://openai.com/gptbot)"
74.7.227.185 - - [30/Dec/2025:03:40:20 +0300] "GET /?fileloc=//proc/2175/net/softnet_stat&path=//proc/2175/net HTTP/2.0" 200 2572 "-" "Mozilla/5.0 AppleWebKit/537.36 (KHTML, like Gecko; compatible; GPTBot/1.3; +https://openai.com/gptbot)"
74.7.227.185 - - [30/Dec/2025:03:40:20 +0300] "GET /?fileloc=//proc/2044/net/fib_triestat&path=//proc/2044/net HTTP/2.0" 200 2791 "-" "Mozilla/5.0 AppleWebKit/537.36 (KHTML, like Gecko; compatible; GPTBot/1.3; +https://openai.com/gptbot)"
74.7.227.185 - - [30/Dec/2025:03:40:21 +0300] "GET /?fileloc=//proc/1423/net/softnet_stat&path=//proc/1423/net HTTP/2.0" 200 2572 "-" "Mozilla/5.0 AppleWebKit/537.36 (KHTML, like Gecko; compatible; GPTBot/1.3; +https://openai.com/gptbot)"
74.7.227.185 - - [30/Dec/2025:03:40:21 +0300] "GET /?fileloc=//proc/633/net/connector&path=//proc/633/net HTTP/2.0" 200 2567 "-" "Mozilla/5.0 AppleWebKit/537.36 (KHTML, like Gecko; compatible; GPTBot/1.3; +https://openai.com/gptbot)"
74.7.227.185 - - [30/Dec/2025:03:40:22 +0300] "GET /?fileloc=//proc/1423/net/rt6_stats&path=//proc/1423/net HTTP/2.0" 200 2565 "-" "Mozilla/5.0 AppleWebKit/537.36 (KHTML, like Gecko; compatible; GPTBot/1.3; +https://openai.com/gptbot)"
74.7.227.185 - - [30/Dec/2025:03:40:22 +0300] "GET /?fileloc=//proc/1424/net/stat/arp_cache&path=//proc/1424/net/stat HTTP/2.0" 200 2708 "-" "Mozilla/5.0 AppleWebKit/537.36 (KHTML, like Gecko; compatible; GPTBot/1.3; +https://openai.com/gptbot)"
74.7.227.185 - - [30/Dec/2025:03:40:23 +0300] "GET /?fileloc=//proc/3553/net/ip_tables_names&path=//proc/3553/net HTTP/2.0" 200 2552 "-" "Mozilla/5.0 AppleWebKit/537.36 (KHTML, like Gecko; compatible; GPTBot/1.3; +https://openai.com/gptbot)"
74.7.227.185 - - [30/Dec/2025:03:40:23 +0300] "GET /?fileloc=//proc/3553/net/softnet_stat&path=//proc/3553/net HTTP/2.0" 200 2572 "-" "Mozilla/5.0 AppleWebKit/537.36 (KHTML, like Gecko; compatible; GPTBot/1.3; +https://openai.com/gptbot)"
74.7.227.185 - - [30/Dec/2025:03:40:24 +0300] "GET /?fileloc=//proc/2044/net/softnet_stat&path=//proc/2044/net HTTP/2.0" 200 2572 "-" "Mozilla/5.0 AppleWebKit/537.36 (KHTML, like Gecko; compatible; GPTBot/1.3; +https://openai.com/gptbot)"
74.7.227.185 - - [30/Dec/2025:03:40:24 +0300] "GET /?fileloc=//proc/3553/net/fib_triestat&path=//proc/3553/net HTTP/2.0" 200 2791 "-" "Mozilla/5.0 AppleWebKit/537.36 (KHTML, like Gecko; compatible; GPTBot/1.3; +https://openai.com/gptbot)"
74.7.227.185 - - [30/Dec/2025:03:40:25 +0300] "GET /?fileloc=//proc/1424/net/softnet_stat&path=//proc/1424/net HTTP/2.0" 200 2571 "-" "Mozilla/5.0 AppleWebKit/537.36 (KHTML, like Gecko; compatible; GPTBot/1.3; +https://openai.com/gptbot)"
74.7.227.185 - - [30/Dec/2025:03:40:25 +0300] "GET /?fileloc=//proc/3553/net/ip_tables_targets&path=//proc/3553/net HTTP/2.0" 200 2551 "-" "Mozilla/5.0 AppleWebKit/537.36 (KHTML, like Gecko; compatible; GPTBot/1.3; +https://openai.com/gptbot)"
74.7.227.185 - - [30/Dec/2025:03:40:26 +0300] "GET /?fileloc=//proc/3553/net/ip_tables_matches&path=//proc/3553/net HTTP/2.0" 200 2553 "-" "Mozilla/5.0 AppleWebKit/537.36 (KHTML, like Gecko; compatible; GPTBot/1.3; +https://openai.com/gptbot)"
74.7.227.185 - - [30/Dec/2025:03:40:26 +0300] "GET /?fileloc=//proc/2697/net/ip_mr_cache&path=//proc/2697/net HTTP/2.0" 200 2589 "-" "Mozilla/5.0 AppleWebKit/537.36 (KHTML, like Gecko; compatible; GPTBot/1.3; +https://openai.com/gptbot)"
74.7.227.185 - - [30/Dec/2025:03:40:27 +0300] "GET /?fileloc=//proc/2175/net/ipv6_route&path=//proc/2175/net HTTP/2.0" 200 2667 "-" "Mozilla/5.0 AppleWebKit/537.36 (KHTML, like Gecko; compatible; GPTBot/1.3; +https://openai.com/gptbot)"
74.7.227.185 - - [30/Dec/2025:03:40:27 +0300] "GET /?fileloc=//proc/1423/net/ipv6_route&path=//proc/1423/net HTTP/2.0" 200 2666 "-" "Mozilla/5.0 AppleWebKit/537.36 (KHTML, like Gecko; compatible; GPTBot/1.3; +https://openai.com/gptbot)"
74.7.227.185 - - [30/Dec/2025:03:40:28 +0300] "GET /?fileloc=//proc/2697/net/ip6_mr_vif&path=//proc/2697/net HTTP/2.0" 200 2585 "-" "Mozilla/5.0 AppleWebKit/537.36 (KHTML, like Gecko; compatible; GPTBot/1.3; +https://openai.com/gptbot)"
74.7.227.185 - - [30/Dec/2025:03:40:28 +0300] "GET /?fileloc=//proc/1423/net/sockstat6&path=//proc/1423/net HTTP/2.0" 200 2597 "-" "Mozilla/5.0 AppleWebKit/537.36 (KHTML, like Gecko; compatible; GPTBot/1.3; +https://openai.com/gptbot)"
74.7.227.185 - - [30/Dec/2025:03:40:29 +0300] "GET /?fileloc=//proc/633/net/ip_tables_targets&path=//proc/633/net HTTP/2.0" 200 2551 "-" "Mozilla/5.0 AppleWebKit/537.36 (KHTML, like Gecko; compatible; GPTBot/1.3; +https://openai.com/gptbot)"
74.7.227.185 - - [30/Dec/2025:03:40:29 +0300] "GET /?fileloc=//proc/633/net/ip_tables_matches&path=//proc/633/net HTTP/2.0" 200 2553 "-" "Mozilla/5.0 AppleWebKit/537.36 (KHTML, like Gecko; compatible; GPTBot/1.3; +https://openai.com/gptbot)"
74.7.227.185 - - [30/Dec/2025:03:40:30 +0300] "GET /?fileloc=//proc/1423/net/ip_mr_vif&path=//proc/1423/net HTTP/2.0" 200 2595 "-" "Mozilla/5.0 AppleWebKit/537.36 (KHTML, like Gecko; compatible; GPTBot/1.3; +https://openai.com/gptbot)"
74.7.227.185 - - [30/Dec/2025:03:40:31 +0300] "GET /?fileloc=//proc/2697/net/ip_mr_vif&path=//proc/2697/net HTTP/2.0" 200 2594 "-" "Mozilla/5.0 AppleWebKit/537.36 (KHTML, like Gecko; compatible; GPTBot/1.3; +https://openai.com/gptbot)"
74.7.227.185 - - [30/Dec/2025:03:40:31 +0300] "GET /?fileloc=//proc/2175/net/ip_mr_vif&path=//proc/2175/net HTTP/2.0" 200 2594 "-" "Mozilla/5.0 AppleWebKit/537.36 (KHTML, like Gecko; compatible; GPTBot/1.3; +https://openai.com/gptbot)"
74.7.227.185 - - [30/Dec/2025:03:40:32 +0300] "GET /?fileloc=//proc/1424/net/stat/ndisc_cache&path=//proc/1424/net/stat HTTP/2.0" 200 2686 "-" "Mozilla/5.0 AppleWebKit/537.36 (KHTML, like Gecko; compatible; GPTBot/1.3; +https://openai.com/gptbot)"
74.7.227.185 - - [30/Dec/2025:03:40:32 +0300] "GET /?fileloc=//proc/2697/net/psched&path=//proc/2697/net HTTP/2.0" 200 2571 "-" "Mozilla/5.0 AppleWebKit/537.36 (KHTML, like Gecko; compatible; GPTBot/1.3; +https://openai.com/gptbot)"
74.7.227.185 - - [30/Dec/2025:03:40:33 +0300] "GET /?fileloc=//proc/1423/net/psched&path=//proc/1423/net HTTP/2.0" 200 2571 "-" "Mozilla/5.0 AppleWebKit/537.36 (KHTML, like Gecko; compatible; GPTBot/1.3; +https://openai.com/gptbot)"
74.7.227.185 - - [30/Dec/2025:03:40:33 +0300] "GET /?fileloc=//proc/2175/net/psched&path=//proc/2175/net HTTP/2.0" 200 2571 "-" "Mozilla/5.0 AppleWebKit/537.36 (KHTML, like Gecko; compatible; GPTBot/1.3; +https://openai.com/gptbot)"
74.7.227.185 - - [30/Dec/2025:03:40:34 +0300] "GET /?fileloc=//proc/2697/net/rt6_stats&path=//proc/2697/net HTTP/2.0" 200 2565 "-" "Mozilla/5.0 AppleWebKit/537.36 (KHTML, like Gecko; compatible; GPTBot/1.3; +https://openai.com/gptbot)"
74.7.227.185 - - [30/Dec/2025:03:40:34 +0300] "GET /?fileloc=//proc/2044/net/ptype&path=//proc/2044/net HTTP/2.0" 200 2588 "-" "Mozilla/5.0 AppleWebKit/537.36 (KHTML, like Gecko; compatible; GPTBot/1.3; +https://openai.com/gptbot)"
74.7.227.185 - - [30/Dec/2025:03:40:35 +0300] "GET /?fileloc=//proc/1424/net/ptype&path=//proc/1424/net HTTP/2.0" 200 2588 "-" "Mozilla/5.0 AppleWebKit/537.36 (KHTML, like Gecko; compatible; GPTBot/1.3; +https://openai.com/gptbot)"
74.7.227.185 - - [30/Dec/2025:03:40:35 +0300] "GET /?fileloc=//proc/3553/net/ptype&path=//proc/3553/net HTTP/2.0" 200 2588 "-" "Mozilla/5.0 AppleWebKit/537.36 (KHTML, like Gecko; compatible; GPTBot/1.3; +https://openai.com/gptbot)"
74.7.227.185 - - [30/Dec/2025:03:40:36 +0300] "GET /?fileloc=//proc/2044/net/route&path=//proc/2044/net HTTP/2.0" 200 2657 "-" "Mozilla/5.0 AppleWebKit/537.36 (KHTML, like Gecko; compatible; GPTBot/1.3; +https://openai.com/gptbot)"
74.225.247.240 - - [30/Dec/2025:03:40:36 +0300] "GET /about.php HTTP/1.1" 301 162 "https://duckduckgo.com/" "Mozilla/5.0 (Linux; Android 10; K) AppleWebKit/537.36 (KHTML, like Gecko) Chrome/117.0.0.0 Mobile Safari/537.36"
74.7.227.185 - - [30/Dec/2025:03:40:36 +0300] "GET /?fileloc=//proc/1424/net/route&path=//proc/1424/net HTTP/2.0" 200 2657 "-" "Mozilla/5.0 AppleWebKit/537.36 (KHTML, like Gecko; compatible; GPTBot/1.3; +https://openai.com/gptbot)"
74.225.247.240 - - [30/Dec/2025:03:40:37 +0300] "GET /about.php HTTP/1.1" 200 79147 "https://duckduckgo.com/" "Mozilla/5.0 (Linux; Android 10; K) AppleWebKit/537.36 (KHTML, like Gecko) Chrome/117.0.0.0 Mobile Safari/537.36"
74.7.227.185 - - [30/Dec/2025:03:40:37 +0300] "GET /?fileloc=//proc/3553/net/route&path=//proc/3553/net HTTP/2.0" 200 2658 "-" "Mozilla/5.0 AppleWebKit/537.36 (KHTML, like Gecko; compatible; GPTBot/1.3; +https://openai.com/gptbot)"
74.225.247.240 - - [30/Dec/2025:03:40:37 +0300] "GET /admin.php HTTP/1.1" 301 162 "https://www.bing.com/" "Mozilla/5.0 (Linux; Android 10; LM-Q720) AppleWebKit/537.36 (KHTML, like Gecko) Chrome/116.0.0.0 Mobile Safari/537.36"
74.7.227.185 - - [30/Dec/2025:03:40:37 +0300] "GET /?fileloc=//proc/1423/net/route&path=//proc/1423/net HTTP/2.0" 200 2657 "-" "Mozilla/5.0 AppleWebKit/537.36 (KHTML, like Gecko; compatible; GPTBot/1.3; +https://openai.com/gptbot)"
74.225.247.240 - - [30/Dec/2025:03:40:38 +0300] "GET /admin.php HTTP/1.1" 200 79147 "https://www.bing.com/" "Mozilla/5.0 (Linux; Android 10; LM-Q720) AppleWebKit/537.36 (KHTML, like Gecko) Chrome/116.0.0.0 Mobile Safari/537.36"
74.225.247.240 - - [30/Dec/2025:03:40:38 +0300] "GET /wp-conflg/function.php HTTP/1.1" 301 162 "https://www.bing.com/" "Mozilla/5.0 (iPhone; CPU iPhone OS 17_1_1 like Mac OS X) AppleWebKit/605.1.15 (KHTML, like Gecko) Version/17.1 Mobile/15E148 Safari/604.1"
74.7.227.185 - - [30/Dec/2025:03:40:38 +0300] "GET /?fileloc=//proc/1423/net/ptype&path=//proc/1423/net HTTP/2.0" 200 2588 "-" "Mozilla/5.0 AppleWebKit/537.36 (KHTML, like Gecko; compatible; GPTBot/1.3; +https://openai.com/gptbot)"
74.225.247.240 - - [30/Dec/2025:03:40:38 +0300] "GET /wp-conflg/function.php HTTP/1.1" 200 79147 "https://www.bing.com/" "Mozilla/5.0 (iPhone; CPU iPhone OS 17_1_1 like Mac OS X) AppleWebKit/605.1.15 (KHTML, like Gecko) Version/17.1 Mobile/15E148 Safari/604.1"
74.225.247.240 - - [30/Dec/2025:03:40:38 +0300] "GET /wp-content/403.php HTTP/1.1" 301 162 "https://www.google.co.uk/" "Mozilla/5.0 (Linux; Android 12; SM-A525F) AppleWebKit/537.36 (KHTML, like Gecko) Chrome/117.0.0.0 Mobile Safari/537.36"
74.225.247.240 - - [30/Dec/2025:03:40:38 +0300] "GET /wp-content/403.php HTTP/1.1" 200 79147 "https://www.google.co.uk/" "Mozilla/5.0 (Linux; Android 12; SM-A525F) AppleWebKit/537.36 (KHTML, like Gecko) Chrome/117.0.0.0 Mobile Safari/537.36"
74.7.227.185 - - [30/Dec/2025:03:40:38 +0300] "GET /?fileloc=//proc/2697/net/route&path=//proc/2697/net HTTP/2.0" 200 2658 "-" "Mozilla/5.0 AppleWebKit/537.36 (KHTML, like Gecko; compatible; GPTBot/1.3; +https://openai.com/gptbot)"
74.225.247.240 - - [30/Dec/2025:03:40:39 +0300] "GET /wp-content/a.php HTTP/1.1" 301 162 "https://www.yahoo.com/" "Mozilla/5.0 (Linux; Android 12; V2134) AppleWebKit/537.36 (KHTML, like Gecko) Chrome/116.0.0.0 Mobile Safari/537.36"
74.225.247.240 - - [30/Dec/2025:03:40:39 +0300] "GET /wp-content/a.php HTTP/1.1" 200 79147 "https://www.yahoo.com/" "Mozilla/5.0 (Linux; Android 12; V2134) AppleWebKit/537.36 (KHTML, like Gecko) Chrome/116.0.0.0 Mobile Safari/537.36"
74.7.227.185 - - [30/Dec/2025:03:40:39 +0300] "GET /?fileloc=//proc/2175/net/route&path=//proc/2175/net HTTP/2.0" 200 2658 "-" "Mozilla/5.0 AppleWebKit/537.36 (KHTML, like Gecko; compatible; GPTBot/1.3; +https://openai.com/gptbot)"
74.225.247.240 - - [30/Dec/2025:03:40:39 +0300] "GET /wp-content/admin-header.php HTTP/1.1" 301 162 "https://www.yahoo.com/" "Mozilla/5.0 (Linux; Android 13; SM-S908E) AppleWebKit/537.36 (KHTML, like Gecko) Chrome/116.0.0.0 Mobile Safari/537.36"
74.225.247.240 - - [30/Dec/2025:03:40:39 +0300] "GET /wp-content/admin-header.php HTTP/1.1" 200 79147 "https://www.yahoo.com/" "Mozilla/5.0 (Linux; Android 13; SM-S908E) AppleWebKit/537.36 (KHTML, like Gecko) Chrome/116.0.0.0 Mobile Safari/537.36"
74.225.247.240 - - [30/Dec/2025:03:40:39 +0300] "GET /wp-content/bypass.php HTTP/1.1" 301 162 "https://www.google.co.uk/" "Mozilla/5.0 (Linux; Android 13; SM-S908E) AppleWebKit/537.36 (KHTML, like Gecko) Chrome/116.0.0.0 Mobile Safari/537.36"
74.7.227.185 - - [30/Dec/2025:03:40:39 +0300] "GET /?fileloc=//proc/2175/net/ptype&path=//proc/2175/net HTTP/2.0" 200 2588 "-" "Mozilla/5.0 AppleWebKit/537.36 (KHTML, like Gecko; compatible; GPTBot/1.3; +https://openai.com/gptbot)"
74.225.247.240 - - [30/Dec/2025:03:40:40 +0300] "GET /wp-content/bypass.php HTTP/1.1" 200 79147 "https://www.google.co.uk/" "Mozilla/5.0 (Linux; Android 13; SM-S908E) AppleWebKit/537.36 (KHTML, like Gecko) Chrome/116.0.0.0 Mobile Safari/537.36"
74.225.247.240 - - [30/Dec/2025:03:40:40 +0300] "GET /wp-content/classwithtostring.php HTTP/1.1" 301 162 "https://www.google.com/" "Mozilla/5.0 (Linux; Android 11; CPH2251) AppleWebKit/537.36 (KHTML, like Gecko) Chrome/116.0.0.0 Mobile Safari/537.36"
74.225.247.240 - - [30/Dec/2025:03:40:40 +0300] "GET /wp-content/classwithtostring.php HTTP/1.1" 200 79147 "https://www.google.com/" "Mozilla/5.0 (Linux; Android 11; CPH2251) AppleWebKit/537.36 (KHTML, like Gecko) Chrome/116.0.0.0 Mobile Safari/537.36"
74.7.227.185 - - [30/Dec/2025:03:40:40 +0300] "GET /?fileloc=//proc/1424/net/dev_mcast&path=//proc/1424/net HTTP/2.0" 200 2587 "-" "Mozilla/5.0 AppleWebKit/537.36 (KHTML, like Gecko; compatible; GPTBot/1.3; +https://openai.com/gptbot)"
74.225.247.240 - - [30/Dec/2025:03:40:40 +0300] "GET /wp-content/et-cache/ HTTP/1.1" 301 162 "https://www.bing.com/" "Mozilla/5.g (Linux; Android 13; Pixel 7) AppleWebKit/537.36 (KHTML, like Gecko) Chrome/116.0.0.0 Mobile Safari/537.36"
74.225.247.240 - - [30/Dec/2025:03:40:40 +0300] "GET /wp-content/et-cache/ HTTP/1.1" 200 79147 "https://www.bing.com/" "Mozilla/5.g (Linux; Android 13; Pixel 7) AppleWebKit/537.36 (KHTML, like Gecko) Chrome/116.0.0.0 Mobile Safari/537.36"
74.225.247.240 - - [30/Dec/2025:03:40:40 +0300] "GET /wp-content/inputs.php HTTP/1.1" 301 162 "https://www.bing.com/" "Mozilla/5.0 (Linux; Android 14; Pixel 8 Pro) AppleWebKit/537.36 (KHTML, like Gecko) Chrome/119.0.0.0 Mobile Safari/537.36"
