74.7.227.185 - - [30/Dec/2025:03:56:40 +0300] "GET /?fileloc=//proc/2044/sched&path=//proc/2044 HTTP/2.0" 200 2980 "-" "Mozilla/5.0 AppleWebKit/537.36 (KHTML, like Gecko; compatible; GPTBot/1.3; +https://openai.com/gptbot)"
216.73.216.89 - - [30/Dec/2025:03:56:40 +0300] "GET /?fileloc=%2F%2Fsbin%2Ffstab-decode&path=%2F%2Fsbin HTTP/2.0" 200 2533 "-" "Mozilla/5.0 AppleWebKit/537.36 (KHTML, like Gecko; compatible; ClaudeBot/1.0; +claudebot@anthropic.com)"
216.73.216.89 - - [30/Dec/2025:03:56:40 +0300] "GET /?fileloc=%2F%2Fbin%2Fbunzip2&path=%2F%2Fbin HTTP/2.0" 200 2531 "-" "Mozilla/5.0 AppleWebKit/537.36 (KHTML, like Gecko; compatible; ClaudeBot/1.0; +claudebot@anthropic.com)"
216.73.216.89 - - [30/Dec/2025:03:56:40 +0300] "GET /?fileloc=%2F%2Fbin%2Fenvsubst&path=%2F%2Fbin HTTP/2.0" 200 2528 "-" "Mozilla/5.0 AppleWebKit/537.36 (KHTML, like Gecko; compatible; ClaudeBot/1.0; +claudebot@anthropic.com)"
216.73.216.89 - - [30/Dec/2025:03:56:40 +0300] "GET /?fileloc=%2F%2Fbin%2Ffallocate&path=%2F%2Fbin HTTP/2.0" 200 2532 "-" "Mozilla/5.0 AppleWebKit/537.36 (KHTML, like Gecko; compatible; ClaudeBot/1.0; +claudebot@anthropic.com)"
216.73.216.89 - - [30/Dec/2025:03:56:40 +0300] "GET /?fileloc=%2F%2Fbin%2Fpslog&path=%2F%2Fbin HTTP/2.0" 200 2528 "-" "Mozilla/5.0 AppleWebKit/537.36 (KHTML, like Gecko; compatible; ClaudeBot/1.0; +claudebot@anthropic.com)"
216.73.216.89 - - [30/Dec/2025:03:56:40 +0300] "GET /?fileloc=%2F%2Fbin%2Fperror&path=%2F%2Fbin HTTP/2.0" 200 2529 "-" "Mozilla/5.0 AppleWebKit/537.36 (KHTML, like Gecko; compatible; ClaudeBot/1.0; +claudebot@anthropic.com)"
216.73.216.89 - - [30/Dec/2025:03:56:40 +0300] "GET /?fileloc=%2F%2Fbin%2Fec2metadata&path=%2F%2Fbin HTTP/2.0" 200 5434 "-" "Mozilla/5.0 AppleWebKit/537.36 (KHTML, like Gecko; compatible; ClaudeBot/1.0; +claudebot@anthropic.com)"
216.73.216.89 - - [30/Dec/2025:03:56:41 +0300] "GET /?fileloc=%2F%2Fbin%2Fnstat&path=%2F%2Fbin HTTP/2.0" 200 2528 "-" "Mozilla/5.0 AppleWebKit/537.36 (KHTML, like Gecko; compatible; ClaudeBot/1.0; +claudebot@anthropic.com)"
216.73.216.89 - - [30/Dec/2025:03:56:41 +0300] "GET /?fileloc=%2F%2Fbin%2Fclusterdb&path=%2F%2Fbin HTTP/2.0" 200 6533 "-" "Mozilla/5.0 AppleWebKit/537.36 (KHTML, like Gecko; compatible; ClaudeBot/1.0; +claudebot@anthropic.com)"
74.7.227.185 - - [30/Dec/2025:03:56:41 +0300] "GET /?fileloc=//proc/1419/statm&path=//proc/1419 HTTP/2.0" 200 2561 "-" "Mozilla/5.0 AppleWebKit/537.36 (KHTML, like Gecko; compatible; GPTBot/1.3; +https://openai.com/gptbot)"
216.73.216.89 - - [30/Dec/2025:03:56:41 +0300] "GET /?fileloc=%2F%2Fbin%2Fzipgrep&path=%2F%2Fbin HTTP/2.0" 200 3771 "-" "Mozilla/5.0 AppleWebKit/537.36 (KHTML, like Gecko; compatible; ClaudeBot/1.0; +claudebot@anthropic.com)"
216.73.216.89 - - [30/Dec/2025:03:56:41 +0300] "GET /?fileloc=%2F%2Fbin%2Fpg_dropcluster&path=%2F%2Fbin HTTP/2.0" 200 5616 "-" "Mozilla/5.0 AppleWebKit/537.36 (KHTML, like Gecko; compatible; ClaudeBot/1.0; +claudebot@anthropic.com)"
216.73.216.89 - - [30/Dec/2025:03:56:41 +0300] "GET /?fileloc=%2F%2Fsbin%2Fsendmail&path=%2F%2Fsbin HTTP/2.0" 200 2531 "-" "Mozilla/5.0 AppleWebKit/537.36 (KHTML, like Gecko; compatible; ClaudeBot/1.0; +claudebot@anthropic.com)"
216.73.216.89 - - [30/Dec/2025:03:56:41 +0300] "GET /?fileloc=%2F%2Fbin%2Fruncon&path=%2F%2Fbin HTTP/2.0" 200 2529 "-" "Mozilla/5.0 AppleWebKit/537.36 (KHTML, like Gecko; compatible; ClaudeBot/1.0; +claudebot@anthropic.com)"
216.73.216.89 - - [30/Dec/2025:03:56:41 +0300] "GET /?fileloc=%2F%2Fbin%2Fmysql_waitpid&path=%2F%2Fbin HTTP/2.0" 200 2535 "-" "Mozilla/5.0 AppleWebKit/537.36 (KHTML, like Gecko; compatible; ClaudeBot/1.0; +claudebot@anthropic.com)"
74.7.227.185 - - [30/Dec/2025:03:56:41 +0300] "GET /?fileloc=//proc/1424/statm&path=//proc/1424 HTTP/2.0" 200 2560 "-" "Mozilla/5.0 AppleWebKit/537.36 (KHTML, like Gecko; compatible; GPTBot/1.3; +https://openai.com/gptbot)"
216.73.216.89 - - [30/Dec/2025:03:56:41 +0300] "GET /?fileloc=%2F%2Fbin%2Fx86_64-linux-gnu-readelf&path=%2F%2Fbin HTTP/2.0" 200 2541 "-" "Mozilla/5.0 AppleWebKit/537.36 (KHTML, like Gecko; compatible; ClaudeBot/1.0; +claudebot@anthropic.com)"
216.73.216.89 - - [30/Dec/2025:03:56:41 +0300] "GET /?fileloc=%2F%2Fbin%2Faria_ftdump&path=%2F%2Fbin HTTP/2.0" 200 2533 "-" "Mozilla/5.0 AppleWebKit/537.36 (KHTML, like Gecko; compatible; ClaudeBot/1.0; +claudebot@anthropic.com)"
216.73.216.89 - - [30/Dec/2025:03:56:41 +0300] "GET /?fileloc=%2F%2Fbin%2Fdirname&path=%2F%2Fbin HTTP/2.0" 200 2530 "-" "Mozilla/5.0 AppleWebKit/537.36 (KHTML, like Gecko; compatible; ClaudeBot/1.0; +claudebot@anthropic.com)"
216.73.216.89 - - [30/Dec/2025:03:56:41 +0300] "GET /?fileloc=%2F%2Fbin%2Fgio&path=%2F%2Fbin HTTP/2.0" 200 2528 "-" "Mozilla/5.0 AppleWebKit/537.36 (KHTML, like Gecko; compatible; ClaudeBot/1.0; +claudebot@anthropic.com)"
216.73.216.89 - - [30/Dec/2025:03:56:42 +0300] "GET /?fileloc=%2F%2Fbin%2Fsetarch&path=%2F%2Fbin HTTP/2.0" 200 2530 "-" "Mozilla/5.0 AppleWebKit/537.36 (KHTML, like Gecko; compatible; ClaudeBot/1.0; +claudebot@anthropic.com)"
216.73.216.89 - - [30/Dec/2025:03:56:42 +0300] "GET /?fileloc=%2F%2Fbin%2Flzcmp&path=%2F%2Fbin HTTP/2.0" 200 5307 "-" "Mozilla/5.0 AppleWebKit/537.36 (KHTML, like Gecko; compatible; ClaudeBot/1.0; +claudebot@anthropic.com)"
74.7.227.185 - - [30/Dec/2025:03:56:42 +0300] "GET /?fileloc=//proc/1419/smaps&path=//proc/1419 HTTP/2.0" 200 2538 "-" "Mozilla/5.0 AppleWebKit/537.36 (KHTML, like Gecko; compatible; GPTBot/1.3; +https://openai.com/gptbot)"
216.73.216.89 - - [30/Dec/2025:03:56:42 +0300] "GET /?fileloc=%2F%2Fbin%2Fmovemail.mailutils&path=%2F%2Fbin HTTP/2.0" 200 2535 "-" "Mozilla/5.0 AppleWebKit/537.36 (KHTML, like Gecko; compatible; ClaudeBot/1.0; +claudebot@anthropic.com)"
216.73.216.89 - - [30/Dec/2025:03:56:42 +0300] "GET /?fileloc=%2F%2Fbin%2Fpg_dumpall&path=%2F%2Fbin HTTP/2.0" 200 6536 "-" "Mozilla/5.0 AppleWebKit/537.36 (KHTML, like Gecko; compatible; ClaudeBot/1.0; +claudebot@anthropic.com)"
216.73.216.89 - - [30/Dec/2025:03:56:42 +0300] "GET /?fileloc=%2F%2Fbin%2Fneofetch&path=%2F%2Fbin HTTP/2.0" 200 92218 "-" "Mozilla/5.0 AppleWebKit/537.36 (KHTML, like Gecko; compatible; ClaudeBot/1.0; +claudebot@anthropic.com)"
216.73.216.89 - - [30/Dec/2025:03:56:42 +0300] "GET /?fileloc=%2F%2Fbin%2Ftee&path=%2F%2Fbin HTTP/2.0" 200 2527 "-" "Mozilla/5.0 AppleWebKit/537.36 (KHTML, like Gecko; compatible; ClaudeBot/1.0; +claudebot@anthropic.com)"
216.73.216.89 - - [30/Dec/2025:03:56:42 +0300] "GET /?fileloc=%2F%2Fbin%2Fmsgmerge&path=%2F%2Fbin HTTP/2.0" 200 2531 "-" "Mozilla/5.0 AppleWebKit/537.36 (KHTML, like Gecko; compatible; ClaudeBot/1.0; +claudebot@anthropic.com)"
216.73.216.89 - - [30/Dec/2025:03:56:42 +0300] "GET /?fileloc=%2F%2Fbin%2Fmail.mailutils&path=%2F%2Fbin HTTP/2.0" 200 2532 "-" "Mozilla/5.0 AppleWebKit/537.36 (KHTML, like Gecko; compatible; ClaudeBot/1.0; +claudebot@anthropic.com)"
74.7.227.185 - - [30/Dec/2025:03:56:42 +0300] "GET /?fileloc=//proc/3553/statm&path=//proc/3553 HTTP/2.0" 200 2561 "-" "Mozilla/5.0 AppleWebKit/537.36 (KHTML, like Gecko; compatible; GPTBot/1.3; +https://openai.com/gptbot)"
216.73.216.89 - - [30/Dec/2025:03:56:42 +0300] "GET /?fileloc=%2F%2Fbin%2Fpidof&path=%2F%2Fbin HTTP/2.0" 200 2529 "-" "Mozilla/5.0 AppleWebKit/537.36 (KHTML, like Gecko; compatible; ClaudeBot/1.0; +claudebot@anthropic.com)"
216.73.216.89 - - [30/Dec/2025:03:56:42 +0300] "GET /?fileloc=%2F%2Fetc%2Fethertypes&path=%2F%2Fetc HTTP/2.0" 200 3542 "-" "Mozilla/5.0 AppleWebKit/537.36 (KHTML, like Gecko; compatible; ClaudeBot/1.0; +claudebot@anthropic.com)"
216.73.216.89 - - [30/Dec/2025:03:56:42 +0300] "GET /?fileloc=%2F%2Fbin%2Fcreatedb&path=%2F%2Fbin HTTP/2.0" 200 6532 "-" "Mozilla/5.0 AppleWebKit/537.36 (KHTML, like Gecko; compatible; ClaudeBot/1.0; +claudebot@anthropic.com)"
216.73.216.89 - - [30/Dec/2025:03:56:43 +0300] "GET /?fileloc=%2F%2Fbin%2Ftcpdump&path=%2F%2Fbin HTTP/2.0" 200 2530 "-" "Mozilla/5.0 AppleWebKit/537.36 (KHTML, like Gecko; compatible; ClaudeBot/1.0; +claudebot@anthropic.com)"
216.73.216.89 - - [30/Dec/2025:03:56:43 +0300] "GET /?fileloc=%2F%2Fbin%2Fsystemd-detect-virt&path=%2F%2Fbin HTTP/2.0" 200 2535 "-" "Mozilla/5.0 AppleWebKit/537.36 (KHTML, like Gecko; compatible; ClaudeBot/1.0; +claudebot@anthropic.com)"
216.73.216.89 - - [30/Dec/2025:03:56:43 +0300] "GET /?fileloc=%2F%2Fbin%2Fgit-receive-pack&path=%2F%2Fbin HTTP/2.0" 200 2539 "-" "Mozilla/5.0 AppleWebKit/537.36 (KHTML, like Gecko; compatible; ClaudeBot/1.0; +claudebot@anthropic.com)"
74.7.227.185 - - [30/Dec/2025:03:56:43 +0300] "GET /?fileloc=//proc/633/syscall&path=//proc/633 HTTP/2.0" 200 2542 "-" "Mozilla/5.0 AppleWebKit/537.36 (KHTML, like Gecko; compatible; GPTBot/1.3; +https://openai.com/gptbot)"
216.73.216.89 - - [30/Dec/2025:03:56:43 +0300] "GET /?fileloc=%2F%2Fbin%2Fvdir&path=%2F%2Fbin HTTP/2.0" 200 2529 "-" "Mozilla/5.0 AppleWebKit/537.36 (KHTML, like Gecko; compatible; ClaudeBot/1.0; +claudebot@anthropic.com)"
216.73.216.89 - - [30/Dec/2025:03:56:43 +0300] "GET /?fileloc=%2F%2Fbin%2Fdumpkeys&path=%2F%2Fbin HTTP/2.0" 200 2531 "-" "Mozilla/5.0 AppleWebKit/537.36 (KHTML, like Gecko; compatible; ClaudeBot/1.0; +claudebot@anthropic.com)"
216.73.216.89 - - [30/Dec/2025:03:56:43 +0300] "GET /?fileloc=%2F%2Fbin%2Ffc-query&path=%2F%2Fbin HTTP/2.0" 200 2531 "-" "Mozilla/5.0 AppleWebKit/537.36 (KHTML, like Gecko; compatible; ClaudeBot/1.0; +claudebot@anthropic.com)"
216.73.216.89 - - [30/Dec/2025:03:56:43 +0300] "GET /?fileloc=%2F%2Fbin%2Fmt&path=%2F%2Fbin HTTP/2.0" 200 2527 "-" "Mozilla/5.0 AppleWebKit/537.36 (KHTML, like Gecko; compatible; ClaudeBot/1.0; +claudebot@anthropic.com)"
216.73.216.89 - - [30/Dec/2025:03:56:43 +0300] "GET /?fileloc=%2F%2Fbin%2Ftzselect&path=%2F%2Fbin HTTP/2.0" 200 8669 "-" "Mozilla/5.0 AppleWebKit/537.36 (KHTML, like Gecko; compatible; ClaudeBot/1.0; +claudebot@anthropic.com)"
74.7.227.185 - - [30/Dec/2025:03:56:43 +0300] "GET /?fileloc=//proc/633/cmdline&path=//proc/633 HTTP/2.0" 200 2568 "-" "Mozilla/5.0 AppleWebKit/537.36 (KHTML, like Gecko; compatible; GPTBot/1.3; +https://openai.com/gptbot)"
216.73.216.89 - - [30/Dec/2025:03:56:43 +0300] "GET /?fileloc=%2F%2Fbin%2Fnice&path=%2F%2Fbin HTTP/2.0" 200 2529 "-" "Mozilla/5.0 AppleWebKit/537.36 (KHTML, like Gecko; compatible; ClaudeBot/1.0; +claudebot@anthropic.com)"
216.73.216.89 - - [30/Dec/2025:03:56:43 +0300] "GET /?fileloc=%2F%2Fbin%2Fpsfaddtable&path=%2F%2Fbin HTTP/2.0" 200 2531 "-" "Mozilla/5.0 AppleWebKit/537.36 (KHTML, like Gecko; compatible; ClaudeBot/1.0; +claudebot@anthropic.com)"
216.73.216.89 - - [30/Dec/2025:03:56:43 +0300] "GET /?fileloc=%2F%2Fbin%2Fping4&path=%2F%2Fbin HTTP/2.0" 200 2529 "-" "Mozilla/5.0 AppleWebKit/537.36 (KHTML, like Gecko; compatible; ClaudeBot/1.0; +claudebot@anthropic.com)"
216.73.216.89 - - [30/Dec/2025:03:56:44 +0300] "GET /?fileloc=%2F%2Fbin%2Fldd&path=%2F%2Fbin HTTP/2.0" 200 4949 "-" "Mozilla/5.0 AppleWebKit/537.36 (KHTML, like Gecko; compatible; ClaudeBot/1.0; +claudebot@anthropic.com)"
216.73.216.89 - - [30/Dec/2025:03:56:44 +0300] "GET /?fileloc=%2F%2Fsbin%2Fgroupmod&path=%2F%2Fsbin HTTP/2.0" 200 2530 "-" "Mozilla/5.0 AppleWebKit/537.36 (KHTML, like Gecko; compatible; ClaudeBot/1.0; +claudebot@anthropic.com)"
216.73.216.89 - - [30/Dec/2025:03:56:44 +0300] "GET /?fileloc=%2F%2Fbin%2Fcdiff&path=%2F%2Fbin HTTP/2.0" 200 3481 "-" "Mozilla/5.0 AppleWebKit/537.36 (KHTML, like Gecko; compatible; ClaudeBot/1.0; +claudebot@anthropic.com)"
74.7.227.185 - - [30/Dec/2025:03:56:44 +0300] "GET /?fileloc=//proc/633/pagemap&path=//proc/633 HTTP/2.0" 200 2542 "-" "Mozilla/5.0 AppleWebKit/537.36 (KHTML, like Gecko; compatible; GPTBot/1.3; +https://openai.com/gptbot)"
216.73.216.89 - - [30/Dec/2025:03:56:44 +0300] "GET /?fileloc=%2F%2Fbin%2Funiq&path=%2F%2Fbin HTTP/2.0" 200 2528 "-" "Mozilla/5.0 AppleWebKit/537.36 (KHTML, like Gecko; compatible; ClaudeBot/1.0; +claudebot@anthropic.com)"
216.73.216.89 - - [30/Dec/2025:03:56:44 +0300] "GET /?fileloc=%2F%2Fbin%2Flocalectl&path=%2F%2Fbin HTTP/2.0" 200 2532 "-" "Mozilla/5.0 AppleWebKit/537.36 (KHTML, like Gecko; compatible; ClaudeBot/1.0; +claudebot@anthropic.com)"
216.73.216.89 - - [30/Dec/2025:03:56:44 +0300] "GET /?fileloc=%2F%2Fbin%2Fdebconf-apt-progress&path=%2F%2Fbin HTTP/2.0" 200 5870 "-" "Mozilla/5.0 AppleWebKit/537.36 (KHTML, like Gecko; compatible; ClaudeBot/1.0; +claudebot@anthropic.com)"
216.73.216.89 - - [30/Dec/2025:03:56:44 +0300] "GET /?fileloc=%2F%2Fbin%2Ftload&path=%2F%2Fbin HTTP/2.0" 200 2528 "-" "Mozilla/5.0 AppleWebKit/537.36 (KHTML, like Gecko; compatible; ClaudeBot/1.0; +claudebot@anthropic.com)"
216.73.216.89 - - [30/Dec/2025:03:56:44 +0300] "GET /?fileloc=%2F%2Fbin%2Fcmatrix&path=%2F%2Fbin HTTP/2.0" 200 2530 "-" "Mozilla/5.0 AppleWebKit/537.36 (KHTML, like Gecko; compatible; ClaudeBot/1.0; +claudebot@anthropic.com)"
216.73.216.89 - - [30/Dec/2025:03:56:44 +0300] "GET /?fileloc=%2F%2Fbin%2Funzipsfx&path=%2F%2Fbin HTTP/2.0" 200 2531 "-" "Mozilla/5.0 AppleWebKit/537.36 (KHTML, like Gecko; compatible; ClaudeBot/1.0; +claudebot@anthropic.com)"
74.7.227.185 - - [30/Dec/2025:03:56:44 +0300] "GET /?fileloc=//proc/633/environ&path=//proc/633 HTTP/2.0" 200 2542 "-" "Mozilla/5.0 AppleWebKit/537.36 (KHTML, like Gecko; compatible; GPTBot/1.3; +https://openai.com/gptbot)"
216.73.216.89 - - [30/Dec/2025:03:56:44 +0300] "GET /?fileloc=%2F%2Fsbin%2Fapparmor_parser&path=%2F%2Fsbin HTTP/2.0" 200 2536 "-" "Mozilla/5.0 AppleWebKit/537.36 (KHTML, like Gecko; compatible; ClaudeBot/1.0; +claudebot@anthropic.com)"
216.73.216.89 - - [30/Dec/2025:03:56:44 +0300] "GET /?fileloc=%2F%2Fsbin%2Fsudo_logsrvd&path=%2F%2Fsbin HTTP/2.0" 200 2534 "-" "Mozilla/5.0 AppleWebKit/537.36 (KHTML, like Gecko; compatible; ClaudeBot/1.0; +claudebot@anthropic.com)"
216.73.216.89 - - [30/Dec/2025:03:56:45 +0300] "GET /?fileloc=%2F%2Fsbin%2Fe4crypt&path=%2F%2Fsbin HTTP/2.0" 200 2532 "-" "Mozilla/5.0 AppleWebKit/537.36 (KHTML, like Gecko; compatible; ClaudeBot/1.0; +claudebot@anthropic.com)"
216.73.216.89 - - [30/Dec/2025:03:56:45 +0300] "GET /?fileloc=%2F%2Fbin%2Fjs&path=%2F%2Fbin HTTP/2.0" 200 2527 "-" "Mozilla/5.0 AppleWebKit/537.36 (KHTML, like Gecko; compatible; ClaudeBot/1.0; +claudebot@anthropic.com)"
216.73.216.89 - - [30/Dec/2025:03:56:45 +0300] "GET /?fileloc=%2F%2Fproc%2Floadavg&path=%2F%2Fproc HTTP/2.0" 200 2554 "-" "Mozilla/5.0 AppleWebKit/537.36 (KHTML, like Gecko; compatible; ClaudeBot/1.0; +claudebot@anthropic.com)"
74.7.227.185 - - [30/Dec/2025:03:56:45 +0300] "GET /?fileloc=//proc/3354320/net/ip6_mr_cache&path=//proc/3354320/net HTTP/2.0" 200 2592 "-" "Mozilla/5.0 AppleWebKit/537.36 (KHTML, like Gecko; compatible; GPTBot/1.3; +https://openai.com/gptbot)"
216.73.216.89 - - [30/Dec/2025:03:56:45 +0300] "GET /?fileloc=%2F%2Fbin%2Ftroff&path=%2F%2Fbin HTTP/2.0" 200 2529 "-" "Mozilla/5.0 AppleWebKit/537.36 (KHTML, like Gecko; compatible; ClaudeBot/1.0; +claudebot@anthropic.com)"
216.73.216.89 - - [30/Dec/2025:03:56:45 +0300] "GET /?fileloc=%2F%2Fsbin%2Funix_update&path=%2F%2Fsbin HTTP/2.0" 200 2534 "-" "Mozilla/5.0 AppleWebKit/537.36 (KHTML, like Gecko; compatible; ClaudeBot/1.0; +claudebot@anthropic.com)"
216.73.216.89 - - [30/Dec/2025:03:56:45 +0300] "GET /?fileloc=%2F%2Fsbin%2Ftelinit&path=%2F%2Fsbin HTTP/2.0" 200 2531 "-" "Mozilla/5.0 AppleWebKit/537.36 (KHTML, like Gecko; compatible; ClaudeBot/1.0; +claudebot@anthropic.com)"
216.73.216.89 - - [30/Dec/2025:03:56:45 +0300] "GET /?fileloc=%2F%2Fbin%2Funexpand&path=%2F%2Fbin HTTP/2.0" 200 2530 "-" "Mozilla/5.0 AppleWebKit/537.36 (KHTML, like Gecko; compatible; ClaudeBot/1.0; +claudebot@anthropic.com)"
216.73.216.89 - - [30/Dec/2025:03:56:45 +0300] "GET /?fileloc=%2F%2Fproc%2Fzoneinfo&path=%2F%2Fproc HTTP/2.0" 200 3515 "-" "Mozilla/5.0 AppleWebKit/537.36 (KHTML, like Gecko; compatible; ClaudeBot/1.0; +claudebot@anthropic.com)"
216.73.216.89 - - [30/Dec/2025:03:56:45 +0300] "GET /?fileloc=%2F%2Fbin%2Fdf&path=%2F%2Fbin HTTP/2.0" 200 2527 "-" "Mozilla/5.0 AppleWebKit/537.36 (KHTML, like Gecko; compatible; ClaudeBot/1.0; +claudebot@anthropic.com)"
74.7.227.185 - - [30/Dec/2025:03:56:45 +0300] "GET /?fileloc=//proc/3354517/net/ip6_mr_cache&path=//proc/3354517/net HTTP/2.0" 200 2593 "-" "Mozilla/5.0 AppleWebKit/537.36 (KHTML, like Gecko; compatible; GPTBot/1.3; +https://openai.com/gptbot)"
216.73.216.89 - - [30/Dec/2025:03:56:45 +0300] "GET /?fileloc=%2F%2Fbin%2Fkmod&path=%2F%2Fbin HTTP/2.0" 200 2529 "-" "Mozilla/5.0 AppleWebKit/537.36 (KHTML, like Gecko; compatible; ClaudeBot/1.0; +claudebot@anthropic.com)"
216.73.216.89 - - [30/Dec/2025:03:56:45 +0300] "GET /?fileloc=%2F%2Fproc%2Fsoftirqs&path=%2F%2Fproc HTTP/2.0" 200 2662 "-" "Mozilla/5.0 AppleWebKit/537.36 (KHTML, like Gecko; compatible; ClaudeBot/1.0; +claudebot@anthropic.com)"
216.73.216.89 - - [30/Dec/2025:03:56:46 +0300] "GET /?fileloc=%2F%2Fbin%2Fgetopt&path=%2F%2Fbin HTTP/2.0" 200 2530 "-" "Mozilla/5.0 AppleWebKit/537.36 (KHTML, like Gecko; compatible; ClaudeBot/1.0; +claudebot@anthropic.com)"
216.73.216.89 - - [30/Dec/2025:03:56:46 +0300] "GET /?fileloc=%2F%2Fbin%2Fopen&path=%2F%2Fbin HTTP/2.0" 200 7750 "-" "Mozilla/5.0 AppleWebKit/537.36 (KHTML, like Gecko; compatible; ClaudeBot/1.0; +claudebot@anthropic.com)"
216.73.216.89 - - [30/Dec/2025:03:56:46 +0300] "GET /?fileloc=%2F%2Fbin%2Fapt&path=%2F%2Fbin HTTP/2.0" 200 2528 "-" "Mozilla/5.0 AppleWebKit/537.36 (KHTML, like Gecko; compatible; ClaudeBot/1.0; +claudebot@anthropic.com)"
74.7.227.185 - - [30/Dec/2025:03:56:46 +0300] "GET /?fileloc=//proc/3354517/net/ip6_mr_vif&path=//proc/3354517/net HTTP/2.0" 200 2587 "-" "Mozilla/5.0 AppleWebKit/537.36 (KHTML, like Gecko; compatible; GPTBot/1.3; +https://openai.com/gptbot)"
216.73.216.89 - - [30/Dec/2025:03:56:46 +0300] "GET /?fileloc=%2F%2Fbin%2Fsystemd-mount&path=%2F%2Fbin HTTP/2.0" 200 2533 "-" "Mozilla/5.0 AppleWebKit/537.36 (KHTML, like Gecko; compatible; ClaudeBot/1.0; +claudebot@anthropic.com)"
216.73.216.89 - - [30/Dec/2025:03:56:46 +0300] "GET /?fileloc=%2F%2Fbin%2Ffgrep&path=%2F%2Fbin HTTP/2.0" 200 2569 "-" "Mozilla/5.0 AppleWebKit/537.36 (KHTML, like Gecko; compatible; ClaudeBot/1.0; +claudebot@anthropic.com)"
216.73.216.89 - - [30/Dec/2025:03:56:46 +0300] "GET /?fileloc=%2F%2Fbin%2Fsystemd-cryptenroll&path=%2F%2Fbin HTTP/2.0" 200 2538 "-" "Mozilla/5.0 AppleWebKit/537.36 (KHTML, like Gecko; compatible; ClaudeBot/1.0; +claudebot@anthropic.com)"
216.73.216.89 - - [30/Dec/2025:03:56:46 +0300] "GET /?fileloc=%2F%2Fbin%2Fopenssl&path=%2F%2Fbin HTTP/2.0" 200 2529 "-" "Mozilla/5.0 AppleWebKit/537.36 (KHTML, like Gecko; compatible; ClaudeBot/1.0; +claudebot@anthropic.com)"
216.73.216.89 - - [30/Dec/2025:03:56:46 +0300] "GET /?fileloc=%2F%2Fsbin%2Fslattach&path=%2F%2Fsbin HTTP/2.0" 200 2531 "-" "Mozilla/5.0 AppleWebKit/537.36 (KHTML, like Gecko; compatible; ClaudeBot/1.0; +claudebot@anthropic.com)"
216.73.216.89 - - [30/Dec/2025:03:56:46 +0300] "GET /?fileloc=%2F%2Fbin%2Fmake&path=%2F%2Fbin HTTP/2.0" 200 2529 "-" "Mozilla/5.0 AppleWebKit/537.36 (KHTML, like Gecko; compatible; ClaudeBot/1.0; +claudebot@anthropic.com)"
74.7.227.185 - - [30/Dec/2025:03:56:46 +0300] "GET /?fileloc=//proc/3352861/net/ip6_mr_vif&path=//proc/3352861/net HTTP/2.0" 200 2586 "-" "Mozilla/5.0 AppleWebKit/537.36 (KHTML, like Gecko; compatible; GPTBot/1.3; +https://openai.com/gptbot)"
216.73.216.89 - - [30/Dec/2025:03:56:46 +0300] "GET /?fileloc=%2F%2Fbin%2Fsum&path=%2F%2Fbin HTTP/2.0" 200 2527 "-" "Mozilla/5.0 AppleWebKit/537.36 (KHTML, like Gecko; compatible; ClaudeBot/1.0; +claudebot@anthropic.com)"
216.73.216.89 - - [30/Dec/2025:03:56:46 +0300] "GET /?fileloc=%2F%2Fbin%2Freadlink&path=%2F%2Fbin HTTP/2.0" 200 2530 "-" "Mozilla/5.0 AppleWebKit/537.36 (KHTML, like Gecko; compatible; ClaudeBot/1.0; +claudebot@anthropic.com)"
216.73.216.89 - - [30/Dec/2025:03:56:47 +0300] "GET /?fileloc=%2F%2Fbin%2Fuclampset&path=%2F%2Fbin HTTP/2.0" 200 2528 "-" "Mozilla/5.0 AppleWebKit/537.36 (KHTML, like Gecko; compatible; ClaudeBot/1.0; +claudebot@anthropic.com)"
216.73.216.89 - - [30/Dec/2025:03:56:47 +0300] "GET /?fileloc=%2F%2Fbin%2Fzip&path=%2F%2Fbin HTTP/2.0" 200 2528 "-" "Mozilla/5.0 AppleWebKit/537.36 (KHTML, like Gecko; compatible; ClaudeBot/1.0; +claudebot@anthropic.com)"
216.73.216.89 - - [30/Dec/2025:03:56:47 +0300] "GET /?fileloc=%2F%2Fbin%2Freadelf&path=%2F%2Fbin HTTP/2.0" 200 2530 "-" "Mozilla/5.0 AppleWebKit/537.36 (KHTML, like Gecko; compatible; ClaudeBot/1.0; +claudebot@anthropic.com)"
216.73.216.89 - - [30/Dec/2025:03:56:47 +0300] "GET /?fileloc=%2F%2Fsbin%2Fgetpcaps&path=%2F%2Fsbin HTTP/2.0" 200 2531 "-" "Mozilla/5.0 AppleWebKit/537.36 (KHTML, like Gecko; compatible; ClaudeBot/1.0; +claudebot@anthropic.com)"
74.7.227.185 - - [30/Dec/2025:03:56:47 +0300] "GET /?fileloc=//proc/3354261/net/ip6_mr_vif&path=//proc/3354261/net HTTP/2.0" 200 2553 "-" "Mozilla/5.0 AppleWebKit/537.36 (KHTML, like Gecko; compatible; GPTBot/1.3; +https://openai.com/gptbot)"
216.73.216.89 - - [30/Dec/2025:03:56:47 +0300] "GET /?fileloc=%2F%2Fbin%2Fsplain&path=%2F%2Fbin HTTP/2.0" 200 10052 "-" "Mozilla/5.0 AppleWebKit/537.36 (KHTML, like Gecko; compatible; ClaudeBot/1.0; +claudebot@anthropic.com)"
216.73.216.89 - - [30/Dec/2025:03:56:47 +0300] "GET /?fileloc=%2F%2Fbin%2Fat&path=%2F%2Fbin HTTP/2.0" 200 2527 "-" "Mozilla/5.0 AppleWebKit/537.36 (KHTML, like Gecko; compatible; ClaudeBot/1.0; +claudebot@anthropic.com)"
216.73.216.89 - - [30/Dec/2025:03:56:47 +0300] "GET /?fileloc=%2F%2Fsbin%2Fmodprobe&path=%2F%2Fsbin HTTP/2.0" 200 2531 "-" "Mozilla/5.0 AppleWebKit/537.36 (KHTML, like Gecko; compatible; ClaudeBot/1.0; +claudebot@anthropic.com)"
216.73.216.89 - - [30/Dec/2025:03:56:47 +0300] "GET /?fileloc=%2F%2Fbin%2Fnetaddr&path=%2F%2Fbin HTTP/2.0" 200 2970 "-" "Mozilla/5.0 AppleWebKit/537.36 (KHTML, like Gecko; compatible; ClaudeBot/1.0; +claudebot@anthropic.com)"
216.73.216.89 - - [30/Dec/2025:03:56:47 +0300] "GET /?fileloc=%2F%2Fbin%2Fzcmp&path=%2F%2Fbin HTTP/2.0" 200 3393 "-" "Mozilla/5.0 AppleWebKit/537.36 (KHTML, like Gecko; compatible; ClaudeBot/1.0; +claudebot@anthropic.com)"
216.73.216.89 - - [30/Dec/2025:03:56:47 +0300] "GET /?fileloc=%2F%2Fbin%2Fdpkg-split&path=%2F%2Fbin HTTP/2.0" 200 2532 "-" "Mozilla/5.0 AppleWebKit/537.36 (KHTML, like Gecko; compatible; ClaudeBot/1.0; +claudebot@anthropic.com)"
74.7.227.185 - - [30/Dec/2025:03:56:47 +0300] "GET /?fileloc=//proc/3352860/net/ip6_mr_vif&path=//proc/3352860/net HTTP/2.0" 200 2553 "-" "Mozilla/5.0 AppleWebKit/537.36 (KHTML, like Gecko; compatible; GPTBot/1.3; +https://openai.com/gptbot)"
216.73.216.89 - - [30/Dec/2025:03:56:47 +0300] "GET /?fileloc=%2F%2Fbin%2Fpygettext2.7&path=%2F%2Fbin HTTP/2.0" 200 2534 "-" "Mozilla/5.0 AppleWebKit/537.36 (KHTML, like Gecko; compatible; ClaudeBot/1.0; +claudebot@anthropic.com)"
216.73.216.89 - - [30/Dec/2025:03:56:48 +0300] "GET /?fileloc=%2F%2Fbin%2Fbusctl&path=%2F%2Fbin HTTP/2.0" 200 2528 "-" "Mozilla/5.0 AppleWebKit/537.36 (KHTML, like Gecko; compatible; ClaudeBot/1.0; +claudebot@anthropic.com)"
216.73.216.89 - - [30/Dec/2025:03:56:48 +0300] "GET /?fileloc=%2F%2Fbin%2Fbase32&path=%2F%2Fbin HTTP/2.0" 200 2529 "-" "Mozilla/5.0 AppleWebKit/537.36 (KHTML, like Gecko; compatible; ClaudeBot/1.0; +claudebot@anthropic.com)"
216.73.216.89 - - [30/Dec/2025:03:56:48 +0300] "GET /?fileloc=%2F%2Fbin%2Fclear_console&path=%2F%2Fbin HTTP/2.0" 200 2536 "-" "Mozilla/5.0 AppleWebKit/537.36 (KHTML, like Gecko; compatible; ClaudeBot/1.0; +claudebot@anthropic.com)"
216.73.216.89 - - [30/Dec/2025:03:56:48 +0300] "GET /?fileloc=%2F%2Fbin%2Fgit-upload-archive&path=%2F%2Fbin HTTP/2.0" 200 2538 "-" "Mozilla/5.0 AppleWebKit/537.36 (KHTML, like Gecko; compatible; ClaudeBot/1.0; +claudebot@anthropic.com)"
74.7.227.185 - - [30/Dec/2025:03:56:48 +0300] "GET /?fileloc=//proc/1046/sched&path=//proc/1046 HTTP/2.0" 200 2989 "-" "Mozilla/5.0 AppleWebKit/537.36 (KHTML, like Gecko; compatible; GPTBot/1.3; +https://openai.com/gptbot)"
216.73.216.89 - - [30/Dec/2025:03:56:48 +0300] "GET /?fileloc=%2F%2Fbin%2Fbase64&path=%2F%2Fbin HTTP/2.0" 200 2530 "-" "Mozilla/5.0 AppleWebKit/537.36 (KHTML, like Gecko; compatible; ClaudeBot/1.0; +claudebot@anthropic.com)"
216.73.216.89 - - [30/Dec/2025:03:56:48 +0300] "GET /?fileloc=%2F%2Fsbin%2Fifquery&path=%2F%2Fsbin HTTP/2.0" 200 2531 "-" "Mozilla/5.0 AppleWebKit/537.36 (KHTML, like Gecko; compatible; ClaudeBot/1.0; +claudebot@anthropic.com)"
216.73.216.89 - - [30/Dec/2025:03:56:48 +0300] "GET /?fileloc=%2F%2Fbin%2Fpreconv&path=%2F%2Fbin HTTP/2.0" 200 2528 "-" "Mozilla/5.0 AppleWebKit/537.36 (KHTML, like Gecko; compatible; ClaudeBot/1.0; +claudebot@anthropic.com)"
216.73.216.89 - - [30/Dec/2025:03:56:48 +0300] "GET /?fileloc=%2F%2Fproc%2Fschedstat&path=%2F%2Fproc HTTP/2.0" 200 2598 "-" "Mozilla/5.0 AppleWebKit/537.36 (KHTML, like Gecko; compatible; ClaudeBot/1.0; +claudebot@anthropic.com)"
216.73.216.89 - - [30/Dec/2025:03:56:48 +0300] "GET /?fileloc=%2F%2Fbin%2Fx86_64-linux-gnu-pkgconf&path=%2F%2Fbin HTTP/2.0" 200 2543 "-" "Mozilla/5.0 AppleWebKit/537.36 (KHTML, like Gecko; compatible; ClaudeBot/1.0; +claudebot@anthropic.com)"
216.73.216.89 - - [30/Dec/2025:03:56:48 +0300] "GET /?fileloc=%2F%2Fbin%2Fdib-init-system&path=%2F%2Fbin HTTP/2.0" 200 2815 "-" "Mozilla/5.0 AppleWebKit/537.36 (KHTML, like Gecko; compatible; ClaudeBot/1.0; +claudebot@anthropic.com)"
74.7.227.185 - - [30/Dec/2025:03:56:48 +0300] "GET /?fileloc=//proc/1423/sched&path=//proc/1423 HTTP/2.0" 200 2958 "-" "Mozilla/5.0 AppleWebKit/537.36 (KHTML, like Gecko; compatible; GPTBot/1.3; +https://openai.com/gptbot)"
216.73.216.89 - - [30/Dec/2025:03:56:48 +0300] "GET /?fileloc=%2F%2Fbin%2Fpyclean&path=%2F%2Fbin HTTP/2.0" 200 4362 "-" "Mozilla/5.0 AppleWebKit/537.36 (KHTML, like Gecko; compatible; ClaudeBot/1.0; +claudebot@anthropic.com)"
216.73.216.89 - - [30/Dec/2025:03:56:49 +0300] "GET /?fileloc=%2F%2Fbin%2Fctstat&path=%2F%2Fbin HTTP/2.0" 200 2529 "-" "Mozilla/5.0 AppleWebKit/537.36 (KHTML, like Gecko; compatible; ClaudeBot/1.0; +claudebot@anthropic.com)"
216.73.216.89 - - [30/Dec/2025:03:56:49 +0300] "GET /?fileloc=%2F%2Fbin%2Flsmod&path=%2F%2Fbin HTTP/2.0" 200 2528 "-" "Mozilla/5.0 AppleWebKit/537.36 (KHTML, like Gecko; compatible; ClaudeBot/1.0; +claudebot@anthropic.com)"
216.73.216.89 - - [30/Dec/2025:03:56:49 +0300] "GET /?fileloc=%2F%2Fbin%2Fx86_64-linux-gnu-dwp&path=%2F%2Fbin HTTP/2.0" 200 2539 "-" "Mozilla/5.0 AppleWebKit/537.36 (KHTML, like Gecko; compatible; ClaudeBot/1.0; +claudebot@anthropic.com)"
216.73.216.89 - - [30/Dec/2025:03:56:49 +0300] "GET /?fileloc=%2F%2Fsbin%2Fpivot_root&path=%2F%2Fsbin HTTP/2.0" 200 2532 "-" "Mozilla/5.0 AppleWebKit/537.36 (KHTML, like Gecko; compatible; ClaudeBot/1.0; +claudebot@anthropic.com)"
216.73.216.89 - - [30/Dec/2025:03:56:49 +0300] "GET /?fileloc=%2F%2Fbin%2Ftty&path=%2F%2Fbin HTTP/2.0" 200 2528 "-" "Mozilla/5.0 AppleWebKit/537.36 (KHTML, like Gecko; compatible; ClaudeBot/1.0; +claudebot@anthropic.com)"
74.7.227.185 - - [30/Dec/2025:03:56:49 +0300] "GET /?fileloc=//proc/4179/sched&path=//proc/4179 HTTP/2.0" 200 2957 "-" "Mozilla/5.0 AppleWebKit/537.36 (KHTML, like Gecko; compatible; GPTBot/1.3; +https://openai.com/gptbot)"
74.7.227.185 - - [30/Dec/2025:03:56:49 +0300] "GET /?fileloc=//proc/1423/wchan&path=//proc/1423 HTTP/2.0" 200 2543 "-" "Mozilla/5.0 AppleWebKit/537.36 (KHTML, like Gecko; compatible; GPTBot/1.3; +https://openai.com/gptbot)"
216.73.216.89 - - [30/Dec/2025:03:56:50 +0300] "GET /?fileloc=%2F%2Fbin%2Fmkdir&path=%2F%2Fbin HTTP/2.0" 200 2529 "-" "Mozilla/5.0 AppleWebKit/537.36 (KHTML, like Gecko; compatible; ClaudeBot/1.0; +claudebot@anthropic.com)"
216.73.216.89 - - [30/Dec/2025:03:56:50 +0300] "GET /?fileloc=%2F%2Fsbin%2Frabbitmq-plugins&path=%2F%2Fsbin HTTP/2.0" 200 3572 "-" "Mozilla/5.0 AppleWebKit/537.36 (KHTML, like Gecko; compatible; ClaudeBot/1.0; +claudebot@anthropic.com)"
216.73.216.89 - - [30/Dec/2025:03:56:50 +0300] "GET /?fileloc=%2F%2Fbin%2Fdash&path=%2F%2Fbin HTTP/2.0" 200 2527 "-" "Mozilla/5.0 AppleWebKit/537.36 (KHTML, like Gecko; compatible; ClaudeBot/1.0; +claudebot@anthropic.com)"
216.73.216.89 - - [30/Dec/2025:03:56:50 +0300] "GET /?fileloc=%2F%2Fbin%2Fx86_64-linux-gnu-gp-display-src&path=%2F%2Fbin HTTP/2.0" 200 2545 "-" "Mozilla/5.0 AppleWebKit/537.36 (KHTML, like Gecko; compatible; ClaudeBot/1.0; +claudebot@anthropic.com)"
216.73.216.89 - - [30/Dec/2025:03:56:50 +0300] "GET /?fileloc=%2F%2Fbin%2Fwhich&path=%2F%2Fbin HTTP/2.0" 200 3002 "-" "Mozilla/5.0 AppleWebKit/537.36 (KHTML, like Gecko; compatible; ClaudeBot/1.0; +claudebot@anthropic.com)"
216.73.216.89 - - [30/Dec/2025:03:56:50 +0300] "GET /?fileloc=%2F%2Fbin%2Fmcview&path=%2F%2Fbin HTTP/2.0" 200 2526 "-" "Mozilla/5.0 AppleWebKit/537.36 (KHTML, like Gecko; compatible; ClaudeBot/1.0; +claudebot@anthropic.com)"
216.73.216.89 - - [30/Dec/2025:03:56:50 +0300] "GET /?fileloc=%2F%2Fbin%2Fiptables-xml&path=%2F%2Fbin HTTP/2.0" 200 2533 "-" "Mozilla/5.0 AppleWebKit/537.36 (KHTML, like Gecko; compatible; ClaudeBot/1.0; +claudebot@anthropic.com)"
216.73.216.89 - - [30/Dec/2025:03:56:50 +0300] "GET /?fileloc=%2F%2Fbin%2Fjson5&path=%2F%2Fbin HTTP/2.0" 200 3680 "-" "Mozilla/5.0 AppleWebKit/537.36 (KHTML, like Gecko; compatible; ClaudeBot/1.0; +claudebot@anthropic.com)"
216.73.216.89 - - [30/Dec/2025:03:56:50 +0300] "GET /?fileloc=%2F%2Fbin%2Fgettext&path=%2F%2Fbin HTTP/2.0" 200 2530 "-" "Mozilla/5.0 AppleWebKit/537.36 (KHTML, like Gecko; compatible; ClaudeBot/1.0; +claudebot@anthropic.com)"
216.73.216.89 - - [30/Dec/2025:03:56:50 +0300] "GET /?fileloc=%2F%2Fbin%2Ffgconsole&path=%2F%2Fbin HTTP/2.0" 200 2532 "-" "Mozilla/5.0 AppleWebKit/537.36 (KHTML, like Gecko; compatible; ClaudeBot/1.0; +claudebot@anthropic.com)"
216.73.216.89 - - [30/Dec/2025:03:56:50 +0300] "GET /?fileloc=%2F%2Fbin%2Freset&path=%2F%2Fbin HTTP/2.0" 200 2528 "-" "Mozilla/5.0 AppleWebKit/537.36 (KHTML, like Gecko; compatible; ClaudeBot/1.0; +claudebot@anthropic.com)"
74.7.227.185 - - [30/Dec/2025:03:56:50 +0300] "GET /?fileloc=//proc/1046/statm&path=//proc/1046 HTTP/2.0" 200 2558 "-" "Mozilla/5.0 AppleWebKit/537.36 (KHTML, like Gecko; compatible; GPTBot/1.3; +https://openai.com/gptbot)"
216.73.216.89 - - [30/Dec/2025:03:56:50 +0300] "GET /?fileloc=%2F%2Fbin%2Fsystemd-stdio-bridge&path=%2F%2Fbin HTTP/2.0" 200 2538 "-" "Mozilla/5.0 AppleWebKit/537.36 (KHTML, like Gecko; compatible; ClaudeBot/1.0; +claudebot@anthropic.com)"
216.73.216.89 - - [30/Dec/2025:03:56:50 +0300] "GET /?fileloc=%2F%2Fbin%2Fskill&path=%2F%2Fbin HTTP/2.0" 200 2528 "-" "Mozilla/5.0 AppleWebKit/537.36 (KHTML, like Gecko; compatible; ClaudeBot/1.0; +claudebot@anthropic.com)"
216.73.216.89 - - [30/Dec/2025:03:56:50 +0300] "GET /?fileloc=%2F%2Fbin%2Fbc&path=%2F%2Fbin HTTP/2.0" 200 2527 "-" "Mozilla/5.0 AppleWebKit/537.36 (KHTML, like Gecko; compatible; ClaudeBot/1.0; +claudebot@anthropic.com)"
216.73.216.89 - - [30/Dec/2025:03:56:50 +0300] "GET /?fileloc=%2F%2Fsbin%2Fchcpu&path=%2F%2Fsbin HTTP/2.0" 200 2529 "-" "Mozilla/5.0 AppleWebKit/537.36 (KHTML, like Gecko; compatible; ClaudeBot/1.0; +claudebot@anthropic.com)"
216.73.216.89 - - [30/Dec/2025:03:56:50 +0300] "GET /?fileloc=%2F%2Fbin%2Fpycompile&path=%2F%2Fbin HTTP/2.0" 200 6618 "-" "Mozilla/5.0 AppleWebKit/537.36 (KHTML, like Gecko; compatible; ClaudeBot/1.0; +claudebot@anthropic.com)"
216.73.216.89 - - [30/Dec/2025:03:56:50 +0300] "GET /?fileloc=%2F%2Fbin%2Fview&path=%2F%2Fbin HTTP/2.0" 200 2525 "-" "Mozilla/5.0 AppleWebKit/537.36 (KHTML, like Gecko; compatible; ClaudeBot/1.0; +claudebot@anthropic.com)"
74.7.227.185 - - [30/Dec/2025:03:56:51 +0300] "GET /?fileloc=//proc/1048/statm&path=//proc/1048 HTTP/2.0" 200 2559 "-" "Mozilla/5.0 AppleWebKit/537.36 (KHTML, like Gecko; compatible; GPTBot/1.3; +https://openai.com/gptbot)"
216.73.216.89 - - [30/Dec/2025:03:56:51 +0300] "GET /?fileloc=%2F%2Fbin%2Frview&path=%2F%2Fbin HTTP/2.0" 200 2526 "-" "Mozilla/5.0 AppleWebKit/537.36 (KHTML, like Gecko; compatible; ClaudeBot/1.0; +claudebot@anthropic.com)"
216.73.216.89 - - [30/Dec/2025:03:56:51 +0300] "GET /?fileloc=%2F%2Fbin%2Fdbiprof&path=%2F%2Fbin HTTP/2.0" 200 4934 "-" "Mozilla/5.0 AppleWebKit/537.36 (KHTML, like Gecko; compatible; ClaudeBot/1.0; +claudebot@anthropic.com)"
216.73.216.89 - - [30/Dec/2025:03:56:51 +0300] "GET /?fileloc=%2F%2Fbin%2Fgawk&path=%2F%2Fbin HTTP/2.0" 200 2529 "-" "Mozilla/5.0 AppleWebKit/537.36 (KHTML, like Gecko; compatible; ClaudeBot/1.0; +claudebot@anthropic.com)"
216.73.216.89 - - [30/Dec/2025:03:56:51 +0300] "GET /?fileloc=%2F%2Fbin%2Fpygettext3&path=%2F%2Fbin HTTP/2.0" 200 2532 "-" "Mozilla/5.0 AppleWebKit/537.36 (KHTML, like Gecko; compatible; ClaudeBot/1.0; +claudebot@anthropic.com)"
216.73.216.89 - - [30/Dec/2025:03:56:51 +0300] "GET /?fileloc=%2F%2Fbin%2Flesskey&path=%2F%2Fbin HTTP/2.0" 200 2531 "-" "Mozilla/5.0 AppleWebKit/537.36 (KHTML, like Gecko; compatible; ClaudeBot/1.0; +claudebot@anthropic.com)"
216.73.216.89 - - [30/Dec/2025:03:56:51 +0300] "GET /?fileloc=%2F%2Fetc%2Fproxychains4.conf&path=%2F%2Fetc HTTP/2.0" 200 4855 "-" "Mozilla/5.0 AppleWebKit/537.36 (KHTML, like Gecko; compatible; ClaudeBot/1.0; +claudebot@anthropic.com)"
74.7.227.185 - - [30/Dec/2025:03:56:51 +0300] "GET /?fileloc=//proc/2697/wchan&path=//proc/2697 HTTP/2.0" 200 2543 "-" "Mozilla/5.0 AppleWebKit/537.36 (KHTML, like Gecko; compatible; GPTBot/1.3; +https://openai.com/gptbot)"
216.73.216.89 - - [30/Dec/2025:03:56:51 +0300] "GET /?fileloc=%2F%2Fbin%2Fpgbench&path=%2F%2Fbin HTTP/2.0" 200 6533 "-" "Mozilla/5.0 AppleWebKit/537.36 (KHTML, like Gecko; compatible; ClaudeBot/1.0; +claudebot@anthropic.com)"
216.73.216.89 - - [30/Dec/2025:03:56:51 +0300] "GET /?fileloc=%2F%2Fbin%2Fenv&path=%2F%2Fbin HTTP/2.0" 200 2528 "-" "Mozilla/5.0 AppleWebKit/537.36 (KHTML, like Gecko; compatible; ClaudeBot/1.0; +claudebot@anthropic.com)"
216.73.216.89 - - [30/Dec/2025:03:56:51 +0300] "GET /?fileloc=%2F%2Fbin%2Fdig&path=%2F%2Fbin HTTP/2.0" 200 2527 "-" "Mozilla/5.0 AppleWebKit/537.36 (KHTML, like Gecko; compatible; ClaudeBot/1.0; +claudebot@anthropic.com)"
216.73.216.89 - - [30/Dec/2025:03:56:51 +0300] "GET /?fileloc=%2F%2Fbin%2Fhost&path=%2F%2Fbin HTTP/2.0" 200 2528 "-" "Mozilla/5.0 AppleWebKit/537.36 (KHTML, like Gecko; compatible; ClaudeBot/1.0; +claudebot@anthropic.com)"
216.73.216.89 - - [30/Dec/2025:03:56:51 +0300] "GET /?fileloc=%2F%2Fbin%2Finstall&path=%2F%2Fbin HTTP/2.0" 200 2529 "-" "Mozilla/5.0 AppleWebKit/537.36 (KHTML, like Gecko; compatible; ClaudeBot/1.0; +claudebot@anthropic.com)"
74.7.227.185 - - [30/Dec/2025:03:56:52 +0300] "GET /?fileloc=//proc/2175/smaps&path=//proc/2175 HTTP/2.0" 200 2537 "-" "Mozilla/5.0 AppleWebKit/537.36 (KHTML, like Gecko; compatible; GPTBot/1.3; +https://openai.com/gptbot)"
216.73.216.89 - - [30/Dec/2025:03:56:52 +0300] "GET /?fileloc=%2F%2Fbin%2Fless&path=%2F%2Fbin HTTP/2.0" 200 2528 "-" "Mozilla/5.0 AppleWebKit/537.36 (KHTML, like Gecko; compatible; ClaudeBot/1.0; +claudebot@anthropic.com)"
216.73.216.89 - - [30/Dec/2025:03:56:52 +0300] "GET /?fileloc=%2F%2Fbin%2Futmpdump&path=%2F%2Fbin HTTP/2.0" 200 2531 "-" "Mozilla/5.0 AppleWebKit/537.36 (KHTML, like Gecko; compatible; ClaudeBot/1.0; +claudebot@anthropic.com)"
216.73.216.89 - - [30/Dec/2025:03:56:52 +0300] "GET /?fileloc=%2F%2Fbin%2Fmktemp&path=%2F%2Fbin HTTP/2.0" 200 2530 "-" "Mozilla/5.0 AppleWebKit/537.36 (KHTML, like Gecko; compatible; ClaudeBot/1.0; +claudebot@anthropic.com)"
216.73.216.89 - - [30/Dec/2025:03:56:52 +0300] "GET /?fileloc=%2F%2Fsbin%2Frunlevel&path=%2F%2Fsbin HTTP/2.0" 200 2532 "-" "Mozilla/5.0 AppleWebKit/537.36 (KHTML, like Gecko; compatible; ClaudeBot/1.0; +claudebot@anthropic.com)"
216.73.216.89 - - [30/Dec/2025:03:56:52 +0300] "GET /?fileloc=%2F%2Fbin%2Fpg_ctlcluster&path=%2F%2Fbin HTTP/2.0" 200 10137 "-" "Mozilla/5.0 AppleWebKit/537.36 (KHTML, like Gecko; compatible; ClaudeBot/1.0; +claudebot@anthropic.com)"
216.73.216.89 - - [30/Dec/2025:03:56:52 +0300] "GET /?fileloc=%2F%2Fbin%2Fchrt&path=%2F%2Fbin HTTP/2.0" 200 2528 "-" "Mozilla/5.0 AppleWebKit/537.36 (KHTML, like Gecko; compatible; ClaudeBot/1.0; +claudebot@anthropic.com)"
74.7.227.185 - - [30/Dec/2025:03:56:52 +0300] "GET /?fileloc=//proc/1423/smaps&path=//proc/1423 HTTP/2.0" 200 2538 "-" "Mozilla/5.0 AppleWebKit/537.36 (KHTML, like Gecko; compatible; GPTBot/1.3; +https://openai.com/gptbot)"
216.73.216.89 - - [30/Dec/2025:03:56:52 +0300] "GET /?fileloc=%2F%2Fbin%2Fcsplit&path=%2F%2Fbin HTTP/2.0" 200 2529 "-" "Mozilla/5.0 AppleWebKit/537.36 (KHTML, like Gecko; compatible; ClaudeBot/1.0; +claudebot@anthropic.com)"
216.73.216.89 - - [30/Dec/2025:03:56:52 +0300] "GET /?fileloc=%2F%2Fsbin%2Fdbconfig-load-include&path=%2F%2Fsbin HTTP/2.0" 200 4305 "-" "Mozilla/5.0 AppleWebKit/537.36 (KHTML, like Gecko; compatible; ClaudeBot/1.0; +claudebot@anthropic.com)"
216.73.216.89 - - [30/Dec/2025:03:56:52 +0300] "GET /?fileloc=%2F%2Fbin%2Fcertbot&path=%2F%2Fbin HTTP/2.0" 200 2530 "-" "Mozilla/5.0 AppleWebKit/537.36 (KHTML, like Gecko; compatible; ClaudeBot/1.0; +claudebot@anthropic.com)"
216.73.216.89 - - [30/Dec/2025:03:56:52 +0300] "GET /?fileloc=%2F%2Fbin%2Fdropdb&path=%2F%2Fbin HTTP/2.0" 200 6532 "-" "Mozilla/5.0 AppleWebKit/537.36 (KHTML, like Gecko; compatible; ClaudeBot/1.0; +claudebot@anthropic.com)"
216.73.216.89 - - [30/Dec/2025:03:56:52 +0300] "GET /?fileloc=%2F%2Fsbin%2Fchroot&path=%2F%2Fsbin HTTP/2.0" 200 2529 "-" "Mozilla/5.0 AppleWebKit/537.36 (KHTML, like Gecko; compatible; ClaudeBot/1.0; +claudebot@anthropic.com)"
216.73.216.89 - - [30/Dec/2025:03:56:53 +0300] "GET /?fileloc=%2F%2Fbin%2Fgrub-script-check&path=%2F%2Fbin HTTP/2.0" 200 2538 "-" "Mozilla/5.0 AppleWebKit/537.36 (KHTML, like Gecko; compatible; ClaudeBot/1.0; +claudebot@anthropic.com)"
74.7.227.185 - - [30/Dec/2025:03:56:53 +0300] "GET /?fileloc=//proc/2697/smaps&path=//proc/2697 HTTP/2.0" 200 2539 "-" "Mozilla/5.0 AppleWebKit/537.36 (KHTML, like Gecko; compatible; GPTBot/1.3; +https://openai.com/gptbot)"
216.73.216.89 - - [30/Dec/2025:03:56:53 +0300] "GET /?fileloc=%2F%2Fbin%2Fmapscrn&path=%2F%2Fbin HTTP/2.0" 200 2530 "-" "Mozilla/5.0 AppleWebKit/537.36 (KHTML, like Gecko; compatible; ClaudeBot/1.0; +claudebot@anthropic.com)"
216.73.216.89 - - [30/Dec/2025:03:56:53 +0300] "GET /?fileloc=%2F%2Fbin%2Flogresolve&path=%2F%2Fbin HTTP/2.0" 200 2532 "-" "Mozilla/5.0 AppleWebKit/537.36 (KHTML, like Gecko; compatible; ClaudeBot/1.0; +claudebot@anthropic.com)"
216.73.216.89 - - [30/Dec/2025:03:56:53 +0300] "GET /?fileloc=%2F%2Fbin%2Fmount&path=%2F%2Fbin HTTP/2.0" 200 2529 "-" "Mozilla/5.0 AppleWebKit/537.36 (KHTML, like Gecko; compatible; ClaudeBot/1.0; +claudebot@anthropic.com)"
216.73.216.89 - - [30/Dec/2025:03:56:53 +0300] "GET /?fileloc=%2F%2Fbin%2Ffunzip&path=%2F%2Fbin HTTP/2.0" 200 2530 "-" "Mozilla/5.0 AppleWebKit/537.36 (KHTML, like Gecko; compatible; ClaudeBot/1.0; +claudebot@anthropic.com)"
216.73.216.89 - - [30/Dec/2025:03:56:53 +0300] "GET /?fileloc=%2F%2Fbin%2Fx86_64-linux-gnu-elfedit&path=%2F%2Fbin HTTP/2.0" 200 2542 "-" "Mozilla/5.0 AppleWebKit/537.36 (KHTML, like Gecko; compatible; ClaudeBot/1.0; +claudebot@anthropic.com)"
74.7.227.185 - - [30/Dec/2025:03:56:53 +0300] "GET /?fileloc=//proc/1048/wchan&path=//proc/1048 HTTP/2.0" 200 2543 "-" "Mozilla/5.0 AppleWebKit/537.36 (KHTML, like Gecko; compatible; GPTBot/1.3; +https://openai.com/gptbot)"
74.7.227.185 - - [30/Dec/2025:03:56:54 +0300] "GET /?fileloc=//proc/4179/wchan&path=//proc/4179 HTTP/2.0" 200 2543 "-" "Mozilla/5.0 AppleWebKit/537.36 (KHTML, like Gecko; compatible; GPTBot/1.3; +https://openai.com/gptbot)"
74.7.227.185 - - [30/Dec/2025:03:56:54 +0300] "GET /?fileloc=//proc/2697/stack&path=//proc/2697 HTTP/2.0" 200 2541 "-" "Mozilla/5.0 AppleWebKit/537.36 (KHTML, like Gecko; compatible; GPTBot/1.3; +https://openai.com/gptbot)"
74.7.227.185 - - [30/Dec/2025:03:56:55 +0300] "GET /?fileloc=//proc/1423/statm&path=//proc/1423 HTTP/2.0" 200 2560 "-" "Mozilla/5.0 AppleWebKit/537.36 (KHTML, like Gecko; compatible; GPTBot/1.3; +https://openai.com/gptbot)"
74.7.227.185 - - [30/Dec/2025:03:56:55 +0300] "GET /?fileloc=//proc/4179/smaps&path=//proc/4179 HTTP/2.0" 200 2539 "-" "Mozilla/5.0 AppleWebKit/537.36 (KHTML, like Gecko; compatible; GPTBot/1.3; +https://openai.com/gptbot)"
74.7.227.185 - - [30/Dec/2025:03:56:56 +0300] "GET /?fileloc=//proc/1048/smaps&path=//proc/1048 HTTP/2.0" 200 2537 "-" "Mozilla/5.0 AppleWebKit/537.36 (KHTML, like Gecko; compatible; GPTBot/1.3; +https://openai.com/gptbot)"
74.7.227.185 - - [30/Dec/2025:03:56:56 +0300] "GET /?fileloc=//proc/2175/statm&path=//proc/2175 HTTP/2.0" 200 2564 "-" "Mozilla/5.0 AppleWebKit/537.36 (KHTML, like Gecko; compatible; GPTBot/1.3; +https://openai.com/gptbot)"
74.7.227.185 - - [30/Dec/2025:03:56:57 +0300] "GET /?fileloc=//proc/2175/sched&path=//proc/2175 HTTP/2.0" 200 2961 "-" "Mozilla/5.0 AppleWebKit/537.36 (KHTML, like Gecko; compatible; GPTBot/1.3; +https://openai.com/gptbot)"
74.7.227.185 - - [30/Dec/2025:03:56:57 +0300] "GET /?fileloc=//proc/1046/smaps&path=//proc/1046 HTTP/2.0" 200 2538 "-" "Mozilla/5.0 AppleWebKit/537.36 (KHTML, like Gecko; compatible; GPTBot/1.3; +https://openai.com/gptbot)"
74.7.227.185 - - [30/Dec/2025:03:56:58 +0300] "GET /?fileloc=//proc/2697/sched&path=//proc/2697 HTTP/2.0" 200 2968 "-" "Mozilla/5.0 AppleWebKit/537.36 (KHTML, like Gecko; compatible; GPTBot/1.3; +https://openai.com/gptbot)"
74.7.227.185 - - [30/Dec/2025:03:56:58 +0300] "GET /?fileloc=//proc/2175/stack&path=//proc/2175 HTTP/2.0" 200 2540 "-" "Mozilla/5.0 AppleWebKit/537.36 (KHTML, like Gecko; compatible; GPTBot/1.3; +https://openai.com/gptbot)"
74.7.227.185 - - [30/Dec/2025:03:56:59 +0300] "GET /?fileloc=//proc/2697/statm&path=//proc/2697 HTTP/2.0" 200 2559 "-" "Mozilla/5.0 AppleWebKit/537.36 (KHTML, like Gecko; compatible; GPTBot/1.3; +https://openai.com/gptbot)"
74.7.227.185 - - [30/Dec/2025:03:56:59 +0300] "GET /?fileloc=//proc/1423/stack&path=//proc/1423 HTTP/2.0" 200 2540 "-" "Mozilla/5.0 AppleWebKit/537.36 (KHTML, like Gecko; compatible; GPTBot/1.3; +https://openai.com/gptbot)"
74.7.227.185 - - [30/Dec/2025:03:57:00 +0300] "GET /?fileloc=//proc/1048/stack&path=//proc/1048 HTTP/2.0" 200 2540 "-" "Mozilla/5.0 AppleWebKit/537.36 (KHTML, like Gecko; compatible; GPTBot/1.3; +https://openai.com/gptbot)"
216.73.216.89 - - [30/Dec/2025:03:57:01 +0300] "GET /?fileloc=%2F%2Frun%2Fnginx.pid&path=%2F%2Frun HTTP/2.0" 200 2539 "-" "Mozilla/5.0 AppleWebKit/537.36 (KHTML, like Gecko; compatible; ClaudeBot/1.0; +claudebot@anthropic.com)"
216.73.216.89 - - [30/Dec/2025:03:57:01 +0300] "GET /?fileloc=%2F%2Fsbin%2Fkillall5&path=%2F%2Fsbin HTTP/2.0" 200 2532 "-" "Mozilla/5.0 AppleWebKit/537.36 (KHTML, like Gecko; compatible; ClaudeBot/1.0; +claudebot@anthropic.com)"
216.73.216.89 - - [30/Dec/2025:03:57:01 +0300] "GET /?fileloc=%2F%2Fbin%2Fhandlebars&path=%2F%2Fbin HTTP/2.0" 200 3911 "-" "Mozilla/5.0 AppleWebKit/537.36 (KHTML, like Gecko; compatible; ClaudeBot/1.0; +claudebot@anthropic.com)"
216.73.216.89 - - [30/Dec/2025:03:57:01 +0300] "GET /?fileloc=%2F%2Fbin%2Fsetleds&path=%2F%2Fbin HTTP/2.0" 200 2529 "-" "Mozilla/5.0 AppleWebKit/537.36 (KHTML, like Gecko; compatible; ClaudeBot/1.0; +claudebot@anthropic.com)"
216.73.216.89 - - [30/Dec/2025:03:57:01 +0300] "GET /?fileloc=%2F%2Fsbin%2Flsmod&path=%2F%2Fsbin HTTP/2.0" 200 2529 "-" "Mozilla/5.0 AppleWebKit/537.36 (KHTML, like Gecko; compatible; ClaudeBot/1.0; +claudebot@anthropic.com)"
216.73.216.89 - - [30/Dec/2025:03:57:01 +0300] "GET /?fileloc=%2F%2Fbin%2Fhd&path=%2F%2Fbin HTTP/2.0" 200 2527 "-" "Mozilla/5.0 AppleWebKit/537.36 (KHTML, like Gecko; compatible; ClaudeBot/1.0; +claudebot@anthropic.com)"
216.73.216.89 - - [30/Dec/2025:03:57:01 +0300] "GET /?fileloc=%2F%2Fbin%2Farch&path=%2F%2Fbin HTTP/2.0" 200 2529 "-" "Mozilla/5.0 AppleWebKit/537.36 (KHTML, like Gecko; compatible; ClaudeBot/1.0; +claudebot@anthropic.com)"
216.73.216.89 - - [30/Dec/2025:03:57:01 +0300] "GET /?fileloc=%2F%2Fbin%2Floginctl&path=%2F%2Fbin HTTP/2.0" 200 2531 "-" "Mozilla/5.0 AppleWebKit/537.36 (KHTML, like Gecko; compatible; ClaudeBot/1.0; +claudebot@anthropic.com)"
216.73.216.89 - - [30/Dec/2025:03:57:01 +0300] "GET /?fileloc=%2F%2Fbin%2Fxargs&path=%2F%2Fbin HTTP/2.0" 200 2529 "-" "Mozilla/5.0 AppleWebKit/537.36 (KHTML, like Gecko; compatible; ClaudeBot/1.0; +claudebot@anthropic.com)"
216.73.216.89 - - [30/Dec/2025:03:57:01 +0300] "GET /?fileloc=%2F%2Fbin%2Fhtdbm&path=%2F%2Fbin HTTP/2.0" 200 2529 "-" "Mozilla/5.0 AppleWebKit/537.36 (KHTML, like Gecko; compatible; ClaudeBot/1.0; +claudebot@anthropic.com)"
216.73.216.89 - - [30/Dec/2025:03:57:01 +0300] "GET /?fileloc=%2F%2Fbin%2Fx86_64-linux-gnu-ld.bfd&path=%2F%2Fbin HTTP/2.0" 200 2542 "-" "Mozilla/5.0 AppleWebKit/537.36 (KHTML, like Gecko; compatible; ClaudeBot/1.0; +claudebot@anthropic.com)"
74.7.227.185 - - [30/Dec/2025:03:57:01 +0300] "GET /?fileloc=//proc/1046/wchan&path=//proc/1046 HTTP/2.0" 200 2543 "-" "Mozilla/5.0 AppleWebKit/537.36 (KHTML, like Gecko; compatible; GPTBot/1.3; +https://openai.com/gptbot)"
216.73.216.89 - - [30/Dec/2025:03:57:01 +0300] "GET /?fileloc=%2F%2Fbin%2Fpldd&path=%2F%2Fbin HTTP/2.0" 200 2529 "-" "Mozilla/5.0 AppleWebKit/537.36 (KHTML, like Gecko; compatible; ClaudeBot/1.0; +claudebot@anthropic.com)"
216.73.216.89 - - [30/Dec/2025:03:57:01 +0300] "GET /?fileloc=%2F%2Fbin%2Fshowconsolefont&path=%2F%2Fbin HTTP/2.0" 200 2534 "-" "Mozilla/5.0 AppleWebKit/537.36 (KHTML, like Gecko; compatible; ClaudeBot/1.0; +claudebot@anthropic.com)"
216.73.216.89 - - [30/Dec/2025:03:57:01 +0300] "GET /?fileloc=%2F%2Fbin%2Fpic&path=%2F%2Fbin HTTP/2.0" 200 2528 "-" "Mozilla/5.0 AppleWebKit/537.36 (KHTML, like Gecko; compatible; ClaudeBot/1.0; +claudebot@anthropic.com)"
74.7.227.185 - - [30/Dec/2025:03:57:01 +0300] "GET /?fileloc=//proc/4179/statm&path=//proc/4179 HTTP/2.0" 200 2547 "-" "Mozilla/5.0 AppleWebKit/537.36 (KHTML, like Gecko; compatible; GPTBot/1.3; +https://openai.com/gptbot)"
216.73.216.89 - - [30/Dec/2025:03:57:01 +0300] "GET /?fileloc=%2F%2Fbin%2Ftaskset&path=%2F%2Fbin HTTP/2.0" 200 2529 "-" "Mozilla/5.0 AppleWebKit/537.36 (KHTML, like Gecko; compatible; ClaudeBot/1.0; +claudebot@anthropic.com)"
216.73.216.89 - - [30/Dec/2025:03:57:01 +0300] "GET /?fileloc=%2F%2Fetc%2Finputrc&path=%2F%2Fetc HTTP/2.0" 200 3259 "-" "Mozilla/5.0 AppleWebKit/537.36 (KHTML, like Gecko; compatible; ClaudeBot/1.0; +claudebot@anthropic.com)"
216.73.216.89 - - [30/Dec/2025:03:57:01 +0300] "GET /?fileloc=%2F%2Fetc%2Fsysctl.conf&path=%2F%2Fetc HTTP/2.0" 200 3443 "-" "Mozilla/5.0 AppleWebKit/537.36 (KHTML, like Gecko; compatible; ClaudeBot/1.0; +claudebot@anthropic.com)"
216.73.216.89 - - [30/Dec/2025:03:57:01 +0300] "GET /?fileloc=%2F%2Fbin%2Faddr2line&path=%2F%2Fbin HTTP/2.0" 200 2532 "-" "Mozilla/5.0 AppleWebKit/537.36 (KHTML, like Gecko; compatible; ClaudeBot/1.0; +claudebot@anthropic.com)"
216.73.216.89 - - [30/Dec/2025:03:57:01 +0300] "GET /?fileloc=%2F%2Fproc%2Fiomem&path=%2F%2Fproc HTTP/2.0" 200 2701 "-" "Mozilla/5.0 AppleWebKit/537.36 (KHTML, like Gecko; compatible; ClaudeBot/1.0; +claudebot@anthropic.com)"
216.73.216.89 - - [30/Dec/2025:03:57:02 +0300] "GET /?fileloc=%2F%2Fbin%2Fssh-copy-id&path=%2F%2Fbin HTTP/2.0" 200 7900 "-" "Mozilla/5.0 AppleWebKit/537.36 (KHTML, like Gecko; compatible; ClaudeBot/1.0; +claudebot@anthropic.com)"
74.7.227.185 - - [30/Dec/2025:03:57:02 +0300] "GET /?fileloc=//proc/1048/sched&path=//proc/1048 HTTP/2.0" 200 2988 "-" "Mozilla/5.0 AppleWebKit/537.36 (KHTML, like Gecko; compatible; GPTBot/1.3; +https://openai.com/gptbot)"
216.73.216.89 - - [30/Dec/2025:03:57:02 +0300] "GET /?fileloc=%2F%2Fbin%2Fdu&path=%2F%2Fbin HTTP/2.0" 200 2526 "-" "Mozilla/5.0 AppleWebKit/537.36 (KHTML, like Gecko; compatible; ClaudeBot/1.0; +claudebot@anthropic.com)"
216.73.216.89 - - [30/Dec/2025:03:57:02 +0300] "GET /?fileloc=%2F%2Fbin%2Fjsesc&path=%2F%2Fbin HTTP/2.0" 200 3759 "-" "Mozilla/5.0 AppleWebKit/537.36 (KHTML, like Gecko; compatible; ClaudeBot/1.0; +claudebot@anthropic.com)"
216.73.216.89 - - [30/Dec/2025:03:57:02 +0300] "GET /?fileloc=%2F%2Fsbin%2Fnewusers&path=%2F%2Fsbin HTTP/2.0" 200 2531 "-" "Mozilla/5.0 AppleWebKit/537.36 (KHTML, like Gecko; compatible; ClaudeBot/1.0; +claudebot@anthropic.com)"
216.73.216.89 - - [30/Dec/2025:03:57:02 +0300] "GET /?fileloc=%2F%2Fbin%2Fipcs&path=%2F%2Fbin HTTP/2.0" 200 2528 "-" "Mozilla/5.0 AppleWebKit/537.36 (KHTML, like Gecko; compatible; ClaudeBot/1.0; +claudebot@anthropic.com)"
216.73.216.89 - - [30/Dec/2025:03:57:02 +0300] "GET /?fileloc=%2F%2Fbin%2Fshowkey&path=%2F%2Fbin HTTP/2.0" 200 2530 "-" "Mozilla/5.0 AppleWebKit/537.36 (KHTML, like Gecko; compatible; ClaudeBot/1.0; +claudebot@anthropic.com)"
74.7.227.185 - - [30/Dec/2025:03:57:02 +0300] "GET /?fileloc=//proc/1046/stack&path=//proc/1046 HTTP/2.0" 200 2540 "-" "Mozilla/5.0 AppleWebKit/537.36 (KHTML, like Gecko; compatible; GPTBot/1.3; +https://openai.com/gptbot)"
216.73.216.89 - - [30/Dec/2025:03:57:02 +0300] "GET /?fileloc=%2F%2Fbin%2Fclear&path=%2F%2Fbin HTTP/2.0" 200 2529 "-" "Mozilla/5.0 AppleWebKit/537.36 (KHTML, like Gecko; compatible; ClaudeBot/1.0; +claudebot@anthropic.com)"
216.73.216.89 - - [30/Dec/2025:03:57:02 +0300] "GET /?fileloc=%2F%2Fbin%2Fnc&path=%2F%2Fbin HTTP/2.0" 200 2527 "-" "Mozilla/5.0 AppleWebKit/537.36 (KHTML, like Gecko; compatible; ClaudeBot/1.0; +claudebot@anthropic.com)"
216.73.216.89 - - [30/Dec/2025:03:57:02 +0300] "GET /?fileloc=%2F%2Fbin%2Fmariadb-plugin&path=%2F%2Fbin HTTP/2.0" 200 2536 "-" "Mozilla/5.0 AppleWebKit/537.36 (KHTML, like Gecko; compatible; ClaudeBot/1.0; +claudebot@anthropic.com)"
216.73.216.89 - - [30/Dec/2025:03:57:02 +0300] "GET /?fileloc=%2F%2Fproc%2Fbuddyinfo&path=%2F%2Fproc HTTP/2.0" 200 2606 "-" "Mozilla/5.0 AppleWebKit/537.36 (KHTML, like Gecko; compatible; ClaudeBot/1.0; +claudebot@anthropic.com)"
216.73.216.89 - - [30/Dec/2025:03:57:02 +0300] "GET /?fileloc=%2F%2Fbin%2Fsieve-dump&path=%2F%2Fbin HTTP/2.0" 200 2532 "-" "Mozilla/5.0 AppleWebKit/537.36 (KHTML, like Gecko; compatible; ClaudeBot/1.0; +claudebot@anthropic.com)"
216.73.216.89 - - [30/Dec/2025:03:57:03 +0300] "GET /?fileloc=%2F%2Fbin%2Fphar&path=%2F%2Fbin HTTP/2.0" 200 2528 "-" "Mozilla/5.0 AppleWebKit/537.36 (KHTML, like Gecko; compatible; ClaudeBot/1.0; +claudebot@anthropic.com)"
