188.165.217.198 - - [30/Dec/2025:01:17:32 +0300] "GET /works/restoration/?fileloc=/var/www/levasheva.ru/public/apple-touch-icon-72x72.png&path=/var/www/levasheva.ru/public HTTP/1.1" 200 2588 "-" "Mozilla/5.0 (compatible; MJ12bot/v1.4.8; http://mj12bot.com/)"
188.165.217.198 - - [30/Dec/2025:01:17:35 +0300] "GET /works/restoration/?fileloc=/var/www/levasheva.ru/public/apple-touch-icon-76x76.png&path=/var/www/levasheva.ru/public HTTP/1.1" 200 2588 "-" "Mozilla/5.0 (compatible; MJ12bot/v1.4.8; http://mj12bot.com/)"
188.165.217.198 - - [30/Dec/2025:01:17:37 +0300] "GET /works/restoration/?fileloc=/var/www/levasheva.ru/public/apple-touch-icon-precomposed.png&path=/var/www/levasheva.ru/public HTTP/1.1" 200 2590 "-" "Mozilla/5.0 (compatible; MJ12bot/v1.4.8; http://mj12bot.com/)"
188.165.217.198 - - [30/Dec/2025:01:17:41 +0300] "GET /works/restoration/?fileloc=/var/www/levasheva.ru/public/apple-touch-icon.png&path=/var/www/levasheva.ru/public HTTP/1.1" 200 2583 "-" "Mozilla/5.0 (compatible; MJ12bot/v1.4.8; http://mj12bot.com/)"
188.165.217.198 - - [30/Dec/2025:01:17:48 +0300] "GET /works/restoration/?fileloc=/var/www/levasheva.ru/public/browserconfig.xml&path=/var/www/levasheva.ru/public HTTP/1.1" 200 2741 "-" "Mozilla/5.0 (compatible; MJ12bot/v1.4.8; http://mj12bot.com/)"
188.165.217.198 - - [30/Dec/2025:01:17:51 +0300] "GET /works/restoration/?fileloc=/var/www/levasheva.ru/public/favicon-160x160.png&path=/var/www/levasheva.ru/public HTTP/1.1" 200 2582 "-" "Mozilla/5.0 (compatible; MJ12bot/v1.4.8; http://mj12bot.com/)"
188.165.217.198 - - [30/Dec/2025:01:17:53 +0300] "GET /works/restoration/?fileloc=/var/www/levasheva.ru/public/favicon-16x16.png&path=/var/www/levasheva.ru/public HTTP/1.1" 200 2581 "-" "Mozilla/5.0 (compatible; MJ12bot/v1.4.8; http://mj12bot.com/)"
51.195.183.96 - - [30/Dec/2025:01:17:53 +0300] "GET /?fileloc=/var/www/levasheva.ru/public/wp-load.php&path=/var/www/levasheva.ru/public HTTP/2.0" 200 4194 "-" "Mozilla/5.0 (compatible; AhrefsBot/7.0; +http://ahrefs.com/robot/)"
216.73.216.89 - - [30/Dec/2025:01:17:54 +0300] "GET /works/japanese-painting/irina_levasheva_japan_painting_070?fileloc=%2Fvar%2Fwww%2Flevasheva.ru%2Fpublic%2Finfo.php&path=%2Fvar%2Fwww%2Flevasheva.ru%2Fpublic HTTP/2.0" 200 2586 "-" "Mozilla/5.0 AppleWebKit/537.36 (KHTML, like Gecko; compatible; ClaudeBot/1.0; +claudebot@anthropic.com)"
216.73.216.89 - - [30/Dec/2025:01:17:54 +0300] "GET /works/japanese-painting/irina_levasheva_japan_painting_070?fileloc=%2Fvar%2Fwww%2Flevasheva.ru%2Fpublic%2Fwp-trackback.php&path=%2Fvar%2Fwww%2Flevasheva.ru%2Fpublic HTTP/2.0" 200 4404 "-" "Mozilla/5.0 AppleWebKit/537.36 (KHTML, like Gecko; compatible; ClaudeBot/1.0; +claudebot@anthropic.com)"
216.73.216.89 - - [30/Dec/2025:01:17:55 +0300] "GET /works/japanese-painting/irina_levasheva_japan_painting_070?fileloc=%2Fvar%2Fwww%2Flevasheva.ru%2Fpublic%2Fwp-cron.php&path=%2Fvar%2Fwww%2Flevasheva.ru%2Fpublic HTTP/2.0" 200 4650 "-" "Mozilla/5.0 AppleWebKit/537.36 (KHTML, like Gecko; compatible; ClaudeBot/1.0; +claudebot@anthropic.com)"
188.165.217.198 - - [30/Dec/2025:01:17:56 +0300] "GET /works/restoration/?fileloc=/var/www/levasheva.ru/public/favicon-192x192.png&path=/var/www/levasheva.ru/public HTTP/1.1" 200 2582 "-" "Mozilla/5.0 (compatible; MJ12bot/v1.4.8; http://mj12bot.com/)"
188.165.217.198 - - [30/Dec/2025:01:17:59 +0300] "GET /works/restoration/?fileloc=/var/www/levasheva.ru/public/favicon-32x32.png&path=/var/www/levasheva.ru/public HTTP/1.1" 200 2581 "-" "Mozilla/5.0 (compatible; MJ12bot/v1.4.8; http://mj12bot.com/)"
188.165.217.198 - - [30/Dec/2025:01:18:02 +0300] "GET /works/restoration/?fileloc=/var/www/levasheva.ru/public/favicon-96x96.png&path=/var/www/levasheva.ru/public HTTP/1.1" 200 2582 "-" "Mozilla/5.0 (compatible; MJ12bot/v1.4.8; http://mj12bot.com/)"
188.165.217.198 - - [30/Dec/2025:01:18:06 +0300] "GET /works/restoration/?fileloc=/var/www/levasheva.ru/public/index.php&path=/var/www/levasheva.ru/public HTTP/1.1" 200 2795 "-" "Mozilla/5.0 (compatible; MJ12bot/v1.4.8; http://mj12bot.com/)"
216.73.216.89 - - [30/Dec/2025:01:18:08 +0300] "GET /works/japanese-painting/irina_levasheva_japan_painting_070?fileloc=%2Fvar%2Fwww%2Flevasheva.ru%2Fpublic%2Ffavicon-192x192.png&path=%2Fvar%2Fwww%2Flevasheva.ru%2Fpublic HTTP/2.0" 200 2570 "-" "Mozilla/5.0 AppleWebKit/537.36 (KHTML, like Gecko; compatible; ClaudeBot/1.0; +claudebot@anthropic.com)"
216.73.216.89 - - [30/Dec/2025:01:18:08 +0300] "GET /works/japanese-painting/irina_levasheva_japan_painting_070?fileloc=%2Fvar%2Fwww%2Flevasheva.ru%2Fpublic%2Fmstile-70x70.png&path=%2Fvar%2Fwww%2Flevasheva.ru%2Fpublic HTTP/2.0" 200 2568 "-" "Mozilla/5.0 AppleWebKit/537.36 (KHTML, like Gecko; compatible; ClaudeBot/1.0; +claudebot@anthropic.com)"
188.165.217.198 - - [30/Dec/2025:01:18:10 +0300] "GET /works/restoration/?fileloc=/var/www/levasheva.ru/public/info.php&path=/var/www/levasheva.ru/public HTTP/1.1" 200 2598 "-" "Mozilla/5.0 (compatible; MJ12bot/v1.4.8; http://mj12bot.com/)"
188.165.217.198 - - [30/Dec/2025:01:18:13 +0300] "GET /works/restoration/?fileloc=/var/www/levasheva.ru/public/license.txt&path=/var/www/levasheva.ru/public HTTP/1.1" 200 9949 "-" "Mozilla/5.0 (compatible; MJ12bot/v1.4.8; http://mj12bot.com/)"
188.165.217.198 - - [30/Dec/2025:01:18:15 +0300] "GET /works/restoration/?fileloc=/var/www/levasheva.ru/public/mstile-144x144.png&path=/var/www/levasheva.ru/public HTTP/1.1" 200 2580 "-" "Mozilla/5.0 (compatible; MJ12bot/v1.4.8; http://mj12bot.com/)"
188.165.217.198 - - [30/Dec/2025:01:18:18 +0300] "GET /works/restoration/?fileloc=/var/www/levasheva.ru/public/mstile-150x150.png&path=/var/www/levasheva.ru/public HTTP/1.1" 200 2580 "-" "Mozilla/5.0 (compatible; MJ12bot/v1.4.8; http://mj12bot.com/)"
188.165.217.198 - - [30/Dec/2025:01:18:22 +0300] "GET /works/restoration/?fileloc=/var/www/levasheva.ru/public/mstile-310x150.png&path=/var/www/levasheva.ru/public HTTP/1.1" 200 2581 "-" "Mozilla/5.0 (compatible; MJ12bot/v1.4.8; http://mj12bot.com/)"
188.165.217.198 - - [30/Dec/2025:01:18:26 +0300] "GET /works/restoration/?fileloc=/var/www/levasheva.ru/public/mstile-310x310.png&path=/var/www/levasheva.ru/public HTTP/1.1" 200 2580 "-" "Mozilla/5.0 (compatible; MJ12bot/v1.4.8; http://mj12bot.com/)"
188.165.217.198 - - [30/Dec/2025:01:18:28 +0300] "GET /works/restoration/?fileloc=/var/www/levasheva.ru/public/mstile-70x70.png&path=/var/www/levasheva.ru/public HTTP/1.1" 200 2580 "-" "Mozilla/5.0 (compatible; MJ12bot/v1.4.8; http://mj12bot.com/)"
188.165.217.198 - - [30/Dec/2025:01:18:32 +0300] "GET /works/restoration/?fileloc=/var/www/levasheva.ru/public/readme.html&path=/var/www/levasheva.ru/public HTTP/1.1" 200 5655 "-" "Mozilla/5.0 (compatible; MJ12bot/v1.4.8; http://mj12bot.com/)"
188.165.217.198 - - [30/Dec/2025:01:18:35 +0300] "GET /works/restoration/?fileloc=/var/www/levasheva.ru/public/wp-activate.php&path=/var/www/levasheva.ru/public HTTP/1.1" 200 5085 "-" "Mozilla/5.0 (compatible; MJ12bot/v1.4.8; http://mj12bot.com/)"
188.165.217.198 - - [30/Dec/2025:01:18:37 +0300] "GET /works/restoration/?fileloc=/var/www/levasheva.ru/public/wp-blog-header.php&path=/var/www/levasheva.ru/public HTTP/1.1" 200 2770 "-" "Mozilla/5.0 (compatible; MJ12bot/v1.4.8; http://mj12bot.com/)"
188.165.217.198 - - [30/Dec/2025:01:18:40 +0300] "GET /works/restoration/?fileloc=/var/www/levasheva.ru/public/wp-comments-post.php&path=/var/www/levasheva.ru/public HTTP/1.1" 200 3624 "-" "Mozilla/5.0 (compatible; MJ12bot/v1.4.8; http://mj12bot.com/)"
216.73.216.89 - - [30/Dec/2025:01:18:44 +0300] "GET /works/japanese-painting/irina_levasheva_japan_painting_070?fileloc=%2Fvar%2Fwww%2Flevasheva.ru%2Fpublic%2Fapple-touch-icon.png&path=%2Fvar%2Fwww%2Flevasheva.ru%2Fpublic HTTP/2.0" 200 2571 "-" "Mozilla/5.0 AppleWebKit/537.36 (KHTML, like Gecko; compatible; ClaudeBot/1.0; +claudebot@anthropic.com)"
216.73.216.89 - - [30/Dec/2025:01:18:44 +0300] "GET /works/japanese-painting/irina_levasheva_japan_painting_070?fileloc=%2Fvar%2Fwww%2Flevasheva.ru%2Fpublic%2Flicense.txt&path=%2Fvar%2Fwww%2Flevasheva.ru%2Fpublic HTTP/2.0" 200 9936 "-" "Mozilla/5.0 AppleWebKit/537.36 (KHTML, like Gecko; compatible; ClaudeBot/1.0; +claudebot@anthropic.com)"
188.165.217.198 - - [30/Dec/2025:01:18:44 +0300] "GET /works/restoration/?fileloc=/var/www/levasheva.ru/public/wp-config-sample.php&path=/var/www/levasheva.ru/public HTTP/1.1" 200 3874 "-" "Mozilla/5.0 (compatible; MJ12bot/v1.4.8; http://mj12bot.com/)"
51.195.244.98 - - [30/Dec/2025:01:18:47 +0300] "GET /?fileloc=/var/www/levasheva.ru/public/wp-links-opml.php&path=/var/www/levasheva.ru/public HTTP/2.0" 200 3685 "-" "Mozilla/5.0 (compatible; AhrefsBot/7.0; +http://ahrefs.com/robot/)"
188.165.217.198 - - [30/Dec/2025:01:18:48 +0300] "GET /works/restoration/?fileloc=/var/www/levasheva.ru/public/wp-config.php&path=/var/www/levasheva.ru/public HTTP/1.1" 200 3526 "-" "Mozilla/5.0 (compatible; MJ12bot/v1.4.8; http://mj12bot.com/)"
188.165.217.198 - - [30/Dec/2025:01:18:50 +0300] "GET /works/restoration/?fileloc=/var/www/levasheva.ru/public/wp-cron.php&path=/var/www/levasheva.ru/public HTTP/1.1" 200 4663 "-" "Mozilla/5.0 (compatible; MJ12bot/v1.4.8; http://mj12bot.com/)"
188.165.217.198 - - [30/Dec/2025:01:18:55 +0300] "GET /works/restoration/?fileloc=/var/www/levasheva.ru/public/wp-links-opml.php&path=/var/www/levasheva.ru/public HTTP/1.1" 200 3697 "-" "Mozilla/5.0 (compatible; MJ12bot/v1.4.8; http://mj12bot.com/)"
188.165.217.198 - - [30/Dec/2025:01:19:00 +0300] "GET /works/restoration/?fileloc=/var/www/levasheva.ru/public/wp-load.php&path=/var/www/levasheva.ru/public HTTP/1.1" 200 4207 "-" "Mozilla/5.0 (compatible; MJ12bot/v1.4.8; http://mj12bot.com/)"
188.165.217.198 - - [30/Dec/2025:01:19:03 +0300] "GET /works/restoration/?fileloc=/var/www/levasheva.ru/public/wp-mail.php&path=/var/www/levasheva.ru/public HTTP/1.1" 200 5621 "-" "Mozilla/5.0 (compatible; MJ12bot/v1.4.8; http://mj12bot.com/)"
188.165.217.198 - - [30/Dec/2025:01:19:06 +0300] "GET /works/restoration/?fileloc=/var/www/levasheva.ru/public/wp-settings.php&path=/var/www/levasheva.ru/public HTTP/1.1" 200 8808 "-" "Mozilla/5.0 (compatible; MJ12bot/v1.4.8; http://mj12bot.com/)"
188.165.217.198 - - [30/Dec/2025:01:19:08 +0300] "GET /works/restoration/?fileloc=/var/www/levasheva.ru/public/wp-signup.php&path=/var/www/levasheva.ru/public HTTP/1.1" 200 10782 "-" "Mozilla/5.0 (compatible; MJ12bot/v1.4.8; http://mj12bot.com/)"
188.165.217.198 - - [30/Dec/2025:01:19:12 +0300] "GET /works/restoration/?fileloc=/var/www/levasheva.ru/public/wp-trackback.php&path=/var/www/levasheva.ru/public HTTP/1.1" 200 4417 "-" "Mozilla/5.0 (compatible; MJ12bot/v1.4.8; http://mj12bot.com/)"
216.73.216.89 - - [30/Dec/2025:01:19:13 +0300] "GET /works/japanese-painting/irina_levasheva_japan_painting_070?fileloc=%2Fvar%2Fwww%2Flevasheva.ru%2Fpublic%2Ffavicon-16x16.png&path=%2Fvar%2Fwww%2Flevasheva.ru%2Fpublic HTTP/2.0" 200 2569 "-" "Mozilla/5.0 AppleWebKit/537.36 (KHTML, like Gecko; compatible; ClaudeBot/1.0; +claudebot@anthropic.com)"
216.73.216.89 - - [30/Dec/2025:01:19:13 +0300] "GET /works/japanese-painting/irina_levasheva_japan_painting_070?fileloc=%2Fvar%2Fwww%2Flevasheva.ru%2Fpublic%2Fmstile-150x150.png&path=%2Fvar%2Fwww%2Flevasheva.ru%2Fpublic HTTP/2.0" 200 2568 "-" "Mozilla/5.0 AppleWebKit/537.36 (KHTML, like Gecko; compatible; ClaudeBot/1.0; +claudebot@anthropic.com)"
188.165.217.198 - - [30/Dec/2025:01:19:16 +0300] "GET /works/restoration/?path=/ HTTP/1.1" 200 3807 "-" "Mozilla/5.0 (compatible; MJ12bot/v1.4.8; http://mj12bot.com/)"
188.165.217.198 - - [30/Dec/2025:01:19:20 +0300] "GET /works/restoration/?path=/var HTTP/1.1" 200 3286 "-" "Mozilla/5.0 (compatible; MJ12bot/v1.4.8; http://mj12bot.com/)"
188.165.217.198 - - [30/Dec/2025:01:19:23 +0300] "GET /works/restoration/?path=/var/www HTTP/1.1" 200 3040 "-" "Mozilla/5.0 (compatible; MJ12bot/v1.4.8; http://mj12bot.com/)"
208.109.34.85 - - [30/Dec/2025:01:19:23 +0300] "GET /wp-login.php HTTP/2.0" 200 4920 "-" "Mozilla/5.0 (Macintosh; Intel Mac OS X 10_11_6) AppleWebKit/537.36 (KHTML, like Gecko) Chrome/67.0.3396.79 Safari/537.36"
216.73.216.89 - - [30/Dec/2025:01:19:25 +0300] "GET /works/japanese-painting/irina_levasheva_japan_painting_070?fileloc=%2Fvar%2Fwww%2Flevasheva.ru%2Fpublic%2Fmstile-310x310.png&path=%2Fvar%2Fwww%2Flevasheva.ru%2Fpublic HTTP/2.0" 200 2568 "-" "Mozilla/5.0 AppleWebKit/537.36 (KHTML, like Gecko; compatible; ClaudeBot/1.0; +claudebot@anthropic.com)"
216.73.216.89 - - [30/Dec/2025:01:19:25 +0300] "GET /works/japanese-painting/irina_levasheva_japan_painting_070?fileloc=%2Fvar%2Fwww%2Flevasheva.ru%2Fpublic%2Fmstile-310x150.png&path=%2Fvar%2Fwww%2Flevasheva.ru%2Fpublic HTTP/2.0" 200 2569 "-" "Mozilla/5.0 AppleWebKit/537.36 (KHTML, like Gecko; compatible; ClaudeBot/1.0; +claudebot@anthropic.com)"
208.109.34.85 - - [30/Dec/2025:01:19:26 +0300] "POST /wp-login.php HTTP/2.0" 200 4920 "https://levasheva.ru/wp-login.php" "Mozilla/5.0 (Macintosh; Intel Mac OS X 10_11_6) AppleWebKit/537.36 (KHTML, like Gecko) Chrome/67.0.3396.79 Safari/537.36"
188.165.217.198 - - [30/Dec/2025:01:19:28 +0300] "GET /works/restoration/?path=/var/www/levasheva.ru HTTP/1.1" 200 2964 "-" "Mozilla/5.0 (compatible; MJ12bot/v1.4.8; http://mj12bot.com/)"
188.165.217.198 - - [30/Dec/2025:01:19:31 +0300] "GET /works/restoration/?path=/var/www/levasheva.ru/public HTTP/1.1" 200 4933 "-" "Mozilla/5.0 (compatible; MJ12bot/v1.4.8; http://mj12bot.com/)"
188.165.217.198 - - [30/Dec/2025:01:19:37 +0300] "GET /works/restoration/?path=/var/www/levasheva.ru/public/.tmb HTTP/1.1" 200 4638 "-" "Mozilla/5.0 (compatible; MJ12bot/v1.4.8; http://mj12bot.com/)"
216.73.216.89 - - [30/Dec/2025:01:19:38 +0300] "GET /works/japanese-painting/irina_levasheva_japan_painting_070?fileloc=%2Fvar%2Fwww%2Flevasheva.ru%2Fpublic%2Fmstile-144x144.png&path=%2Fvar%2Fwww%2Flevasheva.ru%2Fpublic HTTP/2.0" 200 2568 "-" "Mozilla/5.0 AppleWebKit/537.36 (KHTML, like Gecko; compatible; ClaudeBot/1.0; +claudebot@anthropic.com)"
216.73.216.89 - - [30/Dec/2025:01:19:38 +0300] "GET /works/japanese-painting/irina_levasheva_japan_painting_070?fileloc=%2Fvar%2Fwww%2Flevasheva.ru%2Fpublic%2Ffavicon-160x160.png&path=%2Fvar%2Fwww%2Flevasheva.ru%2Fpublic HTTP/2.0" 200 2570 "-" "Mozilla/5.0 AppleWebKit/537.36 (KHTML, like Gecko; compatible; ClaudeBot/1.0; +claudebot@anthropic.com)"
188.165.217.198 - - [30/Dec/2025:01:19:41 +0300] "GET /works/restoration/?path=/var/www/levasheva.ru/public/wp-admin HTTP/1.1" 200 7345 "-" "Mozilla/5.0 (compatible; MJ12bot/v1.4.8; http://mj12bot.com/)"
51.89.129.154 - - [30/Dec/2025:01:19:46 +0300] "GET /?fileloc=/var/www/levasheva.ru/public/wp-cron.php&path=/var/www/levasheva.ru/public HTTP/2.0" 200 4650 "-" "Mozilla/5.0 (compatible; AhrefsBot/7.0; +http://ahrefs.com/robot/)"
216.73.216.89 - - [30/Dec/2025:01:20:39 +0300] "GET /works/japanese-painting/irina_levasheva_japan_painting_070?path=%2Fvar HTTP/2.0" 200 3274 "-" "Mozilla/5.0 AppleWebKit/537.36 (KHTML, like Gecko; compatible; ClaudeBot/1.0; +claudebot@anthropic.com)"
216.73.216.89 - - [30/Dec/2025:01:20:39 +0300] "GET /works/japanese-painting/irina_levasheva_japan_painting_070?path=%2Fvar%2Fwww%2Flevasheva.ru%2Fpublic%2Fwp-content HTTP/2.0" 200 3304 "-" "Mozilla/5.0 AppleWebKit/537.36 (KHTML, like Gecko; compatible; ClaudeBot/1.0; +claudebot@anthropic.com)"
216.73.216.89 - - [30/Dec/2025:01:20:39 +0300] "GET /works/japanese-painting/irina_levasheva_japan_painting_070?path=%2F HTTP/2.0" 200 3795 "-" "Mozilla/5.0 AppleWebKit/537.36 (KHTML, like Gecko; compatible; ClaudeBot/1.0; +claudebot@anthropic.com)"
216.73.216.89 - - [30/Dec/2025:01:20:45 +0300] "GET /works/japanese-painting/irina_levasheva_japan_painting_070?fileloc=%2Fvar%2Fwww%2Flevasheva.ru%2Fpublic%2Fwp-signup.php&path=%2Fvar%2Fwww%2Flevasheva.ru%2Fpublic HTTP/2.0" 200 10769 "-" "Mozilla/5.0 AppleWebKit/537.36 (KHTML, like Gecko; compatible; ClaudeBot/1.0; +claudebot@anthropic.com)"
216.73.216.89 - - [30/Dec/2025:01:20:45 +0300] "GET /works/japanese-painting/irina_levasheva_japan_painting_070?fileloc=%2Fvar%2Fwww%2Flevasheva.ru%2Fpublic%2Freadme.html&path=%2Fvar%2Fwww%2Flevasheva.ru%2Fpublic HTTP/2.0" 200 5642 "-" "Mozilla/5.0 AppleWebKit/537.36 (KHTML, like Gecko; compatible; ClaudeBot/1.0; +claudebot@anthropic.com)"
51.195.244.84 - - [30/Dec/2025:01:20:51 +0300] "GET /?fileloc=/var/www/levasheva.ru/public/wp-config.php&path=/var/www/levasheva.ru/public HTTP/2.0" 200 3514 "-" "Mozilla/5.0 (compatible; AhrefsBot/7.0; +http://ahrefs.com/robot/)"
216.73.216.89 - - [30/Dec/2025:01:20:51 +0300] "GET /works/japanese-painting/irina_levasheva_japan_painting_070?fileloc=%2Fvar%2Fwww%2Flevasheva.ru%2Fpublic%2Ffavicon-96x96.png&path=%2Fvar%2Fwww%2Flevasheva.ru%2Fpublic HTTP/2.0" 200 2570 "-" "Mozilla/5.0 AppleWebKit/537.36 (KHTML, like Gecko; compatible; ClaudeBot/1.0; +claudebot@anthropic.com)"
216.73.216.89 - - [30/Dec/2025:01:20:51 +0300] "GET /works/japanese-painting/irina_levasheva_japan_painting_070?fileloc=%2Fvar%2Fwww%2Flevasheva.ru%2Fpublic%2Ffavicon-32x32.png&path=%2Fvar%2Fwww%2Flevasheva.ru%2Fpublic HTTP/2.0" 200 2569 "-" "Mozilla/5.0 AppleWebKit/537.36 (KHTML, like Gecko; compatible; ClaudeBot/1.0; +claudebot@anthropic.com)"
198.244.240.36 - - [30/Dec/2025:01:21:50 +0300] "GET /?fileloc=/var/www/levasheva.ru/public/wp-config-sample.php&path=/var/www/levasheva.ru/public HTTP/2.0" 200 3862 "-" "Mozilla/5.0 (compatible; AhrefsBot/7.0; +http://ahrefs.com/robot/)"
51.195.215.182 - - [30/Dec/2025:01:22:51 +0300] "GET /?fileloc=/var/www/levasheva.ru/public/wp-comments-post.php&path=/var/www/levasheva.ru/public HTTP/2.0" 200 3612 "-" "Mozilla/5.0 (compatible; AhrefsBot/7.0; +http://ahrefs.com/robot/)"
51.195.183.26 - - [30/Dec/2025:01:23:49 +0300] "GET /?fileloc=/var/www/levasheva.ru/public/wp-blog-header.php&path=/var/www/levasheva.ru/public HTTP/2.0" 200 2758 "-" "Mozilla/5.0 (compatible; AhrefsBot/7.0; +http://ahrefs.com/robot/)"
135.235.161.115 - - [30/Dec/2025:01:24:20 +0300] "GET /info.php HTTP/1.1" 301 162 "https://www.yahoo.com/" "Mozilla/5.0 (Linux; Android 12; 2201116SG) AppleWebKit/537.36 (KHTML, like Gecko) Chrome/116.0.0.0 Mobile Safari/537.36"
135.235.161.115 - - [30/Dec/2025:01:24:21 +0300] "GET /info.php HTTP/1.1" 200 82679 "https://www.yahoo.com/" "Mozilla/5.0 (Linux; Android 12; 2201116SG) AppleWebKit/537.36 (KHTML, like Gecko) Chrome/116.0.0.0 Mobile Safari/537.36"
135.235.161.115 - - [30/Dec/2025:01:24:22 +0300] "GET /about.php HTTP/1.1" 301 162 "https://duckduckgo.com/" "Mozilla/5.0 (Linux; Android 14; Pixel 8 Pro) AppleWebKit/537.36 (KHTML, like Gecko) Chrome/119.0.0.0 Mobile Safari/537.36"
135.235.161.115 - - [30/Dec/2025:01:24:22 +0300] "GET /about.php HTTP/1.1" 200 79147 "https://duckduckgo.com/" "Mozilla/5.0 (Linux; Android 14; Pixel 8 Pro) AppleWebKit/537.36 (KHTML, like Gecko) Chrome/119.0.0.0 Mobile Safari/537.36"
135.235.161.115 - - [30/Dec/2025:01:24:22 +0300] "GET /admin.php HTTP/1.1" 301 162 "https://www.google.fr/" "Mozilla/5.0 (iPad; CPU OS 17_0_3 like Mac OS X) AppleWebKit/605.1.15 (KHTML, like Gecko) Version/17.0.1 Mobile/15E148 Safari/604.1"
135.235.161.115 - - [30/Dec/2025:01:24:23 +0300] "GET /admin.php HTTP/1.1" 200 79147 "https://www.google.fr/" "Mozilla/5.0 (iPad; CPU OS 17_0_3 like Mac OS X) AppleWebKit/605.1.15 (KHTML, like Gecko) Version/17.0.1 Mobile/15E148 Safari/604.1"
135.235.161.115 - - [30/Dec/2025:01:24:23 +0300] "GET /edit.php HTTP/1.1" 301 162 "https://www.bing.com/" "Mozilla/5.0 (iPad; CPU OS 17_0_3 like Mac OS X) AppleWebKit/605.1.15 (KHTML, like Gecko) Version/17.0.1 Mobile/15E148 Safari/604.1"
135.235.161.115 - - [30/Dec/2025:01:24:23 +0300] "GET /edit.php HTTP/1.1" 200 79147 "https://www.bing.com/" "Mozilla/5.0 (iPad; CPU OS 17_0_3 like Mac OS X) AppleWebKit/605.1.15 (KHTML, like Gecko) Version/17.0.1 Mobile/15E148 Safari/604.1"
135.235.161.115 - - [30/Dec/2025:01:24:23 +0300] "GET /ahax.php HTTP/1.1" 301 162 "https://www.google.co.uk/" "Mozilla/5.0 (iPhone; CPU iPhone OS 16_0 like Mac OS X) AppleWebKit/605.1.15 (KHTML, like Gecko) FxiOS/118.0 Mobile/15E148 Safari/605.1.15"
135.235.161.115 - - [30/Dec/2025:01:24:23 +0300] "GET /ahax.php HTTP/1.1" 200 79147 "https://www.google.co.uk/" "Mozilla/5.0 (iPhone; CPU iPhone OS 16_0 like Mac OS X) AppleWebKit/605.1.15 (KHTML, like Gecko) FxiOS/118.0 Mobile/15E148 Safari/605.1.15"
135.235.161.115 - - [30/Dec/2025:01:24:24 +0300] "GET /ioxi-o.php HTTP/1.1" 301 162 "https://www.google.fr/" "Mozilla/5.0 (iPad; CPU OS 16_7_2 like Mac OS X) AppleWebKit/605.1.15 (KHTML, like Gecko) Version/16.6 Mobile/15E148 Safari/604.1"
135.235.161.115 - - [30/Dec/2025:01:24:24 +0300] "GET /ioxi-o.php HTTP/1.1" 200 79147 "https://www.google.fr/" "Mozilla/5.0 (iPad; CPU OS 16_7_2 like Mac OS X) AppleWebKit/605.1.15 (KHTML, like Gecko) Version/16.6 Mobile/15E148 Safari/604.1"
135.235.161.115 - - [30/Dec/2025:01:24:24 +0300] "GET /bless.php HTTP/1.1" 301 162 "https://www.bing.com/" "Mozilla/5.0 (iPhone; CPU iPhone OS 17_0_3 like Mac OS X) AppleWebKit/605.1.15 (KHTML, like Gecko) Version/17.0.1 Mobile/15E148 Safari/604.1"
135.235.161.115 - - [30/Dec/2025:01:24:24 +0300] "GET /bless.php HTTP/1.1" 200 79147 "https://www.bing.com/" "Mozilla/5.0 (iPhone; CPU iPhone OS 17_0_3 like Mac OS X) AppleWebKit/605.1.15 (KHTML, like Gecko) Version/17.0.1 Mobile/15E148 Safari/604.1"
135.235.161.115 - - [30/Dec/2025:01:24:24 +0300] "GET /bolt.php HTTP/1.1" 301 162 "https://www.google.com/" "Mozilla/5.0 (Linux; Android 11; CPH2251) AppleWebKit/537.36 (KHTML, like Gecko) Chrome/116.0.0.0 Mobile Safari/537.36"
135.235.161.115 - - [30/Dec/2025:01:24:25 +0300] "GET /bolt.php HTTP/1.1" 200 79147 "https://www.google.com/" "Mozilla/5.0 (Linux; Android 11; CPH2251) AppleWebKit/537.36 (KHTML, like Gecko) Chrome/116.0.0.0 Mobile Safari/537.36"
135.235.161.115 - - [30/Dec/2025:01:24:25 +0300] "GET /adminfuns.php HTTP/1.1" 301 162 "https://www.google.co.uk/" "Mozilla/5.0 (iPhone; CPU iPhone OS 17_1_1 like Mac OS X) AppleWebKit/605.1.15 (KHTML, like Gecko) Version/17.1 Mobile/15E148 Safari/604.1"
135.235.161.115 - - [30/Dec/2025:01:24:25 +0300] "GET /adminfuns.php HTTP/1.1" 200 79147 "https://www.google.co.uk/" "Mozilla/5.0 (iPhone; CPU iPhone OS 17_1_1 like Mac OS X) AppleWebKit/605.1.15 (KHTML, like Gecko) Version/17.1 Mobile/15E148 Safari/604.1"
135.235.161.115 - - [30/Dec/2025:01:24:25 +0300] "GET /classwithtostring.php HTTP/1.1" 301 162 "https://www.google.fr/" "Mozilla/5.0 (Linux; Android 12; 2201116SG) AppleWebKit/537.36 (KHTML, like Gecko) Chrome/116.0.0.0 Mobile Safari/537.36"
135.235.161.115 - - [30/Dec/2025:01:24:25 +0300] "GET /classwithtostring.php HTTP/1.1" 200 79147 "https://www.google.fr/" "Mozilla/5.0 (Linux; Android 12; 2201116SG) AppleWebKit/537.36 (KHTML, like Gecko) Chrome/116.0.0.0 Mobile Safari/537.36"
135.235.161.115 - - [30/Dec/2025:01:24:26 +0300] "GET /file.php HTTP/1.1" 301 162 "https://www.google.de/" "Mozilla/5.0 (iPhone; CPU iPhone OS 17_0_3 like Mac OS X) AppleWebKit/605.1.15 (KHTML, like Gecko) Version/17.0.1 Mobile/15E148 Safari/604.1"
135.235.161.115 - - [30/Dec/2025:01:24:26 +0300] "GET /file.php HTTP/1.1" 200 79147 "https://www.google.de/" "Mozilla/5.0 (iPhone; CPU iPhone OS 17_0_3 like Mac OS X) AppleWebKit/605.1.15 (KHTML, like Gecko) Version/17.0.1 Mobile/15E148 Safari/604.1"
135.235.161.115 - - [30/Dec/2025:01:24:26 +0300] "GET /abcd.php HTTP/1.1" 301 162 "https://www.bing.com/" "Mozilla/5.0 (Linux; Android 12; SM-A525F) AppleWebKit/537.36 (KHTML, like Gecko) Chrome/117.0.0.0 Mobile Safari/537.36"
135.235.161.115 - - [30/Dec/2025:01:24:26 +0300] "GET /abcd.php HTTP/1.1" 200 79147 "https://www.bing.com/" "Mozilla/5.0 (Linux; Android 12; SM-A525F) AppleWebKit/537.36 (KHTML, like Gecko) Chrome/117.0.0.0 Mobile Safari/537.36"
135.235.161.115 - - [30/Dec/2025:01:24:26 +0300] "GET /akcc.php HTTP/1.1" 301 162 "https://www.google.co.uk/" "Mozilla/5.0 (iPhone; CPU iPhone OS 16_0 like Mac OS X) AppleWebKit/605.1.15 (KHTML, like Gecko) FxiOS/118.0 Mobile/15E148 Safari/605.1.15"
135.235.161.115 - - [30/Dec/2025:01:24:27 +0300] "GET /akcc.php HTTP/1.1" 200 79147 "https://www.google.co.uk/" "Mozilla/5.0 (iPhone; CPU iPhone OS 16_0 like Mac OS X) AppleWebKit/605.1.15 (KHTML, like Gecko) FxiOS/118.0 Mobile/15E148 Safari/605.1.15"
135.235.161.115 - - [30/Dec/2025:01:24:27 +0300] "GET /k.php HTTP/1.1" 301 162 "https://www.google.de/" "Mozilla/5.0 (Linux; Android 12; SM-A525F) AppleWebKit/537.36 (KHTML, like Gecko) Chrome/117.0.0.0 Mobile Safari/537.36"
135.235.161.115 - - [30/Dec/2025:01:24:27 +0300] "GET /k.php HTTP/1.1" 200 79147 "https://www.google.de/" "Mozilla/5.0 (Linux; Android 12; SM-A525F) AppleWebKit/537.36 (KHTML, like Gecko) Chrome/117.0.0.0 Mobile Safari/537.36"
135.235.161.115 - - [30/Dec/2025:01:24:27 +0300] "GET /xmlrpc.php HTTP/1.1" 301 162 "https://www.google.fr/" "Mozilla/5.0 (iPad; CPU OS 17_0_3 like Mac OS X) AppleWebKit/605.1.15 (KHTML, like Gecko) Version/17.0.1 Mobile/15E148 Safari/604.1"
135.235.161.115 - - [30/Dec/2025:01:24:27 +0300] "GET /xmlrpc.php HTTP/1.1" 200 79147 "https://www.google.fr/" "Mozilla/5.0 (iPad; CPU OS 17_0_3 like Mac OS X) AppleWebKit/605.1.15 (KHTML, like Gecko) Version/17.0.1 Mobile/15E148 Safari/604.1"
135.235.161.115 - - [30/Dec/2025:01:24:28 +0300] "GET /xmrlpc.php HTTP/1.1" 301 162 "https://www.google.co.uk/" "Mozilla/5.0 (Linux; Android 13; M2101K6G) AppleWebKit/537.36 (KHTML, like Gecko) Chrome/116.0.0.0 Mobile Safari/537.36"
135.235.161.115 - - [30/Dec/2025:01:24:28 +0300] "GET /xmrlpc.php HTTP/1.1" 200 79147 "https://www.google.co.uk/" "Mozilla/5.0 (Linux; Android 13; M2101K6G) AppleWebKit/537.36 (KHTML, like Gecko) Chrome/116.0.0.0 Mobile Safari/537.36"
135.235.161.115 - - [30/Dec/2025:01:24:28 +0300] "GET /wp.php HTTP/1.1" 301 162 "https://www.bing.com/" "Mozilla/5.0 (iPhone; CPU iPhone OS 17_1 like Mac OS X) AppleWebKit/605.1.15 (KHTML, like Gecko) CriOS/119.0.6045.109 Mobile/15E148 Safari/604.1"
135.235.161.115 - - [30/Dec/2025:01:24:28 +0300] "GET /wp.php HTTP/1.1" 200 79147 "https://www.bing.com/" "Mozilla/5.0 (iPhone; CPU iPhone OS 17_1 like Mac OS X) AppleWebKit/605.1.15 (KHTML, like Gecko) CriOS/119.0.6045.109 Mobile/15E148 Safari/604.1"
135.235.161.115 - - [30/Dec/2025:01:24:29 +0300] "GET /yas.php HTTP/1.1" 301 162 "https://www.google.fr/" "Mozilla/5.0 (Linux; Android 12; V2134) AppleWebKit/537.36 (KHTML, like Gecko) Chrome/116.0.0.0 Mobile Safari/537.36"
135.235.161.115 - - [30/Dec/2025:01:24:29 +0300] "GET /yas.php HTTP/1.1" 200 79147 "https://www.google.fr/" "Mozilla/5.0 (Linux; Android 12; V2134) AppleWebKit/537.36 (KHTML, like Gecko) Chrome/116.0.0.0 Mobile Safari/537.36"
135.235.161.115 - - [30/Dec/2025:01:24:29 +0300] "GET /simple.php HTTP/1.1" 301 162 "https://www.google.de/" "Mozilla/5.0 (Linux; Android 11; 21081111RG) AppleWebKit/537.36 (KHTML, like Gecko) Chrome/116.0.0.0 Mobile Safari/537.36"
135.235.161.115 - - [30/Dec/2025:01:24:29 +0300] "GET /simple.php HTTP/1.1" 200 79147 "https://www.google.de/" "Mozilla/5.0 (Linux; Android 11; 21081111RG) AppleWebKit/537.36 (KHTML, like Gecko) Chrome/116.0.0.0 Mobile Safari/537.36"
135.235.161.115 - - [30/Dec/2025:01:24:29 +0300] "GET /goods.php HTTP/1.1" 301 162 "https://www.google.co.uk/" "Mozilla/5.0 (Linux; Android 12; 2201116SG) AppleWebKit/537.36 (KHTML, like Gecko) Chrome/116.0.0.0 Mobile Safari/537.36"
135.235.161.115 - - [30/Dec/2025:01:24:30 +0300] "GET /goods.php HTTP/1.1" 200 79147 "https://www.google.co.uk/" "Mozilla/5.0 (Linux; Android 12; 2201116SG) AppleWebKit/537.36 (KHTML, like Gecko) Chrome/116.0.0.0 Mobile Safari/537.36"
135.235.161.115 - - [30/Dec/2025:01:24:30 +0300] "GET /wp-good.php HTTP/1.1" 301 162 "https://www.yahoo.com/" "Mozilla/5.g (Linux; Android 13; Pixel 7) AppleWebKit/537.36 (KHTML, like Gecko) Chrome/116.0.0.0 Mobile Safari/537.36"
135.235.161.115 - - [30/Dec/2025:01:24:30 +0300] "GET /wp-good.php HTTP/1.1" 200 79147 "https://www.yahoo.com/" "Mozilla/5.g (Linux; Android 13; Pixel 7) AppleWebKit/537.36 (KHTML, like Gecko) Chrome/116.0.0.0 Mobile Safari/537.36"
135.235.161.115 - - [30/Dec/2025:01:24:30 +0300] "GET /wp-admin/js/ HTTP/1.1" 301 162 "https://www.google.fr/" "Mozilla/5.0 (Linux; Android 11; CPH2251) AppleWebKit/537.36 (KHTML, like Gecko) Chrome/116.0.0.0 Mobile Safari/537.36"
135.235.161.115 - - [30/Dec/2025:01:24:30 +0300] "GET /wp-admin/js/ HTTP/1.1" 302 138 "https://www.google.fr/" "Mozilla/5.0 (Linux; Android 11; CPH2251) AppleWebKit/537.36 (KHTML, like Gecko) Chrome/116.0.0.0 Mobile Safari/537.36"
135.235.161.115 - - [30/Dec/2025:01:24:31 +0300] "GET /wp-admin/js/404 HTTP/1.1" 200 79147 "https://www.google.fr/" "Mozilla/5.0 (Linux; Android 11; CPH2251) AppleWebKit/537.36 (KHTML, like Gecko) Chrome/116.0.0.0 Mobile Safari/537.36"
135.235.161.115 - - [30/Dec/2025:01:24:31 +0300] "GET /wp-admin/classwithtostring.php HTTP/1.1" 301 162 "https://www.google.de/" "Mozilla/5.0 (iPhone; CPU iPhone OS 15_7_9 like Mac OS X) AppleWebKit/605.1.15 (KHTML, like Gecko) Version/15.6.5 Mobile/15E148 Safari/604.1"
135.235.161.115 - - [30/Dec/2025:01:24:31 +0300] "GET /wp-admin/classwithtostring.php HTTP/1.1" 200 79147 "https://www.google.de/" "Mozilla/5.0 (iPhone; CPU iPhone OS 15_7_9 like Mac OS X) AppleWebKit/605.1.15 (KHTML, like Gecko) Version/15.6.5 Mobile/15E148 Safari/604.1"
135.235.161.115 - - [30/Dec/2025:01:24:31 +0300] "GET /wp-content/classwithtostring.php HTTP/1.1" 301 162 "https://www.google.co.uk/" "Mozilla/5.0 (iPhone; CPU iPhone OS 17_1_1 like Mac OS X) AppleWebKit/605.1.15 (KHTML, like Gecko) Version/17.1 Mobile/15E148 Safari/604.1"
135.235.161.115 - - [30/Dec/2025:01:24:31 +0300] "GET /wp-content/classwithtostring.php HTTP/1.1" 200 79147 "https://www.google.co.uk/" "Mozilla/5.0 (iPhone; CPU iPhone OS 17_1_1 like Mac OS X) AppleWebKit/605.1.15 (KHTML, like Gecko) Version/17.1 Mobile/15E148 Safari/604.1"
135.235.161.115 - - [30/Dec/2025:01:24:32 +0300] "GET /wp-admin/network/admin.php HTTP/1.1" 301 162 "https://www.google.fr/" "Mozilla/5.0 (Linux; Android 12; SM-A525F) AppleWebKit/537.36 (KHTML, like Gecko) Chrome/117.0.0.0 Mobile Safari/537.36"
135.235.161.115 - - [30/Dec/2025:01:24:32 +0300] "GET /wp-admin/network/admin.php HTTP/1.1" 200 59743 "https://www.google.fr/" "Mozilla/5.0 (Linux; Android 12; SM-A525F) AppleWebKit/537.36 (KHTML, like Gecko) Chrome/117.0.0.0 Mobile Safari/537.36"
135.235.161.115 - - [30/Dec/2025:01:24:32 +0300] "GET /wp-conflg/function.php HTTP/1.1" 301 162 "https://www.bing.com/" "Mozilla/5.0 (iPhone; CPU iPhone OS 16_0 like Mac OS X) AppleWebKit/605.1.15 (KHTML, like Gecko) FxiOS/118.0 Mobile/15E148 Safari/605.1.15"
135.235.161.115 - - [30/Dec/2025:01:24:32 +0300] "GET /wp-conflg/function.php HTTP/1.1" 200 79147 "https://www.bing.com/" "Mozilla/5.0 (iPhone; CPU iPhone OS 16_0 like Mac OS X) AppleWebKit/605.1.15 (KHTML, like Gecko) FxiOS/118.0 Mobile/15E148 Safari/605.1.15"
135.235.161.115 - - [30/Dec/2025:01:24:33 +0300] "GET /wp-content/plugins/admin.php HTTP/1.1" 301 162 "https://www.google.de/" "Mozilla/5.0 (Linux; Android 11; CPH2251) AppleWebKit/537.36 (KHTML, like Gecko) Chrome/116.0.0.0 Mobile Safari/537.36"
135.235.161.115 - - [30/Dec/2025:01:24:33 +0300] "GET /wp-content/plugins/admin.php HTTP/1.1" 200 79147 "https://www.google.de/" "Mozilla/5.0 (Linux; Android 11; CPH2251) AppleWebKit/537.36 (KHTML, like Gecko) Chrome/116.0.0.0 Mobile Safari/537.36"
135.235.161.115 - - [30/Dec/2025:01:24:33 +0300] "GET /wp-content/themes/admin.php HTTP/1.1" 301 162 "https://www.google.fr/" "Mozilla/5.0 (iPhone; CPU iPhone OS 15_7_9 like Mac OS X) AppleWebKit/605.1.15 (KHTML, like Gecko) Version/15.6.5 Mobile/15E148 Safari/604.1"
135.235.161.115 - - [30/Dec/2025:01:24:34 +0300] "GET /wp-content/themes/admin.php HTTP/1.1" 200 79147 "https://www.google.fr/" "Mozilla/5.0 (iPhone; CPU iPhone OS 15_7_9 like Mac OS X) AppleWebKit/605.1.15 (KHTML, like Gecko) Version/15.6.5 Mobile/15E148 Safari/604.1"
135.235.161.115 - - [30/Dec/2025:01:24:34 +0300] "GET /css/index.php HTTP/1.1" 301 162 "https://www.google.de/" "Mozilla/5.0 (iPhone; CPU iPhone OS 16_6_1 like Mac OS X) AppleWebKit/605.1.15 (KHTML, like Gecko) Version/16.6 Mobile/15E148 Safari/604.1"
135.235.161.115 - - [30/Dec/2025:01:24:34 +0300] "GET /css/index.php HTTP/1.1" 200 79147 "https://www.google.de/" "Mozilla/5.0 (iPhone; CPU iPhone OS 16_6_1 like Mac OS X) AppleWebKit/605.1.15 (KHTML, like Gecko) Version/16.6 Mobile/15E148 Safari/604.1"
135.235.161.115 - - [30/Dec/2025:01:24:34 +0300] "GET /wp-admin/js/index.php HTTP/1.1" 301 162 "https://www.yahoo.com/" "Mozilla/5.0 (Linux; Android 11; CPH2251) AppleWebKit/537.36 (KHTML, like Gecko) Chrome/116.0.0.0 Mobile Safari/537.36"
135.235.161.115 - - [30/Dec/2025:01:24:34 +0300] "GET /wp-admin/js/index.php HTTP/1.1" 200 79147 "https://www.yahoo.com/" "Mozilla/5.0 (Linux; Android 11; CPH2251) AppleWebKit/537.36 (KHTML, like Gecko) Chrome/116.0.0.0 Mobile Safari/537.36"
135.235.161.115 - - [30/Dec/2025:01:24:35 +0300] "GET /wp-content/index.php HTTP/1.1" 301 162 "https://www.google.de/" "Mozilla/5.0 (iPhone; CPU iPhone OS 16_0 like Mac OS X) AppleWebKit/605.1.15 (KHTML, like Gecko) FxiOS/118.0 Mobile/15E148 Safari/605.1.15"
135.235.161.115 - - [30/Dec/2025:01:24:35 +0300] "GET /wp-content/index.php HTTP/1.1" 200 5 "https://www.google.de/" "Mozilla/5.0 (iPhone; CPU iPhone OS 16_0 like Mac OS X) AppleWebKit/605.1.15 (KHTML, like Gecko) FxiOS/118.0 Mobile/15E148 Safari/605.1.15"
135.235.161.115 - - [30/Dec/2025:01:24:35 +0300] "GET /wp-content/upgrade/index.php HTTP/1.1" 301 162 "https://www.google.co.uk/" "Mozilla/5.0 (Linux; Android 13; M2101K6G) AppleWebKit/537.36 (KHTML, like Gecko) Chrome/116.0.0.0 Mobile Safari/537.36"
135.235.161.115 - - [30/Dec/2025:01:24:35 +0300] "GET /wp-content/upgrade/index.php HTTP/1.1" 200 79147 "https://www.google.co.uk/" "Mozilla/5.0 (Linux; Android 13; M2101K6G) AppleWebKit/537.36 (KHTML, like Gecko) Chrome/116.0.0.0 Mobile Safari/537.36"
135.235.161.115 - - [30/Dec/2025:01:24:35 +0300] "GET /wp-includes/style-engine/index.php HTTP/1.1" 301 162 "https://www.google.fr/" "Mozilla/5.0 (iPad; CPU OS 17_0_3 like Mac OS X) AppleWebKit/605.1.15 (KHTML, like Gecko) Version/17.0.1 Mobile/15E148 Safari/604.1"
135.235.161.115 - - [30/Dec/2025:01:24:36 +0300] "GET /wp-includes/style-engine/index.php HTTP/1.1" 200 79147 "https://www.google.fr/" "Mozilla/5.0 (iPad; CPU OS 17_0_3 like Mac OS X) AppleWebKit/605.1.15 (KHTML, like Gecko) Version/17.0.1 Mobile/15E148 Safari/604.1"
135.235.161.115 - - [30/Dec/2025:01:24:36 +0300] "GET /wp-includes/rest-api/fields/index.php HTTP/1.1" 301 162 "https://www.bing.com/" "Mozilla/5.g (Linux; Android 13; Pixel 7) AppleWebKit/537.36 (KHTML, like Gecko) Chrome/116.0.0.0 Mobile Safari/537.36"
135.235.161.115 - - [30/Dec/2025:01:24:36 +0300] "GET /wp-includes/rest-api/fields/index.php HTTP/1.1" 200 79147 "https://www.bing.com/" "Mozilla/5.g (Linux; Android 13; Pixel 7) AppleWebKit/537.36 (KHTML, like Gecko) Chrome/116.0.0.0 Mobile Safari/537.36"
135.235.161.115 - - [30/Dec/2025:01:24:36 +0300] "GET /wp-includes/PHPMailer/index.php HTTP/1.1" 301 162 "https://duckduckgo.com/" "Mozilla/5.0 (iPad; CPU OS 16_7_2 like Mac OS X) AppleWebKit/605.1.15 (KHTML, like Gecko) Version/16.6 Mobile/15E148 Safari/604.1"
135.235.161.115 - - [30/Dec/2025:01:24:36 +0300] "GET /wp-includes/PHPMailer/index.php HTTP/1.1" 200 79147 "https://duckduckgo.com/" "Mozilla/5.0 (iPad; CPU OS 16_7_2 like Mac OS X) AppleWebKit/605.1.15 (KHTML, like Gecko) Version/16.6 Mobile/15E148 Safari/604.1"
135.235.161.115 - - [30/Dec/2025:01:24:37 +0300] "GET /wp-includes/html-api/index.php HTTP/1.1" 301 162 "https://www.yahoo.com/" "Mozilla/5.0 (Linux; Android 10; K) AppleWebKit/537.36 (KHTML, like Gecko) Chrome/117.0.0.0 Mobile Safari/537.36"
135.235.161.115 - - [30/Dec/2025:01:24:37 +0300] "GET /wp-includes/html-api/index.php HTTP/1.1" 200 79147 "https://www.yahoo.com/" "Mozilla/5.0 (Linux; Android 10; K) AppleWebKit/537.36 (KHTML, like Gecko) Chrome/117.0.0.0 Mobile Safari/537.36"
135.235.161.115 - - [30/Dec/2025:01:24:37 +0300] "GET /wp-includes/Text/index.php HTTP/1.1" 301 162 "https://www.google.de/" "Mozilla/5.0 (Linux; Android 11; 21081111RG) AppleWebKit/537.36 (KHTML, like Gecko) Chrome/116.0.0.0 Mobile Safari/537.36"
135.235.161.115 - - [30/Dec/2025:01:24:37 +0300] "GET /wp-includes/Text/index.php HTTP/1.1" 200 79147 "https://www.google.de/" "Mozilla/5.0 (Linux; Android 11; 21081111RG) AppleWebKit/537.36 (KHTML, like Gecko) Chrome/116.0.0.0 Mobile Safari/537.36"
135.235.161.115 - - [30/Dec/2025:01:24:37 +0300] "GET /wp-includes/js/jquery/jquery.php HTTP/1.1" 301 162 "https://www.google.de/" "Mozilla/5.0 (Linux; Android 10; K) AppleWebKit/537.36 (KHTML, like Gecko) Chrome/117.0.0.0 Mobile Safari/537.36"
135.235.161.115 - - [30/Dec/2025:01:24:38 +0300] "GET /wp-includes/js/jquery/jquery.php HTTP/1.1" 200 79147 "https://www.google.de/" "Mozilla/5.0 (Linux; Android 10; K) AppleWebKit/537.36 (KHTML, like Gecko) Chrome/117.0.0.0 Mobile Safari/537.36"
135.235.161.115 - - [30/Dec/2025:01:24:38 +0300] "GET /wp-includes/sitemaps/autoload_classmap.php HTTP/1.1" 301 162 "https://www.google.com/" "Mozilla/5.0 (Linux; Android 13; M2101K6G) AppleWebKit/537.36 (KHTML, like Gecko) Chrome/116.0.0.0 Mobile Safari/537.36"
135.235.161.115 - - [30/Dec/2025:01:24:38 +0300] "GET /wp-includes/sitemaps/autoload_classmap.php HTTP/1.1" 200 79147 "https://www.google.com/" "Mozilla/5.0 (Linux; Android 13; M2101K6G) AppleWebKit/537.36 (KHTML, like Gecko) Chrome/116.0.0.0 Mobile Safari/537.36"
135.235.161.115 - - [30/Dec/2025:01:24:38 +0300] "GET /wp-includes/style-engine/autoload_classmap.php HTTP/1.1" 301 162 "https://www.google.de/" "Mozilla/5.0 (Linux; Android 12; 2201116SG) AppleWebKit/537.36 (KHTML, like Gecko) Chrome/116.0.0.0 Mobile Safari/537.36"
135.235.161.115 - - [30/Dec/2025:01:24:38 +0300] "GET /wp-includes/style-engine/autoload_classmap.php HTTP/1.1" 200 79147 "https://www.google.de/" "Mozilla/5.0 (Linux; Android 12; 2201116SG) AppleWebKit/537.36 (KHTML, like Gecko) Chrome/116.0.0.0 Mobile Safari/537.36"
135.235.161.115 - - [30/Dec/2025:01:24:39 +0300] "GET /wp-includes/SimplePie/autoload_classmap.php HTTP/1.1" 301 162 "https://www.bing.com/" "Mozilla/5.0 (Linux; Android 12; V2134) AppleWebKit/537.36 (KHTML, like Gecko) Chrome/116.0.0.0 Mobile Safari/537.36"
135.235.161.115 - - [30/Dec/2025:01:24:39 +0300] "GET /wp-includes/SimplePie/autoload_classmap.php HTTP/1.1" 200 79147 "https://www.bing.com/" "Mozilla/5.0 (Linux; Android 12; V2134) AppleWebKit/537.36 (KHTML, like Gecko) Chrome/116.0.0.0 Mobile Safari/537.36"
135.235.161.115 - - [30/Dec/2025:01:24:39 +0300] "GET /wp-includes/assets/autoload_classmap.php HTTP/1.1" 301 162 "https://www.google.co.uk/" "Mozilla/5.0 (Linux; Android 12; V2134) AppleWebKit/537.36 (KHTML, like Gecko) Chrome/116.0.0.0 Mobile Safari/537.36"
135.235.161.115 - - [30/Dec/2025:01:24:39 +0300] "GET /wp-includes/assets/autoload_classmap.php HTTP/1.1" 200 79147 "https://www.google.co.uk/" "Mozilla/5.0 (Linux; Android 12; V2134) AppleWebKit/537.36 (KHTML, like Gecko) Chrome/116.0.0.0 Mobile Safari/537.36"
135.235.161.115 - - [30/Dec/2025:01:24:39 +0300] "GET /wp-includes/css/autoload_classmap.php HTTP/1.1" 301 162 "https://www.google.com/" "Mozilla/5.g (Linux; Android 13; Pixel 7) AppleWebKit/537.36 (KHTML, like Gecko) Chrome/116.0.0.0 Mobile Safari/537.36"
135.235.161.115 - - [30/Dec/2025:01:24:40 +0300] "GET /wp-includes/css/autoload_classmap.php HTTP/1.1" 200 79147 "https://www.google.com/" "Mozilla/5.g (Linux; Android 13; Pixel 7) AppleWebKit/537.36 (KHTML, like Gecko) Chrome/116.0.0.0 Mobile Safari/537.36"
4.241.185.64 - - [30/Dec/2025:01:24:40 +0300] "GET /wp-good.php HTTP/1.1" 301 162 "https://www.yahoo.com/" "Mozilla/5.g (Linux; Android 13; Pixel 7) AppleWebKit/537.36 (KHTML, like Gecko) Chrome/116.0.0.0 Mobile Safari/537.36"
135.235.161.115 - - [30/Dec/2025:01:24:40 +0300] "GET /wp-admin/includes/colour.php HTTP/1.1" 301 162 "https://www.google.fr/" "Mozilla/5.0 (Linux; Android 11; 21081111RG) AppleWebKit/537.36 (KHTML, like Gecko) Chrome/116.0.0.0 Mobile Safari/537.36"
135.235.161.115 - - [30/Dec/2025:01:24:40 +0300] "GET /wp-admin/includes/colour.php HTTP/1.1" 200 79147 "https://www.google.fr/" "Mozilla/5.0 (Linux; Android 11; 21081111RG) AppleWebKit/537.36 (KHTML, like Gecko) Chrome/116.0.0.0 Mobile Safari/537.36"
135.235.161.115 - - [30/Dec/2025:01:24:40 +0300] "GET /wp-includes/block-bindings/ HTTP/1.1" 301 162 "https://www.yahoo.com/" "Mozilla/5.0 (Linux; Android 14; Pixel 8 Pro) AppleWebKit/537.36 (KHTML, like Gecko) Chrome/119.0.0.0 Mobile Safari/537.36"
135.235.161.115 - - [30/Dec/2025:01:24:40 +0300] "GET /wp-includes/block-bindings/ HTTP/1.1" 302 138 "https://www.yahoo.com/" "Mozilla/5.0 (Linux; Android 14; Pixel 8 Pro) AppleWebKit/537.36 (KHTML, like Gecko) Chrome/119.0.0.0 Mobile Safari/537.36"
4.241.185.64 - - [30/Dec/2025:01:24:40 +0300] "GET /wp-good.php HTTP/1.1" 200 79147 "https://www.yahoo.com/" "Mozilla/5.g (Linux; Android 13; Pixel 7) AppleWebKit/537.36 (KHTML, like Gecko) Chrome/116.0.0.0 Mobile Safari/537.36"
135.235.161.115 - - [30/Dec/2025:01:24:41 +0300] "GET /wp-includes/block-bindings/404 HTTP/1.1" 200 79147 "https://www.yahoo.com/" "Mozilla/5.0 (Linux; Android 14; Pixel 8 Pro) AppleWebKit/537.36 (KHTML, like Gecko) Chrome/119.0.0.0 Mobile Safari/537.36"
135.235.161.115 - - [30/Dec/2025:01:24:41 +0300] "GET /wp-includes/Text/ HTTP/1.1" 301 162 "https://www.google.fr/" "Mozilla/5.0 (Linux; Android 13; SM-G991U) AppleWebKit/537.36 (KHTML, like Gecko) Chrome/117.0.0.0 Mobile Safari/537.36"
135.235.161.115 - - [30/Dec/2025:01:24:41 +0300] "GET /wp-includes/Text/ HTTP/1.1" 302 138 "https://www.google.fr/" "Mozilla/5.0 (Linux; Android 13; SM-G991U) AppleWebKit/537.36 (KHTML, like Gecko) Chrome/117.0.0.0 Mobile Safari/537.36"
4.241.185.64 - - [30/Dec/2025:01:24:41 +0300] "GET /ioxi-o.php HTTP/1.1" 301 162 "https://www.bing.com/" "Mozilla/5.0 (iPad; CPU OS 17_0_3 like Mac OS X) AppleWebKit/605.1.15 (KHTML, like Gecko) Version/17.0.1 Mobile/15E148 Safari/604.1"
135.235.161.115 - - [30/Dec/2025:01:24:41 +0300] "GET /wp-includes/Text/404 HTTP/1.1" 200 79147 "https://www.google.fr/" "Mozilla/5.0 (Linux; Android 13; SM-G991U) AppleWebKit/537.36 (KHTML, like Gecko) Chrome/117.0.0.0 Mobile Safari/537.36"
135.235.161.115 - - [30/Dec/2025:01:24:41 +0300] "GET /wp-includes/ID3/ HTTP/1.1" 301 162 "https://www.google.fr/" "Mozilla/5.0 (iPad; CPU OS 17_0_3 like Mac OS X) AppleWebKit/605.1.15 (KHTML, like Gecko) Version/17.0.1 Mobile/15E148 Safari/604.1"
135.235.161.115 - - [30/Dec/2025:01:24:42 +0300] "GET /wp-includes/ID3/ HTTP/1.1" 302 138 "https://www.google.fr/" "Mozilla/5.0 (iPad; CPU OS 17_0_3 like Mac OS X) AppleWebKit/605.1.15 (KHTML, like Gecko) Version/17.0.1 Mobile/15E148 Safari/604.1"
4.241.185.64 - - [30/Dec/2025:01:24:42 +0300] "GET /ioxi-o.php HTTP/1.1" 200 79147 "https://www.bing.com/" "Mozilla/5.0 (iPad; CPU OS 17_0_3 like Mac OS X) AppleWebKit/605.1.15 (KHTML, like Gecko) Version/17.0.1 Mobile/15E148 Safari/604.1"
135.235.161.115 - - [30/Dec/2025:01:24:42 +0300] "GET /wp-includes/ID3/404 HTTP/1.1" 200 79147 "https://www.google.fr/" "Mozilla/5.0 (iPad; CPU OS 17_0_3 like Mac OS X) AppleWebKit/605.1.15 (KHTML, like Gecko) Version/17.0.1 Mobile/15E148 Safari/604.1"
4.241.185.64 - - [30/Dec/2025:01:24:42 +0300] "GET /file.php HTTP/1.1" 301 162 "https://www.bing.com/" "Mozilla/5.0 (Linux; Android 14; Pixel 8 Pro) AppleWebKit/537.36 (KHTML, like Gecko) Chrome/119.0.0.0 Mobile Safari/537.36"
135.235.161.115 - - [30/Dec/2025:01:24:42 +0300] "GET /wp-includes/theme-compat/ HTTP/1.1" 301 162 "https://www.yahoo.com/" "Mozilla/5.0 (iPhone; CPU iPhone OS 17_1_1 like Mac OS X) AppleWebKit/605.1.15 (KHTML, like Gecko) Version/17.1 Mobile/15E148 Safari/604.1"
135.235.161.115 - - [30/Dec/2025:01:24:42 +0300] "GET /wp-includes/theme-compat/ HTTP/1.1" 302 138 "https://www.yahoo.com/" "Mozilla/5.0 (iPhone; CPU iPhone OS 17_1_1 like Mac OS X) AppleWebKit/605.1.15 (KHTML, like Gecko) Version/17.1 Mobile/15E148 Safari/604.1"
4.241.185.64 - - [30/Dec/2025:01:24:42 +0300] "GET /file.php HTTP/1.1" 200 79147 "https://www.bing.com/" "Mozilla/5.0 (Linux; Android 14; Pixel 8 Pro) AppleWebKit/537.36 (KHTML, like Gecko) Chrome/119.0.0.0 Mobile Safari/537.36"
135.235.161.115 - - [30/Dec/2025:01:24:42 +0300] "GET /wp-includes/theme-compat/404 HTTP/1.1" 200 79147 "https://www.yahoo.com/" "Mozilla/5.0 (iPhone; CPU iPhone OS 17_1_1 like Mac OS X) AppleWebKit/605.1.15 (KHTML, like Gecko) Version/17.1 Mobile/15E148 Safari/604.1"
135.235.161.115 - - [30/Dec/2025:01:24:43 +0300] "GET /wp-content/uploads/ HTTP/1.1" 301 162 "https://www.google.fr/" "Mozilla/5.0 (Linux; Android 12; V2134) AppleWebKit/537.36 (KHTML, like Gecko) Chrome/116.0.0.0 Mobile Safari/537.36"
4.241.185.64 - - [30/Dec/2025:01:24:43 +0300] "GET /wp-admin/css/colors/blue HTTP/1.1" 301 162 "https://www.google.de/" "Mozilla/5.0 (Linux; Android 12; 2201116SG) AppleWebKit/537.36 (KHTML, like Gecko) Chrome/116.0.0.0 Mobile Safari/537.36"
135.235.161.115 - - [30/Dec/2025:01:24:43 +0300] "GET /wp-content/uploads/ HTTP/1.1" 302 138 "https://www.google.fr/" "Mozilla/5.0 (Linux; Android 12; V2134) AppleWebKit/537.36 (KHTML, like Gecko) Chrome/116.0.0.0 Mobile Safari/537.36"
4.241.185.64 - - [30/Dec/2025:01:24:43 +0300] "GET /wp-admin/css/colors/blue HTTP/1.1" 301 162 "https://www.google.de/" "Mozilla/5.0 (Linux; Android 12; 2201116SG) AppleWebKit/537.36 (KHTML, like Gecko) Chrome/116.0.0.0 Mobile Safari/537.36"
135.235.161.115 - - [30/Dec/2025:01:24:43 +0300] "GET /wp-content/uploads/404 HTTP/1.1" 200 79147 "https://www.google.fr/" "Mozilla/5.0 (Linux; Android 12; V2134) AppleWebKit/537.36 (KHTML, like Gecko) Chrome/116.0.0.0 Mobile Safari/537.36"
4.241.185.64 - - [30/Dec/2025:01:24:43 +0300] "GET /wp-admin/css/colors/blue/ HTTP/1.1" 302 138 "https://www.google.de/" "Mozilla/5.0 (Linux; Android 12; 2201116SG) AppleWebKit/537.36 (KHTML, like Gecko) Chrome/116.0.0.0 Mobile Safari/537.36"
135.235.161.115 - - [30/Dec/2025:01:24:43 +0300] "GET /.well-known/ HTTP/1.1" 301 162 "https://www.yahoo.com/" "Mozilla/5.0 (Linux; Android 13; SM-G991U) AppleWebKit/537.36 (KHTML, like Gecko) Chrome/117.0.0.0 Mobile Safari/537.36"
4.241.185.64 - - [30/Dec/2025:01:24:43 +0300] "GET /wp-admin/css/colors/blue/404 HTTP/1.1" 200 79147 "https://www.google.de/" "Mozilla/5.0 (Linux; Android 12; 2201116SG) AppleWebKit/537.36 (KHTML, like Gecko) Chrome/116.0.0.0 Mobile Safari/537.36"
135.235.161.115 - - [30/Dec/2025:01:24:43 +0300] "GET /.well-known/ HTTP/1.1" 200 79147 "https://www.yahoo.com/" "Mozilla/5.0 (Linux; Android 13; SM-G991U) AppleWebKit/537.36 (KHTML, like Gecko) Chrome/117.0.0.0 Mobile Safari/537.36"
135.235.161.115 - - [30/Dec/2025:01:24:44 +0300] "GET /.well-known/acme-challenge/ HTTP/1.1" 301 162 "https://duckduckgo.com/" "Mozilla/5.0 (Linux; Android 12; V2134) AppleWebKit/537.36 (KHTML, like Gecko) Chrome/116.0.0.0 Mobile Safari/537.36"
4.241.185.64 - - [30/Dec/2025:01:24:44 +0300] "GET /wp-signin.php HTTP/1.1" 301 162 "https://www.google.co.uk/" "Mozilla/5.0 (Linux; Android 11; 21081111RG) AppleWebKit/537.36 (KHTML, like Gecko) Chrome/116.0.0.0 Mobile Safari/537.36"
135.235.161.115 - - [30/Dec/2025:01:24:44 +0300] "GET /.well-known/acme-challenge/ HTTP/1.1" 200 79147 "https://duckduckgo.com/" "Mozilla/5.0 (Linux; Android 12; V2134) AppleWebKit/537.36 (KHTML, like Gecko) Chrome/116.0.0.0 Mobile Safari/537.36"
4.241.185.64 - - [30/Dec/2025:01:24:44 +0300] "GET /wp-signin.php HTTP/1.1" 200 79147 "https://www.google.co.uk/" "Mozilla/5.0 (Linux; Android 11; 21081111RG) AppleWebKit/537.36 (KHTML, like Gecko) Chrome/116.0.0.0 Mobile Safari/537.36"
4.241.185.64 - - [30/Dec/2025:01:24:44 +0300] "GET /abcd.php HTTP/1.1" 301 162 "https://www.google.fr/" "Mozilla/5.0 (Linux; Android 11; CPH2251) AppleWebKit/537.36 (KHTML, like Gecko) Chrome/116.0.0.0 Mobile Safari/537.36"
4.241.185.64 - - [30/Dec/2025:01:24:44 +0300] "GET /abcd.php HTTP/1.1" 200 79147 "https://www.google.fr/" "Mozilla/5.0 (Linux; Android 11; CPH2251) AppleWebKit/537.36 (KHTML, like Gecko) Chrome/116.0.0.0 Mobile Safari/537.36"
4.241.185.64 - - [30/Dec/2025:01:24:45 +0300] "GET /wp-includes/block-bindings HTTP/1.1" 301 162 "https://www.google.co.uk/" "Mozilla/5.0 (Linux; Android 11; CPH2251) AppleWebKit/537.36 (KHTML, like Gecko) Chrome/116.0.0.0 Mobile Safari/537.36"
4.241.185.64 - - [30/Dec/2025:01:24:45 +0300] "GET /wp-includes/block-bindings HTTP/1.1" 301 162 "https://www.google.co.uk/" "Mozilla/5.0 (Linux; Android 11; CPH2251) AppleWebKit/537.36 (KHTML, like Gecko) Chrome/116.0.0.0 Mobile Safari/537.36"
4.241.185.64 - - [30/Dec/2025:01:24:45 +0300] "GET /wp-includes/block-bindings/ HTTP/1.1" 302 138 "https://www.google.co.uk/" "Mozilla/5.0 (Linux; Android 11; CPH2251) AppleWebKit/537.36 (KHTML, like Gecko) Chrome/116.0.0.0 Mobile Safari/537.36"
4.241.185.64 - - [30/Dec/2025:01:24:45 +0300] "GET /wp-includes/block-bindings/404 HTTP/1.1" 200 79147 "https://www.google.co.uk/" "Mozilla/5.0 (Linux; Android 11; CPH2251) AppleWebKit/537.36 (KHTML, like Gecko) Chrome/116.0.0.0 Mobile Safari/537.36"
4.241.185.64 - - [30/Dec/2025:01:24:46 +0300] "GET /about.php HTTP/1.1" 301 162 "https://duckduckgo.com/" "Mozilla/5.0 (Linux; Android 13; SM-G991U) AppleWebKit/537.36 (KHTML, like Gecko) Chrome/117.0.0.0 Mobile Safari/537.36"
4.241.185.64 - - [30/Dec/2025:01:24:46 +0300] "GET /about.php HTTP/1.1" 200 79147 "https://duckduckgo.com/" "Mozilla/5.0 (Linux; Android 13; SM-G991U) AppleWebKit/537.36 (KHTML, like Gecko) Chrome/117.0.0.0 Mobile Safari/537.36"
4.241.185.64 - - [30/Dec/2025:01:24:47 +0300] "GET /bless.php HTTP/1.1" 301 162 "https://www.google.co.uk/" "Mozilla/5.g (Linux; Android 13; Pixel 7) AppleWebKit/537.36 (KHTML, like Gecko) Chrome/116.0.0.0 Mobile Safari/537.36"
4.241.185.64 - - [30/Dec/2025:01:24:47 +0300] "GET /bless.php HTTP/1.1" 200 79147 "https://www.google.co.uk/" "Mozilla/5.g (Linux; Android 13; Pixel 7) AppleWebKit/537.36 (KHTML, like Gecko) Chrome/116.0.0.0 Mobile Safari/537.36"
