74.7.227.185 - - [30/Dec/2025:03:57:49 +0300] "GET /?fileloc=//proc/3353227/net/wireless&path=//proc/3353227/net HTTP/2.0" 200 2651 "-" "Mozilla/5.0 AppleWebKit/537.36 (KHTML, like Gecko; compatible; GPTBot/1.3; +https://openai.com/gptbot)"
216.73.216.89 - - [30/Dec/2025:03:57:49 +0300] "GET /?fileloc=%2F%2Fbin%2Fx86_64-linux-gnu-gprofng&path=%2F%2Fbin HTTP/2.0" 200 2541 "-" "Mozilla/5.0 AppleWebKit/537.36 (KHTML, like Gecko; compatible; ClaudeBot/1.0; +claudebot@anthropic.com)"
216.73.216.89 - - [30/Dec/2025:03:57:49 +0300] "GET /?fileloc=%2F%2Fsbin%2Fchmem&path=%2F%2Fsbin HTTP/2.0" 200 2529 "-" "Mozilla/5.0 AppleWebKit/537.36 (KHTML, like Gecko; compatible; ClaudeBot/1.0; +claudebot@anthropic.com)"
216.73.216.89 - - [30/Dec/2025:03:57:49 +0300] "GET /?fileloc=%2F%2Fsbin%2Finsmod&path=%2F%2Fsbin HTTP/2.0" 200 2530 "-" "Mozilla/5.0 AppleWebKit/537.36 (KHTML, like Gecko; compatible; ClaudeBot/1.0; +claudebot@anthropic.com)"
216.73.216.89 - - [30/Dec/2025:03:57:49 +0300] "GET /?fileloc=%2F%2Fsbin%2Freadprofile&path=%2F%2Fsbin HTTP/2.0" 200 2532 "-" "Mozilla/5.0 AppleWebKit/537.36 (KHTML, like Gecko; compatible; ClaudeBot/1.0; +claudebot@anthropic.com)"
216.73.216.89 - - [30/Dec/2025:03:57:49 +0300] "GET /?fileloc=%2F%2Fbin%2Fstrip&path=%2F%2Fbin HTTP/2.0" 200 2529 "-" "Mozilla/5.0 AppleWebKit/537.36 (KHTML, like Gecko; compatible; ClaudeBot/1.0; +claudebot@anthropic.com)"
74.7.227.185 - - [30/Dec/2025:03:57:49 +0300] "GET /?fileloc=//proc/3353996/net/sockstat&path=//proc/3353996/net HTTP/2.0" 200 2634 "-" "Mozilla/5.0 AppleWebKit/537.36 (KHTML, like Gecko; compatible; GPTBot/1.3; +https://openai.com/gptbot)"
216.73.216.89 - - [30/Dec/2025:03:57:49 +0300] "GET /?fileloc=%2F%2Fbin%2Fpip3&path=%2F%2Fbin HTTP/2.0" 200 2678 "-" "Mozilla/5.0 AppleWebKit/537.36 (KHTML, like Gecko; compatible; ClaudeBot/1.0; +claudebot@anthropic.com)"
216.73.216.89 - - [30/Dec/2025:03:57:49 +0300] "GET /?fileloc=%2F%2Fbin%2Fvcs-run&path=%2F%2Fbin HTTP/2.0" 200 5023 "-" "Mozilla/5.0 AppleWebKit/537.36 (KHTML, like Gecko; compatible; ClaudeBot/1.0; +claudebot@anthropic.com)"
216.73.216.89 - - [30/Dec/2025:03:57:49 +0300] "GET /?fileloc=%2F%2Fbin%2Fudevadm&path=%2F%2Fbin HTTP/2.0" 200 2530 "-" "Mozilla/5.0 AppleWebKit/537.36 (KHTML, like Gecko; compatible; ClaudeBot/1.0; +claudebot@anthropic.com)"
216.73.216.89 - - [30/Dec/2025:03:57:49 +0300] "GET /?fileloc=%2F%2Fbin%2Fx86_64-linux-gnu-nm&path=%2F%2Fbin HTTP/2.0" 200 2539 "-" "Mozilla/5.0 AppleWebKit/537.36 (KHTML, like Gecko; compatible; ClaudeBot/1.0; +claudebot@anthropic.com)"
216.73.216.89 - - [30/Dec/2025:03:57:49 +0300] "GET /?fileloc=%2F%2Fsbin%2Fmkfs.ext4&path=%2F%2Fsbin HTTP/2.0" 200 2532 "-" "Mozilla/5.0 AppleWebKit/537.36 (KHTML, like Gecko; compatible; ClaudeBot/1.0; +claudebot@anthropic.com)"
216.73.216.89 - - [30/Dec/2025:03:57:50 +0300] "GET /?fileloc=%2F%2Fbin%2Flink&path=%2F%2Fbin HTTP/2.0" 200 2525 "-" "Mozilla/5.0 AppleWebKit/537.36 (KHTML, like Gecko; compatible; ClaudeBot/1.0; +claudebot@anthropic.com)"
74.7.227.185 - - [30/Dec/2025:03:57:50 +0300] "GET /?fileloc=//proc/3354320/net/ip6_mr_vif&path=//proc/3354320/net HTTP/2.0" 200 2586 "-" "Mozilla/5.0 AppleWebKit/537.36 (KHTML, like Gecko; compatible; GPTBot/1.3; +https://openai.com/gptbot)"
216.73.216.89 - - [30/Dec/2025:03:57:50 +0300] "GET /?fileloc=%2F%2Fbin%2Fucfr&path=%2F%2Fbin HTTP/2.0" 200 5911 "-" "Mozilla/5.0 AppleWebKit/537.36 (KHTML, like Gecko; compatible; ClaudeBot/1.0; +claudebot@anthropic.com)"
216.73.216.89 - - [30/Dec/2025:03:57:50 +0300] "GET /?fileloc=%2F%2Fbin%2Fchage&path=%2F%2Fbin HTTP/2.0" 200 2529 "-" "Mozilla/5.0 AppleWebKit/537.36 (KHTML, like Gecko; compatible; ClaudeBot/1.0; +claudebot@anthropic.com)"
74.7.227.185 - - [30/Dec/2025:03:57:50 +0300] "GET /?fileloc=//proc/3133982/net/ip6_mr_vif&path=//proc/3133982/net HTTP/2.0" 200 2587 "-" "Mozilla/5.0 AppleWebKit/537.36 (KHTML, like Gecko; compatible; GPTBot/1.3; +https://openai.com/gptbot)"
74.7.227.185 - - [30/Dec/2025:03:57:51 +0300] "GET /?fileloc=//proc/3353941/net/ip6_mr_vif&path=//proc/3353941/net HTTP/2.0" 200 2587 "-" "Mozilla/5.0 AppleWebKit/537.36 (KHTML, like Gecko; compatible; GPTBot/1.3; +https://openai.com/gptbot)"
74.7.227.185 - - [30/Dec/2025:03:57:51 +0300] "GET /?fileloc=//proc/3331312/net/wireless&path=//proc/3331312/net HTTP/2.0" 200 2650 "-" "Mozilla/5.0 AppleWebKit/537.36 (KHTML, like Gecko; compatible; GPTBot/1.3; +https://openai.com/gptbot)"
216.73.216.89 - - [30/Dec/2025:03:57:52 +0300] "GET /?fileloc=%2F%2Fbin%2Fexpand&path=%2F%2Fbin HTTP/2.0" 200 2529 "-" "Mozilla/5.0 AppleWebKit/537.36 (KHTML, like Gecko; compatible; ClaudeBot/1.0; +claudebot@anthropic.com)"
216.73.216.89 - - [30/Dec/2025:03:57:52 +0300] "GET /?fileloc=%2F%2Fbin%2Fdh_installxmlcatalogs&path=%2F%2Fbin HTTP/2.0" 200 5384 "-" "Mozilla/5.0 AppleWebKit/537.36 (KHTML, like Gecko; compatible; ClaudeBot/1.0; +claudebot@anthropic.com)"
216.73.216.89 - - [30/Dec/2025:03:57:52 +0300] "GET /?fileloc=%2F%2Fproc%2Fkpagecgroup&path=%2F%2Fproc HTTP/2.0" 200 2532 "-" "Mozilla/5.0 AppleWebKit/537.36 (KHTML, like Gecko; compatible; ClaudeBot/1.0; +claudebot@anthropic.com)"
216.73.216.89 - - [30/Dec/2025:03:57:52 +0300] "GET /?fileloc=%2F%2Fbin%2Fx86_64-linux-gnu-gp-archive&path=%2F%2Fbin HTTP/2.0" 200 2544 "-" "Mozilla/5.0 AppleWebKit/537.36 (KHTML, like Gecko; compatible; ClaudeBot/1.0; +claudebot@anthropic.com)"
216.73.216.89 - - [30/Dec/2025:03:57:52 +0300] "GET /?fileloc=%2F%2Fsbin%2Fcron&path=%2F%2Fsbin HTTP/2.0" 200 2528 "-" "Mozilla/5.0 AppleWebKit/537.36 (KHTML, like Gecko; compatible; ClaudeBot/1.0; +claudebot@anthropic.com)"
216.73.216.89 - - [30/Dec/2025:03:57:52 +0300] "GET /?fileloc=%2F%2Fbin%2Fmysqlreport&path=%2F%2Fbin HTTP/2.0" 200 15093 "-" "Mozilla/5.0 AppleWebKit/537.36 (KHTML, like Gecko; compatible; ClaudeBot/1.0; +claudebot@anthropic.com)"
216.73.216.89 - - [30/Dec/2025:03:57:52 +0300] "GET /?fileloc=%2F%2Fsbin%2Fmkfs.ext3&path=%2F%2Fsbin HTTP/2.0" 200 2532 "-" "Mozilla/5.0 AppleWebKit/537.36 (KHTML, like Gecko; compatible; ClaudeBot/1.0; +claudebot@anthropic.com)"
216.73.216.89 - - [30/Dec/2025:03:57:52 +0300] "GET /?fileloc=%2F%2Fbin%2Fsudoreplay&path=%2F%2Fbin HTTP/2.0" 200 2531 "-" "Mozilla/5.0 AppleWebKit/537.36 (KHTML, like Gecko; compatible; ClaudeBot/1.0; +claudebot@anthropic.com)"
216.73.216.89 - - [30/Dec/2025:03:57:52 +0300] "GET /?fileloc=%2F%2Fsbin%2Fgrub-set-default&path=%2F%2Fsbin HTTP/2.0" 200 4131 "-" "Mozilla/5.0 AppleWebKit/537.36 (KHTML, like Gecko; compatible; ClaudeBot/1.0; +claudebot@anthropic.com)"
216.73.216.89 - - [30/Dec/2025:03:57:52 +0300] "GET /?fileloc=%2F%2Fsbin%2Fgrub-macbless&path=%2F%2Fsbin HTTP/2.0" 200 2535 "-" "Mozilla/5.0 AppleWebKit/537.36 (KHTML, like Gecko; compatible; ClaudeBot/1.0; +claudebot@anthropic.com)"
74.7.227.185 - - [30/Dec/2025:03:57:52 +0300] "GET /?fileloc=//proc/3331312/net/softnet_stat&path=//proc/3331312/net HTTP/2.0" 200 2574 "-" "Mozilla/5.0 AppleWebKit/537.36 (KHTML, like Gecko; compatible; GPTBot/1.3; +https://openai.com/gptbot)"
216.73.216.89 - - [30/Dec/2025:03:57:52 +0300] "GET /?fileloc=%2F%2Fbin%2Flsipc&path=%2F%2Fbin HTTP/2.0" 200 2528 "-" "Mozilla/5.0 AppleWebKit/537.36 (KHTML, like Gecko; compatible; ClaudeBot/1.0; +claudebot@anthropic.com)"
216.73.216.89 - - [30/Dec/2025:03:57:52 +0300] "GET /?fileloc=%2F%2Fbin%2Fsieve-test&path=%2F%2Fbin HTTP/2.0" 200 2532 "-" "Mozilla/5.0 AppleWebKit/537.36 (KHTML, like Gecko; compatible; ClaudeBot/1.0; +claudebot@anthropic.com)"
216.73.216.89 - - [30/Dec/2025:03:57:52 +0300] "GET /?fileloc=%2F%2Fsbin%2Frabbitmq-diagnostics&path=%2F%2Fsbin HTTP/2.0" 200 3578 "-" "Mozilla/5.0 AppleWebKit/537.36 (KHTML, like Gecko; compatible; ClaudeBot/1.0; +claudebot@anthropic.com)"
216.73.216.89 - - [30/Dec/2025:03:57:52 +0300] "GET /?fileloc=%2F%2Fbin%2Ferl&path=%2F%2Fbin HTTP/2.0" 200 3245 "-" "Mozilla/5.0 AppleWebKit/537.36 (KHTML, like Gecko; compatible; ClaudeBot/1.0; +claudebot@anthropic.com)"
74.7.227.185 - - [30/Dec/2025:03:57:52 +0300] "GET /?fileloc=//proc/3331312/net/fib_triestat&path=//proc/3331312/net HTTP/2.0" 200 2794 "-" "Mozilla/5.0 AppleWebKit/537.36 (KHTML, like Gecko; compatible; GPTBot/1.3; +https://openai.com/gptbot)"
216.73.216.89 - - [30/Dec/2025:03:57:52 +0300] "GET /?fileloc=%2F%2Fbin%2Frmdir&path=%2F%2Fbin HTTP/2.0" 200 2529 "-" "Mozilla/5.0 AppleWebKit/537.36 (KHTML, like Gecko; compatible; ClaudeBot/1.0; +claudebot@anthropic.com)"
216.73.216.89 - - [30/Dec/2025:03:57:52 +0300] "GET /?fileloc=%2F%2Fbin%2Fsnmpc&path=%2F%2Fbin HTTP/2.0" 200 6818 "-" "Mozilla/5.0 AppleWebKit/537.36 (KHTML, like Gecko; compatible; ClaudeBot/1.0; +claudebot@anthropic.com)"
216.73.216.89 - - [30/Dec/2025:03:57:52 +0300] "GET /?fileloc=%2F%2Fbin%2Ffstrim-blocks&path=%2F%2Fbin HTTP/2.0" 200 4159 "-" "Mozilla/5.0 AppleWebKit/537.36 (KHTML, like Gecko; compatible; ClaudeBot/1.0; +claudebot@anthropic.com)"
216.73.216.89 - - [30/Dec/2025:03:57:53 +0300] "GET /?fileloc=%2F%2Frun%2Fmotd.dynamic&path=%2F%2Frun HTTP/2.0" 200 2538 "-" "Mozilla/5.0 AppleWebKit/537.36 (KHTML, like Gecko; compatible; ClaudeBot/1.0; +claudebot@anthropic.com)"
216.73.216.89 - - [30/Dec/2025:03:57:53 +0300] "GET /?fileloc=%2F%2Fbin%2Ffc-match&path=%2F%2Fbin HTTP/2.0" 200 2531 "-" "Mozilla/5.0 AppleWebKit/537.36 (KHTML, like Gecko; compatible; ClaudeBot/1.0; +claudebot@anthropic.com)"
216.73.216.89 - - [30/Dec/2025:03:57:53 +0300] "GET /?fileloc=%2F%2Fbin%2F7za&path=%2F%2Fbin HTTP/2.0" 200 2564 "-" "Mozilla/5.0 AppleWebKit/537.36 (KHTML, like Gecko; compatible; ClaudeBot/1.0; +claudebot@anthropic.com)"
74.7.227.185 - - [30/Dec/2025:03:57:53 +0300] "GET /?fileloc=//proc/3241346/net/wireless&path=//proc/3241346/net HTTP/2.0" 200 2651 "-" "Mozilla/5.0 AppleWebKit/537.36 (KHTML, like Gecko; compatible; GPTBot/1.3; +https://openai.com/gptbot)"
216.73.216.89 - - [30/Dec/2025:03:57:53 +0300] "GET /?fileloc=%2F%2Fsbin%2Fbridge&path=%2F%2Fsbin HTTP/2.0" 200 2530 "-" "Mozilla/5.0 AppleWebKit/537.36 (KHTML, like Gecko; compatible; ClaudeBot/1.0; +claudebot@anthropic.com)"
216.73.216.89 - - [30/Dec/2025:03:57:53 +0300] "GET /?fileloc=%2F%2Fbin%2Fpg_upgradecluster&path=%2F%2Fbin HTTP/2.0" 200 13370 "-" "Mozilla/5.0 AppleWebKit/537.36 (KHTML, like Gecko; compatible; ClaudeBot/1.0; +claudebot@anthropic.com)"
216.73.216.89 - - [30/Dec/2025:03:57:53 +0300] "GET /?fileloc=%2F%2Fbin%2Flinux-check-removal&path=%2F%2Fbin HTTP/2.0" 200 4578 "-" "Mozilla/5.0 AppleWebKit/537.36 (KHTML, like Gecko; compatible; ClaudeBot/1.0; +claudebot@anthropic.com)"
216.73.216.89 - - [30/Dec/2025:03:57:53 +0300] "GET /?fileloc=%2F%2Fbin%2Fcatman&path=%2F%2Fbin HTTP/2.0" 200 2530 "-" "Mozilla/5.0 AppleWebKit/537.36 (KHTML, like Gecko; compatible; ClaudeBot/1.0; +claudebot@anthropic.com)"
216.73.216.89 - - [30/Dec/2025:03:57:53 +0300] "GET /?fileloc=%2F%2Fbin%2Fzgrep&path=%2F%2Fbin HTTP/2.0" 200 5723 "-" "Mozilla/5.0 AppleWebKit/537.36 (KHTML, like Gecko; compatible; ClaudeBot/1.0; +claudebot@anthropic.com)"
216.73.216.89 - - [30/Dec/2025:03:57:53 +0300] "GET /?fileloc=%2F%2Fbin%2Fpodchecker&path=%2F%2Fbin HTTP/2.0" 200 4184 "-" "Mozilla/5.0 AppleWebKit/537.36 (KHTML, like Gecko; compatible; ClaudeBot/1.0; +claudebot@anthropic.com)"
74.7.227.185 - - [30/Dec/2025:03:57:53 +0300] "GET /?fileloc=//proc/3353941/net/sockstat&path=//proc/3353941/net HTTP/2.0" 200 2634 "-" "Mozilla/5.0 AppleWebKit/537.36 (KHTML, like Gecko; compatible; GPTBot/1.3; +https://openai.com/gptbot)"
216.73.216.89 - - [30/Dec/2025:03:57:53 +0300] "GET /?fileloc=%2F%2Fbin%2Fmesg&path=%2F%2Fbin HTTP/2.0" 200 2528 "-" "Mozilla/5.0 AppleWebKit/537.36 (KHTML, like Gecko; compatible; ClaudeBot/1.0; +claudebot@anthropic.com)"
216.73.216.89 - - [30/Dec/2025:03:57:53 +0300] "GET /?path=%2Fvar%2Fwww%2Flevasheva.ru%2Fpublic%2Fwp-content%2Fplugins%2Fweekly-class HTTP/2.0" 200 3240 "-" "Mozilla/5.0 AppleWebKit/537.36 (KHTML, like Gecko; compatible; ClaudeBot/1.0; +claudebot@anthropic.com)"
216.73.216.89 - - [30/Dec/2025:03:57:54 +0300] "GET /?fileloc=%2F%2Fetc%2Fservices&path=%2F%2Fetc HTTP/2.0" 200 7912 "-" "Mozilla/5.0 AppleWebKit/537.36 (KHTML, like Gecko; compatible; ClaudeBot/1.0; +claudebot@anthropic.com)"
216.73.216.89 - - [30/Dec/2025:03:57:54 +0300] "GET /?fileloc=%2F%2Fsbin%2Fcapsh&path=%2F%2Fsbin HTTP/2.0" 200 2529 "-" "Mozilla/5.0 AppleWebKit/537.36 (KHTML, like Gecko; compatible; ClaudeBot/1.0; +claudebot@anthropic.com)"
216.73.216.89 - - [30/Dec/2025:03:57:54 +0300] "GET /?fileloc=%2F%2Fbin%2Fdroplang&path=%2F%2Fbin HTTP/2.0" 200 6533 "-" "Mozilla/5.0 AppleWebKit/537.36 (KHTML, like Gecko; compatible; ClaudeBot/1.0; +claudebot@anthropic.com)"
216.73.216.89 - - [30/Dec/2025:03:57:54 +0300] "GET /?fileloc=%2F%2Fbin%2Ftruncate&path=%2F%2Fbin HTTP/2.0" 200 2530 "-" "Mozilla/5.0 AppleWebKit/537.36 (KHTML, like Gecko; compatible; ClaudeBot/1.0; +claudebot@anthropic.com)"
74.7.227.185 - - [30/Dec/2025:03:57:54 +0300] "GET /?fileloc=//proc/3354517/net/mcfilter&path=//proc/3354517/net HTTP/2.0" 200 2581 "-" "Mozilla/5.0 AppleWebKit/537.36 (KHTML, like Gecko; compatible; GPTBot/1.3; +https://openai.com/gptbot)"
216.73.216.89 - - [30/Dec/2025:03:57:54 +0300] "GET /?fileloc=%2F%2Fsbin%2Fupdate-exim4defaults&path=%2F%2Fsbin HTTP/2.0" 200 2540 "-" "Mozilla/5.0 AppleWebKit/537.36 (KHTML, like Gecko; compatible; ClaudeBot/1.0; +claudebot@anthropic.com)"
216.73.216.89 - - [30/Dec/2025:03:57:54 +0300] "GET /?fileloc=%2F%2Fetc%2Fsubuid&path=%2F%2Fetc HTTP/2.0" 200 2551 "-" "Mozilla/5.0 AppleWebKit/537.36 (KHTML, like Gecko; compatible; ClaudeBot/1.0; +claudebot@anthropic.com)"
216.73.216.89 - - [30/Dec/2025:03:57:54 +0300] "GET /?fileloc=%2F%2Fsbin%2Fmodinfo&path=%2F%2Fsbin HTTP/2.0" 200 2530 "-" "Mozilla/5.0 AppleWebKit/537.36 (KHTML, like Gecko; compatible; ClaudeBot/1.0; +claudebot@anthropic.com)"
216.73.216.89 - - [30/Dec/2025:03:57:54 +0300] "GET /?fileloc=%2F%2Fbin%2Ffrm&path=%2F%2Fbin HTTP/2.0" 200 2528 "-" "Mozilla/5.0 AppleWebKit/537.36 (KHTML, like Gecko; compatible; ClaudeBot/1.0; +claudebot@anthropic.com)"
216.73.216.89 - - [30/Dec/2025:03:57:54 +0300] "GET /?fileloc=%2F%2Fbin%2Flogin&path=%2F%2Fbin HTTP/2.0" 200 2530 "-" "Mozilla/5.0 AppleWebKit/537.36 (KHTML, like Gecko; compatible; ClaudeBot/1.0; +claudebot@anthropic.com)"
216.73.216.89 - - [30/Dec/2025:03:57:54 +0300] "GET /?fileloc=%2F%2Fbin%2Fmariadbd-multi&path=%2F%2Fbin HTTP/2.0" 200 11378 "-" "Mozilla/5.0 AppleWebKit/537.36 (KHTML, like Gecko; compatible; ClaudeBot/1.0; +claudebot@anthropic.com)"
74.7.227.185 - - [30/Dec/2025:03:57:54 +0300] "GET /?fileloc=//proc/1502600/net/wireless&path=//proc/1502600/net HTTP/2.0" 200 2650 "-" "Mozilla/5.0 AppleWebKit/537.36 (KHTML, like Gecko; compatible; GPTBot/1.3; +https://openai.com/gptbot)"
216.73.216.89 - - [30/Dec/2025:03:57:54 +0300] "GET /?fileloc=%2F%2Fbin%2Ftac&path=%2F%2Fbin HTTP/2.0" 200 2528 "-" "Mozilla/5.0 AppleWebKit/537.36 (KHTML, like Gecko; compatible; ClaudeBot/1.0; +claudebot@anthropic.com)"
216.73.216.89 - - [30/Dec/2025:03:57:55 +0300] "GET /?fileloc=%2F%2Fbin%2Fsieve&path=%2F%2Fbin HTTP/2.0" 200 2528 "-" "Mozilla/5.0 AppleWebKit/537.36 (KHTML, like Gecko; compatible; ClaudeBot/1.0; +claudebot@anthropic.com)"
216.73.216.89 - - [30/Dec/2025:03:57:55 +0300] "GET /?fileloc=%2F%2Fsbin%2Fdovecot&path=%2F%2Fsbin HTTP/2.0" 200 2531 "-" "Mozilla/5.0 AppleWebKit/537.36 (KHTML, like Gecko; compatible; ClaudeBot/1.0; +claudebot@anthropic.com)"
216.73.216.89 - - [30/Dec/2025:03:57:55 +0300] "GET /?fileloc=%2F%2Fbin%2Fbabeljs-external-helpers&path=%2F%2Fbin HTTP/2.0" 200 2582 "-" "Mozilla/5.0 AppleWebKit/537.36 (KHTML, like Gecko; compatible; ClaudeBot/1.0; +claudebot@anthropic.com)"
216.73.216.89 - - [30/Dec/2025:03:57:55 +0300] "GET /?fileloc=%2F%2Fbin%2Flsblk&path=%2F%2Fbin HTTP/2.0" 200 2529 "-" "Mozilla/5.0 AppleWebKit/537.36 (KHTML, like Gecko; compatible; ClaudeBot/1.0; +claudebot@anthropic.com)"
74.7.227.185 - - [30/Dec/2025:03:57:55 +0300] "GET /?fileloc=//proc/3354516/net/wireless&path=//proc/3354516/net HTTP/2.0" 200 2651 "-" "Mozilla/5.0 AppleWebKit/537.36 (KHTML, like Gecko; compatible; GPTBot/1.3; +https://openai.com/gptbot)"
216.73.216.89 - - [30/Dec/2025:03:57:55 +0300] "GET /?fileloc=%2F%2Fbin%2Fgpgconf&path=%2F%2Fbin HTTP/2.0" 200 2531 "-" "Mozilla/5.0 AppleWebKit/537.36 (KHTML, like Gecko; compatible; ClaudeBot/1.0; +claudebot@anthropic.com)"
216.73.216.89 - - [30/Dec/2025:03:57:55 +0300] "GET /?fileloc=%2F%2Fsbin%2Febtables-save&path=%2F%2Fsbin HTTP/2.0" 200 2535 "-" "Mozilla/5.0 AppleWebKit/537.36 (KHTML, like Gecko; compatible; ClaudeBot/1.0; +claudebot@anthropic.com)"
74.7.227.185 - - [30/Dec/2025:03:57:55 +0300] "GET /?fileloc=//proc/3353861/net/wireless&path=//proc/3353861/net HTTP/2.0" 200 2651 "-" "Mozilla/5.0 AppleWebKit/537.36 (KHTML, like Gecko; compatible; GPTBot/1.3; +https://openai.com/gptbot)"
74.7.227.185 - - [30/Dec/2025:03:57:56 +0300] "GET /?fileloc=//proc/1502600/net/mcfilter&path=//proc/1502600/net HTTP/2.0" 200 2580 "-" "Mozilla/5.0 AppleWebKit/537.36 (KHTML, like Gecko; compatible; GPTBot/1.3; +https://openai.com/gptbot)"
74.7.227.185 - - [30/Dec/2025:03:57:57 +0300] "GET /?fileloc=//proc/3133982/net/sockstat&path=//proc/3133982/net HTTP/2.0" 200 2634 "-" "Mozilla/5.0 AppleWebKit/537.36 (KHTML, like Gecko; compatible; GPTBot/1.3; +https://openai.com/gptbot)"
74.7.227.185 - - [30/Dec/2025:03:57:57 +0300] "GET /?fileloc=//proc/2916863/net/protocols&path=//proc/2916863/net HTTP/2.0" 200 2938 "-" "Mozilla/5.0 AppleWebKit/537.36 (KHTML, like Gecko; compatible; GPTBot/1.3; +https://openai.com/gptbot)"
74.7.227.185 - - [30/Dec/2025:03:57:58 +0300] "GET /?fileloc=//proc/3352861/net/protocols&path=//proc/3352861/net HTTP/2.0" 200 2939 "-" "Mozilla/5.0 AppleWebKit/537.36 (KHTML, like Gecko; compatible; GPTBot/1.3; +https://openai.com/gptbot)"
74.7.227.185 - - [30/Dec/2025:03:57:58 +0300] "GET /?fileloc=//proc/3114642/net/wireless&path=//proc/3114642/net HTTP/2.0" 200 2650 "-" "Mozilla/5.0 AppleWebKit/537.36 (KHTML, like Gecko; compatible; GPTBot/1.3; +https://openai.com/gptbot)"
74.7.227.185 - - [30/Dec/2025:03:57:59 +0300] "GET /?fileloc=//proc/3133982/net/mcfilter&path=//proc/3133982/net HTTP/2.0" 200 2580 "-" "Mozilla/5.0 AppleWebKit/537.36 (KHTML, like Gecko; compatible; GPTBot/1.3; +https://openai.com/gptbot)"
74.7.227.185 - - [30/Dec/2025:03:57:59 +0300] "GET /?fileloc=//proc/3114662/net/sockstat&path=//proc/3114662/net HTTP/2.0" 200 2633 "-" "Mozilla/5.0 AppleWebKit/537.36 (KHTML, like Gecko; compatible; GPTBot/1.3; +https://openai.com/gptbot)"
74.7.227.185 - - [30/Dec/2025:03:58:00 +0300] "GET /?fileloc=//proc/3353861/net/mcfilter&path=//proc/3353861/net HTTP/2.0" 200 2580 "-" "Mozilla/5.0 AppleWebKit/537.36 (KHTML, like Gecko; compatible; GPTBot/1.3; +https://openai.com/gptbot)"
74.7.227.185 - - [30/Dec/2025:03:58:00 +0300] "GET /?fileloc=//proc/3352860/net/mcfilter&path=//proc/3352860/net HTTP/2.0" 200 2550 "-" "Mozilla/5.0 AppleWebKit/537.36 (KHTML, like Gecko; compatible; GPTBot/1.3; +https://openai.com/gptbot)"
74.7.227.185 - - [30/Dec/2025:03:58:01 +0300] "GET /?fileloc=//proc/3114662/net/wireless&path=//proc/3114662/net HTTP/2.0" 200 2650 "-" "Mozilla/5.0 AppleWebKit/537.36 (KHTML, like Gecko; compatible; GPTBot/1.3; +https://openai.com/gptbot)"
74.7.227.185 - - [30/Dec/2025:03:58:01 +0300] "GET /?fileloc=//proc/3354516/net/sockstat&path=//proc/3354516/net HTTP/2.0" 200 2633 "-" "Mozilla/5.0 AppleWebKit/537.36 (KHTML, like Gecko; compatible; GPTBot/1.3; +https://openai.com/gptbot)"
74.7.227.185 - - [30/Dec/2025:03:58:02 +0300] "GET /?fileloc=//proc/3354517/net/wireless&path=//proc/3354517/net HTTP/2.0" 200 2651 "-" "Mozilla/5.0 AppleWebKit/537.36 (KHTML, like Gecko; compatible; GPTBot/1.3; +https://openai.com/gptbot)"
74.7.227.185 - - [30/Dec/2025:03:58:02 +0300] "GET /?fileloc=//proc/3354320/net/mcfilter&path=//proc/3354320/net HTTP/2.0" 200 2580 "-" "Mozilla/5.0 AppleWebKit/537.36 (KHTML, like Gecko; compatible; GPTBot/1.3; +https://openai.com/gptbot)"
74.7.227.185 - - [30/Dec/2025:03:58:03 +0300] "GET /?fileloc=//proc/2461908/net/connector&path=//proc/2461908/net HTTP/2.0" 200 2569 "-" "Mozilla/5.0 AppleWebKit/537.36 (KHTML, like Gecko; compatible; GPTBot/1.3; +https://openai.com/gptbot)"
74.7.227.185 - - [30/Dec/2025:03:58:03 +0300] "GET /?fileloc=//proc/3252147/net/mcfilter&path=//proc/3252147/net HTTP/2.0" 200 2581 "-" "Mozilla/5.0 AppleWebKit/537.36 (KHTML, like Gecko; compatible; GPTBot/1.3; +https://openai.com/gptbot)"
74.7.227.185 - - [30/Dec/2025:03:58:04 +0300] "GET /?fileloc=//proc/3252153/net/wireless&path=//proc/3252153/net HTTP/2.0" 200 2650 "-" "Mozilla/5.0 AppleWebKit/537.36 (KHTML, like Gecko; compatible; GPTBot/1.3; +https://openai.com/gptbot)"
74.7.227.185 - - [30/Dec/2025:03:58:04 +0300] "GET /?fileloc=//proc/1072607/net/wireless&path=//proc/1072607/net HTTP/2.0" 200 2651 "-" "Mozilla/5.0 AppleWebKit/537.36 (KHTML, like Gecko; compatible; GPTBot/1.3; +https://openai.com/gptbot)"
74.7.227.185 - - [30/Dec/2025:03:58:05 +0300] "GET /?fileloc=//proc/1072607/net/mcfilter&path=//proc/1072607/net HTTP/2.0" 200 2580 "-" "Mozilla/5.0 AppleWebKit/537.36 (KHTML, like Gecko; compatible; GPTBot/1.3; +https://openai.com/gptbot)"
74.7.227.185 - - [30/Dec/2025:03:58:05 +0300] "GET /?fileloc=//proc/3241346/net/sockstat&path=//proc/3241346/net HTTP/2.0" 200 2633 "-" "Mozilla/5.0 AppleWebKit/537.36 (KHTML, like Gecko; compatible; GPTBot/1.3; +https://openai.com/gptbot)"
74.7.227.185 - - [30/Dec/2025:03:58:06 +0300] "GET /?fileloc=//proc/3354516/net/mcfilter&path=//proc/3354516/net HTTP/2.0" 200 2580 "-" "Mozilla/5.0 AppleWebKit/537.36 (KHTML, like Gecko; compatible; GPTBot/1.3; +https://openai.com/gptbot)"
74.7.227.185 - - [30/Dec/2025:03:58:06 +0300] "GET /?fileloc=//proc/3114642/net/sockstat&path=//proc/3114642/net HTTP/2.0" 200 2633 "-" "Mozilla/5.0 AppleWebKit/537.36 (KHTML, like Gecko; compatible; GPTBot/1.3; +https://openai.com/gptbot)"
74.7.227.185 - - [30/Dec/2025:03:58:07 +0300] "GET /?fileloc=//proc/3114662/net/mcfilter&path=//proc/3114662/net HTTP/2.0" 200 2580 "-" "Mozilla/5.0 AppleWebKit/537.36 (KHTML, like Gecko; compatible; GPTBot/1.3; +https://openai.com/gptbot)"
198.244.183.209 - - [30/Dec/2025:03:58:07 +0300] "GET /?path=/var/lib HTTP/2.0" 200 4101 "-" "Mozilla/5.0 (compatible; AhrefsBot/7.0; +http://ahrefs.com/robot/)"
74.7.227.185 - - [30/Dec/2025:03:58:08 +0300] "GET /?fileloc=//proc/2916863/net/mcfilter&path=//proc/2916863/net HTTP/2.0" 200 2580 "-" "Mozilla/5.0 AppleWebKit/537.36 (KHTML, like Gecko; compatible; GPTBot/1.3; +https://openai.com/gptbot)"
74.7.227.185 - - [30/Dec/2025:03:58:08 +0300] "GET /?fileloc=//proc/3354261/net/mcfilter&path=//proc/3354261/net HTTP/2.0" 200 2550 "-" "Mozilla/5.0 AppleWebKit/537.36 (KHTML, like Gecko; compatible; GPTBot/1.3; +https://openai.com/gptbot)"
74.7.227.185 - - [30/Dec/2025:03:58:09 +0300] "GET /?fileloc=//proc/3352861/net/mcfilter&path=//proc/3352861/net HTTP/2.0" 200 2580 "-" "Mozilla/5.0 AppleWebKit/537.36 (KHTML, like Gecko; compatible; GPTBot/1.3; +https://openai.com/gptbot)"
74.7.227.185 - - [30/Dec/2025:03:58:09 +0300] "GET /?fileloc=//proc/3353941/net/wireless&path=//proc/3353941/net HTTP/2.0" 200 2651 "-" "Mozilla/5.0 AppleWebKit/537.36 (KHTML, like Gecko; compatible; GPTBot/1.3; +https://openai.com/gptbot)"
74.7.227.185 - - [30/Dec/2025:03:58:10 +0300] "GET /?fileloc=//proc/3353941/net/mcfilter&path=//proc/3353941/net HTTP/2.0" 200 2580 "-" "Mozilla/5.0 AppleWebKit/537.36 (KHTML, like Gecko; compatible; GPTBot/1.3; +https://openai.com/gptbot)"
74.7.227.185 - - [30/Dec/2025:03:58:10 +0300] "GET /?fileloc=//proc/3352860/net/protocols&path=//proc/3352860/net HTTP/2.0" 200 2551 "-" "Mozilla/5.0 AppleWebKit/537.36 (KHTML, like Gecko; compatible; GPTBot/1.3; +https://openai.com/gptbot)"
74.7.227.185 - - [30/Dec/2025:03:58:11 +0300] "GET /?fileloc=//proc/3133982/net/wireless&path=//proc/3133982/net HTTP/2.0" 200 2651 "-" "Mozilla/5.0 AppleWebKit/537.36 (KHTML, like Gecko; compatible; GPTBot/1.3; +https://openai.com/gptbot)"
74.7.227.185 - - [30/Dec/2025:03:58:11 +0300] "GET /?fileloc=//proc/3252147/net/protocols&path=//proc/3252147/net HTTP/2.0" 200 2940 "-" "Mozilla/5.0 AppleWebKit/537.36 (KHTML, like Gecko; compatible; GPTBot/1.3; +https://openai.com/gptbot)"
74.7.227.185 - - [30/Dec/2025:03:58:12 +0300] "GET /?fileloc=//proc/3354261/net/protocols&path=//proc/3354261/net HTTP/2.0" 200 2551 "-" "Mozilla/5.0 AppleWebKit/537.36 (KHTML, like Gecko; compatible; GPTBot/1.3; +https://openai.com/gptbot)"
74.7.227.185 - - [30/Dec/2025:03:58:12 +0300] "GET /?fileloc=//proc/3241346/net/mcfilter&path=//proc/3241346/net HTTP/2.0" 200 2580 "-" "Mozilla/5.0 AppleWebKit/537.36 (KHTML, like Gecko; compatible; GPTBot/1.3; +https://openai.com/gptbot)"
74.7.227.185 - - [30/Dec/2025:03:58:13 +0300] "GET /?path=//proc/633/net/stat HTTP/2.0" 200 2969 "-" "Mozilla/5.0 AppleWebKit/537.36 (KHTML, like Gecko; compatible; GPTBot/1.3; +https://openai.com/gptbot)"
74.7.227.185 - - [30/Dec/2025:03:58:13 +0300] "GET /?fileloc=//proc/3354261/net/if_inet6&path=//proc/3354261/net HTTP/2.0" 200 2551 "-" "Mozilla/5.0 AppleWebKit/537.36 (KHTML, like Gecko; compatible; GPTBot/1.3; +https://openai.com/gptbot)"
74.7.227.185 - - [30/Dec/2025:03:58:14 +0300] "GET /?fileloc=//proc/3352860/net/if_inet6&path=//proc/3352860/net HTTP/2.0" 200 2551 "-" "Mozilla/5.0 AppleWebKit/537.36 (KHTML, like Gecko; compatible; GPTBot/1.3; +https://openai.com/gptbot)"
74.7.227.185 - - [30/Dec/2025:03:58:14 +0300] "GET /?fileloc=//proc/3352861/net/if_inet6&path=//proc/3352861/net HTTP/2.0" 200 2597 "-" "Mozilla/5.0 AppleWebKit/537.36 (KHTML, like Gecko; compatible; GPTBot/1.3; +https://openai.com/gptbot)"
74.7.227.185 - - [30/Dec/2025:03:58:15 +0300] "GET /?fileloc=//proc/3331312/net/raw6&path=//proc/3331312/net HTTP/2.0" 200 2625 "-" "Mozilla/5.0 AppleWebKit/537.36 (KHTML, like Gecko; compatible; GPTBot/1.3; +https://openai.com/gptbot)"
74.7.227.185 - - [30/Dec/2025:03:58:15 +0300] "GET /?fileloc=//proc/1072607/net/if_inet6&path=//proc/1072607/net HTTP/2.0" 200 2597 "-" "Mozilla/5.0 AppleWebKit/537.36 (KHTML, like Gecko; compatible; GPTBot/1.3; +https://openai.com/gptbot)"
74.7.227.185 - - [30/Dec/2025:03:58:16 +0300] "GET /?fileloc=//proc/3241346/net/if_inet6&path=//proc/3241346/net HTTP/2.0" 200 2597 "-" "Mozilla/5.0 AppleWebKit/537.36 (KHTML, like Gecko; compatible; GPTBot/1.3; +https://openai.com/gptbot)"
74.7.227.185 - - [30/Dec/2025:03:58:17 +0300] "GET /?fileloc=//proc/3353941/net/if_inet6&path=//proc/3353941/net HTTP/2.0" 200 2597 "-" "Mozilla/5.0 AppleWebKit/537.36 (KHTML, like Gecko; compatible; GPTBot/1.3; +https://openai.com/gptbot)"
74.7.227.185 - - [30/Dec/2025:03:58:17 +0300] "GET /?fileloc=//proc/3114642/net/if_inet6&path=//proc/3114642/net HTTP/2.0" 200 2597 "-" "Mozilla/5.0 AppleWebKit/537.36 (KHTML, like Gecko; compatible; GPTBot/1.3; +https://openai.com/gptbot)"
74.7.227.185 - - [30/Dec/2025:03:58:18 +0300] "GET /?fileloc=//proc/2916863/net/if_inet6&path=//proc/2916863/net HTTP/2.0" 200 2597 "-" "Mozilla/5.0 AppleWebKit/537.36 (KHTML, like Gecko; compatible; GPTBot/1.3; +https://openai.com/gptbot)"
74.7.227.185 - - [30/Dec/2025:03:58:18 +0300] "GET /?fileloc=//proc/3354517/net/if_inet6&path=//proc/3354517/net HTTP/2.0" 200 2598 "-" "Mozilla/5.0 AppleWebKit/537.36 (KHTML, like Gecko; compatible; GPTBot/1.3; +https://openai.com/gptbot)"
74.7.227.185 - - [30/Dec/2025:03:58:19 +0300] "GET /?fileloc=//proc/633/net/stat/ndisc_cache&path=//proc/633/net/stat HTTP/2.0" 200 2686 "-" "Mozilla/5.0 AppleWebKit/537.36 (KHTML, like Gecko; compatible; GPTBot/1.3; +https://openai.com/gptbot)"
74.7.227.185 - - [30/Dec/2025:03:58:19 +0300] "GET /?fileloc=//proc/633/net/stat/arp_cache&path=//proc/633/net/stat HTTP/2.0" 200 2707 "-" "Mozilla/5.0 AppleWebKit/537.36 (KHTML, like Gecko; compatible; GPTBot/1.3; +https://openai.com/gptbot)"
74.7.227.185 - - [30/Dec/2025:03:58:20 +0300] "GET /?fileloc=//proc/633/net/stat/rt_cache&path=//proc/633/net/stat HTTP/2.0" 200 2718 "-" "Mozilla/5.0 AppleWebKit/537.36 (KHTML, like Gecko; compatible; GPTBot/1.3; +https://openai.com/gptbot)"
74.7.227.185 - - [30/Dec/2025:03:58:20 +0300] "GET /?fileloc=//proc/3354320/net/if_inet6&path=//proc/3354320/net HTTP/2.0" 200 2597 "-" "Mozilla/5.0 AppleWebKit/537.36 (KHTML, like Gecko; compatible; GPTBot/1.3; +https://openai.com/gptbot)"
74.7.227.185 - - [30/Dec/2025:03:58:21 +0300] "GET /?fileloc=//proc/3354516/net/if_inet6&path=//proc/3354516/net HTTP/2.0" 200 2597 "-" "Mozilla/5.0 AppleWebKit/537.36 (KHTML, like Gecko; compatible; GPTBot/1.3; +https://openai.com/gptbot)"
74.7.227.185 - - [30/Dec/2025:03:58:21 +0300] "GET /?fileloc=//proc/3133982/net/if_inet6&path=//proc/3133982/net HTTP/2.0" 200 2597 "-" "Mozilla/5.0 AppleWebKit/537.36 (KHTML, like Gecko; compatible; GPTBot/1.3; +https://openai.com/gptbot)"
74.7.227.185 - - [30/Dec/2025:03:58:22 +0300] "GET /?fileloc=//proc/3354343/net/packet&path=//proc/3354343/net HTTP/2.0" 200 2588 "-" "Mozilla/5.0 AppleWebKit/537.36 (KHTML, like Gecko; compatible; GPTBot/1.3; +https://openai.com/gptbot)"
74.7.227.185 - - [30/Dec/2025:03:58:22 +0300] "GET /?fileloc=//proc/3354435/net/packet&path=//proc/3354435/net HTTP/2.0" 200 2588 "-" "Mozilla/5.0 AppleWebKit/537.36 (KHTML, like Gecko; compatible; GPTBot/1.3; +https://openai.com/gptbot)"
74.7.227.185 - - [30/Dec/2025:03:58:23 +0300] "GET /?fileloc=//proc/3354343/net/psched&path=//proc/3354343/net HTTP/2.0" 200 2572 "-" "Mozilla/5.0 AppleWebKit/537.36 (KHTML, like Gecko; compatible; GPTBot/1.3; +https://openai.com/gptbot)"
74.7.227.185 - - [30/Dec/2025:03:58:24 +0300] "GET /?fileloc=//proc/3133983/net/packet&path=//proc/3133983/net HTTP/2.0" 200 2588 "-" "Mozilla/5.0 AppleWebKit/537.36 (KHTML, like Gecko; compatible; GPTBot/1.3; +https://openai.com/gptbot)"
74.7.227.185 - - [30/Dec/2025:03:58:24 +0300] "GET /?fileloc=//proc/3354435/net/netstat&path=//proc/3354435/net HTTP/2.0" 200 4201 "-" "Mozilla/5.0 AppleWebKit/537.36 (KHTML, like Gecko; compatible; GPTBot/1.3; +https://openai.com/gptbot)"
74.7.227.185 - - [30/Dec/2025:03:58:25 +0300] "GET /?fileloc=//proc/3354435/net/netlink&path=//proc/3354435/net HTTP/2.0" 200 3088 "-" "Mozilla/5.0 AppleWebKit/537.36 (KHTML, like Gecko; compatible; GPTBot/1.3; +https://openai.com/gptbot)"
74.7.227.185 - - [30/Dec/2025:03:58:25 +0300] "GET /?fileloc=//proc/3354343/net/netlink&path=//proc/3354343/net HTTP/2.0" 200 3088 "-" "Mozilla/5.0 AppleWebKit/537.36 (KHTML, like Gecko; compatible; GPTBot/1.3; +https://openai.com/gptbot)"
74.7.227.185 - - [30/Dec/2025:03:58:26 +0300] "GET /?fileloc=//proc/3133983/net/netstat&path=//proc/3133983/net HTTP/2.0" 200 4199 "-" "Mozilla/5.0 AppleWebKit/537.36 (KHTML, like Gecko; compatible; GPTBot/1.3; +https://openai.com/gptbot)"
74.7.227.185 - - [30/Dec/2025:03:58:26 +0300] "GET /?fileloc=//proc/3354432/net/if_inet6&path=//proc/3354432/net HTTP/2.0" 200 2597 "-" "Mozilla/5.0 AppleWebKit/537.36 (KHTML, like Gecko; compatible; GPTBot/1.3; +https://openai.com/gptbot)"
74.7.227.185 - - [30/Dec/2025:03:58:27 +0300] "GET /?fileloc=//proc/3252153/net/if_inet6&path=//proc/3252153/net HTTP/2.0" 200 2597 "-" "Mozilla/5.0 AppleWebKit/537.36 (KHTML, like Gecko; compatible; GPTBot/1.3; +https://openai.com/gptbot)"
74.7.227.185 - - [30/Dec/2025:03:58:27 +0300] "GET /?fileloc=//proc/2904400/net/if_inet6&path=//proc/2904400/net HTTP/2.0" 200 2597 "-" "Mozilla/5.0 AppleWebKit/537.36 (KHTML, like Gecko; compatible; GPTBot/1.3; +https://openai.com/gptbot)"
74.7.227.185 - - [30/Dec/2025:03:58:28 +0300] "GET /?fileloc=//proc/1502600/net/if_inet6&path=//proc/1502600/net HTTP/2.0" 200 2597 "-" "Mozilla/5.0 AppleWebKit/537.36 (KHTML, like Gecko; compatible; GPTBot/1.3; +https://openai.com/gptbot)"
74.7.227.185 - - [30/Dec/2025:03:58:28 +0300] "GET /?fileloc=//proc/3353861/net/if_inet6&path=//proc/3353861/net HTTP/2.0" 200 2597 "-" "Mozilla/5.0 AppleWebKit/537.36 (KHTML, like Gecko; compatible; GPTBot/1.3; +https://openai.com/gptbot)"
74.7.227.185 - - [30/Dec/2025:03:58:29 +0300] "GET /?fileloc=//proc/3354515/net/if_inet6&path=//proc/3354515/net HTTP/2.0" 200 2597 "-" "Mozilla/5.0 AppleWebKit/537.36 (KHTML, like Gecko; compatible; GPTBot/1.3; +https://openai.com/gptbot)"
74.7.227.185 - - [30/Dec/2025:03:58:29 +0300] "GET /?fileloc=//proc/3241344/net/if_inet6&path=//proc/3241344/net HTTP/2.0" 200 2597 "-" "Mozilla/5.0 AppleWebKit/537.36 (KHTML, like Gecko; compatible; GPTBot/1.3; +https://openai.com/gptbot)"
74.7.227.185 - - [30/Dec/2025:03:58:30 +0300] "GET /?fileloc=//proc/3114662/net/if_inet6&path=//proc/3114662/net HTTP/2.0" 200 2597 "-" "Mozilla/5.0 AppleWebKit/537.36 (KHTML, like Gecko; compatible; GPTBot/1.3; +https://openai.com/gptbot)"
74.7.227.185 - - [30/Dec/2025:03:58:30 +0300] "GET /?fileloc=//proc/3353258/net/if_inet6&path=//proc/3353258/net HTTP/2.0" 200 2597 "-" "Mozilla/5.0 AppleWebKit/537.36 (KHTML, like Gecko; compatible; GPTBot/1.3; +https://openai.com/gptbot)"
74.7.227.185 - - [30/Dec/2025:03:58:31 +0300] "GET /?fileloc=//proc/3353227/net/if_inet6&path=//proc/3353227/net HTTP/2.0" 200 2598 "-" "Mozilla/5.0 AppleWebKit/537.36 (KHTML, like Gecko; compatible; GPTBot/1.3; +https://openai.com/gptbot)"
74.7.227.185 - - [30/Dec/2025:03:58:31 +0300] "GET /?fileloc=//proc/1048/autogroup&path=//proc/1048 HTTP/2.0" 200 2554 "-" "Mozilla/5.0 AppleWebKit/537.36 (KHTML, like Gecko; compatible; GPTBot/1.3; +https://openai.com/gptbot)"
74.7.227.185 - - [30/Dec/2025:03:58:32 +0300] "GET /?fileloc=//proc/14/pagemap&path=//proc/14 HTTP/2.0" 200 2539 "-" "Mozilla/5.0 AppleWebKit/537.36 (KHTML, like Gecko; compatible; GPTBot/1.3; +https://openai.com/gptbot)"
74.7.227.185 - - [30/Dec/2025:03:58:33 +0300] "GET /?fileloc=//proc/14/environ&path=//proc/14 HTTP/2.0" 200 2539 "-" "Mozilla/5.0 AppleWebKit/537.36 (KHTML, like Gecko; compatible; GPTBot/1.3; +https://openai.com/gptbot)"
74.7.227.185 - - [30/Dec/2025:03:58:33 +0300] "GET /?fileloc=//proc/14/cmdline&path=//proc/14 HTTP/2.0" 200 2539 "-" "Mozilla/5.0 AppleWebKit/537.36 (KHTML, like Gecko; compatible; GPTBot/1.3; +https://openai.com/gptbot)"
74.7.227.185 - - [30/Dec/2025:03:58:34 +0300] "GET /?fileloc=//proc/14/syscall&path=//proc/14 HTTP/2.0" 200 2539 "-" "Mozilla/5.0 AppleWebKit/537.36 (KHTML, like Gecko; compatible; GPTBot/1.3; +https://openai.com/gptbot)"
74.7.227.185 - - [30/Dec/2025:03:58:34 +0300] "GET /?fileloc=//proc/14/oom_score&path=//proc/14 HTTP/2.0" 200 2544 "-" "Mozilla/5.0 AppleWebKit/537.36 (KHTML, like Gecko; compatible; GPTBot/1.3; +https://openai.com/gptbot)"
74.7.227.185 - - [30/Dec/2025:03:58:35 +0300] "GET /?fileloc=//proc/3353258/net/ip6_mr_vif&path=//proc/3353258/net HTTP/2.0" 200 2586 "-" "Mozilla/5.0 AppleWebKit/537.36 (KHTML, like Gecko; compatible; GPTBot/1.3; +https://openai.com/gptbot)"
74.7.227.185 - - [30/Dec/2025:03:58:35 +0300] "GET /?fileloc=//proc/3353227/net/ip6_mr_vif&path=//proc/3353227/net HTTP/2.0" 200 2586 "-" "Mozilla/5.0 AppleWebKit/537.36 (KHTML, like Gecko; compatible; GPTBot/1.3; +https://openai.com/gptbot)"
74.7.227.185 - - [30/Dec/2025:03:58:36 +0300] "GET /?fileloc=//proc/2904400/net/ip6_mr_vif&path=//proc/2904400/net HTTP/2.0" 200 2586 "-" "Mozilla/5.0 AppleWebKit/537.36 (KHTML, like Gecko; compatible; GPTBot/1.3; +https://openai.com/gptbot)"
74.7.227.185 - - [30/Dec/2025:03:58:36 +0300] "GET /?fileloc=//proc/3354515/net/ip6_mr_vif&path=//proc/3354515/net HTTP/2.0" 200 2586 "-" "Mozilla/5.0 AppleWebKit/537.36 (KHTML, like Gecko; compatible; GPTBot/1.3; +https://openai.com/gptbot)"
74.7.227.185 - - [30/Dec/2025:03:58:37 +0300] "GET /?fileloc=//proc/3354432/net/ip6_mr_vif&path=//proc/3354432/net HTTP/2.0" 200 2586 "-" "Mozilla/5.0 AppleWebKit/537.36 (KHTML, like Gecko; compatible; GPTBot/1.3; +https://openai.com/gptbot)"
74.7.227.185 - - [30/Dec/2025:03:58:37 +0300] "GET /?fileloc=//proc/3241344/net/ip6_mr_vif&path=//proc/3241344/net HTTP/2.0" 200 2586 "-" "Mozilla/5.0 AppleWebKit/537.36 (KHTML, like Gecko; compatible; GPTBot/1.3; +https://openai.com/gptbot)"
216.73.216.89 - - [30/Dec/2025:03:58:38 +0300] "GET /?fileloc=%2F%2Fbin%2Fmysql_find_rows&path=%2F%2Fbin HTTP/2.0" 200 4053 "-" "Mozilla/5.0 AppleWebKit/537.36 (KHTML, like Gecko; compatible; ClaudeBot/1.0; +claudebot@anthropic.com)"
216.73.216.89 - - [30/Dec/2025:03:58:38 +0300] "GET /?fileloc=%2F%2Fsbin%2Fgetty&path=%2F%2Fsbin HTTP/2.0" 200 2529 "-" "Mozilla/5.0 AppleWebKit/537.36 (KHTML, like Gecko; compatible; ClaudeBot/1.0; +claudebot@anthropic.com)"
216.73.216.89 - - [30/Dec/2025:03:58:38 +0300] "GET /?fileloc=%2F%2Fbin%2Fzipsplit&path=%2F%2Fbin HTTP/2.0" 200 2531 "-" "Mozilla/5.0 AppleWebKit/537.36 (KHTML, like Gecko; compatible; ClaudeBot/1.0; +claudebot@anthropic.com)"
216.73.216.89 - - [30/Dec/2025:03:58:38 +0300] "GET /?fileloc=%2F%2Fsbin%2Fiptables-save&path=%2F%2Fsbin HTTP/2.0" 200 2535 "-" "Mozilla/5.0 AppleWebKit/537.36 (KHTML, like Gecko; compatible; ClaudeBot/1.0; +claudebot@anthropic.com)"
216.73.216.89 - - [30/Dec/2025:03:58:38 +0300] "GET /?fileloc=%2F%2Fbin%2Fsha256sum&path=%2F%2Fbin HTTP/2.0" 200 2532 "-" "Mozilla/5.0 AppleWebKit/537.36 (KHTML, like Gecko; compatible; ClaudeBot/1.0; +claudebot@anthropic.com)"
74.7.227.185 - - [30/Dec/2025:03:58:38 +0300] "GET /?fileloc=//proc/3353996/net/mcfilter6&path=//proc/3353996/net HTTP/2.0" 200 2593 "-" "Mozilla/5.0 AppleWebKit/537.36 (KHTML, like Gecko; compatible; GPTBot/1.3; +https://openai.com/gptbot)"
216.73.216.89 - - [30/Dec/2025:03:58:38 +0300] "GET /?path=%2Fvar%2Fwww%2Flevasheva.ru%2Fpublic%2Fwp-content%2Fplugins%2Funyson HTTP/2.0" 200 3135 "-" "Mozilla/5.0 AppleWebKit/537.36 (KHTML, like Gecko; compatible; ClaudeBot/1.0; +claudebot@anthropic.com)"
216.73.216.89 - - [30/Dec/2025:03:58:38 +0300] "GET /?fileloc=%2F%2Fbin%2Ferlc&path=%2F%2Fbin HTTP/2.0" 200 2528 "-" "Mozilla/5.0 AppleWebKit/537.36 (KHTML, like Gecko; compatible; ClaudeBot/1.0; +claudebot@anthropic.com)"
216.73.216.89 - - [30/Dec/2025:03:58:38 +0300] "GET /?fileloc=%2F%2Fsbin%2Ffaillock&path=%2F%2Fsbin HTTP/2.0" 200 2531 "-" "Mozilla/5.0 AppleWebKit/537.36 (KHTML, like Gecko; compatible; ClaudeBot/1.0; +claudebot@anthropic.com)"
216.73.216.89 - - [30/Dec/2025:03:58:38 +0300] "GET /?fileloc=%2F%2Fbin%2Fmysql_install_db&path=%2F%2Fbin HTTP/2.0" 200 9920 "-" "Mozilla/5.0 AppleWebKit/537.36 (KHTML, like Gecko; compatible; ClaudeBot/1.0; +claudebot@anthropic.com)"
216.73.216.89 - - [30/Dec/2025:03:58:38 +0300] "GET /?fileloc=%2F%2Fsbin%2Fexim_dbmbuild&path=%2F%2Fsbin HTTP/2.0" 200 2537 "-" "Mozilla/5.0 AppleWebKit/537.36 (KHTML, like Gecko; compatible; ClaudeBot/1.0; +claudebot@anthropic.com)"
216.73.216.89 - - [30/Dec/2025:03:58:38 +0300] "GET /?fileloc=%2F%2Fsbin%2Fe2label&path=%2F%2Fsbin HTTP/2.0" 200 2529 "-" "Mozilla/5.0 AppleWebKit/537.36 (KHTML, like Gecko; compatible; ClaudeBot/1.0; +claudebot@anthropic.com)"
216.73.216.89 - - [30/Dec/2025:03:58:38 +0300] "GET /?fileloc=%2F%2Fsbin%2Fdepmod&path=%2F%2Fsbin HTTP/2.0" 200 2530 "-" "Mozilla/5.0 AppleWebKit/537.36 (KHTML, like Gecko; compatible; ClaudeBot/1.0; +claudebot@anthropic.com)"
216.73.216.89 - - [30/Dec/2025:03:58:38 +0300] "GET /?fileloc=%2F%2Fbin%2Flastb&path=%2F%2Fbin HTTP/2.0" 200 2528 "-" "Mozilla/5.0 AppleWebKit/537.36 (KHTML, like Gecko; compatible; ClaudeBot/1.0; +claudebot@anthropic.com)"
74.7.227.185 - - [30/Dec/2025:03:58:38 +0300] "GET /?fileloc=//proc/3353996/net/sockstat6&path=//proc/3353996/net HTTP/2.0" 200 2599 "-" "Mozilla/5.0 AppleWebKit/537.36 (KHTML, like Gecko; compatible; GPTBot/1.3; +https://openai.com/gptbot)"
216.73.216.89 - - [30/Dec/2025:03:58:38 +0300] "GET /?fileloc=%2F%2Fbin%2Fpip&path=%2F%2Fbin HTTP/2.0" 200 2677 "-" "Mozilla/5.0 AppleWebKit/537.36 (KHTML, like Gecko; compatible; ClaudeBot/1.0; +claudebot@anthropic.com)"
216.73.216.89 - - [30/Dec/2025:03:58:38 +0300] "GET /?fileloc=%2F%2Fbin%2Fcurl&path=%2F%2Fbin HTTP/2.0" 200 2528 "-" "Mozilla/5.0 AppleWebKit/537.36 (KHTML, like Gecko; compatible; ClaudeBot/1.0; +claudebot@anthropic.com)"
216.73.216.89 - - [30/Dec/2025:03:58:39 +0300] "GET /?fileloc=%2F%2Fsbin%2Fvigr&path=%2F%2Fsbin HTTP/2.0" 200 2529 "-" "Mozilla/5.0 AppleWebKit/537.36 (KHTML, like Gecko; compatible; ClaudeBot/1.0; +claudebot@anthropic.com)"
216.73.216.89 - - [30/Dec/2025:03:58:39 +0300] "GET /?fileloc=%2F%2Fbin%2Fscp&path=%2F%2Fbin HTTP/2.0" 200 2527 "-" "Mozilla/5.0 AppleWebKit/537.36 (KHTML, like Gecko; compatible; ClaudeBot/1.0; +claudebot@anthropic.com)"
216.73.216.89 - - [30/Dec/2025:03:58:39 +0300] "GET /?fileloc=%2F%2Fbin%2Flast&path=%2F%2Fbin HTTP/2.0" 200 2527 "-" "Mozilla/5.0 AppleWebKit/537.36 (KHTML, like Gecko; compatible; ClaudeBot/1.0; +claudebot@anthropic.com)"
216.73.216.89 - - [30/Dec/2025:03:58:39 +0300] "GET /?fileloc=%2F%2Fbin%2Ffind&path=%2F%2Fbin HTTP/2.0" 200 2528 "-" "Mozilla/5.0 AppleWebKit/537.36 (KHTML, like Gecko; compatible; ClaudeBot/1.0; +claudebot@anthropic.com)"
74.7.227.185 - - [30/Dec/2025:03:58:39 +0300] "GET /?fileloc=//proc/3133983/net/mcfilter6&path=//proc/3133983/net HTTP/2.0" 200 2592 "-" "Mozilla/5.0 AppleWebKit/537.36 (KHTML, like Gecko; compatible; GPTBot/1.3; +https://openai.com/gptbot)"
216.73.216.89 - - [30/Dec/2025:03:58:39 +0300] "GET /?fileloc=%2F%2Fsbin%2Fstart-stop-daemon&path=%2F%2Fsbin HTTP/2.0" 200 2538 "-" "Mozilla/5.0 AppleWebKit/537.36 (KHTML, like Gecko; compatible; ClaudeBot/1.0; +claudebot@anthropic.com)"
216.73.216.89 - - [30/Dec/2025:03:58:39 +0300] "GET /?fileloc=%2F%2Fbin%2Freplace&path=%2F%2Fbin HTTP/2.0" 200 2529 "-" "Mozilla/5.0 AppleWebKit/537.36 (KHTML, like Gecko; compatible; ClaudeBot/1.0; +claudebot@anthropic.com)"
216.73.216.89 - - [30/Dec/2025:03:58:39 +0300] "GET /?fileloc=%2F%2Fbin%2Fkbd_mode&path=%2F%2Fbin HTTP/2.0" 200 2532 "-" "Mozilla/5.0 AppleWebKit/537.36 (KHTML, like Gecko; compatible; ClaudeBot/1.0; +claudebot@anthropic.com)"
216.73.216.89 - - [30/Dec/2025:03:58:39 +0300] "GET /?fileloc=%2F%2Fbin%2Fphar7.4&path=%2F%2Fbin HTTP/2.0" 200 2531 "-" "Mozilla/5.0 AppleWebKit/537.36 (KHTML, like Gecko; compatible; ClaudeBot/1.0; +claudebot@anthropic.com)"
216.73.216.89 - - [30/Dec/2025:03:58:39 +0300] "GET /?fileloc=%2F%2Fsbin%2Fgrub-mkdevicemap&path=%2F%2Fsbin HTTP/2.0" 200 2538 "-" "Mozilla/5.0 AppleWebKit/537.36 (KHTML, like Gecko; compatible; ClaudeBot/1.0; +claudebot@anthropic.com)"
216.73.216.89 - - [30/Dec/2025:03:58:39 +0300] "GET /?fileloc=%2F%2Fbin%2Fmariadb-convert-table-format&path=%2F%2Fbin HTTP/2.0" 200 4525 "-" "Mozilla/5.0 AppleWebKit/537.36 (KHTML, like Gecko; compatible; ClaudeBot/1.0; +claudebot@anthropic.com)"
74.7.227.185 - - [30/Dec/2025:03:58:39 +0300] "GET /?fileloc=//proc/3331312/net/udp6&path=//proc/3331312/net HTTP/2.0" 200 2676 "-" "Mozilla/5.0 AppleWebKit/537.36 (KHTML, like Gecko; compatible; GPTBot/1.3; +https://openai.com/gptbot)"
216.73.216.89 - - [30/Dec/2025:03:58:40 +0300] "GET /?fileloc=%2F%2Fsbin%2Fupdate-ieee-data&path=%2F%2Fsbin HTTP/2.0" 200 4016 "-" "Mozilla/5.0 AppleWebKit/537.36 (KHTML, like Gecko; compatible; ClaudeBot/1.0; +claudebot@anthropic.com)"
216.73.216.89 - - [30/Dec/2025:03:58:40 +0300] "GET /?fileloc=%2F%2Fbin%2Fchsh&path=%2F%2Fbin HTTP/2.0" 200 2528 "-" "Mozilla/5.0 AppleWebKit/537.36 (KHTML, like Gecko; compatible; ClaudeBot/1.0; +claudebot@anthropic.com)"
216.73.216.89 - - [30/Dec/2025:03:58:40 +0300] "GET /?fileloc=%2F%2Fbin%2Fx86_64-linux-gnu-gp-display-text&path=%2F%2Fbin HTTP/2.0" 200 2545 "-" "Mozilla/5.0 AppleWebKit/537.36 (KHTML, like Gecko; compatible; ClaudeBot/1.0; +claudebot@anthropic.com)"
216.73.216.89 - - [30/Dec/2025:03:58:40 +0300] "GET /?fileloc=%2F%2Fsbin%2Fbadblocks&path=%2F%2Fsbin HTTP/2.0" 200 2531 "-" "Mozilla/5.0 AppleWebKit/537.36 (KHTML, like Gecko; compatible; ClaudeBot/1.0; +claudebot@anthropic.com)"
216.73.216.89 - - [30/Dec/2025:03:58:40 +0300] "GET /?fileloc=%2F%2Fetc%2Frpc&path=%2F%2Fetc HTTP/2.0" 200 3002 "-" "Mozilla/5.0 AppleWebKit/537.36 (KHTML, like Gecko; compatible; ClaudeBot/1.0; +claudebot@anthropic.com)"
216.73.216.89 - - [30/Dec/2025:03:58:40 +0300] "GET /?fileloc=%2F%2Fbin%2Ftsort&path=%2F%2Fbin HTTP/2.0" 200 2528 "-" "Mozilla/5.0 AppleWebKit/537.36 (KHTML, like Gecko; compatible; ClaudeBot/1.0; +claudebot@anthropic.com)"
74.7.227.185 - - [30/Dec/2025:03:58:40 +0300] "GET /?fileloc=//proc/2916863/net/sockstat&path=//proc/2916863/net HTTP/2.0" 200 2635 "-" "Mozilla/5.0 AppleWebKit/537.36 (KHTML, like Gecko; compatible; GPTBot/1.3; +https://openai.com/gptbot)"
216.73.216.89 - - [30/Dec/2025:03:58:40 +0300] "GET /?fileloc=%2F%2Fbin%2Fmariadb-dump&path=%2F%2Fbin HTTP/2.0" 200 2533 "-" "Mozilla/5.0 AppleWebKit/537.36 (KHTML, like Gecko; compatible; ClaudeBot/1.0; +claudebot@anthropic.com)"
216.73.216.89 - - [30/Dec/2025:03:58:40 +0300] "GET /?fileloc=%2F%2Fbin%2Fgpgtar&path=%2F%2Fbin HTTP/2.0" 200 2530 "-" "Mozilla/5.0 AppleWebKit/537.36 (KHTML, like Gecko; compatible; ClaudeBot/1.0; +claudebot@anthropic.com)"
216.73.216.89 - - [30/Dec/2025:03:58:40 +0300] "GET /?fileloc=%2F%2Fbin%2Fgrops&path=%2F%2Fbin HTTP/2.0" 200 2529 "-" "Mozilla/5.0 AppleWebKit/537.36 (KHTML, like Gecko; compatible; ClaudeBot/1.0; +claudebot@anthropic.com)"
216.73.216.89 - - [30/Dec/2025:03:58:40 +0300] "GET /?fileloc=%2F%2Fbin%2Fbzmore&path=%2F%2Fbin HTTP/2.0" 200 3199 "-" "Mozilla/5.0 AppleWebKit/537.36 (KHTML, like Gecko; compatible; ClaudeBot/1.0; +claudebot@anthropic.com)"
74.7.227.185 - - [30/Dec/2025:03:58:40 +0300] "GET /?fileloc=//proc/3252147/net/sockstat&path=//proc/3252147/net HTTP/2.0" 200 2632 "-" "Mozilla/5.0 AppleWebKit/537.36 (KHTML, like Gecko; compatible; GPTBot/1.3; +https://openai.com/gptbot)"
216.73.216.89 - - [30/Dec/2025:03:58:40 +0300] "GET /?fileloc=%2F%2Fbin%2Fperl&path=%2F%2Fbin HTTP/2.0" 200 2528 "-" "Mozilla/5.0 AppleWebKit/537.36 (KHTML, like Gecko; compatible; ClaudeBot/1.0; +claudebot@anthropic.com)"
216.73.216.89 - - [30/Dec/2025:03:58:41 +0300] "GET /?fileloc=%2F%2Fbin%2Fwdctl&path=%2F%2Fbin HTTP/2.0" 200 2529 "-" "Mozilla/5.0 AppleWebKit/537.36 (KHTML, like Gecko; compatible; ClaudeBot/1.0; +claudebot@anthropic.com)"
216.73.216.89 - - [30/Dec/2025:03:58:41 +0300] "GET /?fileloc=%2F%2Fsbin%2Frabbitmqctl&path=%2F%2Fsbin HTTP/2.0" 200 3572 "-" "Mozilla/5.0 AppleWebKit/537.36 (KHTML, like Gecko; compatible; ClaudeBot/1.0; +claudebot@anthropic.com)"
216.73.216.89 - - [30/Dec/2025:03:58:41 +0300] "GET /?fileloc=%2F%2Fbin%2Fpod2man&path=%2F%2Fbin HTTP/2.0" 200 8627 "-" "Mozilla/5.0 AppleWebKit/537.36 (KHTML, like Gecko; compatible; ClaudeBot/1.0; +claudebot@anthropic.com)"
216.73.216.89 - - [30/Dec/2025:03:58:41 +0300] "GET /?fileloc=%2F%2Fbin%2Fln&path=%2F%2Fbin HTTP/2.0" 200 2527 "-" "Mozilla/5.0 AppleWebKit/537.36 (KHTML, like Gecko; compatible; ClaudeBot/1.0; +claudebot@anthropic.com)"
216.73.216.89 - - [30/Dec/2025:03:58:41 +0300] "GET /?fileloc=%2F%2Fbin%2Fgcc&path=%2F%2Fbin HTTP/2.0" 200 2528 "-" "Mozilla/5.0 AppleWebKit/537.36 (KHTML, like Gecko; compatible; ClaudeBot/1.0; +claudebot@anthropic.com)"
74.7.227.185 - - [30/Dec/2025:03:58:41 +0300] "GET /?fileloc=//proc/2461908/net/protocols&path=//proc/2461908/net HTTP/2.0" 200 2938 "-" "Mozilla/5.0 AppleWebKit/537.36 (KHTML, like Gecko; compatible; GPTBot/1.3; +https://openai.com/gptbot)"
216.73.216.89 - - [30/Dec/2025:03:58:41 +0300] "GET /?fileloc=%2F%2Fbin%2Flzfgrep&path=%2F%2Fbin HTTP/2.0" 200 6885 "-" "Mozilla/5.0 AppleWebKit/537.36 (KHTML, like Gecko; compatible; ClaudeBot/1.0; +claudebot@anthropic.com)"
216.73.216.89 - - [30/Dec/2025:03:58:41 +0300] "GET /?fileloc=%2F%2Fbin%2Fnewgrp&path=%2F%2Fbin HTTP/2.0" 200 2530 "-" "Mozilla/5.0 AppleWebKit/537.36 (KHTML, like Gecko; compatible; ClaudeBot/1.0; +claudebot@anthropic.com)"
216.73.216.89 - - [30/Dec/2025:03:58:41 +0300] "GET /?fileloc=%2F%2Fbin%2Fdmesg&path=%2F%2Fbin HTTP/2.0" 200 2528 "-" "Mozilla/5.0 AppleWebKit/537.36 (KHTML, like Gecko; compatible; ClaudeBot/1.0; +claudebot@anthropic.com)"
216.73.216.89 - - [30/Dec/2025:03:58:41 +0300] "GET /?fileloc=%2F%2Fbin%2Fmariadb-waitpid&path=%2F%2Fbin HTTP/2.0" 200 2538 "-" "Mozilla/5.0 AppleWebKit/537.36 (KHTML, like Gecko; compatible; ClaudeBot/1.0; +claudebot@anthropic.com)"
216.73.216.89 - - [30/Dec/2025:03:58:41 +0300] "GET /?fileloc=%2F%2Fsbin%2Fsetvesablank&path=%2F%2Fsbin HTTP/2.0" 200 2532 "-" "Mozilla/5.0 AppleWebKit/537.36 (KHTML, like Gecko; compatible; ClaudeBot/1.0; +claudebot@anthropic.com)"
216.73.216.89 - - [30/Dec/2025:03:58:41 +0300] "GET /?fileloc=%2F%2Fbin%2Fdpkg-genchanges&path=%2F%2Fbin HTTP/2.0" 200 8225 "-" "Mozilla/5.0 AppleWebKit/537.36 (KHTML, like Gecko; compatible; ClaudeBot/1.0; +claudebot@anthropic.com)"
74.7.227.185 - - [30/Dec/2025:03:58:42 +0300] "GET /?fileloc=//proc/14/timers&path=//proc/14 HTTP/2.0" 200 2537 "-" "Mozilla/5.0 AppleWebKit/537.36 (KHTML, like Gecko; compatible; GPTBot/1.3; +https://openai.com/gptbot)"
216.73.216.89 - - [30/Dec/2025:03:58:42 +0300] "GET /?fileloc=%2F%2Fbin%2Fsystemd-creds&path=%2F%2Fbin HTTP/2.0" 200 2533 "-" "Mozilla/5.0 AppleWebKit/537.36 (KHTML, like Gecko; compatible; ClaudeBot/1.0; +claudebot@anthropic.com)"
216.73.216.89 - - [30/Dec/2025:03:58:42 +0300] "GET /?fileloc=%2F%2Fsbin%2Fupdate-initramfs&path=%2F%2Fsbin HTTP/2.0" 200 4868 "-" "Mozilla/5.0 AppleWebKit/537.36 (KHTML, like Gecko; compatible; ClaudeBot/1.0; +claudebot@anthropic.com)"
216.73.216.89 - - [30/Dec/2025:03:58:42 +0300] "GET /?fileloc=%2F%2Fproc%2Fslabinfo&path=%2F%2Fproc HTTP/2.0" 200 2528 "-" "Mozilla/5.0 AppleWebKit/537.36 (KHTML, like Gecko; compatible; ClaudeBot/1.0; +claudebot@anthropic.com)"
216.73.216.89 - - [30/Dec/2025:03:58:42 +0300] "GET /?fileloc=%2F%2Fbin%2Fxzcmp&path=%2F%2Fbin HTTP/2.0" 200 5306 "-" "Mozilla/5.0 AppleWebKit/537.36 (KHTML, like Gecko; compatible; ClaudeBot/1.0; +claudebot@anthropic.com)"
216.73.216.89 - - [30/Dec/2025:03:58:42 +0300] "GET /?fileloc=%2F%2Fbin%2Faddpart&path=%2F%2Fbin HTTP/2.0" 200 2530 "-" "Mozilla/5.0 AppleWebKit/537.36 (KHTML, like Gecko; compatible; ClaudeBot/1.0; +claudebot@anthropic.com)"
216.73.216.89 - - [30/Dec/2025:03:58:42 +0300] "GET /?fileloc=%2F%2Fsbin%2Fmklost+found&path=%2F%2Fsbin HTTP/2.0" 200 2536 "-" "Mozilla/5.0 AppleWebKit/537.36 (KHTML, like Gecko; compatible; ClaudeBot/1.0; +claudebot@anthropic.com)"
