130.12.182.47 - - [29/Dec/2025:22:57:05 +0300] "GET /wp-admin/index.php HTTP/1.1" 200 7345 "https://levasheva.ru/wp-login.php" "Mozilla/5.0 (Macintosh; Intel Mac OS X 13_6_1) AppleWebKit/605.1.15 (KHTML, like Gecko) Version/17.2 Safari/605.1.15"
130.12.182.47 - - [29/Dec/2025:22:57:05 +0300] "GET /wp-admin/profile.php HTTP/1.1" 200 7345 "https://levasheva.ru/wp-login.php" "Mozilla/5.0 (Macintosh; Intel Mac OS X 13_6_1) AppleWebKit/605.1.15 (KHTML, like Gecko) Version/17.2 Safari/605.1.15"
130.12.182.47 - - [29/Dec/2025:22:57:05 +0300] "GET /wp-admin/edit.php HTTP/1.1" 200 7345 "https://levasheva.ru/wp-login.php" "Mozilla/5.0 (Macintosh; Intel Mac OS X 13_6_1) AppleWebKit/605.1.15 (KHTML, like Gecko) Version/17.2 Safari/605.1.15"
130.12.182.47 - - [29/Dec/2025:22:57:05 +0300] "GET /wp-admin/plugins.php HTTP/1.1" 200 7345 "https://levasheva.ru/wp-login.php" "Mozilla/5.0 (Macintosh; Intel Mac OS X 13_6_1) AppleWebKit/605.1.15 (KHTML, like Gecko) Version/17.2 Safari/605.1.15"
130.12.182.47 - - [29/Dec/2025:22:57:05 +0300] "POST /wp-login.php HTTP/1.1" 200 4933 "https://levasheva.ru/wp-login.php" "Mozilla/5.0 (Macintosh; Intel Mac OS X 13_6_1; rv:118.0) Gecko/20100101 Firefox/118.0"
130.12.182.47 - - [29/Dec/2025:22:57:05 +0300] "GET /wp-admin/index.php HTTP/1.1" 200 7345 "https://levasheva.ru/wp-login.php" "Mozilla/5.0 (Macintosh; Intel Mac OS X 10_15_7; rv:118.0) Gecko/20100101 Firefox/118.0"
130.12.182.47 - - [29/Dec/2025:22:57:05 +0300] "GET /wp-admin/profile.php HTTP/1.1" 200 7345 "https://levasheva.ru/wp-login.php" "Mozilla/5.0 (Macintosh; Intel Mac OS X 10_15_7; rv:118.0) Gecko/20100101 Firefox/118.0"
130.12.182.47 - - [29/Dec/2025:22:57:05 +0300] "GET /wp-admin/edit.php HTTP/1.1" 200 7345 "https://levasheva.ru/wp-login.php" "Mozilla/5.0 (Macintosh; Intel Mac OS X 10_15_7; rv:118.0) Gecko/20100101 Firefox/118.0"
130.12.182.47 - - [29/Dec/2025:22:57:05 +0300] "GET /wp-admin/plugins.php HTTP/1.1" 200 7345 "https://levasheva.ru/wp-login.php" "Mozilla/5.0 (Macintosh; Intel Mac OS X 10_15_7; rv:118.0) Gecko/20100101 Firefox/118.0"
130.12.182.47 - - [29/Dec/2025:22:57:06 +0300] "POST /wp-login.php HTTP/1.1" 200 4933 "https://levasheva.ru/wp-login.php" "Mozilla/5.0 (Windows NT 11.0; Win64; x64; rv:119.0) Gecko/20100101 Firefox/119.0"
130.12.182.47 - - [29/Dec/2025:22:57:06 +0300] "GET /wp-admin/index.php HTTP/1.1" 200 7345 "https://levasheva.ru/wp-login.php" "Mozilla/5.0 (Macintosh; Intel Mac OS X 13_6_1) AppleWebKit/537.36 (KHTML, like Gecko) Chrome/119.0.0.0 Safari/537.36"
130.12.182.47 - - [29/Dec/2025:22:57:06 +0300] "GET /wp-admin/profile.php HTTP/1.1" 200 7345 "https://levasheva.ru/wp-login.php" "Mozilla/5.0 (Macintosh; Intel Mac OS X 13_6_1) AppleWebKit/537.36 (KHTML, like Gecko) Chrome/119.0.0.0 Safari/537.36"
130.12.182.47 - - [29/Dec/2025:22:57:06 +0300] "GET /wp-admin/edit.php HTTP/1.1" 200 7345 "https://levasheva.ru/wp-login.php" "Mozilla/5.0 (Macintosh; Intel Mac OS X 13_6_1) AppleWebKit/537.36 (KHTML, like Gecko) Chrome/119.0.0.0 Safari/537.36"
130.12.182.47 - - [29/Dec/2025:22:57:06 +0300] "GET /wp-admin/plugins.php HTTP/1.1" 200 7345 "https://levasheva.ru/wp-login.php" "Mozilla/5.0 (Macintosh; Intel Mac OS X 13_6_1) AppleWebKit/537.36 (KHTML, like Gecko) Chrome/119.0.0.0 Safari/537.36"
130.12.182.47 - - [29/Dec/2025:22:57:06 +0300] "POST /wp-login.php HTTP/1.1" 200 4933 "https://levasheva.ru/wp-login.php" "Mozilla/5.0 (Windows NT 11.0; Win64; x64) AppleWebKit/537.36 (KHTML, like Gecko) Chrome/119.0.0.0 Safari/537.36"
130.12.182.47 - - [29/Dec/2025:22:57:06 +0300] "GET /wp-admin/index.php HTTP/1.1" 200 7345 "https://levasheva.ru/wp-login.php" "Mozilla/5.0 (X11; Ubuntu; Linux x86_64) AppleWebKit/537.36 (KHTML, like Gecko) Chrome/118.0.0.0 Safari/537.36"
130.12.182.47 - - [29/Dec/2025:22:57:06 +0300] "GET /wp-admin/profile.php HTTP/1.1" 200 7345 "https://levasheva.ru/wp-login.php" "Mozilla/5.0 (X11; Ubuntu; Linux x86_64) AppleWebKit/537.36 (KHTML, like Gecko) Chrome/118.0.0.0 Safari/537.36"
130.12.182.47 - - [29/Dec/2025:22:57:06 +0300] "GET /wp-admin/edit.php HTTP/1.1" 200 7345 "https://levasheva.ru/wp-login.php" "Mozilla/5.0 (X11; Ubuntu; Linux x86_64) AppleWebKit/537.36 (KHTML, like Gecko) Chrome/118.0.0.0 Safari/537.36"
130.12.182.47 - - [29/Dec/2025:22:57:06 +0300] "GET /wp-admin/plugins.php HTTP/1.1" 200 7345 "https://levasheva.ru/wp-login.php" "Mozilla/5.0 (X11; Ubuntu; Linux x86_64) AppleWebKit/537.36 (KHTML, like Gecko) Chrome/118.0.0.0 Safari/537.36"
130.12.182.47 - - [29/Dec/2025:22:57:06 +0300] "POST /wp-login.php HTTP/1.1" 200 4933 "https://levasheva.ru/wp-login.php" "Mozilla/5.0 (Windows NT 11.0; Win64; x64; rv:120.0) Gecko/20100101 Firefox/120.0"
130.12.182.47 - - [29/Dec/2025:22:57:07 +0300] "GET /wp-admin/index.php HTTP/1.1" 200 7345 "https://levasheva.ru/wp-login.php" "Mozilla/5.0 (Windows NT 11.0; Win64; x64) AppleWebKit/537.36 (KHTML, like Gecko) Chrome/118.0.0.0 Safari/537.36"
130.12.182.47 - - [29/Dec/2025:22:57:07 +0300] "GET /wp-admin/profile.php HTTP/1.1" 200 7345 "https://levasheva.ru/wp-login.php" "Mozilla/5.0 (Windows NT 11.0; Win64; x64) AppleWebKit/537.36 (KHTML, like Gecko) Chrome/118.0.0.0 Safari/537.36"
4.194.64.166 - - [29/Dec/2025:22:57:07 +0300] "GET /0x.php HTTP/1.1" 301 162 "https://www.yahoo.com/" "Mozilla/5.0 (iPhone; CPU iPhone OS 17_1 like Mac OS X) AppleWebKit/605.1.15 (KHTML, like Gecko) CriOS/119.0.6045.109 Mobile/15E148 Safari/604.1"
130.12.182.47 - - [29/Dec/2025:22:57:07 +0300] "GET /wp-admin/edit.php HTTP/1.1" 200 7345 "https://levasheva.ru/wp-login.php" "Mozilla/5.0 (Windows NT 11.0; Win64; x64) AppleWebKit/537.36 (KHTML, like Gecko) Chrome/118.0.0.0 Safari/537.36"
130.12.182.47 - - [29/Dec/2025:22:57:07 +0300] "GET /wp-admin/plugins.php HTTP/1.1" 200 7345 "https://levasheva.ru/wp-login.php" "Mozilla/5.0 (Windows NT 11.0; Win64; x64) AppleWebKit/537.36 (KHTML, like Gecko) Chrome/118.0.0.0 Safari/537.36"
130.12.182.47 - - [29/Dec/2025:22:57:07 +0300] "POST /wp-login.php HTTP/1.1" 200 4933 "https://levasheva.ru/wp-login.php" "Mozilla/5.0 (X11; Ubuntu; Linux x86_64) AppleWebKit/537.36 (KHTML, like Gecko) Chrome/121.0.0.0 Safari/537.36"
130.12.182.47 - - [29/Dec/2025:22:57:07 +0300] "GET /wp-admin/index.php HTTP/1.1" 200 7345 "https://levasheva.ru/wp-login.php" "Mozilla/5.0 (Windows NT 10.0; Win64; x64; rv:120.0) Gecko/20100101 Firefox/120.0"
4.194.64.166 - - [29/Dec/2025:22:57:07 +0300] "GET /0x.php HTTP/1.1" 200 79147 "https://www.yahoo.com/" "Mozilla/5.0 (iPhone; CPU iPhone OS 17_1 like Mac OS X) AppleWebKit/605.1.15 (KHTML, like Gecko) CriOS/119.0.6045.109 Mobile/15E148 Safari/604.1"
130.12.182.47 - - [29/Dec/2025:22:57:07 +0300] "GET /wp-admin/profile.php HTTP/1.1" 200 7345 "https://levasheva.ru/wp-login.php" "Mozilla/5.0 (Windows NT 10.0; Win64; x64; rv:120.0) Gecko/20100101 Firefox/120.0"
130.12.182.47 - - [29/Dec/2025:22:57:08 +0300] "GET /wp-admin/edit.php HTTP/1.1" 200 7345 "https://levasheva.ru/wp-login.php" "Mozilla/5.0 (Windows NT 10.0; Win64; x64; rv:120.0) Gecko/20100101 Firefox/120.0"
130.12.182.47 - - [29/Dec/2025:22:57:08 +0300] "GET /wp-admin/plugins.php HTTP/1.1" 200 7345 "https://levasheva.ru/wp-login.php" "Mozilla/5.0 (Windows NT 10.0; Win64; x64; rv:120.0) Gecko/20100101 Firefox/120.0"
130.12.182.47 - - [29/Dec/2025:22:57:08 +0300] "POST /wp-login.php HTTP/1.1" 200 4933 "https://levasheva.ru/wp-login.php" "Mozilla/5.0 (Windows NT 10.0; Win64; x64) AppleWebKit/537.36 (KHTML, like Gecko) Chrome/118.0.0.0 Safari/537.36"
130.12.182.47 - - [29/Dec/2025:22:57:08 +0300] "GET /wp-admin/index.php HTTP/1.1" 200 7345 "https://levasheva.ru/wp-login.php" "Mozilla/5.0 (Macintosh; Intel Mac OS X 10_15_7) AppleWebKit/537.36 (KHTML, like Gecko) Chrome/118.0.0.0 Safari/537.36"
4.194.64.166 - - [29/Dec/2025:22:57:08 +0300] "GET /1.php HTTP/1.1" 301 162 "https://www.yahoo.com/" "Mozilla/5.0 (iPhone; CPU iPhone OS 17_1 like Mac OS X) AppleWebKit/605.1.15 (KHTML, like Gecko) CriOS/119.0.6045.109 Mobile/15E148 Safari/604.1"
130.12.182.47 - - [29/Dec/2025:22:57:08 +0300] "GET /wp-admin/profile.php HTTP/1.1" 200 7345 "https://levasheva.ru/wp-login.php" "Mozilla/5.0 (Macintosh; Intel Mac OS X 10_15_7) AppleWebKit/537.36 (KHTML, like Gecko) Chrome/118.0.0.0 Safari/537.36"
130.12.182.47 - - [29/Dec/2025:22:57:08 +0300] "GET /wp-admin/edit.php HTTP/1.1" 200 7345 "https://levasheva.ru/wp-login.php" "Mozilla/5.0 (Macintosh; Intel Mac OS X 10_15_7) AppleWebKit/537.36 (KHTML, like Gecko) Chrome/118.0.0.0 Safari/537.36"
130.12.182.47 - - [29/Dec/2025:22:57:08 +0300] "GET /wp-admin/plugins.php HTTP/1.1" 200 7345 "https://levasheva.ru/wp-login.php" "Mozilla/5.0 (Macintosh; Intel Mac OS X 10_15_7) AppleWebKit/537.36 (KHTML, like Gecko) Chrome/118.0.0.0 Safari/537.36"
4.194.64.166 - - [29/Dec/2025:22:57:08 +0300] "GET /1.php HTTP/1.1" 200 79147 "https://www.yahoo.com/" "Mozilla/5.0 (iPhone; CPU iPhone OS 17_1 like Mac OS X) AppleWebKit/605.1.15 (KHTML, like Gecko) CriOS/119.0.6045.109 Mobile/15E148 Safari/604.1"
130.12.182.47 - - [29/Dec/2025:22:57:08 +0300] "POST /wp-login.php HTTP/1.1" 200 4933 "https://levasheva.ru/wp-login.php" "Mozilla/5.0 (Macintosh; Intel Mac OS X 13_6_1) AppleWebKit/605.1.15 (KHTML, like Gecko) Version/16.6 Safari/605.1.15"
130.12.182.47 - - [29/Dec/2025:22:57:08 +0300] "GET /wp-admin/index.php HTTP/1.1" 200 7345 "https://levasheva.ru/wp-login.php" "Mozilla/5.0 (Macintosh; Intel Mac OS X 13_6_1) AppleWebKit/605.1.15 (KHTML, like Gecko) Version/16.6 Safari/605.1.15"
4.194.64.166 - - [29/Dec/2025:22:57:08 +0300] "GET /222.php HTTP/1.1" 301 162 "https://www.google.fr/" "Mozilla/5.0 (Linux; Android 10; LM-Q720) AppleWebKit/537.36 (KHTML, like Gecko) Chrome/116.0.0.0 Mobile Safari/537.36"
130.12.182.47 - - [29/Dec/2025:22:57:09 +0300] "GET /wp-admin/profile.php HTTP/1.1" 200 7345 "https://levasheva.ru/wp-login.php" "Mozilla/5.0 (Macintosh; Intel Mac OS X 13_6_1) AppleWebKit/605.1.15 (KHTML, like Gecko) Version/16.6 Safari/605.1.15"
130.12.182.47 - - [29/Dec/2025:22:57:09 +0300] "GET /wp-admin/edit.php HTTP/1.1" 200 7345 "https://levasheva.ru/wp-login.php" "Mozilla/5.0 (Macintosh; Intel Mac OS X 13_6_1) AppleWebKit/605.1.15 (KHTML, like Gecko) Version/16.6 Safari/605.1.15"
4.194.64.166 - - [29/Dec/2025:22:57:09 +0300] "GET /222.php HTTP/1.1" 200 79147 "https://www.google.fr/" "Mozilla/5.0 (Linux; Android 10; LM-Q720) AppleWebKit/537.36 (KHTML, like Gecko) Chrome/116.0.0.0 Mobile Safari/537.36"
130.12.182.47 - - [29/Dec/2025:22:57:09 +0300] "GET /wp-admin/plugins.php HTTP/1.1" 200 7345 "https://levasheva.ru/wp-login.php" "Mozilla/5.0 (Macintosh; Intel Mac OS X 13_6_1) AppleWebKit/605.1.15 (KHTML, like Gecko) Version/16.6 Safari/605.1.15"
130.12.182.47 - - [29/Dec/2025:22:57:09 +0300] "POST /wp-login.php HTTP/1.1" 200 4933 "https://levasheva.ru/wp-login.php" "Mozilla/5.0 (Macintosh; Intel Mac OS X 10_15_7) AppleWebKit/605.1.15 (KHTML, like Gecko) Version/16.6 Safari/605.1.15"
4.194.64.166 - - [29/Dec/2025:22:57:09 +0300] "GET /403.php HTTP/1.1" 301 162 "https://www.yahoo.com/" "Mozilla/5.0 (iPhone; CPU iPhone OS 17_0_3 like Mac OS X) AppleWebKit/605.1.15 (KHTML, like Gecko) Version/17.0.1 Mobile/15E148 Safari/604.1"
130.12.182.47 - - [29/Dec/2025:22:57:09 +0300] "GET /wp-admin/index.php HTTP/1.1" 200 7345 "https://levasheva.ru/wp-login.php" "Mozilla/5.0 (X11; Linux x86_64) AppleWebKit/537.36 (KHTML, like Gecko) Chrome/121.0.0.0 Safari/537.36"
130.12.182.47 - - [29/Dec/2025:22:57:09 +0300] "GET /wp-admin/profile.php HTTP/1.1" 200 7345 "https://levasheva.ru/wp-login.php" "Mozilla/5.0 (X11; Linux x86_64) AppleWebKit/537.36 (KHTML, like Gecko) Chrome/121.0.0.0 Safari/537.36"
4.194.64.166 - - [29/Dec/2025:22:57:09 +0300] "GET /403.php HTTP/1.1" 200 79147 "https://www.yahoo.com/" "Mozilla/5.0 (iPhone; CPU iPhone OS 17_0_3 like Mac OS X) AppleWebKit/605.1.15 (KHTML, like Gecko) Version/17.0.1 Mobile/15E148 Safari/604.1"
130.12.182.47 - - [29/Dec/2025:22:57:09 +0300] "GET /wp-admin/edit.php HTTP/1.1" 200 7345 "https://levasheva.ru/wp-login.php" "Mozilla/5.0 (X11; Linux x86_64) AppleWebKit/537.36 (KHTML, like Gecko) Chrome/121.0.0.0 Safari/537.36"
130.12.182.47 - - [29/Dec/2025:22:57:09 +0300] "GET /wp-admin/plugins.php HTTP/1.1" 200 7345 "https://levasheva.ru/wp-login.php" "Mozilla/5.0 (X11; Linux x86_64) AppleWebKit/537.36 (KHTML, like Gecko) Chrome/121.0.0.0 Safari/537.36"
4.194.64.166 - - [29/Dec/2025:22:57:09 +0300] "GET /404.php HTTP/1.1" 301 162 "https://www.google.de/" "Mozilla/5.0 (iPhone; CPU iPhone OS 17_0_3 like Mac OS X) AppleWebKit/605.1.15 (KHTML, like Gecko) Version/17.0.1 Mobile/15E148 Safari/604.1"
130.12.182.47 - - [29/Dec/2025:22:57:09 +0300] "POST /wp-login.php HTTP/1.1" 200 4933 "https://levasheva.ru/wp-login.php" "Mozilla/5.0 (X11; Ubuntu; Linux x86_64) AppleWebKit/537.36 (KHTML, like Gecko) Chrome/121.0.0.0 Safari/537.36"
130.12.182.47 - - [29/Dec/2025:22:57:09 +0300] "GET /wp-admin/index.php HTTP/1.1" 200 7345 "https://levasheva.ru/wp-login.php" "Mozilla/5.0 (Macintosh; Intel Mac OS X 13_6_1) AppleWebKit/605.1.15 (KHTML, like Gecko) Version/17.0 Safari/605.1.15"
4.194.64.166 - - [29/Dec/2025:22:57:09 +0300] "GET /404.php HTTP/1.1" 200 79147 "https://www.google.de/" "Mozilla/5.0 (iPhone; CPU iPhone OS 17_0_3 like Mac OS X) AppleWebKit/605.1.15 (KHTML, like Gecko) Version/17.0.1 Mobile/15E148 Safari/604.1"
130.12.182.47 - - [29/Dec/2025:22:57:10 +0300] "GET /wp-admin/profile.php HTTP/1.1" 200 7345 "https://levasheva.ru/wp-login.php" "Mozilla/5.0 (Macintosh; Intel Mac OS X 13_6_1) AppleWebKit/605.1.15 (KHTML, like Gecko) Version/17.0 Safari/605.1.15"
130.12.182.47 - - [29/Dec/2025:22:57:10 +0300] "GET /wp-admin/edit.php HTTP/1.1" 200 7345 "https://levasheva.ru/wp-login.php" "Mozilla/5.0 (Macintosh; Intel Mac OS X 13_6_1) AppleWebKit/605.1.15 (KHTML, like Gecko) Version/17.0 Safari/605.1.15"
4.194.64.166 - - [29/Dec/2025:22:57:10 +0300] "GET /abcd.php HTTP/1.1" 301 162 "https://duckduckgo.com/" "Mozilla/5.0 (Linux; Android 11; CPH2251) AppleWebKit/537.36 (KHTML, like Gecko) Chrome/116.0.0.0 Mobile Safari/537.36"
130.12.182.47 - - [29/Dec/2025:22:57:10 +0300] "GET /wp-admin/plugins.php HTTP/1.1" 200 7345 "https://levasheva.ru/wp-login.php" "Mozilla/5.0 (Macintosh; Intel Mac OS X 13_6_1) AppleWebKit/605.1.15 (KHTML, like Gecko) Version/17.0 Safari/605.1.15"
4.194.64.166 - - [29/Dec/2025:22:57:10 +0300] "GET /abcd.php HTTP/1.1" 200 79147 "https://duckduckgo.com/" "Mozilla/5.0 (Linux; Android 11; CPH2251) AppleWebKit/537.36 (KHTML, like Gecko) Chrome/116.0.0.0 Mobile Safari/537.36"
130.12.182.47 - - [29/Dec/2025:22:57:10 +0300] "POST /wp-login.php HTTP/1.1" 200 4933 "https://levasheva.ru/wp-login.php" "Mozilla/5.0 (Macintosh; Intel Mac OS X 13_6_1; rv:120.0) Gecko/20100101 Firefox/120.0"
130.12.182.47 - - [29/Dec/2025:22:57:10 +0300] "GET /wp-admin/index.php HTTP/1.1" 200 7345 "https://levasheva.ru/wp-login.php" "Mozilla/5.0 (Macintosh; Intel Mac OS X 13_6_1; rv:120.0) Gecko/20100101 Firefox/120.0"
4.194.64.166 - - [29/Dec/2025:22:57:10 +0300] "GET /admin/upload/mini.php HTTP/1.1" 301 162 "https://www.bing.com/" "Mozilla/5.0 (iPhone; CPU iPhone OS 17_1 like Mac OS X) AppleWebKit/605.1.15 (KHTML, like Gecko) CriOS/119.0.6045.109 Mobile/15E148 Safari/604.1"
130.12.182.47 - - [29/Dec/2025:22:57:10 +0300] "GET /wp-admin/profile.php HTTP/1.1" 200 7345 "https://levasheva.ru/wp-login.php" "Mozilla/5.0 (Macintosh; Intel Mac OS X 13_6_1; rv:120.0) Gecko/20100101 Firefox/120.0"
130.12.182.47 - - [29/Dec/2025:22:57:10 +0300] "GET /wp-admin/edit.php HTTP/1.1" 200 7345 "https://levasheva.ru/wp-login.php" "Mozilla/5.0 (Macintosh; Intel Mac OS X 13_6_1; rv:120.0) Gecko/20100101 Firefox/120.0"
4.194.64.166 - - [29/Dec/2025:22:57:10 +0300] "GET /admin/upload/mini.php HTTP/1.1" 200 79147 "https://www.bing.com/" "Mozilla/5.0 (iPhone; CPU iPhone OS 17_1 like Mac OS X) AppleWebKit/605.1.15 (KHTML, like Gecko) CriOS/119.0.6045.109 Mobile/15E148 Safari/604.1"
130.12.182.47 - - [29/Dec/2025:22:57:10 +0300] "GET /wp-admin/plugins.php HTTP/1.1" 200 7345 "https://levasheva.ru/wp-login.php" "Mozilla/5.0 (Macintosh; Intel Mac OS X 13_6_1; rv:120.0) Gecko/20100101 Firefox/120.0"
130.12.182.47 - - [29/Dec/2025:22:57:10 +0300] "POST /wp-login.php HTTP/1.1" 200 4933 "https://levasheva.ru/wp-login.php" "Mozilla/5.0 (Macintosh; Intel Mac OS X 10_15_7) AppleWebKit/605.1.15 (KHTML, like Gecko) Version/17.0 Safari/605.1.15"
4.194.64.166 - - [29/Dec/2025:22:57:10 +0300] "GET /ahax.php HTTP/1.1" 301 162 "https://www.google.fr/" "Mozilla/5.g (Linux; Android 13; Pixel 7) AppleWebKit/537.36 (KHTML, like Gecko) Chrome/116.0.0.0 Mobile Safari/537.36"
130.12.182.47 - - [29/Dec/2025:22:57:10 +0300] "GET /wp-admin/index.php HTTP/1.1" 200 7345 "https://levasheva.ru/wp-login.php" "Mozilla/5.0 (Macintosh; Intel Mac OS X 13_6_1; rv:118.0) Gecko/20100101 Firefox/118.0"
130.12.182.47 - - [29/Dec/2025:22:57:11 +0300] "GET /wp-admin/profile.php HTTP/1.1" 200 7345 "https://levasheva.ru/wp-login.php" "Mozilla/5.0 (Macintosh; Intel Mac OS X 13_6_1; rv:118.0) Gecko/20100101 Firefox/118.0"
4.194.64.166 - - [29/Dec/2025:22:57:11 +0300] "GET /ahax.php HTTP/1.1" 200 79147 "https://www.google.fr/" "Mozilla/5.g (Linux; Android 13; Pixel 7) AppleWebKit/537.36 (KHTML, like Gecko) Chrome/116.0.0.0 Mobile Safari/537.36"
130.12.182.47 - - [29/Dec/2025:22:57:11 +0300] "GET /wp-admin/edit.php HTTP/1.1" 200 7345 "https://levasheva.ru/wp-login.php" "Mozilla/5.0 (Macintosh; Intel Mac OS X 13_6_1; rv:118.0) Gecko/20100101 Firefox/118.0"
130.12.182.47 - - [29/Dec/2025:22:57:11 +0300] "GET /wp-admin/plugins.php HTTP/1.1" 200 7345 "https://levasheva.ru/wp-login.php" "Mozilla/5.0 (Macintosh; Intel Mac OS X 13_6_1; rv:118.0) Gecko/20100101 Firefox/118.0"
4.194.64.166 - - [29/Dec/2025:22:57:11 +0300] "GET /akcc.php HTTP/1.1" 301 162 "https://www.yahoo.com/" "Mozilla/5.0 (Linux; Android 12; 2201116SG) AppleWebKit/537.36 (KHTML, like Gecko) Chrome/116.0.0.0 Mobile Safari/537.36"
130.12.182.47 - - [29/Dec/2025:22:57:11 +0300] "POST /wp-login.php HTTP/1.1" 200 4933 "https://levasheva.ru/wp-login.php" "Mozilla/5.0 (Macintosh; Intel Mac OS X 13_6_1) AppleWebKit/537.36 (KHTML, like Gecko) Chrome/119.0.0.0 Safari/537.36"
130.12.182.47 - - [29/Dec/2025:22:57:11 +0300] "GET /wp-admin/index.php HTTP/1.1" 200 7345 "https://levasheva.ru/wp-login.php" "Mozilla/5.0 (Windows NT 11.0; Win64; x64; rv:118.0) Gecko/20100101 Firefox/118.0"
4.194.64.166 - - [29/Dec/2025:22:57:11 +0300] "GET /akcc.php HTTP/1.1" 200 79147 "https://www.yahoo.com/" "Mozilla/5.0 (Linux; Android 12; 2201116SG) AppleWebKit/537.36 (KHTML, like Gecko) Chrome/116.0.0.0 Mobile Safari/537.36"
130.12.182.47 - - [29/Dec/2025:22:57:11 +0300] "GET /wp-admin/profile.php HTTP/1.1" 200 7345 "https://levasheva.ru/wp-login.php" "Mozilla/5.0 (Windows NT 11.0; Win64; x64; rv:118.0) Gecko/20100101 Firefox/118.0"
130.12.182.47 - - [29/Dec/2025:22:57:11 +0300] "GET /wp-admin/edit.php HTTP/1.1" 200 7345 "https://levasheva.ru/wp-login.php" "Mozilla/5.0 (Windows NT 11.0; Win64; x64; rv:118.0) Gecko/20100101 Firefox/118.0"
4.194.64.166 - - [29/Dec/2025:22:57:11 +0300] "GET /alfav4.1-tesla.php HTTP/1.1" 301 162 "https://www.google.de/" "Mozilla/5.0 (iPhone; CPU iPhone OS 16_6_1 like Mac OS X) AppleWebKit/605.1.15 (KHTML, like Gecko) Version/16.6 Mobile/15E148 Safari/604.1"
130.12.182.47 - - [29/Dec/2025:22:57:11 +0300] "GET /wp-admin/plugins.php HTTP/1.1" 200 7345 "https://levasheva.ru/wp-login.php" "Mozilla/5.0 (Windows NT 11.0; Win64; x64; rv:118.0) Gecko/20100101 Firefox/118.0"
130.12.182.47 - - [29/Dec/2025:22:57:11 +0300] "POST /wp-login.php HTTP/1.1" 200 4933 "https://levasheva.ru/wp-login.php" "Mozilla/5.0 (Macintosh; Intel Mac OS X 10_15_7) AppleWebKit/605.1.15 (KHTML, like Gecko) Version/17.1 Safari/605.1.15"
4.194.64.166 - - [29/Dec/2025:22:57:11 +0300] "GET /alfav4.1-tesla.php HTTP/1.1" 200 79147 "https://www.google.de/" "Mozilla/5.0 (iPhone; CPU iPhone OS 16_6_1 like Mac OS X) AppleWebKit/605.1.15 (KHTML, like Gecko) Version/16.6 Mobile/15E148 Safari/604.1"
130.12.182.47 - - [29/Dec/2025:22:57:11 +0300] "GET /wp-admin/index.php HTTP/1.1" 200 7345 "https://levasheva.ru/wp-login.php" "Mozilla/5.0 (Macintosh; Intel Mac OS X 13_6_1; rv:121.0) Gecko/20100101 Firefox/121.0"
130.12.182.47 - - [29/Dec/2025:22:57:11 +0300] "GET /wp-admin/profile.php HTTP/1.1" 200 7345 "https://levasheva.ru/wp-login.php" "Mozilla/5.0 (Macintosh; Intel Mac OS X 13_6_1; rv:121.0) Gecko/20100101 Firefox/121.0"
4.194.64.166 - - [29/Dec/2025:22:57:11 +0300] "GET /asasx.php HTTP/1.1" 301 162 "https://duckduckgo.com/" "Mozilla/5.0 (Linux; Android 10; LM-Q720) AppleWebKit/537.36 (KHTML, like Gecko) Chrome/116.0.0.0 Mobile Safari/537.36"
130.12.182.47 - - [29/Dec/2025:22:57:12 +0300] "GET /wp-admin/edit.php HTTP/1.1" 200 7345 "https://levasheva.ru/wp-login.php" "Mozilla/5.0 (Macintosh; Intel Mac OS X 13_6_1; rv:121.0) Gecko/20100101 Firefox/121.0"
130.12.182.47 - - [29/Dec/2025:22:57:12 +0300] "GET /wp-admin/plugins.php HTTP/1.1" 200 7345 "https://levasheva.ru/wp-login.php" "Mozilla/5.0 (Macintosh; Intel Mac OS X 13_6_1; rv:121.0) Gecko/20100101 Firefox/121.0"
4.194.64.166 - - [29/Dec/2025:22:57:12 +0300] "GET /asasx.php HTTP/1.1" 200 79147 "https://duckduckgo.com/" "Mozilla/5.0 (Linux; Android 10; LM-Q720) AppleWebKit/537.36 (KHTML, like Gecko) Chrome/116.0.0.0 Mobile Safari/537.36"
130.12.182.47 - - [29/Dec/2025:22:57:12 +0300] "POST /wp-login.php HTTP/1.1" 200 4933 "https://levasheva.ru/wp-login.php" "Mozilla/5.0 (Macintosh; Intel Mac OS X 13_6_1) AppleWebKit/605.1.15 (KHTML, like Gecko) Version/17.0 Safari/605.1.15"
4.194.64.166 - - [29/Dec/2025:22:57:12 +0300] "GET /bb.php HTTP/1.1" 301 162 "https://www.google.co.uk/" "Mozilla/5.0 (iPhone; CPU iPhone OS 17_1 like Mac OS X) AppleWebKit/605.1.15 (KHTML, like Gecko) CriOS/119.0.6045.109 Mobile/15E148 Safari/604.1"
130.12.182.47 - - [29/Dec/2025:22:57:12 +0300] "GET /wp-admin/index.php HTTP/1.1" 200 7345 "https://levasheva.ru/wp-login.php" "Mozilla/5.0 (Macintosh; Intel Mac OS X 13_6_1; rv:121.0) Gecko/20100101 Firefox/121.0"
130.12.182.47 - - [29/Dec/2025:22:57:12 +0300] "GET /wp-admin/profile.php HTTP/1.1" 200 7345 "https://levasheva.ru/wp-login.php" "Mozilla/5.0 (Macintosh; Intel Mac OS X 13_6_1; rv:121.0) Gecko/20100101 Firefox/121.0"
4.194.64.166 - - [29/Dec/2025:22:57:12 +0300] "GET /bb.php HTTP/1.1" 200 79147 "https://www.google.co.uk/" "Mozilla/5.0 (iPhone; CPU iPhone OS 17_1 like Mac OS X) AppleWebKit/605.1.15 (KHTML, like Gecko) CriOS/119.0.6045.109 Mobile/15E148 Safari/604.1"
130.12.182.47 - - [29/Dec/2025:22:57:12 +0300] "GET /wp-admin/edit.php HTTP/1.1" 200 7345 "https://levasheva.ru/wp-login.php" "Mozilla/5.0 (Macintosh; Intel Mac OS X 13_6_1; rv:121.0) Gecko/20100101 Firefox/121.0"
130.12.182.47 - - [29/Dec/2025:22:57:12 +0300] "GET /wp-admin/plugins.php HTTP/1.1" 200 7345 "https://levasheva.ru/wp-login.php" "Mozilla/5.0 (Macintosh; Intel Mac OS X 13_6_1; rv:121.0) Gecko/20100101 Firefox/121.0"
4.194.64.166 - - [29/Dec/2025:22:57:12 +0300] "GET /black.php HTTP/1.1" 301 162 "https://www.google.fr/" "Mozilla/5.0 (Linux; Android 12; SM-A525F) AppleWebKit/537.36 (KHTML, like Gecko) Chrome/117.0.0.0 Mobile Safari/537.36"
130.12.182.47 - - [29/Dec/2025:22:57:12 +0300] "POST /wp-login.php HTTP/1.1" 200 4933 "https://levasheva.ru/wp-login.php" "Mozilla/5.0 (Macintosh; Intel Mac OS X 10_15_7; rv:118.0) Gecko/20100101 Firefox/118.0"
130.12.182.47 - - [29/Dec/2025:22:57:12 +0300] "GET /wp-admin/index.php HTTP/1.1" 200 7345 "https://levasheva.ru/wp-login.php" "Mozilla/5.0 (X11; Linux x86_64) AppleWebKit/537.36 (KHTML, like Gecko) Chrome/118.0.0.0 Safari/537.36"
4.194.64.166 - - [29/Dec/2025:22:57:12 +0300] "GET /black.php HTTP/1.1" 200 79147 "https://www.google.fr/" "Mozilla/5.0 (Linux; Android 12; SM-A525F) AppleWebKit/537.36 (KHTML, like Gecko) Chrome/117.0.0.0 Mobile Safari/537.36"
130.12.182.47 - - [29/Dec/2025:22:57:12 +0300] "GET /wp-admin/profile.php HTTP/1.1" 200 7345 "https://levasheva.ru/wp-login.php" "Mozilla/5.0 (X11; Linux x86_64) AppleWebKit/537.36 (KHTML, like Gecko) Chrome/118.0.0.0 Safari/537.36"
130.12.182.47 - - [29/Dec/2025:22:57:13 +0300] "GET /wp-admin/edit.php HTTP/1.1" 200 7345 "https://levasheva.ru/wp-login.php" "Mozilla/5.0 (X11; Linux x86_64) AppleWebKit/537.36 (KHTML, like Gecko) Chrome/118.0.0.0 Safari/537.36"
4.194.64.166 - - [29/Dec/2025:22:57:13 +0300] "GET /bolt.php HTTP/1.1" 301 162 "https://www.bing.com/" "Mozilla/5.0 (Linux; Android 11; CPH2251) AppleWebKit/537.36 (KHTML, like Gecko) Chrome/116.0.0.0 Mobile Safari/537.36"
130.12.182.47 - - [29/Dec/2025:22:57:13 +0300] "GET /wp-admin/plugins.php HTTP/1.1" 200 7345 "https://levasheva.ru/wp-login.php" "Mozilla/5.0 (X11; Linux x86_64) AppleWebKit/537.36 (KHTML, like Gecko) Chrome/118.0.0.0 Safari/537.36"
130.12.182.47 - - [29/Dec/2025:22:57:13 +0300] "POST /wp-login.php HTTP/1.1" 200 4933 "https://levasheva.ru/wp-login.php" "Mozilla/5.0 (Macintosh; Intel Mac OS X 13_6_1) AppleWebKit/537.36 (KHTML, like Gecko) Chrome/121.0.0.0 Safari/537.36"
4.194.64.166 - - [29/Dec/2025:22:57:13 +0300] "GET /bolt.php HTTP/1.1" 200 79147 "https://www.bing.com/" "Mozilla/5.0 (Linux; Android 11; CPH2251) AppleWebKit/537.36 (KHTML, like Gecko) Chrome/116.0.0.0 Mobile Safari/537.36"
130.12.182.47 - - [29/Dec/2025:22:57:13 +0300] "GET /wp-admin/index.php HTTP/1.1" 200 7345 "https://levasheva.ru/wp-login.php" "Mozilla/5.0 (Macintosh; Intel Mac OS X 13_6_1; rv:120.0) Gecko/20100101 Firefox/120.0"
130.12.182.47 - - [29/Dec/2025:22:57:13 +0300] "GET /wp-admin/profile.php HTTP/1.1" 200 7345 "https://levasheva.ru/wp-login.php" "Mozilla/5.0 (Macintosh; Intel Mac OS X 13_6_1; rv:120.0) Gecko/20100101 Firefox/120.0"
4.194.64.166 - - [29/Dec/2025:22:57:13 +0300] "GET /buy.php HTTP/1.1" 301 162 "https://www.google.de/" "Mozilla/5.0 (iPhone; CPU iPhone OS 16_0 like Mac OS X) AppleWebKit/605.1.15 (KHTML, like Gecko) FxiOS/118.0 Mobile/15E148 Safari/605.1.15"
130.12.182.47 - - [29/Dec/2025:22:57:13 +0300] "GET /wp-admin/edit.php HTTP/1.1" 200 7345 "https://levasheva.ru/wp-login.php" "Mozilla/5.0 (Macintosh; Intel Mac OS X 13_6_1; rv:120.0) Gecko/20100101 Firefox/120.0"
130.12.182.47 - - [29/Dec/2025:22:57:13 +0300] "GET /wp-admin/plugins.php HTTP/1.1" 200 7345 "https://levasheva.ru/wp-login.php" "Mozilla/5.0 (Macintosh; Intel Mac OS X 13_6_1; rv:120.0) Gecko/20100101 Firefox/120.0"
4.194.64.166 - - [29/Dec/2025:22:57:13 +0300] "GET /buy.php HTTP/1.1" 200 79147 "https://www.google.de/" "Mozilla/5.0 (iPhone; CPU iPhone OS 16_0 like Mac OS X) AppleWebKit/605.1.15 (KHTML, like Gecko) FxiOS/118.0 Mobile/15E148 Safari/605.1.15"
130.12.182.47 - - [29/Dec/2025:22:57:13 +0300] "POST /wp-login.php HTTP/1.1" 200 4933 "https://levasheva.ru/wp-login.php" "Mozilla/5.0 (Windows NT 11.0; Win64; x64) AppleWebKit/537.36 (KHTML, like Gecko) Chrome/118.0.0.0 Safari/537.36"
130.12.182.47 - - [29/Dec/2025:22:57:13 +0300] "GET /wp-admin/index.php HTTP/1.1" 200 7345 "https://levasheva.ru/wp-login.php" "Mozilla/5.0 (Macintosh; Intel Mac OS X 10_15_7) AppleWebKit/605.1.15 (KHTML, like Gecko) Version/16.6 Safari/605.1.15"
4.194.64.166 - - [29/Dec/2025:22:57:13 +0300] "GET /chosen.php HTTP/1.1" 301 162 "https://www.google.de/" "Mozilla/5.0 (iPhone; CPU iPhone OS 17_1_1 like Mac OS X) AppleWebKit/605.1.15 (KHTML, like Gecko) Version/17.1 Mobile/15E148 Safari/604.1"
130.12.182.47 - - [29/Dec/2025:22:57:13 +0300] "GET /wp-admin/profile.php HTTP/1.1" 200 7345 "https://levasheva.ru/wp-login.php" "Mozilla/5.0 (Macintosh; Intel Mac OS X 10_15_7) AppleWebKit/605.1.15 (KHTML, like Gecko) Version/16.6 Safari/605.1.15"
130.12.182.47 - - [29/Dec/2025:22:57:14 +0300] "GET /wp-admin/edit.php HTTP/1.1" 200 7345 "https://levasheva.ru/wp-login.php" "Mozilla/5.0 (Macintosh; Intel Mac OS X 10_15_7) AppleWebKit/605.1.15 (KHTML, like Gecko) Version/16.6 Safari/605.1.15"
4.194.64.166 - - [29/Dec/2025:22:57:14 +0300] "GET /chosen.php HTTP/1.1" 200 79147 "https://www.google.de/" "Mozilla/5.0 (iPhone; CPU iPhone OS 17_1_1 like Mac OS X) AppleWebKit/605.1.15 (KHTML, like Gecko) Version/17.1 Mobile/15E148 Safari/604.1"
130.12.182.47 - - [29/Dec/2025:22:57:14 +0300] "GET /wp-admin/plugins.php HTTP/1.1" 200 7345 "https://levasheva.ru/wp-login.php" "Mozilla/5.0 (Macintosh; Intel Mac OS X 10_15_7) AppleWebKit/605.1.15 (KHTML, like Gecko) Version/16.6 Safari/605.1.15"
130.12.182.47 - - [29/Dec/2025:22:57:14 +0300] "POST /wp-login.php HTTP/1.1" 200 4933 "https://levasheva.ru/wp-login.php" "Mozilla/5.0 (Macintosh; Intel Mac OS X 10_15_7; rv:118.0) Gecko/20100101 Firefox/118.0"
4.194.64.166 - - [29/Dec/2025:22:57:14 +0300] "GET /css/autoload_classmap.php HTTP/1.1" 301 162 "https://www.bing.com/" "Mozilla/5.0 (iPhone; CPU iPhone OS 16_0 like Mac OS X) AppleWebKit/605.1.15 (KHTML, like Gecko) FxiOS/118.0 Mobile/15E148 Safari/605.1.15"
130.12.182.47 - - [29/Dec/2025:22:57:14 +0300] "GET /wp-admin/index.php HTTP/1.1" 200 7345 "https://levasheva.ru/wp-login.php" "Mozilla/5.0 (X11; Linux x86_64) AppleWebKit/537.36 (KHTML, like Gecko) Chrome/120.0.0.0 Safari/537.36"
4.194.64.166 - - [29/Dec/2025:22:57:14 +0300] "GET /css/autoload_classmap.php HTTP/1.1" 200 79147 "https://www.bing.com/" "Mozilla/5.0 (iPhone; CPU iPhone OS 16_0 like Mac OS X) AppleWebKit/605.1.15 (KHTML, like Gecko) FxiOS/118.0 Mobile/15E148 Safari/605.1.15"
130.12.182.47 - - [29/Dec/2025:22:57:14 +0300] "GET /wp-admin/profile.php HTTP/1.1" 200 7345 "https://levasheva.ru/wp-login.php" "Mozilla/5.0 (X11; Linux x86_64) AppleWebKit/537.36 (KHTML, like Gecko) Chrome/120.0.0.0 Safari/537.36"
130.12.182.47 - - [29/Dec/2025:22:57:14 +0300] "GET /wp-admin/edit.php HTTP/1.1" 200 7345 "https://levasheva.ru/wp-login.php" "Mozilla/5.0 (X11; Linux x86_64) AppleWebKit/537.36 (KHTML, like Gecko) Chrome/120.0.0.0 Safari/537.36"
4.194.64.166 - - [29/Dec/2025:22:57:14 +0300] "GET /cyber.php HTTP/1.1" 301 162 "https://www.yahoo.com/" "Mozilla/5.0 (iPad; CPU OS 17_0_3 like Mac OS X) AppleWebKit/605.1.15 (KHTML, like Gecko) Version/17.0.1 Mobile/15E148 Safari/604.1"
130.12.182.47 - - [29/Dec/2025:22:57:14 +0300] "GET /wp-admin/plugins.php HTTP/1.1" 200 7345 "https://levasheva.ru/wp-login.php" "Mozilla/5.0 (X11; Linux x86_64) AppleWebKit/537.36 (KHTML, like Gecko) Chrome/120.0.0.0 Safari/537.36"
130.12.182.47 - - [29/Dec/2025:22:57:14 +0300] "POST /wp-login.php HTTP/1.1" 200 4933 "https://levasheva.ru/wp-login.php" "Mozilla/5.0 (Macintosh; Intel Mac OS X 13_6_1; rv:120.0) Gecko/20100101 Firefox/120.0"
4.194.64.166 - - [29/Dec/2025:22:57:14 +0300] "GET /cyber.php HTTP/1.1" 200 79147 "https://www.yahoo.com/" "Mozilla/5.0 (iPad; CPU OS 17_0_3 like Mac OS X) AppleWebKit/605.1.15 (KHTML, like Gecko) Version/17.0.1 Mobile/15E148 Safari/604.1"
130.12.182.47 - - [29/Dec/2025:22:57:14 +0300] "GET /wp-admin/index.php HTTP/1.1" 200 7345 "https://levasheva.ru/wp-login.php" "Mozilla/5.0 (Windows NT 10.0; Win64; x64) AppleWebKit/537.36 (KHTML, like Gecko) Chrome/120.0.0.0 Safari/537.36"
130.12.182.47 - - [29/Dec/2025:22:57:15 +0300] "GET /wp-admin/profile.php HTTP/1.1" 200 7345 "https://levasheva.ru/wp-login.php" "Mozilla/5.0 (Windows NT 10.0; Win64; x64) AppleWebKit/537.36 (KHTML, like Gecko) Chrome/120.0.0.0 Safari/537.36"
4.194.64.166 - - [29/Dec/2025:22:57:15 +0300] "GET /d.php HTTP/1.1" 301 162 "https://www.google.de/" "Mozilla/5.0 (iPad; CPU OS 17_0_3 like Mac OS X) AppleWebKit/605.1.15 (KHTML, like Gecko) Version/17.0.1 Mobile/15E148 Safari/604.1"
130.12.182.47 - - [29/Dec/2025:22:57:15 +0300] "GET /wp-admin/edit.php HTTP/1.1" 200 7345 "https://levasheva.ru/wp-login.php" "Mozilla/5.0 (Windows NT 10.0; Win64; x64) AppleWebKit/537.36 (KHTML, like Gecko) Chrome/120.0.0.0 Safari/537.36"
130.12.182.47 - - [29/Dec/2025:22:57:15 +0300] "GET /wp-admin/plugins.php HTTP/1.1" 200 7345 "https://levasheva.ru/wp-login.php" "Mozilla/5.0 (Windows NT 10.0; Win64; x64) AppleWebKit/537.36 (KHTML, like Gecko) Chrome/120.0.0.0 Safari/537.36"
4.194.64.166 - - [29/Dec/2025:22:57:15 +0300] "GET /d.php HTTP/1.1" 200 79147 "https://www.google.de/" "Mozilla/5.0 (iPad; CPU OS 17_0_3 like Mac OS X) AppleWebKit/605.1.15 (KHTML, like Gecko) Version/17.0.1 Mobile/15E148 Safari/604.1"
130.12.182.47 - - [29/Dec/2025:22:57:15 +0300] "POST /wp-login.php HTTP/1.1" 200 4933 "https://levasheva.ru/wp-login.php" "Mozilla/5.0 (X11; Linux x86_64) AppleWebKit/537.36 (KHTML, like Gecko) Chrome/120.0.0.0 Safari/537.36"
130.12.182.47 - - [29/Dec/2025:22:57:15 +0300] "GET /wp-admin/index.php HTTP/1.1" 200 7345 "https://levasheva.ru/wp-login.php" "Mozilla/5.0 (X11; Ubuntu; Linux x86_64) AppleWebKit/537.36 (KHTML, like Gecko) Chrome/118.0.0.0 Safari/537.36"
4.194.64.166 - - [29/Dec/2025:22:57:15 +0300] "GET /defaults.php HTTP/1.1" 301 162 "https://www.google.fr/" "Mozilla/5.0 (iPhone; CPU iPhone OS 17_1_1 like Mac OS X) AppleWebKit/605.1.15 (KHTML, like Gecko) Version/17.1 Mobile/15E148 Safari/604.1"
130.12.182.47 - - [29/Dec/2025:22:57:15 +0300] "GET /wp-admin/profile.php HTTP/1.1" 200 7345 "https://levasheva.ru/wp-login.php" "Mozilla/5.0 (X11; Ubuntu; Linux x86_64) AppleWebKit/537.36 (KHTML, like Gecko) Chrome/118.0.0.0 Safari/537.36"
130.12.182.47 - - [29/Dec/2025:22:57:15 +0300] "GET /wp-admin/edit.php HTTP/1.1" 200 7345 "https://levasheva.ru/wp-login.php" "Mozilla/5.0 (X11; Ubuntu; Linux x86_64) AppleWebKit/537.36 (KHTML, like Gecko) Chrome/118.0.0.0 Safari/537.36"
4.194.64.166 - - [29/Dec/2025:22:57:15 +0300] "GET /defaults.php HTTP/1.1" 200 79147 "https://www.google.fr/" "Mozilla/5.0 (iPhone; CPU iPhone OS 17_1_1 like Mac OS X) AppleWebKit/605.1.15 (KHTML, like Gecko) Version/17.1 Mobile/15E148 Safari/604.1"
130.12.182.47 - - [29/Dec/2025:22:57:15 +0300] "GET /wp-admin/plugins.php HTTP/1.1" 200 7345 "https://levasheva.ru/wp-login.php" "Mozilla/5.0 (X11; Ubuntu; Linux x86_64) AppleWebKit/537.36 (KHTML, like Gecko) Chrome/118.0.0.0 Safari/537.36"
4.194.64.166 - - [29/Dec/2025:22:57:15 +0300] "GET /edit.php HTTP/1.1" 301 162 "https://duckduckgo.com/" "Mozilla/5.0 (Linux; Android 14; Pixel 8 Pro) AppleWebKit/537.36 (KHTML, like Gecko) Chrome/119.0.0.0 Mobile Safari/537.36"
130.12.182.47 - - [29/Dec/2025:22:57:15 +0300] "POST /wp-login.php HTTP/1.1" 200 4933 "https://levasheva.ru/wp-login.php" "Mozilla/5.0 (Macintosh; Intel Mac OS X 10_15_7) AppleWebKit/605.1.15 (KHTML, like Gecko) Version/17.0 Safari/605.1.15"
130.12.182.47 - - [29/Dec/2025:22:57:15 +0300] "GET /wp-admin/index.php HTTP/1.1" 200 7345 "https://levasheva.ru/wp-login.php" "Mozilla/5.0 (Macintosh; Intel Mac OS X 13_6_1) AppleWebKit/605.1.15 (KHTML, like Gecko) Version/17.2 Safari/605.1.15"
130.12.182.47 - - [29/Dec/2025:22:57:16 +0300] "GET /wp-admin/profile.php HTTP/1.1" 200 7345 "https://levasheva.ru/wp-login.php" "Mozilla/5.0 (Macintosh; Intel Mac OS X 13_6_1) AppleWebKit/605.1.15 (KHTML, like Gecko) Version/17.2 Safari/605.1.15"
4.194.64.166 - - [29/Dec/2025:22:57:16 +0300] "GET /edit.php HTTP/1.1" 200 79147 "https://duckduckgo.com/" "Mozilla/5.0 (Linux; Android 14; Pixel 8 Pro) AppleWebKit/537.36 (KHTML, like Gecko) Chrome/119.0.0.0 Mobile Safari/537.36"
130.12.182.47 - - [29/Dec/2025:22:57:16 +0300] "GET /wp-admin/edit.php HTTP/1.1" 200 7345 "https://levasheva.ru/wp-login.php" "Mozilla/5.0 (Macintosh; Intel Mac OS X 13_6_1) AppleWebKit/605.1.15 (KHTML, like Gecko) Version/17.2 Safari/605.1.15"
4.194.64.166 - - [29/Dec/2025:22:57:16 +0300] "GET /fx.php HTTP/1.1" 301 162 "https://www.google.de/" "Mozilla/5.0 (Linux; Android 12; 2201116SG) AppleWebKit/537.36 (KHTML, like Gecko) Chrome/116.0.0.0 Mobile Safari/537.36"
130.12.182.47 - - [29/Dec/2025:22:57:16 +0300] "GET /wp-admin/plugins.php HTTP/1.1" 200 7345 "https://levasheva.ru/wp-login.php" "Mozilla/5.0 (Macintosh; Intel Mac OS X 13_6_1) AppleWebKit/605.1.15 (KHTML, like Gecko) Version/17.2 Safari/605.1.15"
130.12.182.47 - - [29/Dec/2025:22:57:16 +0300] "POST /wp-login.php HTTP/1.1" 200 4933 "https://levasheva.ru/wp-login.php" "Mozilla/5.0 (Macintosh; Intel Mac OS X 13_6_1; rv:119.0) Gecko/20100101 Firefox/119.0"
130.12.182.47 - - [29/Dec/2025:22:57:16 +0300] "GET /wp-admin/index.php HTTP/1.1" 200 7345 "https://levasheva.ru/wp-login.php" "Mozilla/5.0 (Macintosh; Intel Mac OS X 13_6_1) AppleWebKit/605.1.15 (KHTML, like Gecko) Version/17.0 Safari/605.1.15"
4.194.64.166 - - [29/Dec/2025:22:57:16 +0300] "GET /fx.php HTTP/1.1" 200 79147 "https://www.google.de/" "Mozilla/5.0 (Linux; Android 12; 2201116SG) AppleWebKit/537.36 (KHTML, like Gecko) Chrome/116.0.0.0 Mobile Safari/537.36"
130.12.182.47 - - [29/Dec/2025:22:57:16 +0300] "GET /wp-admin/profile.php HTTP/1.1" 200 7345 "https://levasheva.ru/wp-login.php" "Mozilla/5.0 (Macintosh; Intel Mac OS X 13_6_1) AppleWebKit/605.1.15 (KHTML, like Gecko) Version/17.0 Safari/605.1.15"
130.12.182.47 - - [29/Dec/2025:22:57:16 +0300] "GET /wp-admin/edit.php HTTP/1.1" 200 7345 "https://levasheva.ru/wp-login.php" "Mozilla/5.0 (Macintosh; Intel Mac OS X 13_6_1) AppleWebKit/605.1.15 (KHTML, like Gecko) Version/17.0 Safari/605.1.15"
4.194.64.166 - - [29/Dec/2025:22:57:16 +0300] "GET /h.php HTTP/1.1" 301 162 "https://www.google.com/" "Mozilla/5.0 (iPhone; CPU iPhone OS 16_6_1 like Mac OS X) AppleWebKit/605.1.15 (KHTML, like Gecko) Version/16.6 Mobile/15E148 Safari/604.1"
130.12.182.47 - - [29/Dec/2025:22:57:16 +0300] "GET /wp-admin/plugins.php HTTP/1.1" 200 7345 "https://levasheva.ru/wp-login.php" "Mozilla/5.0 (Macintosh; Intel Mac OS X 13_6_1) AppleWebKit/605.1.15 (KHTML, like Gecko) Version/17.0 Safari/605.1.15"
130.12.182.47 - - [29/Dec/2025:22:57:16 +0300] "POST /wp-login.php HTTP/1.1" 200 4933 "https://levasheva.ru/wp-login.php" "Mozilla/5.0 (Windows NT 11.0; Win64; x64) AppleWebKit/537.36 (KHTML, like Gecko) Chrome/119.0.0.0 Safari/537.36"
4.194.64.166 - - [29/Dec/2025:22:57:16 +0300] "GET /h.php HTTP/1.1" 200 79147 "https://www.google.com/" "Mozilla/5.0 (iPhone; CPU iPhone OS 16_6_1 like Mac OS X) AppleWebKit/605.1.15 (KHTML, like Gecko) Version/16.6 Mobile/15E148 Safari/604.1"
130.12.182.47 - - [29/Dec/2025:22:57:16 +0300] "GET /wp-admin/index.php HTTP/1.1" 200 7345 "https://levasheva.ru/wp-login.php" "Mozilla/5.0 (Macintosh; Intel Mac OS X 13_6_1) AppleWebKit/537.36 (KHTML, like Gecko) Chrome/120.0.0.0 Safari/537.36"
4.194.64.166 - - [29/Dec/2025:22:57:17 +0300] "GET /image/c.php HTTP/1.1" 301 162 "https://www.google.co.uk/" "Mozilla/5.0 (Linux; Android 12; 2201116SG) AppleWebKit/537.36 (KHTML, like Gecko) Chrome/116.0.0.0 Mobile Safari/537.36"
130.12.182.47 - - [29/Dec/2025:22:57:17 +0300] "GET /wp-admin/profile.php HTTP/1.1" 200 7345 "https://levasheva.ru/wp-login.php" "Mozilla/5.0 (Macintosh; Intel Mac OS X 13_6_1) AppleWebKit/537.36 (KHTML, like Gecko) Chrome/120.0.0.0 Safari/537.36"
4.194.64.166 - - [29/Dec/2025:22:57:17 +0300] "GET /image/c.php HTTP/1.1" 200 79147 "https://www.google.co.uk/" "Mozilla/5.0 (Linux; Android 12; 2201116SG) AppleWebKit/537.36 (KHTML, like Gecko) Chrome/116.0.0.0 Mobile Safari/537.36"
4.194.64.166 - - [29/Dec/2025:22:57:17 +0300] "GET /images/alfa.php HTTP/1.1" 301 162 "https://duckduckgo.com/" "Mozilla/5.0 (iPhone; CPU iPhone OS 16_0 like Mac OS X) AppleWebKit/605.1.15 (KHTML, like Gecko) FxiOS/118.0 Mobile/15E148 Safari/605.1.15"
130.12.182.47 - - [29/Dec/2025:22:57:17 +0300] "GET /wp-admin/edit.php HTTP/1.1" 200 7345 "https://levasheva.ru/wp-login.php" "Mozilla/5.0 (Macintosh; Intel Mac OS X 13_6_1) AppleWebKit/537.36 (KHTML, like Gecko) Chrome/120.0.0.0 Safari/537.36"
130.12.182.47 - - [29/Dec/2025:22:57:17 +0300] "GET /wp-admin/plugins.php HTTP/1.1" 200 7345 "https://levasheva.ru/wp-login.php" "Mozilla/5.0 (Macintosh; Intel Mac OS X 13_6_1) AppleWebKit/537.36 (KHTML, like Gecko) Chrome/120.0.0.0 Safari/537.36"
4.194.64.166 - - [29/Dec/2025:22:57:17 +0300] "GET /images/alfa.php HTTP/1.1" 200 79147 "https://duckduckgo.com/" "Mozilla/5.0 (iPhone; CPU iPhone OS 16_0 like Mac OS X) AppleWebKit/605.1.15 (KHTML, like Gecko) FxiOS/118.0 Mobile/15E148 Safari/605.1.15"
130.12.182.47 - - [29/Dec/2025:22:57:17 +0300] "POST /wp-login.php HTTP/1.1" 200 4933 "https://levasheva.ru/wp-login.php" "Mozilla/5.0 (Macintosh; Intel Mac OS X 13_6_1) AppleWebKit/537.36 (KHTML, like Gecko) Chrome/119.0.0.0 Safari/537.36"
130.12.182.47 - - [29/Dec/2025:22:57:17 +0300] "GET /wp-admin/index.php HTTP/1.1" 200 7345 "https://levasheva.ru/wp-login.php" "Mozilla/5.0 (Macintosh; Intel Mac OS X 13_6_1; rv:118.0) Gecko/20100101 Firefox/118.0"
4.194.64.166 - - [29/Dec/2025:22:57:17 +0300] "GET /images/install.php HTTP/1.1" 301 162 "https://www.google.com/" "Mozilla/5.0 (Linux; Android 13; M2101K6G) AppleWebKit/537.36 (KHTML, like Gecko) Chrome/116.0.0.0 Mobile Safari/537.36"
130.12.182.47 - - [29/Dec/2025:22:57:17 +0300] "GET /wp-admin/profile.php HTTP/1.1" 200 7345 "https://levasheva.ru/wp-login.php" "Mozilla/5.0 (Macintosh; Intel Mac OS X 13_6_1; rv:118.0) Gecko/20100101 Firefox/118.0"
4.194.64.166 - - [29/Dec/2025:22:57:17 +0300] "GET /images/install.php HTTP/1.1" 200 79147 "https://www.google.com/" "Mozilla/5.0 (Linux; Android 13; M2101K6G) AppleWebKit/537.36 (KHTML, like Gecko) Chrome/116.0.0.0 Mobile Safari/537.36"
4.194.64.166 - - [29/Dec/2025:22:57:18 +0300] "GET /images/wso.php HTTP/1.1" 301 162 "https://www.google.com/" "Mozilla/5.g (Linux; Android 13; Pixel 7) AppleWebKit/537.36 (KHTML, like Gecko) Chrome/116.0.0.0 Mobile Safari/537.36"
130.12.182.47 - - [29/Dec/2025:22:57:18 +0300] "GET /wp-admin/edit.php HTTP/1.1" 200 7345 "https://levasheva.ru/wp-login.php" "Mozilla/5.0 (Macintosh; Intel Mac OS X 13_6_1; rv:118.0) Gecko/20100101 Firefox/118.0"
4.194.64.166 - - [29/Dec/2025:22:57:18 +0300] "GET /images/wso.php HTTP/1.1" 200 79147 "https://www.google.com/" "Mozilla/5.g (Linux; Android 13; Pixel 7) AppleWebKit/537.36 (KHTML, like Gecko) Chrome/116.0.0.0 Mobile Safari/537.36"
130.12.182.47 - - [29/Dec/2025:22:57:18 +0300] "GET /wp-admin/plugins.php HTTP/1.1" 200 7345 "https://levasheva.ru/wp-login.php" "Mozilla/5.0 (Macintosh; Intel Mac OS X 13_6_1; rv:118.0) Gecko/20100101 Firefox/118.0"
130.12.182.47 - - [29/Dec/2025:22:57:18 +0300] "POST /wp-login.php HTTP/1.1" 200 4933 "https://levasheva.ru/wp-login.php" "Mozilla/5.0 (Macintosh; Intel Mac OS X 10_15_7) AppleWebKit/605.1.15 (KHTML, like Gecko) Version/17.2 Safari/605.1.15"
4.194.64.166 - - [29/Dec/2025:22:57:18 +0300] "GET /images/xmrlpc.php HTTP/1.1" 301 162 "https://www.google.com/" "Mozilla/5.g (Linux; Android 13; Pixel 7) AppleWebKit/537.36 (KHTML, like Gecko) Chrome/116.0.0.0 Mobile Safari/537.36"
130.12.182.47 - - [29/Dec/2025:22:57:18 +0300] "GET /wp-admin/index.php HTTP/1.1" 200 7345 "https://levasheva.ru/wp-login.php" "Mozilla/5.0 (X11; Ubuntu; Linux x86_64) AppleWebKit/537.36 (KHTML, like Gecko) Chrome/120.0.0.0 Safari/537.36"
130.12.182.47 - - [29/Dec/2025:22:57:18 +0300] "GET /wp-admin/profile.php HTTP/1.1" 200 7345 "https://levasheva.ru/wp-login.php" "Mozilla/5.0 (X11; Ubuntu; Linux x86_64) AppleWebKit/537.36 (KHTML, like Gecko) Chrome/120.0.0.0 Safari/537.36"
4.194.64.166 - - [29/Dec/2025:22:57:18 +0300] "GET /images/xmrlpc.php HTTP/1.1" 200 79147 "https://www.google.com/" "Mozilla/5.g (Linux; Android 13; Pixel 7) AppleWebKit/537.36 (KHTML, like Gecko) Chrome/116.0.0.0 Mobile Safari/537.36"
130.12.182.47 - - [29/Dec/2025:22:57:18 +0300] "GET /wp-admin/edit.php HTTP/1.1" 200 7345 "https://levasheva.ru/wp-login.php" "Mozilla/5.0 (X11; Ubuntu; Linux x86_64) AppleWebKit/537.36 (KHTML, like Gecko) Chrome/120.0.0.0 Safari/537.36"
130.12.182.47 - - [29/Dec/2025:22:57:18 +0300] "GET /wp-admin/plugins.php HTTP/1.1" 200 7345 "https://levasheva.ru/wp-login.php" "Mozilla/5.0 (X11; Ubuntu; Linux x86_64) AppleWebKit/537.36 (KHTML, like Gecko) Chrome/120.0.0.0 Safari/537.36"
130.12.182.47 - - [29/Dec/2025:22:57:19 +0300] "POST /wp-login.php HTTP/1.1" 200 4933 "https://levasheva.ru/wp-login.php" "Mozilla/5.0 (Macintosh; Intel Mac OS X 10_15_7; rv:119.0) Gecko/20100101 Firefox/119.0"
4.194.64.166 - - [29/Dec/2025:22:57:19 +0300] "GET /index2.php HTTP/1.1" 301 162 "https://www.google.fr/" "Mozilla/5.0 (iPhone; CPU iPhone OS 17_1 like Mac OS X) AppleWebKit/605.1.15 (KHTML, like Gecko) CriOS/119.0.6045.109 Mobile/15E148 Safari/604.1"
130.12.182.47 - - [29/Dec/2025:22:57:19 +0300] "GET /wp-admin/index.php HTTP/1.1" 200 7345 "https://levasheva.ru/wp-login.php" "Mozilla/5.0 (Macintosh; Intel Mac OS X 10_15_7) AppleWebKit/537.36 (KHTML, like Gecko) Chrome/119.0.0.0 Safari/537.36"
130.12.182.47 - - [29/Dec/2025:22:57:19 +0300] "GET /wp-admin/profile.php HTTP/1.1" 200 7345 "https://levasheva.ru/wp-login.php" "Mozilla/5.0 (Macintosh; Intel Mac OS X 10_15_7) AppleWebKit/537.36 (KHTML, like Gecko) Chrome/119.0.0.0 Safari/537.36"
4.194.64.166 - - [29/Dec/2025:22:57:19 +0300] "GET /index2.php HTTP/1.1" 200 79147 "https://www.google.fr/" "Mozilla/5.0 (iPhone; CPU iPhone OS 17_1 like Mac OS X) AppleWebKit/605.1.15 (KHTML, like Gecko) CriOS/119.0.6045.109 Mobile/15E148 Safari/604.1"
130.12.182.47 - - [29/Dec/2025:22:57:19 +0300] "GET /wp-admin/edit.php HTTP/1.1" 200 7345 "https://levasheva.ru/wp-login.php" "Mozilla/5.0 (Macintosh; Intel Mac OS X 10_15_7) AppleWebKit/537.36 (KHTML, like Gecko) Chrome/119.0.0.0 Safari/537.36"
130.12.182.47 - - [29/Dec/2025:22:57:19 +0300] "GET /wp-admin/plugins.php HTTP/1.1" 200 7345 "https://levasheva.ru/wp-login.php" "Mozilla/5.0 (Macintosh; Intel Mac OS X 10_15_7) AppleWebKit/537.36 (KHTML, like Gecko) Chrome/119.0.0.0 Safari/537.36"
4.194.64.166 - - [29/Dec/2025:22:57:19 +0300] "GET /install.php HTTP/1.1" 301 162 "https://www.google.com/" "Mozilla/5.0 (iPhone; CPU iPhone OS 17_1_1 like Mac OS X) AppleWebKit/605.1.15 (KHTML, like Gecko) Version/17.1 Mobile/15E148 Safari/604.1"
130.12.182.47 - - [29/Dec/2025:22:57:19 +0300] "POST /wp-login.php HTTP/1.1" 200 4933 "https://levasheva.ru/wp-login.php" "Mozilla/5.0 (Macintosh; Intel Mac OS X 13_6_1; rv:118.0) Gecko/20100101 Firefox/118.0"
130.12.182.47 - - [29/Dec/2025:22:57:19 +0300] "GET /wp-admin/index.php HTTP/1.1" 200 7345 "https://levasheva.ru/wp-login.php" "Mozilla/5.0 (Macintosh; Intel Mac OS X 10_15_7) AppleWebKit/537.36 (KHTML, like Gecko) Chrome/120.0.0.0 Safari/537.36"
4.194.64.166 - - [29/Dec/2025:22:57:19 +0300] "GET /install.php HTTP/1.1" 200 79147 "https://www.google.com/" "Mozilla/5.0 (iPhone; CPU iPhone OS 17_1_1 like Mac OS X) AppleWebKit/605.1.15 (KHTML, like Gecko) Version/17.1 Mobile/15E148 Safari/604.1"
130.12.182.47 - - [29/Dec/2025:22:57:19 +0300] "GET /wp-admin/profile.php HTTP/1.1" 200 7345 "https://levasheva.ru/wp-login.php" "Mozilla/5.0 (Macintosh; Intel Mac OS X 10_15_7) AppleWebKit/537.36 (KHTML, like Gecko) Chrome/120.0.0.0 Safari/537.36"
4.194.64.166 - - [29/Dec/2025:22:57:19 +0300] "GET /luuf.php HTTP/1.1" 301 162 "https://www.google.fr/" "Mozilla/5.0 (iPhone; CPU iPhone OS 16_6_1 like Mac OS X) AppleWebKit/605.1.15 (KHTML, like Gecko) Version/16.6 Mobile/15E148 Safari/604.1"
130.12.182.47 - - [29/Dec/2025:22:57:19 +0300] "GET /wp-admin/edit.php HTTP/1.1" 200 7345 "https://levasheva.ru/wp-login.php" "Mozilla/5.0 (Macintosh; Intel Mac OS X 10_15_7) AppleWebKit/537.36 (KHTML, like Gecko) Chrome/120.0.0.0 Safari/537.36"
130.12.182.47 - - [29/Dec/2025:22:57:20 +0300] "GET /wp-admin/plugins.php HTTP/1.1" 200 7345 "https://levasheva.ru/wp-login.php" "Mozilla/5.0 (Macintosh; Intel Mac OS X 10_15_7) AppleWebKit/537.36 (KHTML, like Gecko) Chrome/120.0.0.0 Safari/537.36"
4.194.64.166 - - [29/Dec/2025:22:57:20 +0300] "GET /luuf.php HTTP/1.1" 200 79147 "https://www.google.fr/" "Mozilla/5.0 (iPhone; CPU iPhone OS 16_6_1 like Mac OS X) AppleWebKit/605.1.15 (KHTML, like Gecko) Version/16.6 Mobile/15E148 Safari/604.1"
130.12.182.47 - - [29/Dec/2025:22:57:20 +0300] "POST /wp-login.php HTTP/1.1" 200 4933 "https://levasheva.ru/wp-login.php" "Mozilla/5.0 (X11; Ubuntu; Linux x86_64) AppleWebKit/537.36 (KHTML, like Gecko) Chrome/119.0.0.0 Safari/537.36"
130.12.182.47 - - [29/Dec/2025:22:57:20 +0300] "GET /wp-admin/index.php HTTP/1.1" 200 7345 "https://levasheva.ru/wp-login.php" "Mozilla/5.0 (Windows NT 10.0; Win64; x64) AppleWebKit/537.36 (KHTML, like Gecko) Chrome/121.0.0.0 Safari/537.36"
4.194.64.166 - - [29/Dec/2025:22:57:20 +0300] "GET /mah.php HTTP/1.1" 301 162 "https://www.google.fr/" "Mozilla/5.0 (iPhone; CPU iPhone OS 17_1_1 like Mac OS X) AppleWebKit/605.1.15 (KHTML, like Gecko) Version/17.1 Mobile/15E148 Safari/604.1"
130.12.182.47 - - [29/Dec/2025:22:57:20 +0300] "GET /wp-admin/profile.php HTTP/1.1" 200 7345 "https://levasheva.ru/wp-login.php" "Mozilla/5.0 (Windows NT 10.0; Win64; x64) AppleWebKit/537.36 (KHTML, like Gecko) Chrome/121.0.0.0 Safari/537.36"
4.194.64.166 - - [29/Dec/2025:22:57:20 +0300] "GET /mah.php HTTP/1.1" 200 79147 "https://www.google.fr/" "Mozilla/5.0 (iPhone; CPU iPhone OS 17_1_1 like Mac OS X) AppleWebKit/605.1.15 (KHTML, like Gecko) Version/17.1 Mobile/15E148 Safari/604.1"
130.12.182.47 - - [29/Dec/2025:22:57:20 +0300] "GET /wp-admin/edit.php HTTP/1.1" 200 7345 "https://levasheva.ru/wp-login.php" "Mozilla/5.0 (Windows NT 10.0; Win64; x64) AppleWebKit/537.36 (KHTML, like Gecko) Chrome/121.0.0.0 Safari/537.36"
130.12.182.47 - - [29/Dec/2025:22:57:20 +0300] "GET /wp-admin/plugins.php HTTP/1.1" 200 7345 "https://levasheva.ru/wp-login.php" "Mozilla/5.0 (Windows NT 10.0; Win64; x64) AppleWebKit/537.36 (KHTML, like Gecko) Chrome/121.0.0.0 Safari/537.36"
4.194.64.166 - - [29/Dec/2025:22:57:20 +0300] "GET /mm.php HTTP/1.1" 301 162 "https://www.google.de/" "Mozilla/5.0 (Linux; Android 10; K) AppleWebKit/537.36 (KHTML, like Gecko) Chrome/117.0.0.0 Mobile Safari/537.36"
130.12.182.47 - - [29/Dec/2025:22:57:20 +0300] "POST /wp-login.php HTTP/1.1" 200 4933 "https://levasheva.ru/wp-login.php" "Mozilla/5.0 (Windows NT 10.0; Win64; x64; rv:118.0) Gecko/20100101 Firefox/118.0"
130.12.182.47 - - [29/Dec/2025:22:57:20 +0300] "GET /wp-admin/index.php HTTP/1.1" 200 7345 "https://levasheva.ru/wp-login.php" "Mozilla/5.0 (X11; Linux x86_64) AppleWebKit/537.36 (KHTML, like Gecko) Chrome/120.0.0.0 Safari/537.36"
4.194.64.166 - - [29/Dec/2025:22:57:20 +0300] "GET /mm.php HTTP/1.1" 200 79147 "https://www.google.de/" "Mozilla/5.0 (Linux; Android 10; K) AppleWebKit/537.36 (KHTML, like Gecko) Chrome/117.0.0.0 Mobile Safari/537.36"
