20.27.219.18 - - [29/Dec/2025:06:41:59 +0300] "GET /bolt.php HTTP/1.1" 301 162 "https://www.bing.com/" "Mozilla/5.0 (Linux; Android 12; V2134) AppleWebKit/537.36 (KHTML, like Gecko) Chrome/116.0.0.0 Mobile Safari/537.36"
20.27.219.18 - - [29/Dec/2025:06:41:59 +0300] "GET /bolt.php HTTP/1.1" 404 31057 "https://www.bing.com/" "Mozilla/5.0 (Linux; Android 12; V2134) AppleWebKit/537.36 (KHTML, like Gecko) Chrome/116.0.0.0 Mobile Safari/537.36"
20.27.219.18 - - [29/Dec/2025:06:42:00 +0300] "GET /cgi-bin/wp-login.php HTTP/1.1" 301 162 "https://duckduckgo.com/" "Mozilla/5.0 (iPhone; CPU iPhone OS 16_6_1 like Mac OS X) AppleWebKit/605.1.15 (KHTML, like Gecko) Version/16.6 Mobile/15E148 Safari/604.1"
20.27.219.18 - - [29/Dec/2025:06:42:00 +0300] "GET /cgi-bin/wp-login.php HTTP/1.1" 404 31057 "https://duckduckgo.com/" "Mozilla/5.0 (iPhone; CPU iPhone OS 16_6_1 like Mac OS X) AppleWebKit/605.1.15 (KHTML, like Gecko) Version/16.6 Mobile/15E148 Safari/604.1"
20.27.219.18 - - [29/Dec/2025:06:42:01 +0300] "GET /classwithtostring.php HTTP/1.1" 301 162 "https://www.google.de/" "Mozilla/5.0 (Linux; Android 11; 21081111RG) AppleWebKit/537.36 (KHTML, like Gecko) Chrome/116.0.0.0 Mobile Safari/537.36"
20.27.219.18 - - [29/Dec/2025:06:42:01 +0300] "GET /classwithtostring.php HTTP/1.1" 404 31057 "https://www.google.de/" "Mozilla/5.0 (Linux; Android 11; 21081111RG) AppleWebKit/537.36 (KHTML, like Gecko) Chrome/116.0.0.0 Mobile Safari/537.36"
20.27.219.18 - - [29/Dec/2025:06:42:01 +0300] "GET /click.php HTTP/1.1" 301 162 "https://www.google.de/" "Mozilla/5.0 (Linux; Android 12; 2201116SG) AppleWebKit/537.36 (KHTML, like Gecko) Chrome/116.0.0.0 Mobile Safari/537.36"
20.27.219.18 - - [29/Dec/2025:06:42:02 +0300] "GET /click.php HTTP/1.1" 404 31057 "https://www.google.de/" "Mozilla/5.0 (Linux; Android 12; 2201116SG) AppleWebKit/537.36 (KHTML, like Gecko) Chrome/116.0.0.0 Mobile Safari/537.36"
20.27.219.18 - - [29/Dec/2025:06:42:02 +0300] "GET /config.php HTTP/1.1" 301 162 "https://www.google.fr/" "Mozilla/5.0 (Linux; Android 10; K) AppleWebKit/537.36 (KHTML, like Gecko) Chrome/117.0.0.0 Mobile Safari/537.36"
20.27.219.18 - - [29/Dec/2025:06:42:03 +0300] "GET /config.php HTTP/1.1" 404 31057 "https://www.google.fr/" "Mozilla/5.0 (Linux; Android 10; K) AppleWebKit/537.36 (KHTML, like Gecko) Chrome/117.0.0.0 Mobile Safari/537.36"
20.27.219.18 - - [29/Dec/2025:06:42:03 +0300] "GET /content.php HTTP/1.1" 301 162 "https://www.google.fr/" "Mozilla/5.0 (iPhone; CPU iPhone OS 17_1 like Mac OS X) AppleWebKit/605.1.15 (KHTML, like Gecko) CriOS/119.0.6045.109 Mobile/15E148 Safari/604.1"
20.27.219.18 - - [29/Dec/2025:06:42:04 +0300] "GET /content.php HTTP/1.1" 404 31057 "https://www.google.fr/" "Mozilla/5.0 (iPhone; CPU iPhone OS 17_1 like Mac OS X) AppleWebKit/605.1.15 (KHTML, like Gecko) CriOS/119.0.6045.109 Mobile/15E148 Safari/604.1"
20.27.219.18 - - [29/Dec/2025:06:42:04 +0300] "GET /cord.php HTTP/1.1" 301 162 "https://www.google.de/" "Mozilla/5.0 (iPhone; CPU iPhone OS 17_1_1 like Mac OS X) AppleWebKit/605.1.15 (KHTML, like Gecko) Version/17.1 Mobile/15E148 Safari/604.1"
20.27.219.18 - - [29/Dec/2025:06:42:04 +0300] "GET /cord.php HTTP/1.1" 404 31057 "https://www.google.de/" "Mozilla/5.0 (iPhone; CPU iPhone OS 17_1_1 like Mac OS X) AppleWebKit/605.1.15 (KHTML, like Gecko) Version/17.1 Mobile/15E148 Safari/604.1"
20.27.219.18 - - [29/Dec/2025:06:42:05 +0300] "GET /core.php HTTP/1.1" 301 162 "https://www.google.co.uk/" "Mozilla/5.0 (iPhone; CPU iPhone OS 16_6_1 like Mac OS X) AppleWebKit/605.1.15 (KHTML, like Gecko) Version/16.6 Mobile/15E148 Safari/604.1"
20.27.219.18 - - [29/Dec/2025:06:42:05 +0300] "GET /core.php HTTP/1.1" 404 31057 "https://www.google.co.uk/" "Mozilla/5.0 (iPhone; CPU iPhone OS 16_6_1 like Mac OS X) AppleWebKit/605.1.15 (KHTML, like Gecko) Version/16.6 Mobile/15E148 Safari/604.1"
20.27.219.18 - - [29/Dec/2025:06:42:06 +0300] "GET /css.php HTTP/1.1" 301 162 "https://www.google.de/" "Mozilla/5.0 (iPhone; CPU iPhone OS 16_0 like Mac OS X) AppleWebKit/605.1.15 (KHTML, like Gecko) FxiOS/118.0 Mobile/15E148 Safari/605.1.15"
20.27.219.18 - - [29/Dec/2025:06:42:06 +0300] "GET /css.php HTTP/1.1" 404 31057 "https://www.google.de/" "Mozilla/5.0 (iPhone; CPU iPhone OS 16_0 like Mac OS X) AppleWebKit/605.1.15 (KHTML, like Gecko) FxiOS/118.0 Mobile/15E148 Safari/605.1.15"
20.27.219.18 - - [29/Dec/2025:06:42:06 +0300] "GET /defaults.php HTTP/1.1" 301 162 "https://www.google.co.uk/" "Mozilla/5.0 (Linux; Android 12; 2201116SG) AppleWebKit/537.36 (KHTML, like Gecko) Chrome/116.0.0.0 Mobile Safari/537.36"
20.27.219.18 - - [29/Dec/2025:06:42:07 +0300] "GET /defaults.php HTTP/1.1" 404 31057 "https://www.google.co.uk/" "Mozilla/5.0 (Linux; Android 12; 2201116SG) AppleWebKit/537.36 (KHTML, like Gecko) Chrome/116.0.0.0 Mobile Safari/537.36"
20.27.219.18 - - [29/Dec/2025:06:42:07 +0300] "GET /ee.php HTTP/1.1" 301 162 "https://www.google.com/" "Mozilla/5.0 (Linux; Android 14; Pixel 8 Pro) AppleWebKit/537.36 (KHTML, like Gecko) Chrome/119.0.0.0 Mobile Safari/537.36"
20.27.219.18 - - [29/Dec/2025:06:42:08 +0300] "GET /ee.php HTTP/1.1" 404 31057 "https://www.google.com/" "Mozilla/5.0 (Linux; Android 14; Pixel 8 Pro) AppleWebKit/537.36 (KHTML, like Gecko) Chrome/119.0.0.0 Mobile Safari/537.36"
20.27.219.18 - - [29/Dec/2025:06:42:08 +0300] "GET /function/function.php HTTP/1.1" 301 162 "https://www.yahoo.com/" "Mozilla/5.0 (Linux; Android 11; CPH2251) AppleWebKit/537.36 (KHTML, like Gecko) Chrome/116.0.0.0 Mobile Safari/537.36"
20.27.219.18 - - [29/Dec/2025:06:42:08 +0300] "GET /function/function.php HTTP/1.1" 404 31057 "https://www.yahoo.com/" "Mozilla/5.0 (Linux; Android 11; CPH2251) AppleWebKit/537.36 (KHTML, like Gecko) Chrome/116.0.0.0 Mobile Safari/537.36"
20.27.219.18 - - [29/Dec/2025:06:42:09 +0300] "GET /help.php HTTP/1.1" 301 162 "https://duckduckgo.com/" "Mozilla/5.g (Linux; Android 13; Pixel 7) AppleWebKit/537.36 (KHTML, like Gecko) Chrome/116.0.0.0 Mobile Safari/537.36"
20.27.219.18 - - [29/Dec/2025:06:42:09 +0300] "GET /help.php HTTP/1.1" 404 31057 "https://duckduckgo.com/" "Mozilla/5.g (Linux; Android 13; Pixel 7) AppleWebKit/537.36 (KHTML, like Gecko) Chrome/116.0.0.0 Mobile Safari/537.36"
20.27.219.18 - - [29/Dec/2025:06:42:10 +0300] "GET /images/index.php HTTP/1.1" 301 162 "https://www.google.de/" "Mozilla/5.0 (Linux; Android 10; LM-Q720) AppleWebKit/537.36 (KHTML, like Gecko) Chrome/116.0.0.0 Mobile Safari/537.36"
20.27.219.18 - - [29/Dec/2025:06:42:10 +0300] "GET /images/index.php HTTP/1.1" 301 5 "https://www.google.de/" "Mozilla/5.0 (Linux; Android 10; LM-Q720) AppleWebKit/537.36 (KHTML, like Gecko) Chrome/116.0.0.0 Mobile Safari/537.36"
20.27.219.18 - - [29/Dec/2025:06:42:10 +0300] "GET /images/ HTTP/1.1" 404 31057 "https://www.google.de/" "Mozilla/5.0 (Linux; Android 10; LM-Q720) AppleWebKit/537.36 (KHTML, like Gecko) Chrome/116.0.0.0 Mobile Safari/537.36"
20.27.219.18 - - [29/Dec/2025:06:42:11 +0300] "GET /images/install.php HTTP/1.1" 301 162 "https://www.google.com/" "Mozilla/5.0 (iPhone; CPU iPhone OS 17_1 like Mac OS X) AppleWebKit/605.1.15 (KHTML, like Gecko) CriOS/119.0.6045.109 Mobile/15E148 Safari/604.1"
20.27.219.18 - - [29/Dec/2025:06:42:11 +0300] "GET /images/install.php HTTP/1.1" 404 31057 "https://www.google.com/" "Mozilla/5.0 (iPhone; CPU iPhone OS 17_1 like Mac OS X) AppleWebKit/605.1.15 (KHTML, like Gecko) CriOS/119.0.6045.109 Mobile/15E148 Safari/604.1"
20.27.219.18 - - [29/Dec/2025:06:42:11 +0300] "GET /images/nxc.php HTTP/1.1" 301 162 "https://www.google.com/" "Mozilla/5.0 (Linux; Android 12; SM-A525F) AppleWebKit/537.36 (KHTML, like Gecko) Chrome/117.0.0.0 Mobile Safari/537.36"
20.27.219.18 - - [29/Dec/2025:06:42:12 +0300] "GET /images/nxc.php HTTP/1.1" 404 31057 "https://www.google.com/" "Mozilla/5.0 (Linux; Android 12; SM-A525F) AppleWebKit/537.36 (KHTML, like Gecko) Chrome/117.0.0.0 Mobile Safari/537.36"
20.27.219.18 - - [29/Dec/2025:06:42:12 +0300] "GET /img/nxc.php HTTP/1.1" 301 162 "https://www.bing.com/" "Mozilla/5.0 (Linux; Android 12; SM-A525F) AppleWebKit/537.36 (KHTML, like Gecko) Chrome/117.0.0.0 Mobile Safari/537.36"
20.27.219.18 - - [29/Dec/2025:06:42:13 +0300] "GET /img/nxc.php HTTP/1.1" 404 31057 "https://www.bing.com/" "Mozilla/5.0 (Linux; Android 12; SM-A525F) AppleWebKit/537.36 (KHTML, like Gecko) Chrome/117.0.0.0 Mobile Safari/537.36"
20.27.219.18 - - [29/Dec/2025:06:42:13 +0300] "GET /inputs.php HTTP/1.1" 301 162 "https://www.google.fr/" "Mozilla/5.0 (iPad; CPU OS 16_7_2 like Mac OS X) AppleWebKit/605.1.15 (KHTML, like Gecko) Version/16.6 Mobile/15E148 Safari/604.1"
20.27.219.18 - - [29/Dec/2025:06:42:13 +0300] "GET /inputs.php HTTP/1.1" 404 31057 "https://www.google.fr/" "Mozilla/5.0 (iPad; CPU OS 16_7_2 like Mac OS X) AppleWebKit/605.1.15 (KHTML, like Gecko) Version/16.6 Mobile/15E148 Safari/604.1"
20.27.219.18 - - [29/Dec/2025:06:42:14 +0300] "GET /ioxi002.PhP7 HTTP/1.1" 301 162 "https://www.google.co.uk/" "Mozilla/5.0 (Linux; Android 14; Pixel 8 Pro) AppleWebKit/537.36 (KHTML, like Gecko) Chrome/119.0.0.0 Mobile Safari/537.36"
20.27.219.18 - - [29/Dec/2025:06:42:14 +0300] "GET /ioxi002.PhP7 HTTP/1.1" 404 31057 "https://www.google.co.uk/" "Mozilla/5.0 (Linux; Android 14; Pixel 8 Pro) AppleWebKit/537.36 (KHTML, like Gecko) Chrome/119.0.0.0 Mobile Safari/537.36"
20.27.219.18 - - [29/Dec/2025:06:42:14 +0300] "GET /k.php HTTP/1.1" 301 162 "https://www.yahoo.com/" "Mozilla/5.0 (iPhone; CPU iPhone OS 17_0_3 like Mac OS X) AppleWebKit/605.1.15 (KHTML, like Gecko) Version/17.0.1 Mobile/15E148 Safari/604.1"
20.27.219.18 - - [29/Dec/2025:06:42:15 +0300] "GET /k.php HTTP/1.1" 404 31057 "https://www.yahoo.com/" "Mozilla/5.0 (iPhone; CPU iPhone OS 17_0_3 like Mac OS X) AppleWebKit/605.1.15 (KHTML, like Gecko) Version/17.0.1 Mobile/15E148 Safari/604.1"
20.27.219.18 - - [29/Dec/2025:06:42:15 +0300] "GET /log.php HTTP/1.1" 301 162 "https://www.google.co.uk/" "Mozilla/5.0 (iPhone; CPU iPhone OS 15_7_9 like Mac OS X) AppleWebKit/605.1.15 (KHTML, like Gecko) Version/15.6.5 Mobile/15E148 Safari/604.1"
20.27.219.18 - - [29/Dec/2025:06:42:16 +0300] "GET /log.php HTTP/1.1" 404 31057 "https://www.google.co.uk/" "Mozilla/5.0 (iPhone; CPU iPhone OS 15_7_9 like Mac OS X) AppleWebKit/605.1.15 (KHTML, like Gecko) Version/15.6.5 Mobile/15E148 Safari/604.1"
20.27.219.18 - - [29/Dec/2025:06:42:16 +0300] "GET /lv.php HTTP/1.1" 301 162 "https://www.bing.com/" "Mozilla/5.0 (iPhone; CPU iPhone OS 15_7_9 like Mac OS X) AppleWebKit/605.1.15 (KHTML, like Gecko) Version/15.6.5 Mobile/15E148 Safari/604.1"
20.27.219.18 - - [29/Dec/2025:06:42:16 +0300] "GET /lv.php HTTP/1.1" 404 31057 "https://www.bing.com/" "Mozilla/5.0 (iPhone; CPU iPhone OS 15_7_9 like Mac OS X) AppleWebKit/605.1.15 (KHTML, like Gecko) Version/15.6.5 Mobile/15E148 Safari/604.1"
20.27.219.18 - - [29/Dec/2025:06:42:17 +0300] "GET /m.php HTTP/1.1" 301 162 "https://www.google.de/" "Mozilla/5.0 (Linux; Android 12; SM-A525F) AppleWebKit/537.36 (KHTML, like Gecko) Chrome/117.0.0.0 Mobile Safari/537.36"
82.148.16.210 - - [29/Dec/2025:06:42:17 +0300] "POST /wp-cron.php?doing_wp_cron=1766979737.5685639381408691406250 HTTP/1.1" 200 31 "-" "WordPress/6.9-alpha-60450; https://levasheva.ru"
20.27.219.18 - - [29/Dec/2025:06:42:17 +0300] "GET /m.php HTTP/1.1" 404 31057 "https://www.google.de/" "Mozilla/5.0 (Linux; Android 12; SM-A525F) AppleWebKit/537.36 (KHTML, like Gecko) Chrome/117.0.0.0 Mobile Safari/537.36"
20.27.219.18 - - [29/Dec/2025:06:42:18 +0300] "GET /mah.php HTTP/1.1" 301 162 "https://duckduckgo.com/" "Mozilla/5.0 (Linux; Android 12; V2134) AppleWebKit/537.36 (KHTML, like Gecko) Chrome/116.0.0.0 Mobile Safari/537.36"
20.27.219.18 - - [29/Dec/2025:06:42:18 +0300] "GET /mah.php HTTP/1.1" 404 31057 "https://duckduckgo.com/" "Mozilla/5.0 (Linux; Android 12; V2134) AppleWebKit/537.36 (KHTML, like Gecko) Chrome/116.0.0.0 Mobile Safari/537.36"
20.27.219.18 - - [29/Dec/2025:06:42:18 +0300] "GET /network_xo.php HTTP/1.1" 301 162 "https://www.bing.com/" "Mozilla/5.0 (Linux; Android 11; CPH2251) AppleWebKit/537.36 (KHTML, like Gecko) Chrome/116.0.0.0 Mobile Safari/537.36"
20.27.219.18 - - [29/Dec/2025:06:42:19 +0300] "GET /network_xo.php HTTP/1.1" 404 31057 "https://www.bing.com/" "Mozilla/5.0 (Linux; Android 11; CPH2251) AppleWebKit/537.36 (KHTML, like Gecko) Chrome/116.0.0.0 Mobile Safari/537.36"
20.27.219.18 - - [29/Dec/2025:06:42:19 +0300] "GET /new.php HTTP/1.1" 301 162 "https://www.bing.com/" "Mozilla/5.0 (Linux; Android 10; LM-Q720) AppleWebKit/537.36 (KHTML, like Gecko) Chrome/116.0.0.0 Mobile Safari/537.36"
20.27.219.18 - - [29/Dec/2025:06:42:19 +0300] "GET /new.php HTTP/1.1" 404 31057 "https://www.bing.com/" "Mozilla/5.0 (Linux; Android 10; LM-Q720) AppleWebKit/537.36 (KHTML, like Gecko) Chrome/116.0.0.0 Mobile Safari/537.36"
20.27.219.18 - - [29/Dec/2025:06:42:20 +0300] "GET /nxc.php HTTP/1.1" 301 162 "https://duckduckgo.com/" "Mozilla/5.0 (Linux; Android 13; M2101K6G) AppleWebKit/537.36 (KHTML, like Gecko) Chrome/116.0.0.0 Mobile Safari/537.36"
20.27.219.18 - - [29/Dec/2025:06:42:20 +0300] "GET /nxc.php HTTP/1.1" 404 31057 "https://duckduckgo.com/" "Mozilla/5.0 (Linux; Android 13; M2101K6G) AppleWebKit/537.36 (KHTML, like Gecko) Chrome/116.0.0.0 Mobile Safari/537.36"
20.27.219.18 - - [29/Dec/2025:06:42:21 +0300] "GET /packed.php HTTP/1.1" 301 162 "https://www.google.de/" "Mozilla/5.0 (iPad; CPU OS 16_7_2 like Mac OS X) AppleWebKit/605.1.15 (KHTML, like Gecko) Version/16.6 Mobile/15E148 Safari/604.1"
20.27.219.18 - - [29/Dec/2025:06:42:21 +0300] "GET /packed.php HTTP/1.1" 404 31057 "https://www.google.de/" "Mozilla/5.0 (iPad; CPU OS 16_7_2 like Mac OS X) AppleWebKit/605.1.15 (KHTML, like Gecko) Version/16.6 Mobile/15E148 Safari/604.1"
20.27.219.18 - - [29/Dec/2025:06:42:22 +0300] "GET /radio.php HTTP/1.1" 301 162 "https://www.yahoo.com/" "Mozilla/5.0 (Linux; Android 10; K) AppleWebKit/537.36 (KHTML, like Gecko) Chrome/117.0.0.0 Mobile Safari/537.36"
20.27.219.18 - - [29/Dec/2025:06:42:22 +0300] "GET /radio.php HTTP/1.1" 404 31057 "https://www.yahoo.com/" "Mozilla/5.0 (Linux; Android 10; K) AppleWebKit/537.36 (KHTML, like Gecko) Chrome/117.0.0.0 Mobile Safari/537.36"
20.27.219.18 - - [29/Dec/2025:06:42:22 +0300] "GET /rss.php HTTP/1.1" 301 162 "https://www.bing.com/" "Mozilla/5.0 (iPhone; CPU iPhone OS 17_1_1 like Mac OS X) AppleWebKit/605.1.15 (KHTML, like Gecko) Version/17.1 Mobile/15E148 Safari/604.1"
20.27.219.18 - - [29/Dec/2025:06:42:23 +0300] "GET /rss.php HTTP/1.1" 404 31057 "https://www.bing.com/" "Mozilla/5.0 (iPhone; CPU iPhone OS 17_1_1 like Mac OS X) AppleWebKit/605.1.15 (KHTML, like Gecko) Version/17.1 Mobile/15E148 Safari/604.1"
20.27.219.18 - - [29/Dec/2025:06:42:23 +0300] "GET /simple.php HTTP/1.1" 301 162 "https://www.google.co.uk/" "Mozilla/5.0 (Linux; Android 11; 21081111RG) AppleWebKit/537.36 (KHTML, like Gecko) Chrome/116.0.0.0 Mobile Safari/537.36"
20.27.219.18 - - [29/Dec/2025:06:42:23 +0300] "GET /simple.php HTTP/1.1" 404 31057 "https://www.google.co.uk/" "Mozilla/5.0 (Linux; Android 11; 21081111RG) AppleWebKit/537.36 (KHTML, like Gecko) Chrome/116.0.0.0 Mobile Safari/537.36"
20.27.219.18 - - [29/Dec/2025:06:42:24 +0300] "GET /system_log.php HTTP/1.1" 301 162 "https://www.yahoo.com/" "Mozilla/5.0 (iPhone; CPU iPhone OS 15_7_9 like Mac OS X) AppleWebKit/605.1.15 (KHTML, like Gecko) Version/15.6.5 Mobile/15E148 Safari/604.1"
20.27.219.18 - - [29/Dec/2025:06:42:24 +0300] "GET /system_log.php HTTP/1.1" 404 31057 "https://www.yahoo.com/" "Mozilla/5.0 (iPhone; CPU iPhone OS 15_7_9 like Mac OS X) AppleWebKit/605.1.15 (KHTML, like Gecko) Version/15.6.5 Mobile/15E148 Safari/604.1"
20.27.219.18 - - [29/Dec/2025:06:42:25 +0300] "GET /themes.php HTTP/1.1" 301 162 "https://duckduckgo.com/" "Mozilla/5.0 (Linux; Android 13; SM-G991U) AppleWebKit/537.36 (KHTML, like Gecko) Chrome/117.0.0.0 Mobile Safari/537.36"
20.27.219.18 - - [29/Dec/2025:06:42:25 +0300] "GET /themes.php HTTP/1.1" 404 31057 "https://duckduckgo.com/" "Mozilla/5.0 (Linux; Android 13; SM-G991U) AppleWebKit/537.36 (KHTML, like Gecko) Chrome/117.0.0.0 Mobile Safari/537.36"
20.27.219.18 - - [29/Dec/2025:06:42:25 +0300] "GET /upload/gpt-sh2.php HTTP/1.1" 301 162 "https://www.google.com/" "Mozilla/5.0 (Linux; Android 12; SM-A525F) AppleWebKit/537.36 (KHTML, like Gecko) Chrome/117.0.0.0 Mobile Safari/537.36"
20.27.219.18 - - [29/Dec/2025:06:42:26 +0300] "GET /upload/gpt-sh2.php HTTP/1.1" 404 31057 "https://www.google.com/" "Mozilla/5.0 (Linux; Android 12; SM-A525F) AppleWebKit/537.36 (KHTML, like Gecko) Chrome/117.0.0.0 Mobile Safari/537.36"
20.27.219.18 - - [29/Dec/2025:06:42:26 +0300] "GET /we.php HTTP/1.1" 301 162 "https://www.google.co.uk/" "Mozilla/5.0 (Linux; Android 12; V2134) AppleWebKit/537.36 (KHTML, like Gecko) Chrome/116.0.0.0 Mobile Safari/537.36"
20.27.219.18 - - [29/Dec/2025:06:42:26 +0300] "GET /we.php HTTP/1.1" 404 31057 "https://www.google.co.uk/" "Mozilla/5.0 (Linux; Android 12; V2134) AppleWebKit/537.36 (KHTML, like Gecko) Chrome/116.0.0.0 Mobile Safari/537.36"
20.27.219.18 - - [29/Dec/2025:06:42:27 +0300] "GET /worksec.php HTTP/1.1" 301 162 "https://www.google.co.uk/" "Mozilla/5.0 (Linux; Android 14; Pixel 8 Pro) AppleWebKit/537.36 (KHTML, like Gecko) Chrome/119.0.0.0 Mobile Safari/537.36"
20.27.219.18 - - [29/Dec/2025:06:42:27 +0300] "GET /worksec.php HTTP/1.1" 404 31057 "https://www.google.co.uk/" "Mozilla/5.0 (Linux; Android 14; Pixel 8 Pro) AppleWebKit/537.36 (KHTML, like Gecko) Chrome/119.0.0.0 Mobile Safari/537.36"
82.148.16.210 - - [29/Dec/2025:06:45:08 +0300] "POST /wp-cron.php?doing_wp_cron=1766979908.9500889778137207031250 HTTP/1.1" 200 31 "-" "WordPress/6.9-alpha-60450; https://levasheva.ru"
13.76.156.231 - - [29/Dec/2025:06:45:09 +0300] "POST /xmlrpc.php HTTP/2.0" 200 269 "-" "Mozilla/5.0 (Windows NT 6.1; WOW64; Trident/7.0; MDDRJS; rv:11.0) like Gecko"
82.148.16.210 - - [29/Dec/2025:06:45:25 +0300] "POST /wp-cron.php?doing_wp_cron=1766979925.0530989170074462890625 HTTP/1.1" 200 31 "-" "WordPress/6.9-alpha-60450; https://levasheva.ru"
172.191.197.110 - - [29/Dec/2025:06:45:25 +0300] "GET /wp-login.php HTTP/2.0" 200 3447 "-" "Mozilla/5.0 (Macintosh; Intel Mac OS X 10_13_1) AppleWebKit/604.3.5 (KHTML, like Gecko) Version/11.0.1 Safari/604.3.5"
172.191.197.110 - - [29/Dec/2025:06:45:25 +0300] "POST /wp-login.php HTTP/2.0" 200 3638 "https://levasheva.ru/wp-login.php" "Mozilla/5.0 (Macintosh; Intel Mac OS X 10_13_1) AppleWebKit/604.3.5 (KHTML, like Gecko) Version/11.0.1 Safari/604.3.5"
82.148.16.210 - - [29/Dec/2025:06:56:59 +0300] "POST /wp-cron.php?doing_wp_cron=1766980619.1021759510040283203125 HTTP/1.1" 200 31 "-" "WordPress/6.9-alpha-60450; https://levasheva.ru"
83.166.244.97 - - [29/Dec/2025:06:56:59 +0300] "POST /xmlrpc.php HTTP/1.1" 200 264 "-" "Mozilla/5.0 (Windows NT 10.0; Win64; x64; rv:75.0) Gecko/20100101 Firefox/75.0"
82.148.16.210 - - [29/Dec/2025:06:59:03 +0300] "POST /wp-cron.php?doing_wp_cron=1766980743.7610819339752197265625 HTTP/1.1" 200 31 "-" "WordPress/6.9-alpha-60450; https://levasheva.ru"
40.77.167.26 - - [29/Dec/2025:06:59:04 +0300] "GET /vystavka-krasota-yaponskoj-tushi/irina_levasheva_ulan_ude_08/ HTTP/2.0" 200 9885 "-" "Mozilla/5.0 AppleWebKit/537.36 (KHTML, like Gecko; compatible; bingbot/2.0; +http://www.bing.com/bingbot.htm) Chrome/116.0.1938.76 Safari/537.36"
82.148.16.210 - - [29/Dec/2025:07:03:23 +0300] "POST /wp-cron.php?doing_wp_cron=1766981003.1929559707641601562500 HTTP/1.1" 200 31 "-" "WordPress/6.9-alpha-60450; https://levasheva.ru"
198.244.240.249 - - [29/Dec/2025:07:03:23 +0300] "GET /doklad-xudozhnika-restavratora-levashevoj-i-a-restavraciya-modelej-dvux-kitobojnyx-shxun-iz-kosti-i-kitovogo-usa-chukotskogo-mastera-iz-fondov-muzeya-dekorativno-prikladnogo-i-narodnogo-iskusstva-na/ HTTP/2.0" 200 12193 "-" "Mozilla/5.0 (compatible; AhrefsBot/7.0; +http://ahrefs.com/robot/)"
82.148.16.210 - - [29/Dec/2025:07:06:12 +0300] "POST /wp-cron.php?doing_wp_cron=1766981172.9031319618225097656250 HTTP/1.1" 200 31 "-" "WordPress/6.9-alpha-60450; https://levasheva.ru"
115.178.75.78 - - [29/Dec/2025:07:06:13 +0300] "POST / HTTP/1.1" 200 12752 "-" "Mozilla/5.0 (Windows NT 10.0; Win64; x64) AppleWebKit/537.36 (KHTML, like Gecko) Chrome/120.0.6099.71 Safari/537.36"
82.148.16.210 - - [29/Dec/2025:07:06:33 +0300] "POST /wp-cron.php?doing_wp_cron=1766981193.0870490074157714843750 HTTP/1.1" 200 31 "-" "WordPress/6.9-alpha-60450; https://levasheva.ru"
203.112.154.60 - - [29/Dec/2025:07:06:33 +0300] "POST /xmlrpc.php HTTP/2.0" 200 269 "-" "Mozilla/5.0 (Windows NT 6.3; Win64; x64) AppleWebKit/537.36 (KHTML, like Gecko) Chrome/67.0.3396.79 Safari/537.36"
82.148.16.210 - - [29/Dec/2025:07:07:27 +0300] "POST /wp-cron.php?doing_wp_cron=1766981247.5390760898590087890625 HTTP/1.1" 200 31 "-" "WordPress/6.9-alpha-60450; https://levasheva.ru"
81.12.27.190 - - [29/Dec/2025:07:07:27 +0300] "GET /wp-login.php HTTP/2.0" 200 3447 "-" "Mozilla/5.0 (X11; CrOS x86_64 10452.99.0) AppleWebKit/537.36 (KHTML, like Gecko) Chrome/66.0.3359.203 Safari/537.36"
81.12.27.190 - - [29/Dec/2025:07:07:28 +0300] "POST /wp-login.php HTTP/2.0" 200 3638 "https://levasheva.ru/wp-login.php" "Mozilla/5.0 (X11; CrOS x86_64 10452.99.0) AppleWebKit/537.36 (KHTML, like Gecko) Chrome/66.0.3359.203 Safari/537.36"
82.148.16.210 - - [29/Dec/2025:07:14:21 +0300] "POST /wp-cron.php?doing_wp_cron=1766981661.6163771152496337890625 HTTP/1.1" 200 31 "-" "WordPress/6.9-alpha-60450; https://levasheva.ru"
52.167.144.169 - - [29/Dec/2025:07:14:21 +0300] "GET /vystavka-otblesk-vosxodyashhego-solnca-v-nizhnetagilskom-muzee-izobrazitelnyx-iskusstv/irina_levasheva_tagil_06/ HTTP/2.0" 200 10093 "-" "Mozilla/5.0 AppleWebKit/537.36 (KHTML, like Gecko; compatible; bingbot/2.0; +http://www.bing.com/bingbot.htm) Chrome/116.0.1938.76 Safari/537.36"
82.148.16.210 - - [29/Dec/2025:07:28:15 +0300] "POST /wp-cron.php?doing_wp_cron=1766982495.3540730476379394531250 HTTP/1.1" 200 31 "-" "WordPress/6.9-alpha-60450; https://levasheva.ru"
103.178.231.51 - - [29/Dec/2025:07:28:15 +0300] "POST /xmlrpc.php HTTP/2.0" 200 269 "-" "Mozilla/5.0 (Windows NT 10.0; WOW64) AppleWebKit/537.36 (KHTML, like Gecko) Chrome/64.0.3282.186 Safari/537.36 OPR/51.0.2830.55"
82.148.16.210 - - [29/Dec/2025:07:28:25 +0300] "POST /wp-cron.php?doing_wp_cron=1766982505.0979011058807373046875 HTTP/1.1" 200 31 "-" "WordPress/6.9-alpha-60450; https://levasheva.ru"
167.172.79.172 - - [29/Dec/2025:07:28:25 +0300] "GET /wp-login.php HTTP/2.0" 200 3447 "-" "Mozilla/5.0 (Windows NT 10.0; rv:60.0) Gecko/20100101 Firefox/60.0"
167.172.79.172 - - [29/Dec/2025:07:28:26 +0300] "POST /wp-login.php HTTP/2.0" 200 3638 "https://levasheva.ru/wp-login.php" "Mozilla/5.0 (Windows NT 10.0; rv:60.0) Gecko/20100101 Firefox/60.0"
82.148.16.210 - - [29/Dec/2025:07:31:00 +0300] "POST /wp-cron.php?doing_wp_cron=1766982660.1205480098724365234375 HTTP/1.1" 200 31 "-" "WordPress/6.9-alpha-60450; https://levasheva.ru"
17.22.253.166 - - [29/Dec/2025:07:31:00 +0300] "GET /robots.txt HTTP/1.1" 200 133 "-" "Mozilla/5.0 (Macintosh; Intel Mac OS X 10_15_7) AppleWebKit/605.1.15 (KHTML, like Gecko) Version/17.4 Safari/605.1.15 (Applebot/0.1; +http://www.apple.com/go/applebot)"
17.22.253.166 - - [29/Dec/2025:07:31:00 +0300] "GET /works/japanese-painting/irina_levasheva_japan_painting_045/feed/ HTTP/1.1" 200 1021 "-" "Mozilla/5.0 (Macintosh; Intel Mac OS X 10_15_7) AppleWebKit/605.1.15 (KHTML, like Gecko) Version/17.4 Safari/605.1.15 (Applebot/0.1; +http://www.apple.com/go/applebot)"
82.148.16.210 - - [29/Dec/2025:07:32:45 +0300] "POST /wp-cron.php?doing_wp_cron=1766982765.2859330177307128906250 HTTP/1.1" 200 31 "-" "WordPress/6.9-alpha-60450; https://levasheva.ru"
51.195.183.126 - - [29/Dec/2025:07:32:45 +0300] "GET /category/%D0%BD%D0%BE%D0%B2%D0%BE%D1%81%D1%82%D0%B8/ HTTP/2.0" 200 11438 "-" "Mozilla/5.0 (compatible; AhrefsBot/7.0; +http://ahrefs.com/robot/)"
82.148.16.210 - - [29/Dec/2025:07:35:00 +0300] "POST /wp-cron.php?doing_wp_cron=1766982900.4516170024871826171875 HTTP/1.1" 200 31 "-" "WordPress/6.9-alpha-60450; https://levasheva.ru"
52.167.144.203 - - [29/Dec/2025:07:35:00 +0300] "GET /okean-mechty-vystavka-iriny-levashevoj/irina_levasheva_kaliningrad_2016_11/ HTTP/2.0" 200 10058 "-" "Mozilla/5.0 AppleWebKit/537.36 (KHTML, like Gecko; compatible; bingbot/2.0; +http://www.bing.com/bingbot.htm) Chrome/116.0.1938.76 Safari/537.36"
82.148.16.210 - - [29/Dec/2025:07:36:39 +0300] "POST /wp-cron.php?doing_wp_cron=1766982999.3330249786376953125000 HTTP/1.1" 200 31 "-" "WordPress/6.9-alpha-60450; https://levasheva.ru"
5.255.231.136 - - [29/Dec/2025:07:36:39 +0300] "GET /robots.txt HTTP/1.1" 200 181 "-" "Mozilla/5.0 (compatible; YandexBot/3.0; +http://yandex.com/bots)"
82.148.16.210 - - [29/Dec/2025:07:37:47 +0300] "POST /wp-cron.php?doing_wp_cron=1766983067.5832800865173339843750 HTTP/1.1" 200 31 "-" "WordPress/6.9-alpha-60450; https://levasheva.ru"
198.98.51.29 - - [29/Dec/2025:07:37:47 +0300] "GET /wp-login.php HTTP/1.1" 200 12215 "-" "Mozilla/5.0 (X11; Linux x86_64; rv:31.0) Gecko/20100101 Firefox/31.0"
198.98.51.29 - - [29/Dec/2025:07:37:48 +0300] "POST /wp-login.php HTTP/1.1" 200 12713 "-" "Mozilla/5.0 (X11; Linux x86_64; rv:31.0) Gecko/20100101 Firefox/31.0"
82.148.16.210 - - [29/Dec/2025:07:43:30 +0300] "POST /wp-cron.php?doing_wp_cron=1766983409.9805140495300292968750 HTTP/1.1" 200 31 "-" "WordPress/6.9-alpha-60450; https://levasheva.ru"
45.82.122.124 - - [29/Dec/2025:07:43:30 +0300] "POST /xmlrpc.php HTTP/1.1" 200 264 "-" "Mozilla/5.0 (Windows NT 10.0; Win64; x64; rv:51.0) Gecko/20100101 Firefox/51.0"
82.148.16.210 - - [29/Dec/2025:07:49:28 +0300] "POST /wp-cron.php?doing_wp_cron=1766983768.2639749050140380859375 HTTP/1.1" 200 31 "-" "WordPress/6.9-alpha-60450; https://levasheva.ru"
82.167.183.155 - - [29/Dec/2025:07:49:28 +0300] "GET /wp-login.php HTTP/2.0" 200 3447 "-" "Mozilla/5.0 (X11; CrOS armv7l 10323.67.0) AppleWebKit/537.36 (KHTML, like Gecko) Chrome/65.0.3325.209 Safari/537.36"
82.167.183.155 - - [29/Dec/2025:07:49:28 +0300] "POST /wp-login.php HTTP/2.0" 200 3638 "https://levasheva.ru/wp-login.php" "Mozilla/5.0 (X11; CrOS armv7l 10323.67.0) AppleWebKit/537.36 (KHTML, like Gecko) Chrome/65.0.3325.209 Safari/537.36"
216.73.216.89 - - [29/Dec/2025:07:49:41 +0300] "GET /robots.txt HTTP/2.0" 200 122 "-" "Mozilla/5.0 AppleWebKit/537.36 (KHTML, like Gecko; compatible; ClaudeBot/1.0; +claudebot@anthropic.com)"
216.73.216.89 - - [29/Dec/2025:07:49:41 +0300] "GET /sitemap_index.xml HTTP/2.0" 200 398 "-" "Mozilla/5.0 AppleWebKit/537.36 (KHTML, like Gecko; compatible; ClaudeBot/1.0; +claudebot@anthropic.com)"
14.225.216.240 - - [29/Dec/2025:07:49:57 +0300] "POST /xmlrpc.php HTTP/2.0" 200 269 "-" "Mozilla/5.0 (Windows NT 10.0; Win64; x64) AppleWebKit/537.36 (KHTML, like Gecko) Chrome/52.0.2743.116 Safari/537.36 Edge/15.15063"
84.54.44.19 - - [29/Dec/2025:07:50:19 +0300] "GET / HTTP/1.0" 301 162 "http://levasheva.ru/" "Mozilla/5.0 (Windows NT 10.0; Win64; x64) AppleWebKit/537.36 (KHTML, like Gecko) Chrome/130.0.0.0 Safari/537.36"
82.148.16.210 - - [29/Dec/2025:07:50:19 +0300] "POST /wp-cron.php?doing_wp_cron=1766983819.3723030090332031250000 HTTP/1.1" 200 31 "-" "WordPress/6.9-alpha-60450; https://levasheva.ru"
84.54.44.19 - - [29/Dec/2025:07:50:19 +0300] "GET / HTTP/1.0" 200 58663 "https://levasheva.ru/" "Mozilla/5.0 (Windows NT 10.0; Win64; x64) AppleWebKit/537.36 (KHTML, like Gecko) Chrome/130.0.0.0 Safari/537.36"
84.54.44.19 - - [29/Dec/2025:07:50:20 +0300] "POST / HTTP/1.0" 200 60606 "https://levasheva.ru/" "Mozilla/5.0 (Windows NT 10.0; Win64; x64) AppleWebKit/537.36 (KHTML, like Gecko) Chrome/130.0.0.0 Safari/537.36"
84.54.44.19 - - [29/Dec/2025:07:51:00 +0300] "GET / HTTP/1.0" 301 162 "http://levasheva.ru/" "Mozilla/5.0 (Windows NT 10.0; Win64; x64) AppleWebKit/537.36 (KHTML, like Gecko) Chrome/131.0.0.0 Safari/537.36"
84.54.44.19 - - [29/Dec/2025:07:51:01 +0300] "GET / HTTP/1.0" 200 58663 "https://levasheva.ru/" "Mozilla/5.0 (Windows NT 10.0; Win64; x64) AppleWebKit/537.36 (KHTML, like Gecko) Chrome/131.0.0.0 Safari/537.36"
84.54.44.19 - - [29/Dec/2025:07:51:01 +0300] "POST / HTTP/1.0" 200 60011 "https://levasheva.ru/" "Mozilla/5.0 (Windows NT 10.0; Win64; x64) AppleWebKit/537.36 (KHTML, like Gecko) Chrome/131.0.0.0 Safari/537.36"
82.148.16.210 - - [29/Dec/2025:07:55:18 +0300] "POST /wp-cron.php?doing_wp_cron=1766984118.7963140010833740234375 HTTP/1.1" 200 31 "-" "WordPress/6.9-alpha-60450; https://levasheva.ru"
87.250.224.237 - - [29/Dec/2025:07:55:18 +0300] "GET /robots.txt HTTP/1.1" 200 181 "-" "Mozilla/5.0 (compatible; YandexBot/3.0; +http://yandex.com/bots)"
213.180.203.11 - - [29/Dec/2025:07:55:19 +0300] "GET /works/japanese-painting/irina_levasheva_japan_painting_071 HTTP/1.1" 301 5 "-" "Mozilla/5.0 (compatible; YandexMarket/2.0; +http://yandex.com/bots)"
87.250.224.22 - - [29/Dec/2025:07:55:21 +0300] "GET /works/japanese-painting/irina_levasheva_japan_painting_071/ HTTP/1.1" 200 9820 "-" "Mozilla/5.0 (compatible; YandexMarket/2.0; +http://yandex.com/bots)"
40.77.167.156 - - [29/Dec/2025:07:55:51 +0300] "GET /works/decorative/irina_levasheva_decorative_002/ HTTP/2.0" 200 9756 "-" "Mozilla/5.0 AppleWebKit/537.36 (KHTML, like Gecko; compatible; bingbot/2.0; +http://www.bing.com/bingbot.htm) Chrome/116.0.1938.76 Safari/537.36"
82.148.16.210 - - [29/Dec/2025:07:58:27 +0300] "POST /wp-cron.php?doing_wp_cron=1766984307.8204960823059082031250 HTTP/1.1" 200 31 "-" "WordPress/6.9-alpha-60450; https://levasheva.ru"
40.77.167.18 - - [29/Dec/2025:07:58:28 +0300] "GET /articles/yaponskaya-zhivopis-sujbokuga/o/A186810 HTTP/2.0" 404 7694 "-" "Mozilla/5.0 AppleWebKit/537.36 (KHTML, like Gecko; compatible; bingbot/2.0; +http://www.bing.com/bingbot.htm) Chrome/116.0.1938.76 Safari/537.36"
82.148.16.210 - - [29/Dec/2025:08:07:28 +0300] "POST /wp-cron.php?doing_wp_cron=1766984848.2508990764617919921875 HTTP/1.1" 200 31 "-" "WordPress/6.9-alpha-60450; https://levasheva.ru"
209.141.40.130 - - [29/Dec/2025:08:07:28 +0300] "GET /wp-login.php HTTP/1.1" 200 12215 "-" "Mozilla/5.0 (Windows NT 6.1; rv:31.0) Gecko/20100101 Firefox/31.0"
209.141.40.130 - - [29/Dec/2025:08:07:33 +0300] "POST /wp-login.php HTTP/1.1" 200 12713 "-" "Mozilla/5.0 (Windows NT 6.1; rv:31.0) Gecko/20100101 Firefox/31.0"
82.148.16.210 - - [29/Dec/2025:08:09:48 +0300] "POST /wp-cron.php?doing_wp_cron=1766984988.2940208911895751953125 HTTP/1.1" 200 31 "-" "WordPress/6.9-alpha-60450; https://levasheva.ru"
198.244.226.189 - - [29/Dec/2025:08:09:48 +0300] "GET / HTTP/2.0" 200 12739 "-" "Mozilla/5.0 (compatible; AhrefsBot/7.0; +http://ahrefs.com/robot/)"
82.148.16.210 - - [29/Dec/2025:08:13:53 +0300] "POST /wp-cron.php?doing_wp_cron=1766985233.1408119201660156250000 HTTP/1.1" 200 31 "-" "WordPress/6.9-alpha-60450; https://levasheva.ru"
216.73.216.89 - - [29/Dec/2025:08:13:53 +0300] "GET /sitemap_index.xml HTTP/2.0" 200 398 "-" "Mozilla/5.0 AppleWebKit/537.36 (KHTML, like Gecko; compatible; ClaudeBot/1.0; +claudebot@anthropic.com)"
195.24.236.120 - - [29/Dec/2025:08:15:11 +0300] "POST /ALFA_DATA/alfacgiapi/perl.alfa HTTP/1.1" 301 162 "www.google.com" "Mozlila/5.0 (Linux; Android 7.0; SM-G892A Bulid/NRD90M; wv) AppleWebKit/537.36 (KHTML, like Gecko) Version/4.0 Chrome/60.0.3112.107 Moblie Safari/537.36"
195.24.236.120 - - [29/Dec/2025:08:15:11 +0300] "GET /wp-content/themes/seotheme/db.php?u HTTP/1.1" 301 162 "www.google.com" "Mozlila/5.0 (Linux; Android 7.0; SM-G892A Bulid/NRD90M; wv) AppleWebKit/537.36 (KHTML, like Gecko) Version/4.0 Chrome/60.0.3112.107 Moblie Safari/537.36"
195.24.236.120 - - [29/Dec/2025:08:15:11 +0300] "POST /wp-plain.php HTTP/1.1" 301 162 "www.google.com" "Mozilla/5.0 (Linux; Android 7.0; SM-G892A Bulid/NRD90M; wv) AppleWebKit/537.36 (KHTML, like Gecko) Version/4.0 Chrome/60.0.3112.107 Moblie Safari/537.36"
195.24.236.120 - - [29/Dec/2025:08:15:11 +0300] "GET / HTTP/1.1" 301 162 "-" "Mozlila/5.0 (Linux; Android 7.0; SM-G892A Bulid/NRD90M; wv) AppleWebKit/537.36 (KHTML, like Gecko) Version/4.0 Chrome/60.0.3112.107 Moblie Safari/537.36"
82.148.16.210 - - [29/Dec/2025:08:15:14 +0300] "POST /wp-cron.php?doing_wp_cron=1766985314.8189110755920410156250 HTTP/1.1" 200 31 "-" "WordPress/6.9-alpha-60450; https://levasheva.ru"
82.148.16.210 - - [29/Dec/2025:08:15:14 +0300] "POST /wp-cron.php?doing_wp_cron=1766985314.8156158924102783203125 HTTP/1.1" 200 31 "-" "WordPress/6.9-alpha-60450; https://levasheva.ru"
82.148.16.210 - - [29/Dec/2025:08:15:14 +0300] "POST /wp-cron.php?doing_wp_cron=1766985314.8197529315948486328125 HTTP/1.1" 200 31 "-" "WordPress/6.9-alpha-60450; https://levasheva.ru"
195.24.236.120 - - [29/Dec/2025:08:15:15 +0300] "POST /wp-plain.php HTTP/1.1" 404 31057 "www.google.com" "Mozilla/5.0 (Linux; Android 7.0; SM-G892A Bulid/NRD90M; wv) AppleWebKit/537.36 (KHTML, like Gecko) Version/4.0 Chrome/60.0.3112.107 Moblie Safari/537.36"
195.24.236.120 - - [29/Dec/2025:08:15:15 +0300] "GET /wp-content/themes/seotheme/db.php?u HTTP/1.1" 404 33138 "www.google.com" "Mozlila/5.0 (Linux; Android 7.0; SM-G892A Bulid/NRD90M; wv) AppleWebKit/537.36 (KHTML, like Gecko) Version/4.0 Chrome/60.0.3112.107 Moblie Safari/537.36"
195.24.236.120 - - [29/Dec/2025:08:15:15 +0300] "GET / HTTP/1.1" 200 58676 "-" "Mozlila/5.0 (Linux; Android 7.0; SM-G892A Bulid/NRD90M; wv) AppleWebKit/537.36 (KHTML, like Gecko) Version/4.0 Chrome/60.0.3112.107 Moblie Safari/537.36"
195.24.236.120 - - [29/Dec/2025:08:15:15 +0300] "GET /wqeovrwz.php?Fox=d3wL7 HTTP/1.1" 404 31057 "www.google.com" "Mozilla/5.0 (Linux; Android 7.0; SM-G892A Bulid/NRD90M; wv) AppleWebKit/537.36 (KHTML, like Gecko) Version/4.0 Chrome/60.0.3112.107 Moblie Safari/537.36"
195.24.236.120 - - [29/Dec/2025:08:15:15 +0300] "GET /wp-content/themes/seotheme/db.php?u HTTP/1.1" 404 33138 "www.google.com" "Mozlila/5.0 (Linux; Android 7.0; SM-G892A Bulid/NRD90M; wv) AppleWebKit/537.36 (KHTML, like Gecko) Version/4.0 Chrome/60.0.3112.107 Moblie Safari/537.36"
195.24.236.120 - - [29/Dec/2025:08:15:16 +0300] "GET /wp-content/plugins/apikey/apikey.php?test=hello HTTP/1.1" 404 33138 "-" "Mozlila/5.0 (Linux; Android 7.0; SM-G892A Bulid/NRD90M; wv) AppleWebKit/537.36 (KHTML, like Gecko) Version/4.0 Chrome/60.0.3112.107 Moblie Safari/537.36"
195.24.236.120 - - [29/Dec/2025:08:15:16 +0300] "GET /plugins/content/apismtp/apismtp.php?test=hello HTTP/1.1" 404 33138 "-" "Mozlila/5.0 (Linux; Android 7.0; SM-G892A Bulid/NRD90M; wv) AppleWebKit/537.36 (KHTML, like Gecko) Version/4.0 Chrome/60.0.3112.107 Moblie Safari/537.36"
195.24.236.120 - - [29/Dec/2025:08:15:16 +0300] "GET /wp-content/plugins/apikey/apikey.php.suspected?test=hello HTTP/1.1" 404 33138 "-" "Mozlila/5.0 (Linux; Android 7.0; SM-G892A Bulid/NRD90M; wv) AppleWebKit/537.36 (KHTML, like Gecko) Version/4.0 Chrome/60.0.3112.107 Moblie Safari/537.36"
195.24.236.120 - - [29/Dec/2025:08:15:16 +0300] "GET /plugins/content/apismtp/apismtp.php.suspected?test=hello HTTP/1.1" 404 33138 "-" "Mozlila/5.0 (Linux; Android 7.0; SM-G892A Bulid/NRD90M; wv) AppleWebKit/537.36 (KHTML, like Gecko) Version/4.0 Chrome/60.0.3112.107 Moblie Safari/537.36"
82.148.16.210 - - [29/Dec/2025:08:15:17 +0300] "POST /wp-cron.php?doing_wp_cron=1766985317.1995320320129394531250 HTTP/1.1" 200 31 "-" "WordPress/6.9-alpha-60450; https://levasheva.ru"
195.24.236.120 - - [29/Dec/2025:08:15:17 +0300] "POST /ALFA_DATA/alfacgiapi/perl.alfa HTTP/1.1" 404 33138 "www.google.com" "Mozlila/5.0 (Linux; Android 7.0; SM-G892A Bulid/NRD90M; wv) AppleWebKit/537.36 (KHTML, like Gecko) Version/4.0 Chrome/60.0.3112.107 Moblie Safari/537.36"
195.24.236.120 - - [29/Dec/2025:08:15:17 +0300] "POST /alfacgiapi/perl.alfa HTTP/1.1" 404 31057 "www.google.com" "Mozlila/5.0 (Linux; Android 7.0; SM-G892A Bulid/NRD90M; wv) AppleWebKit/537.36 (KHTML, like Gecko) Version/4.0 Chrome/60.0.3112.107 Moblie Safari/537.36"
82.148.16.210 - - [29/Dec/2025:08:28:13 +0300] "POST /wp-cron.php?doing_wp_cron=1766986093.1807351112365722656250 HTTP/1.1" 200 31 "-" "WordPress/6.9-alpha-60450; https://levasheva.ru"
82.147.85.86 - - [29/Dec/2025:08:28:13 +0300] "GET / HTTP/1.0" 200 58663 "https://levasheva.ru/" "Mozilla/5.0 (Windows NT 10.0; Win64; x64) AppleWebKit/537.36 (KHTML, like Gecko) Chrome/129.0.0.0 Safari/537.36"
82.148.16.210 - - [29/Dec/2025:08:28:26 +0300] "POST /wp-cron.php?doing_wp_cron=1766986106.2476079463958740234375 HTTP/1.1" 200 31 "-" "WordPress/6.9-alpha-60450; https://levasheva.ru"
82.147.85.86 - - [29/Dec/2025:08:28:26 +0300] "POST / HTTP/1.0" 200 59110 "https://levasheva.ru/" "Mozilla/5.0 (Windows NT 10.0; Win64; x64) AppleWebKit/537.36 (KHTML, like Gecko) Chrome/129.0.0.0 Safari/537.36"
82.147.85.86 - - [29/Dec/2025:08:28:27 +0300] "GET / HTTP/1.0" 200 58663 "https://levasheva.ru/" "Mozilla/5.0 (Windows NT 10.0; Win64; x64) AppleWebKit/537.36 (KHTML, like Gecko) Chrome/129.0.0.0 Safari/537.36"
51.89.129.152 - - [29/Dec/2025:08:28:45 +0300] "GET /sitemap_index.xml HTTP/2.0" 200 398 "-" "Mozilla/5.0 (compatible; AhrefsBot/7.0; +http://ahrefs.com/robot/)"
198.244.240.191 - - [29/Dec/2025:08:28:57 +0300] "GET /post-sitemap.xml HTTP/2.0" 200 4739 "-" "Mozilla/5.0 (compatible; AhrefsBot/7.0; +http://ahrefs.com/robot/)"
51.89.129.35 - - [29/Dec/2025:08:29:08 +0300] "GET /page-sitemap.xml HTTP/2.0" 200 2241 "-" "Mozilla/5.0 (compatible; AhrefsBot/7.0; +http://ahrefs.com/robot/)"
82.148.16.210 - - [29/Dec/2025:08:29:19 +0300] "POST /wp-cron.php?doing_wp_cron=1766986159.0716509819030761718750 HTTP/1.1" 200 31 "-" "WordPress/6.9-alpha-60450; https://levasheva.ru"
198.244.242.13 - - [29/Dec/2025:08:29:19 +0300] "GET /attachment-sitemap.xml HTTP/2.0" 200 11527 "-" "Mozilla/5.0 (compatible; AhrefsBot/7.0; +http://ahrefs.com/robot/)"
80.211.229.185 - - [29/Dec/2025:08:29:21 +0300] "POST /xmlrpc.php HTTP/1.1" 200 264 "-" "Mozilla/5.0 (Windows NT 10.0; Win64; x64; rv:64.0) Gecko/20100101 Firefox/64.0"
51.195.215.167 - - [29/Dec/2025:08:29:30 +0300] "GET /attachment-sitemap2.xml HTTP/2.0" 200 1075 "-" "Mozilla/5.0 (compatible; AhrefsBot/7.0; +http://ahrefs.com/robot/)"
198.244.226.128 - - [29/Dec/2025:08:29:40 +0300] "GET /category-sitemap.xml HTTP/2.0" 200 424 "-" "Mozilla/5.0 (compatible; AhrefsBot/7.0; +http://ahrefs.com/robot/)"
51.89.129.202 - - [29/Dec/2025:08:29:51 +0300] "GET /post_tag-sitemap.xml HTTP/2.0" 200 823 "-" "Mozilla/5.0 (compatible; AhrefsBot/7.0; +http://ahrefs.com/robot/)"
198.244.226.47 - - [29/Dec/2025:08:30:01 +0300] "GET /portfolio_tags-sitemap.xml HTTP/2.0" 200 402 "-" "Mozilla/5.0 (compatible; AhrefsBot/7.0; +http://ahrefs.com/robot/)"
198.244.240.167 - - [29/Dec/2025:08:30:12 +0300] "GET /author-sitemap.xml HTTP/2.0" 200 366 "-" "Mozilla/5.0 (compatible; AhrefsBot/7.0; +http://ahrefs.com/robot/)"
157.245.109.34 - - [29/Dec/2025:08:30:46 +0300] "GET /wp-admin/css/ HTTP/1.1" 301 162 "binance.com" "Mozilla/5.0 (Windows NT 10.0; Win64; x64) AppleWebKit/537.36 (KHTML, like Gecko) Chrome/90.0.4430.85 Safari/537.36"
157.245.109.34 - - [29/Dec/2025:08:30:55 +0300] "GET /wp-admin/css/ HTTP/1.1" 302 138 "binance.com" "Mozilla/5.0 (Windows NT 10.0; Win64; x64) AppleWebKit/537.36 (KHTML, like Gecko) Chrome/90.0.4430.85 Safari/537.36"
82.148.16.210 - - [29/Dec/2025:08:30:55 +0300] "POST /wp-cron.php?doing_wp_cron=1766986255.6178090572357177734375 HTTP/1.1" 200 31 "-" "WordPress/6.9-alpha-60450; https://levasheva.ru"
157.245.109.34 - - [29/Dec/2025:08:30:55 +0300] "GET /wp-admin/css/404 HTTP/1.1" 404 7707 "binance.com" "Mozilla/5.0 (Windows NT 10.0; Win64; x64) AppleWebKit/537.36 (KHTML, like Gecko) Chrome/90.0.4430.85 Safari/537.36"
157.245.109.34 - - [29/Dec/2025:08:31:01 +0300] "GET /.well-known/ HTTP/1.1" 301 162 "binance.com" "Mozilla/5.0 (Windows NT 10.0; Win64; x64) AppleWebKit/537.36 (KHTML, like Gecko) Chrome/90.0.4430.85 Safari/537.36"
157.245.109.34 - - [29/Dec/2025:08:31:07 +0300] "GET /.well-known/ HTTP/1.1" 404 7262 "binance.com" "Mozilla/5.0 (Windows NT 10.0; Win64; x64) AppleWebKit/537.36 (KHTML, like Gecko) Chrome/90.0.4430.85 Safari/537.36"
157.245.109.34 - - [29/Dec/2025:08:31:11 +0300] "GET /sites/default/files/ HTTP/1.1" 301 162 "binance.com" "Mozilla/5.0 (Windows NT 10.0; Win64; x64) AppleWebKit/537.36 (KHTML, like Gecko) Chrome/90.0.4430.85 Safari/537.36"
157.245.109.34 - - [29/Dec/2025:08:31:15 +0300] "GET /sites/default/files/ HTTP/1.1" 404 7707 "binance.com" "Mozilla/5.0 (Windows NT 10.0; Win64; x64) AppleWebKit/537.36 (KHTML, like Gecko) Chrome/90.0.4430.85 Safari/537.36"
157.245.109.34 - - [29/Dec/2025:08:31:22 +0300] "GET /admin/controller/extension/extension/ HTTP/1.1" 301 162 "binance.com" "Mozilla/5.0 (Windows NT 10.0; Win64; x64) AppleWebKit/537.36 (KHTML, like Gecko) Chrome/90.0.4430.85 Safari/537.36"
82.148.16.210 - - [29/Dec/2025:08:31:27 +0300] "POST /wp-cron.php?doing_wp_cron=1766986287.1964690685272216796875 HTTP/1.1" 200 31 "-" "WordPress/6.9-alpha-60450; https://levasheva.ru"
157.245.109.34 - - [29/Dec/2025:08:31:27 +0300] "GET /admin/controller/extension/extension/ HTTP/1.1" 404 7707 "binance.com" "Mozilla/5.0 (Windows NT 10.0; Win64; x64) AppleWebKit/537.36 (KHTML, like Gecko) Chrome/90.0.4430.85 Safari/537.36"
157.245.109.34 - - [29/Dec/2025:08:31:30 +0300] "GET /uploads/ HTTP/1.1" 301 162 "binance.com" "Mozilla/5.0 (Windows NT 10.0; Win64; x64) AppleWebKit/537.36 (KHTML, like Gecko) Chrome/90.0.4430.85 Safari/537.36"
157.245.109.34 - - [29/Dec/2025:08:31:35 +0300] "GET /uploads/ HTTP/1.1" 404 7262 "binance.com" "Mozilla/5.0 (Windows NT 10.0; Win64; x64) AppleWebKit/537.36 (KHTML, like Gecko) Chrome/90.0.4430.85 Safari/537.36"
157.245.109.34 - - [29/Dec/2025:08:31:40 +0300] "GET /images/ HTTP/1.1" 301 162 "binance.com" "Mozilla/5.0 (Windows NT 10.0; Win64; x64) AppleWebKit/537.36 (KHTML, like Gecko) Chrome/90.0.4430.85 Safari/537.36"
157.245.109.34 - - [29/Dec/2025:08:31:46 +0300] "GET /images/ HTTP/1.1" 404 7262 "binance.com" "Mozilla/5.0 (Windows NT 10.0; Win64; x64) AppleWebKit/537.36 (KHTML, like Gecko) Chrome/90.0.4430.85 Safari/537.36"
157.245.109.34 - - [29/Dec/2025:08:31:51 +0300] "GET /files/ HTTP/1.1" 301 162 "binance.com" "Mozilla/5.0 (Windows NT 10.0; Win64; x64) AppleWebKit/537.36 (KHTML, like Gecko) Chrome/90.0.4430.85 Safari/537.36"
157.245.109.34 - - [29/Dec/2025:08:31:55 +0300] "GET /files/ HTTP/1.1" 404 7262 "binance.com" "Mozilla/5.0 (Windows NT 10.0; Win64; x64) AppleWebKit/537.36 (KHTML, like Gecko) Chrome/90.0.4430.85 Safari/537.36"
82.148.16.210 - - [29/Dec/2025:08:32:38 +0300] "POST /wp-cron.php?doing_wp_cron=1766986358.0673360824584960937500 HTTP/1.1" 200 31 "-" "WordPress/6.9-alpha-60450; https://levasheva.ru"
74.234.147.76 - - [29/Dec/2025:08:32:38 +0300] "POST /xmlrpc.php HTTP/2.0" 200 269 "-" "Mozilla/4.0 (compatible; MSIE 7.0; Windows NT 6.1; Trident/7.0; SLCC2; .NET CLR 2.0.50727; .NET CLR 3.5.30729; .NET CLR 3.0.30729; Media Center PC 6.0; .NET4.0C; .NET4.0E; InfoPath.3)"
216.73.216.89 - - [29/Dec/2025:08:32:47 +0300] "GET /sitemap_index.xml HTTP/2.0" 200 398 "-" "Mozilla/5.0 AppleWebKit/537.36 (KHTML, like Gecko; compatible; ClaudeBot/1.0; +claudebot@anthropic.com)"
213.209.159.151 - - [29/Dec/2025:08:38:00 +0300] "GET / HTTP/1.1" 301 162 "-" "Go-http-client/1.1"
82.148.16.210 - - [29/Dec/2025:08:38:13 +0300] "POST /wp-cron.php?doing_wp_cron=1766986692.9993760585784912109375 HTTP/1.1" 200 31 "-" "WordPress/6.9-alpha-60450; https://levasheva.ru"
213.209.159.151 - - [29/Dec/2025:08:38:14 +0300] "GET / HTTP/2.0" 200 12739 "-" "Go-http-client/2.0"
82.148.16.210 - - [29/Dec/2025:08:47:44 +0300] "POST /wp-cron.php?doing_wp_cron=1766987264.0140829086303710937500 HTTP/1.1" 200 31 "-" "WordPress/6.9-alpha-60450; https://levasheva.ru"
198.244.226.219 - - [29/Dec/2025:08:47:44 +0300] "GET /vystavka-vse-ottenki-yaponskoj-tushi-v-ryazani/ HTTP/2.0" 200 11481 "-" "Mozilla/5.0 (compatible; AhrefsBot/7.0; +http://ahrefs.com/robot/)"
82.148.16.210 - - [29/Dec/2025:08:48:37 +0300] "POST /wp-cron.php?doing_wp_cron=1766987317.6692659854888916015625 HTTP/1.1" 200 31 "-" "WordPress/6.9-alpha-60450; https://levasheva.ru"
163.223.13.96 - - [29/Dec/2025:08:48:37 +0300] "GET /wp-login.php HTTP/2.0" 200 3447 "-" "Mozilla/4.0 (compatible; MSIE 7.0; Windows NT 10.0; Win64; x64; Trident/7.0; .NET4.0C; .NET4.0E; .NET CLR 2.0.50727; .NET CLR 3.0.30729; .NET CLR 3.5.30729)"
163.223.13.96 - - [29/Dec/2025:08:48:43 +0300] "POST /wp-login.php HTTP/2.0" 200 3638 "https://levasheva.ru/wp-login.php" "Mozilla/4.0 (compatible; MSIE 7.0; Windows NT 10.0; Win64; x64; Trident/7.0; .NET4.0C; .NET4.0E; .NET CLR 2.0.50727; .NET CLR 3.0.30729; .NET CLR 3.5.30729)"
216.73.216.89 - - [29/Dec/2025:08:48:55 +0300] "GET /sitemap_index.xml HTTP/2.0" 200 398 "-" "Mozilla/5.0 AppleWebKit/537.36 (KHTML, like Gecko; compatible; ClaudeBot/1.0; +claudebot@anthropic.com)"
82.148.16.210 - - [29/Dec/2025:08:54:23 +0300] "POST /wp-cron.php?doing_wp_cron=1766987663.4162518978118896484375 HTTP/1.1" 200 31 "-" "WordPress/6.9-alpha-60450; https://levasheva.ru"
81.12.27.190 - - [29/Dec/2025:08:54:23 +0300] "POST /xmlrpc.php HTTP/2.0" 200 269 "-" "Mozilla/5.0 (Windows NT 10.0; WOW64; Trident/7.0; AS; rv:11.0) like Gecko"
82.148.16.210 - - [29/Dec/2025:09:04:33 +0300] "POST /wp-cron.php?doing_wp_cron=1766988273.7183439731597900390625 HTTP/1.1" 200 31 "-" "WordPress/6.9-alpha-60450; https://levasheva.ru"
167.86.127.246 - - [29/Dec/2025:09:04:33 +0300] "GET /robots.txt HTTP/1.1" 200 181 "-" "Mozilla/5.0 (compatible; MJ12bot/v1.4.8; http://mj12bot.com/)"
167.86.127.246 - - [29/Dec/2025:09:04:35 +0300] "GET /category/%D0%B1%D0%B5%D0%B7-%D1%80%D1%83%D0%B1%D1%80%D0%B8%D0%BA%D0%B8/ HTTP/1.1" 200 9293 "-" "Mozilla/5.0 (compatible; MJ12bot/v1.4.8; http://mj12bot.com/)"
167.86.127.246 - - [29/Dec/2025:09:04:37 +0300] "GET /category/%D0%BD%D0%BE%D0%B2%D0%BE%D1%81%D1%82%D0%B8/ HTTP/1.1" 200 11451 "-" "Mozilla/5.0 (compatible; MJ12bot/v1.4.8; http://mj12bot.com/)"
167.86.127.246 - - [29/Dec/2025:09:04:39 +0300] "GET /category/%D0%BD%D0%BE%D0%B2%D0%BE%D1%81%D1%82%D0%B8/page/2/ HTTP/1.1" 200 11898 "-" "Mozilla/5.0 (compatible; MJ12bot/v1.4.8; http://mj12bot.com/)"
167.86.127.246 - - [29/Dec/2025:09:04:40 +0300] "GET /category/%D0%BD%D0%BE%D0%B2%D0%BE%D1%81%D1%82%D0%B8/page/3/ HTTP/1.1" 200 12190 "-" "Mozilla/5.0 (compatible; MJ12bot/v1.4.8; http://mj12bot.com/)"
167.86.127.246 - - [29/Dec/2025:09:04:42 +0300] "GET /category/%D0%BD%D0%BE%D0%B2%D0%BE%D1%81%D1%82%D0%B8/page/4/ HTTP/1.1" 200 12193 "-" "Mozilla/5.0 (compatible; MJ12bot/v1.4.8; http://mj12bot.com/)"
167.86.127.246 - - [29/Dec/2025:09:04:44 +0300] "GET /category/%D0%BD%D0%BE%D0%B2%D0%BE%D1%81%D1%82%D0%B8/page/5/ HTTP/1.1" 200 11983 "-" "Mozilla/5.0 (compatible; MJ12bot/v1.4.8; http://mj12bot.com/)"
167.86.127.246 - - [29/Dec/2025:09:04:45 +0300] "GET /category/%D0%BD%D0%BE%D0%B2%D0%BE%D1%81%D1%82%D0%B8/page/6/ HTTP/1.1" 200 12070 "-" "Mozilla/5.0 (compatible; MJ12bot/v1.4.8; http://mj12bot.com/)"
167.86.127.246 - - [29/Dec/2025:09:04:47 +0300] "GET /category/%D0%BD%D0%BE%D0%B2%D0%BE%D1%81%D1%82%D0%B8/page/7/ HTTP/1.1" 200 11328 "-" "Mozilla/5.0 (compatible; MJ12bot/v1.4.8; http://mj12bot.com/)"
167.86.127.246 - - [29/Dec/2025:09:04:49 +0300] "GET /tag/%E6%97%A5%E6%9C%AC%E3%81%AE%E7%BE%8E/ HTTP/1.1" 200 10339 "-" "Mozilla/5.0 (compatible; MJ12bot/v1.4.8; http://mj12bot.com/)"
167.86.127.246 - - [29/Dec/2025:09:04:50 +0300] "GET /vystavka-krasota-yaponii-%E6%97%A5%E6%9C%AC%E3%81%AE%E7%BE%8E/ HTTP/1.1" 200 12885 "-" "Mozilla/5.0 (compatible; MJ12bot/v1.4.8; http://mj12bot.com/)"
82.148.16.210 - - [29/Dec/2025:09:06:00 +0300] "POST /wp-cron.php?doing_wp_cron=1766988360.0525679588317871093750 HTTP/1.1" 200 31 "-" "WordPress/6.9-alpha-60450; https://levasheva.ru"
198.244.183.28 - - [29/Dec/2025:09:06:00 +0300] "GET /about/ HTTP/2.0" 200 14190 "-" "Mozilla/5.0 (compatible; AhrefsBot/7.0; +http://ahrefs.com/robot/)"
82.148.16.210 - - [29/Dec/2025:09:08:22 +0300] "POST /wp-cron.php?doing_wp_cron=1766988502.0941290855407714843750 HTTP/1.1" 200 31 "-" "WordPress/6.9-alpha-60450; https://levasheva.ru"
78.128.81.214 - - [29/Dec/2025:09:08:22 +0300] "GET /wp-login.php HTTP/2.0" 200 3447 "-" "Mozilla/5.0 (Macintosh; Intel Mac OS X 10_13_4) AppleWebKit/537.36 (KHTML, like Gecko) Chrome/65.0.3325.181 Safari/537.36"
78.128.81.214 - - [29/Dec/2025:09:08:22 +0300] "POST /wp-login.php HTTP/2.0" 200 3638 "https://levasheva.ru/wp-login.php" "Mozilla/5.0 (Macintosh; Intel Mac OS X 10_13_4) AppleWebKit/537.36 (KHTML, like Gecko) Chrome/65.0.3325.181 Safari/537.36"
82.148.16.210 - - [29/Dec/2025:09:12:07 +0300] "POST /wp-cron.php?doing_wp_cron=1766988727.6176569461822509765625 HTTP/1.1" 200 31 "-" "WordPress/6.9-alpha-60450; https://levasheva.ru"
65.21.31.180 - - [29/Dec/2025:09:12:07 +0300] "HEAD /vystavka-o-chukotke-rezcom-i-tushyu/ HTTP/2.0" 200 0 "-" "FindFiles.net/1.0 (compatible; +https://findfiles.net/bot)"
82.148.16.210 - - [29/Dec/2025:09:14:07 +0300] "POST /wp-cron.php?doing_wp_cron=1766988847.8484330177307128906250 HTTP/1.1" 200 31 "-" "WordPress/6.9-alpha-60450; https://levasheva.ru"
130.49.216.135 - - [29/Dec/2025:09:14:08 +0300] "GET /contacts/ HTTP/1.0" 200 46766 "https://levasheva.ru/contacts/" "Mozilla/5.0 (Windows NT 10.0; Win64; x64) AppleWebKit/537.36 (KHTML, like Gecko) Chrome/103.0.5042.0 Safari/537.36"
82.148.16.210 - - [29/Dec/2025:09:16:23 +0300] "POST /wp-cron.php?doing_wp_cron=1766988983.4718930721282958984375 HTTP/1.1" 200 31 "-" "WordPress/6.9-alpha-60450; https://levasheva.ru"
23.94.191.134 - - [29/Dec/2025:09:16:23 +0300] "POST /xmlrpc.php HTTP/2.0" 200 269 "-" "Mozilla/5.0 (Windows NT 6.3; Win64; x64; rv:61.0) Gecko/20100101 Firefox/61.0"
103.151.52.52 - - [29/Dec/2025:09:19:10 +0300] "GET / HTTP/1.0" 301 162 "http://levasheva.ru/" "Mozilla/5.0 (Windows NT 10.0; Win64; x64) AppleWebKit/537.36 (KHTML, like Gecko) Chrome/131.0.0.0 Safari/537.36 Avast/131.0.0.0"
82.148.16.210 - - [29/Dec/2025:09:19:10 +0300] "POST /wp-cron.php?doing_wp_cron=1766989150.7718338966369628906250 HTTP/1.1" 200 31 "-" "WordPress/6.9-alpha-60450; https://levasheva.ru"
5.39.65.19 - - [29/Dec/2025:09:19:10 +0300] "POST /xmlrpc.php HTTP/1.1" 200 264 "-" "Mozilla/5.0 (Windows NT 10.0; Win64; x64; rv:73.0) Gecko/20100101 Firefox/73.0"
