103.251.26.40 - - [29/Dec/2025:17:11:31 +0300] "POST //xmlrpc.php HTTP/1.1" 200 451 "-" "Mozilla/5.0 (Windows NT 10.0; Win64; x64) AppleWebKit/537.36 (KHTML, like Gecko) Chrome/80.0.3987.149 Safari/537.36"
103.251.26.40 - - [29/Dec/2025:17:11:31 +0300] "POST //xmlrpc.php HTTP/1.1" 200 451 "-" "Mozilla/5.0 (Windows NT 10.0; Win64; x64) AppleWebKit/537.36 (KHTML, like Gecko) Chrome/80.0.3987.149 Safari/537.36"
103.251.26.40 - - [29/Dec/2025:17:11:32 +0300] "POST //xmlrpc.php HTTP/1.1" 200 451 "-" "Mozilla/5.0 (Windows NT 10.0; Win64; x64) AppleWebKit/537.36 (KHTML, like Gecko) Chrome/80.0.3987.149 Safari/537.36"
103.251.26.40 - - [29/Dec/2025:17:11:34 +0300] "POST //xmlrpc.php HTTP/1.1" 200 451 "-" "Mozilla/5.0 (Windows NT 10.0; Win64; x64) AppleWebKit/537.36 (KHTML, like Gecko) Chrome/80.0.3987.149 Safari/537.36"
103.251.26.40 - - [29/Dec/2025:17:11:34 +0300] "POST //xmlrpc.php HTTP/1.1" 200 415 "-" "Mozilla/5.0 (Windows NT 10.0; Win64; x64) AppleWebKit/537.36 (KHTML, like Gecko) Chrome/80.0.3987.149 Safari/537.36"
103.251.26.40 - - [29/Dec/2025:17:11:35 +0300] "POST //xmlrpc.php HTTP/1.1" 200 451 "-" "Mozilla/5.0 (Windows NT 10.0; Win64; x64) AppleWebKit/537.36 (KHTML, like Gecko) Chrome/80.0.3987.149 Safari/537.36"
103.251.26.40 - - [29/Dec/2025:17:11:36 +0300] "POST //xmlrpc.php HTTP/1.1" 200 451 "-" "Mozilla/5.0 (Windows NT 10.0; Win64; x64) AppleWebKit/537.36 (KHTML, like Gecko) Chrome/80.0.3987.149 Safari/537.36"
103.251.26.40 - - [29/Dec/2025:17:11:37 +0300] "POST //xmlrpc.php HTTP/1.1" 200 451 "-" "Mozilla/5.0 (Windows NT 10.0; Win64; x64) AppleWebKit/537.36 (KHTML, like Gecko) Chrome/80.0.3987.149 Safari/537.36"
103.251.26.40 - - [29/Dec/2025:17:11:37 +0300] "POST //xmlrpc.php HTTP/1.1" 200 451 "-" "Mozilla/5.0 (Windows NT 10.0; Win64; x64) AppleWebKit/537.36 (KHTML, like Gecko) Chrome/80.0.3987.149 Safari/537.36"
103.251.26.40 - - [29/Dec/2025:17:11:38 +0300] "POST //xmlrpc.php HTTP/1.1" 200 451 "-" "Mozilla/5.0 (Windows NT 10.0; Win64; x64) AppleWebKit/537.36 (KHTML, like Gecko) Chrome/80.0.3987.149 Safari/537.36"
103.251.26.40 - - [29/Dec/2025:17:11:39 +0300] "POST //xmlrpc.php HTTP/1.1" 200 451 "-" "Mozilla/5.0 (Windows NT 10.0; Win64; x64) AppleWebKit/537.36 (KHTML, like Gecko) Chrome/80.0.3987.149 Safari/537.36"
103.251.26.40 - - [29/Dec/2025:17:11:40 +0300] "POST //xmlrpc.php HTTP/1.1" 200 451 "-" "Mozilla/5.0 (Windows NT 10.0; Win64; x64) AppleWebKit/537.36 (KHTML, like Gecko) Chrome/80.0.3987.149 Safari/537.36"
103.251.26.40 - - [29/Dec/2025:17:11:41 +0300] "POST //xmlrpc.php HTTP/1.1" 200 451 "-" "Mozilla/5.0 (Windows NT 10.0; Win64; x64) AppleWebKit/537.36 (KHTML, like Gecko) Chrome/80.0.3987.149 Safari/537.36"
103.251.26.40 - - [29/Dec/2025:17:11:41 +0300] "POST //xmlrpc.php HTTP/1.1" 200 451 "-" "Mozilla/5.0 (Windows NT 10.0; Win64; x64) AppleWebKit/537.36 (KHTML, like Gecko) Chrome/80.0.3987.149 Safari/537.36"
103.251.26.40 - - [29/Dec/2025:17:11:42 +0300] "POST //xmlrpc.php HTTP/1.1" 200 451 "-" "Mozilla/5.0 (Windows NT 10.0; Win64; x64) AppleWebKit/537.36 (KHTML, like Gecko) Chrome/80.0.3987.149 Safari/537.36"
103.251.26.40 - - [29/Dec/2025:17:11:43 +0300] "POST //xmlrpc.php HTTP/1.1" 200 451 "-" "Mozilla/5.0 (Windows NT 10.0; Win64; x64) AppleWebKit/537.36 (KHTML, like Gecko) Chrome/80.0.3987.149 Safari/537.36"
103.251.26.40 - - [29/Dec/2025:17:11:46 +0300] "POST //xmlrpc.php HTTP/1.1" 200 451 "-" "Mozilla/5.0 (Windows NT 10.0; Win64; x64) AppleWebKit/537.36 (KHTML, like Gecko) Chrome/80.0.3987.149 Safari/537.36"
103.251.26.40 - - [29/Dec/2025:17:11:47 +0300] "POST //xmlrpc.php HTTP/1.1" 200 451 "-" "Mozilla/5.0 (Windows NT 10.0; Win64; x64) AppleWebKit/537.36 (KHTML, like Gecko) Chrome/80.0.3987.149 Safari/537.36"
103.251.26.40 - - [29/Dec/2025:17:11:47 +0300] "POST //xmlrpc.php HTTP/1.1" 200 451 "-" "Mozilla/5.0 (Windows NT 10.0; Win64; x64) AppleWebKit/537.36 (KHTML, like Gecko) Chrome/80.0.3987.149 Safari/537.36"
103.251.26.40 - - [29/Dec/2025:17:11:48 +0300] "POST //xmlrpc.php HTTP/1.1" 200 451 "-" "Mozilla/5.0 (Windows NT 10.0; Win64; x64) AppleWebKit/537.36 (KHTML, like Gecko) Chrome/80.0.3987.149 Safari/537.36"
103.251.26.40 - - [29/Dec/2025:17:11:49 +0300] "POST //xmlrpc.php HTTP/1.1" 200 451 "-" "Mozilla/5.0 (Windows NT 10.0; Win64; x64) AppleWebKit/537.36 (KHTML, like Gecko) Chrome/80.0.3987.149 Safari/537.36"
103.251.26.40 - - [29/Dec/2025:17:11:50 +0300] "POST //xmlrpc.php HTTP/1.1" 200 451 "-" "Mozilla/5.0 (Windows NT 10.0; Win64; x64) AppleWebKit/537.36 (KHTML, like Gecko) Chrome/80.0.3987.149 Safari/537.36"
103.251.26.40 - - [29/Dec/2025:17:11:50 +0300] "POST //xmlrpc.php HTTP/1.1" 200 451 "-" "Mozilla/5.0 (Windows NT 10.0; Win64; x64) AppleWebKit/537.36 (KHTML, like Gecko) Chrome/80.0.3987.149 Safari/537.36"
103.251.26.40 - - [29/Dec/2025:17:11:51 +0300] "POST //xmlrpc.php HTTP/1.1" 200 451 "-" "Mozilla/5.0 (Windows NT 10.0; Win64; x64) AppleWebKit/537.36 (KHTML, like Gecko) Chrome/80.0.3987.149 Safari/537.36"
103.251.26.40 - - [29/Dec/2025:17:11:52 +0300] "POST //xmlrpc.php HTTP/1.1" 200 451 "-" "Mozilla/5.0 (Windows NT 10.0; Win64; x64) AppleWebKit/537.36 (KHTML, like Gecko) Chrome/80.0.3987.149 Safari/537.36"
103.251.26.40 - - [29/Dec/2025:17:11:53 +0300] "POST //xmlrpc.php HTTP/1.1" 200 451 "-" "Mozilla/5.0 (Windows NT 10.0; Win64; x64) AppleWebKit/537.36 (KHTML, like Gecko) Chrome/80.0.3987.149 Safari/537.36"
103.251.26.40 - - [29/Dec/2025:17:11:53 +0300] "POST //xmlrpc.php HTTP/1.1" 200 451 "-" "Mozilla/5.0 (Windows NT 10.0; Win64; x64) AppleWebKit/537.36 (KHTML, like Gecko) Chrome/80.0.3987.149 Safari/537.36"
103.251.26.40 - - [29/Dec/2025:17:11:54 +0300] "POST //xmlrpc.php HTTP/1.1" 200 451 "-" "Mozilla/5.0 (Windows NT 10.0; Win64; x64) AppleWebKit/537.36 (KHTML, like Gecko) Chrome/80.0.3987.149 Safari/537.36"
103.251.26.40 - - [29/Dec/2025:17:11:59 +0300] "POST //xmlrpc.php HTTP/1.1" 200 451 "-" "Mozilla/5.0 (Windows NT 10.0; Win64; x64) AppleWebKit/537.36 (KHTML, like Gecko) Chrome/80.0.3987.149 Safari/537.36"
103.251.26.40 - - [29/Dec/2025:17:11:59 +0300] "POST //xmlrpc.php HTTP/1.1" 200 451 "-" "Mozilla/5.0 (Windows NT 10.0; Win64; x64) AppleWebKit/537.36 (KHTML, like Gecko) Chrome/80.0.3987.149 Safari/537.36"
103.251.26.40 - - [29/Dec/2025:17:12:01 +0300] "POST //xmlrpc.php HTTP/1.1" 200 451 "-" "Mozilla/5.0 (Windows NT 10.0; Win64; x64) AppleWebKit/537.36 (KHTML, like Gecko) Chrome/80.0.3987.149 Safari/537.36"
103.251.26.40 - - [29/Dec/2025:17:12:03 +0300] "POST //xmlrpc.php HTTP/1.1" 200 451 "-" "Mozilla/5.0 (Windows NT 10.0; Win64; x64) AppleWebKit/537.36 (KHTML, like Gecko) Chrome/80.0.3987.149 Safari/537.36"
103.251.26.40 - - [29/Dec/2025:17:12:04 +0300] "POST //xmlrpc.php HTTP/1.1" 200 451 "-" "Mozilla/5.0 (Windows NT 10.0; Win64; x64) AppleWebKit/537.36 (KHTML, like Gecko) Chrome/80.0.3987.149 Safari/537.36"
103.251.26.40 - - [29/Dec/2025:17:12:04 +0300] "POST //xmlrpc.php HTTP/1.1" 200 451 "-" "Mozilla/5.0 (Windows NT 10.0; Win64; x64) AppleWebKit/537.36 (KHTML, like Gecko) Chrome/80.0.3987.149 Safari/537.36"
103.251.26.40 - - [29/Dec/2025:17:12:05 +0300] "POST //xmlrpc.php HTTP/1.1" 200 451 "-" "Mozilla/5.0 (Windows NT 10.0; Win64; x64) AppleWebKit/537.36 (KHTML, like Gecko) Chrome/80.0.3987.149 Safari/537.36"
103.251.26.40 - - [29/Dec/2025:17:12:06 +0300] "POST //xmlrpc.php HTTP/1.1" 200 451 "-" "Mozilla/5.0 (Windows NT 10.0; Win64; x64) AppleWebKit/537.36 (KHTML, like Gecko) Chrome/80.0.3987.149 Safari/537.36"
103.251.26.40 - - [29/Dec/2025:17:12:07 +0300] "POST //xmlrpc.php HTTP/1.1" 200 451 "-" "Mozilla/5.0 (Windows NT 10.0; Win64; x64) AppleWebKit/537.36 (KHTML, like Gecko) Chrome/80.0.3987.149 Safari/537.36"
103.251.26.40 - - [29/Dec/2025:17:12:08 +0300] "POST //xmlrpc.php HTTP/1.1" 200 451 "-" "Mozilla/5.0 (Windows NT 10.0; Win64; x64) AppleWebKit/537.36 (KHTML, like Gecko) Chrome/80.0.3987.149 Safari/537.36"
103.251.26.40 - - [29/Dec/2025:17:12:09 +0300] "POST //xmlrpc.php HTTP/1.1" 200 451 "-" "Mozilla/5.0 (Windows NT 10.0; Win64; x64) AppleWebKit/537.36 (KHTML, like Gecko) Chrome/80.0.3987.149 Safari/537.36"
103.251.26.40 - - [29/Dec/2025:17:12:11 +0300] "POST //xmlrpc.php HTTP/1.1" 200 451 "-" "Mozilla/5.0 (Windows NT 10.0; Win64; x64) AppleWebKit/537.36 (KHTML, like Gecko) Chrome/80.0.3987.149 Safari/537.36"
103.251.26.40 - - [29/Dec/2025:17:12:12 +0300] "POST //xmlrpc.php HTTP/1.1" 200 451 "-" "Mozilla/5.0 (Windows NT 10.0; Win64; x64) AppleWebKit/537.36 (KHTML, like Gecko) Chrome/80.0.3987.149 Safari/537.36"
103.251.26.40 - - [29/Dec/2025:17:12:13 +0300] "POST //xmlrpc.php HTTP/1.1" 200 451 "-" "Mozilla/5.0 (Windows NT 10.0; Win64; x64) AppleWebKit/537.36 (KHTML, like Gecko) Chrome/80.0.3987.149 Safari/537.36"
103.251.26.40 - - [29/Dec/2025:17:12:15 +0300] "POST //xmlrpc.php HTTP/1.1" 200 451 "-" "Mozilla/5.0 (Windows NT 10.0; Win64; x64) AppleWebKit/537.36 (KHTML, like Gecko) Chrome/80.0.3987.149 Safari/537.36"
103.251.26.40 - - [29/Dec/2025:17:12:15 +0300] "POST //xmlrpc.php HTTP/1.1" 200 451 "-" "Mozilla/5.0 (Windows NT 10.0; Win64; x64) AppleWebKit/537.36 (KHTML, like Gecko) Chrome/80.0.3987.149 Safari/537.36"
103.251.26.40 - - [29/Dec/2025:17:12:16 +0300] "POST //xmlrpc.php HTTP/1.1" 200 451 "-" "Mozilla/5.0 (Windows NT 10.0; Win64; x64) AppleWebKit/537.36 (KHTML, like Gecko) Chrome/80.0.3987.149 Safari/537.36"
103.251.26.40 - - [29/Dec/2025:17:12:17 +0300] "POST //xmlrpc.php HTTP/1.1" 200 451 "-" "Mozilla/5.0 (Windows NT 10.0; Win64; x64) AppleWebKit/537.36 (KHTML, like Gecko) Chrome/80.0.3987.149 Safari/537.36"
82.148.16.210 - - [29/Dec/2025:17:12:17 +0300] "POST /wp-cron.php?doing_wp_cron=1767017537.5761849880218505859375 HTTP/1.1" 200 31 "-" "WordPress/6.9-alpha-60450; https://levasheva.ru"
103.251.26.40 - - [29/Dec/2025:17:12:17 +0300] "POST //xmlrpc.php HTTP/1.1" 200 415 "-" "Mozilla/5.0 (Windows NT 10.0; Win64; x64) AppleWebKit/537.36 (KHTML, like Gecko) Chrome/80.0.3987.149 Safari/537.36"
103.251.26.40 - - [29/Dec/2025:17:12:18 +0300] "POST //xmlrpc.php HTTP/1.1" 200 451 "-" "Mozilla/5.0 (Windows NT 10.0; Win64; x64) AppleWebKit/537.36 (KHTML, like Gecko) Chrome/80.0.3987.149 Safari/537.36"
103.251.26.40 - - [29/Dec/2025:17:12:19 +0300] "POST //xmlrpc.php HTTP/1.1" 200 451 "-" "Mozilla/5.0 (Windows NT 10.0; Win64; x64) AppleWebKit/537.36 (KHTML, like Gecko) Chrome/80.0.3987.149 Safari/537.36"
103.251.26.40 - - [29/Dec/2025:17:12:20 +0300] "POST //xmlrpc.php HTTP/1.1" 200 451 "-" "Mozilla/5.0 (Windows NT 10.0; Win64; x64) AppleWebKit/537.36 (KHTML, like Gecko) Chrome/80.0.3987.149 Safari/537.36"
216.73.216.89 - - [29/Dec/2025:17:12:21 +0300] "GET /?p=754 HTTP/2.0" 301 0 "-" "Mozilla/5.0 AppleWebKit/537.36 (KHTML, like Gecko; compatible; ClaudeBot/1.0; +claudebot@anthropic.com)"
103.251.26.40 - - [29/Dec/2025:17:12:21 +0300] "POST //xmlrpc.php HTTP/1.1" 200 451 "-" "Mozilla/5.0 (Windows NT 10.0; Win64; x64) AppleWebKit/537.36 (KHTML, like Gecko) Chrome/80.0.3987.149 Safari/537.36"
216.73.216.89 - - [29/Dec/2025:17:12:21 +0300] "GET /about/publications/irina_levasheva_publications_11/ HTTP/2.0" 200 9844 "https://levasheva.ru/?p=754" "Mozilla/5.0 AppleWebKit/537.36 (KHTML, like Gecko; compatible; ClaudeBot/1.0; +claudebot@anthropic.com)"
103.251.26.40 - - [29/Dec/2025:17:12:21 +0300] "POST //xmlrpc.php HTTP/1.1" 200 451 "-" "Mozilla/5.0 (Windows NT 10.0; Win64; x64) AppleWebKit/537.36 (KHTML, like Gecko) Chrome/80.0.3987.149 Safari/537.36"
103.251.26.40 - - [29/Dec/2025:17:12:22 +0300] "POST //xmlrpc.php HTTP/1.1" 200 451 "-" "Mozilla/5.0 (Windows NT 10.0; Win64; x64) AppleWebKit/537.36 (KHTML, like Gecko) Chrome/80.0.3987.149 Safari/537.36"
103.251.26.40 - - [29/Dec/2025:17:12:24 +0300] "POST //xmlrpc.php HTTP/1.1" 200 451 "-" "Mozilla/5.0 (Windows NT 10.0; Win64; x64) AppleWebKit/537.36 (KHTML, like Gecko) Chrome/80.0.3987.149 Safari/537.36"
103.251.26.40 - - [29/Dec/2025:17:12:25 +0300] "POST //xmlrpc.php HTTP/1.1" 200 451 "-" "Mozilla/5.0 (Windows NT 10.0; Win64; x64) AppleWebKit/537.36 (KHTML, like Gecko) Chrome/80.0.3987.149 Safari/537.36"
103.251.26.40 - - [29/Dec/2025:17:12:26 +0300] "POST //xmlrpc.php HTTP/1.1" 200 451 "-" "Mozilla/5.0 (Windows NT 10.0; Win64; x64) AppleWebKit/537.36 (KHTML, like Gecko) Chrome/80.0.3987.149 Safari/537.36"
103.251.26.40 - - [29/Dec/2025:17:12:28 +0300] "POST //xmlrpc.php HTTP/1.1" 200 451 "-" "Mozilla/5.0 (Windows NT 10.0; Win64; x64) AppleWebKit/537.36 (KHTML, like Gecko) Chrome/80.0.3987.149 Safari/537.36"
103.251.26.40 - - [29/Dec/2025:17:12:33 +0300] "POST //xmlrpc.php HTTP/1.1" 200 451 "-" "Mozilla/5.0 (Windows NT 10.0; Win64; x64) AppleWebKit/537.36 (KHTML, like Gecko) Chrome/80.0.3987.149 Safari/537.36"
103.251.26.40 - - [29/Dec/2025:17:12:35 +0300] "POST //xmlrpc.php HTTP/1.1" 200 451 "-" "Mozilla/5.0 (Windows NT 10.0; Win64; x64) AppleWebKit/537.36 (KHTML, like Gecko) Chrome/80.0.3987.149 Safari/537.36"
103.251.26.40 - - [29/Dec/2025:17:12:41 +0300] "POST //xmlrpc.php HTTP/1.1" 200 451 "-" "Mozilla/5.0 (Windows NT 10.0; Win64; x64) AppleWebKit/537.36 (KHTML, like Gecko) Chrome/80.0.3987.149 Safari/537.36"
103.251.26.40 - - [29/Dec/2025:17:12:41 +0300] "POST //xmlrpc.php HTTP/1.1" 200 451 "-" "Mozilla/5.0 (Windows NT 10.0; Win64; x64) AppleWebKit/537.36 (KHTML, like Gecko) Chrome/80.0.3987.149 Safari/537.36"
103.251.26.40 - - [29/Dec/2025:17:12:42 +0300] "POST //xmlrpc.php HTTP/1.1" 200 451 "-" "Mozilla/5.0 (Windows NT 10.0; Win64; x64) AppleWebKit/537.36 (KHTML, like Gecko) Chrome/80.0.3987.149 Safari/537.36"
103.251.26.40 - - [29/Dec/2025:17:12:43 +0300] "POST //xmlrpc.php HTTP/1.1" 200 451 "-" "Mozilla/5.0 (Windows NT 10.0; Win64; x64) AppleWebKit/537.36 (KHTML, like Gecko) Chrome/80.0.3987.149 Safari/537.36"
103.251.26.40 - - [29/Dec/2025:17:12:43 +0300] "POST //xmlrpc.php HTTP/1.1" 200 451 "-" "Mozilla/5.0 (Windows NT 10.0; Win64; x64) AppleWebKit/537.36 (KHTML, like Gecko) Chrome/80.0.3987.149 Safari/537.36"
103.251.26.40 - - [29/Dec/2025:17:12:44 +0300] "POST //xmlrpc.php HTTP/1.1" 200 451 "-" "Mozilla/5.0 (Windows NT 10.0; Win64; x64) AppleWebKit/537.36 (KHTML, like Gecko) Chrome/80.0.3987.149 Safari/537.36"
103.251.26.40 - - [29/Dec/2025:17:12:45 +0300] "POST //xmlrpc.php HTTP/1.1" 200 451 "-" "Mozilla/5.0 (Windows NT 10.0; Win64; x64) AppleWebKit/537.36 (KHTML, like Gecko) Chrome/80.0.3987.149 Safari/537.36"
103.251.26.40 - - [29/Dec/2025:17:12:45 +0300] "POST //xmlrpc.php HTTP/1.1" 200 451 "-" "Mozilla/5.0 (Windows NT 10.0; Win64; x64) AppleWebKit/537.36 (KHTML, like Gecko) Chrome/80.0.3987.149 Safari/537.36"
103.251.26.40 - - [29/Dec/2025:17:12:46 +0300] "POST //xmlrpc.php HTTP/1.1" 200 451 "-" "Mozilla/5.0 (Windows NT 10.0; Win64; x64) AppleWebKit/537.36 (KHTML, like Gecko) Chrome/80.0.3987.149 Safari/537.36"
103.251.26.40 - - [29/Dec/2025:17:12:50 +0300] "POST //xmlrpc.php HTTP/1.1" 200 451 "-" "Mozilla/5.0 (Windows NT 10.0; Win64; x64) AppleWebKit/537.36 (KHTML, like Gecko) Chrome/80.0.3987.149 Safari/537.36"
103.251.26.40 - - [29/Dec/2025:17:12:51 +0300] "POST //xmlrpc.php HTTP/1.1" 200 451 "-" "Mozilla/5.0 (Windows NT 10.0; Win64; x64) AppleWebKit/537.36 (KHTML, like Gecko) Chrome/80.0.3987.149 Safari/537.36"
103.251.26.40 - - [29/Dec/2025:17:12:51 +0300] "POST //xmlrpc.php HTTP/1.1" 200 451 "-" "Mozilla/5.0 (Windows NT 10.0; Win64; x64) AppleWebKit/537.36 (KHTML, like Gecko) Chrome/80.0.3987.149 Safari/537.36"
103.251.26.40 - - [29/Dec/2025:17:12:53 +0300] "POST //xmlrpc.php HTTP/1.1" 200 451 "-" "Mozilla/5.0 (Windows NT 10.0; Win64; x64) AppleWebKit/537.36 (KHTML, like Gecko) Chrome/80.0.3987.149 Safari/537.36"
103.251.26.40 - - [29/Dec/2025:17:12:55 +0300] "POST //xmlrpc.php HTTP/1.1" 200 451 "-" "Mozilla/5.0 (Windows NT 10.0; Win64; x64) AppleWebKit/537.36 (KHTML, like Gecko) Chrome/80.0.3987.149 Safari/537.36"
103.251.26.40 - - [29/Dec/2025:17:12:56 +0300] "POST //xmlrpc.php HTTP/1.1" 200 451 "-" "Mozilla/5.0 (Windows NT 10.0; Win64; x64) AppleWebKit/537.36 (KHTML, like Gecko) Chrome/80.0.3987.149 Safari/537.36"
103.251.26.40 - - [29/Dec/2025:17:12:56 +0300] "POST //xmlrpc.php HTTP/1.1" 200 451 "-" "Mozilla/5.0 (Windows NT 10.0; Win64; x64) AppleWebKit/537.36 (KHTML, like Gecko) Chrome/80.0.3987.149 Safari/537.36"
103.251.26.40 - - [29/Dec/2025:17:12:57 +0300] "POST //xmlrpc.php HTTP/1.1" 200 451 "-" "Mozilla/5.0 (Windows NT 10.0; Win64; x64) AppleWebKit/537.36 (KHTML, like Gecko) Chrome/80.0.3987.149 Safari/537.36"
216.73.216.89 - - [29/Dec/2025:17:12:57 +0300] "GET /about/publications/irina_levasheva_publications_11/feed HTTP/2.0" 301 0 "-" "Mozilla/5.0 AppleWebKit/537.36 (KHTML, like Gecko; compatible; ClaudeBot/1.0; +claudebot@anthropic.com)"
216.73.216.89 - - [29/Dec/2025:17:12:58 +0300] "GET /about/publications/irina_levasheva_publications_11/feed/ HTTP/2.0" 200 1137 "https://levasheva.ru/about/publications/irina_levasheva_publications_11/feed" "Mozilla/5.0 AppleWebKit/537.36 (KHTML, like Gecko; compatible; ClaudeBot/1.0; +claudebot@anthropic.com)"
103.251.26.40 - - [29/Dec/2025:17:12:58 +0300] "POST //xmlrpc.php HTTP/1.1" 200 415 "-" "Mozilla/5.0 (Windows NT 10.0; Win64; x64) AppleWebKit/537.36 (KHTML, like Gecko) Chrome/80.0.3987.149 Safari/537.36"
103.251.26.40 - - [29/Dec/2025:17:12:58 +0300] "POST //xmlrpc.php HTTP/1.1" 200 451 "-" "Mozilla/5.0 (Windows NT 10.0; Win64; x64) AppleWebKit/537.36 (KHTML, like Gecko) Chrome/80.0.3987.149 Safari/537.36"
103.251.26.40 - - [29/Dec/2025:17:12:59 +0300] "POST //xmlrpc.php HTTP/1.1" 200 451 "-" "Mozilla/5.0 (Windows NT 10.0; Win64; x64) AppleWebKit/537.36 (KHTML, like Gecko) Chrome/80.0.3987.149 Safari/537.36"
103.251.26.40 - - [29/Dec/2025:17:13:00 +0300] "POST //xmlrpc.php HTTP/1.1" 200 451 "-" "Mozilla/5.0 (Windows NT 10.0; Win64; x64) AppleWebKit/537.36 (KHTML, like Gecko) Chrome/80.0.3987.149 Safari/537.36"
103.251.26.40 - - [29/Dec/2025:17:13:01 +0300] "POST //xmlrpc.php HTTP/1.1" 200 451 "-" "Mozilla/5.0 (Windows NT 10.0; Win64; x64) AppleWebKit/537.36 (KHTML, like Gecko) Chrome/80.0.3987.149 Safari/537.36"
103.251.26.40 - - [29/Dec/2025:17:13:01 +0300] "POST //xmlrpc.php HTTP/1.1" 200 451 "-" "Mozilla/5.0 (Windows NT 10.0; Win64; x64) AppleWebKit/537.36 (KHTML, like Gecko) Chrome/80.0.3987.149 Safari/537.36"
103.251.26.40 - - [29/Dec/2025:17:13:03 +0300] "POST //xmlrpc.php HTTP/1.1" 200 451 "-" "Mozilla/5.0 (Windows NT 10.0; Win64; x64) AppleWebKit/537.36 (KHTML, like Gecko) Chrome/80.0.3987.149 Safari/537.36"
103.251.26.40 - - [29/Dec/2025:17:13:04 +0300] "POST //xmlrpc.php HTTP/1.1" 200 451 "-" "Mozilla/5.0 (Windows NT 10.0; Win64; x64) AppleWebKit/537.36 (KHTML, like Gecko) Chrome/80.0.3987.149 Safari/537.36"
103.251.26.40 - - [29/Dec/2025:17:13:05 +0300] "POST //xmlrpc.php HTTP/1.1" 200 451 "-" "Mozilla/5.0 (Windows NT 10.0; Win64; x64) AppleWebKit/537.36 (KHTML, like Gecko) Chrome/80.0.3987.149 Safari/537.36"
103.251.26.40 - - [29/Dec/2025:17:13:06 +0300] "POST //xmlrpc.php HTTP/1.1" 200 451 "-" "Mozilla/5.0 (Windows NT 10.0; Win64; x64) AppleWebKit/537.36 (KHTML, like Gecko) Chrome/80.0.3987.149 Safari/537.36"
103.251.26.40 - - [29/Dec/2025:17:13:06 +0300] "POST //xmlrpc.php HTTP/1.1" 200 451 "-" "Mozilla/5.0 (Windows NT 10.0; Win64; x64) AppleWebKit/537.36 (KHTML, like Gecko) Chrome/80.0.3987.149 Safari/537.36"
103.251.26.40 - - [29/Dec/2025:17:13:07 +0300] "POST //xmlrpc.php HTTP/1.1" 200 451 "-" "Mozilla/5.0 (Windows NT 10.0; Win64; x64) AppleWebKit/537.36 (KHTML, like Gecko) Chrome/80.0.3987.149 Safari/537.36"
103.251.26.40 - - [29/Dec/2025:17:13:08 +0300] "POST //xmlrpc.php HTTP/1.1" 200 451 "-" "Mozilla/5.0 (Windows NT 10.0; Win64; x64) AppleWebKit/537.36 (KHTML, like Gecko) Chrome/80.0.3987.149 Safari/537.36"
103.251.26.40 - - [29/Dec/2025:17:13:08 +0300] "POST //xmlrpc.php HTTP/1.1" 200 451 "-" "Mozilla/5.0 (Windows NT 10.0; Win64; x64) AppleWebKit/537.36 (KHTML, like Gecko) Chrome/80.0.3987.149 Safari/537.36"
103.251.26.40 - - [29/Dec/2025:17:13:09 +0300] "POST //xmlrpc.php HTTP/1.1" 200 451 "-" "Mozilla/5.0 (Windows NT 10.0; Win64; x64) AppleWebKit/537.36 (KHTML, like Gecko) Chrome/80.0.3987.149 Safari/537.36"
103.251.26.40 - - [29/Dec/2025:17:13:09 +0300] "POST //xmlrpc.php HTTP/1.1" 200 451 "-" "Mozilla/5.0 (Windows NT 10.0; Win64; x64) AppleWebKit/537.36 (KHTML, like Gecko) Chrome/80.0.3987.149 Safari/537.36"
103.251.26.40 - - [29/Dec/2025:17:13:10 +0300] "POST //xmlrpc.php HTTP/1.1" 200 451 "-" "Mozilla/5.0 (Windows NT 10.0; Win64; x64) AppleWebKit/537.36 (KHTML, like Gecko) Chrome/80.0.3987.149 Safari/537.36"
103.251.26.40 - - [29/Dec/2025:17:13:11 +0300] "POST //xmlrpc.php HTTP/1.1" 200 451 "-" "Mozilla/5.0 (Windows NT 10.0; Win64; x64) AppleWebKit/537.36 (KHTML, like Gecko) Chrome/80.0.3987.149 Safari/537.36"
103.251.26.40 - - [29/Dec/2025:17:13:12 +0300] "POST //xmlrpc.php HTTP/1.1" 200 451 "-" "Mozilla/5.0 (Windows NT 10.0; Win64; x64) AppleWebKit/537.36 (KHTML, like Gecko) Chrome/80.0.3987.149 Safari/537.36"
103.251.26.40 - - [29/Dec/2025:17:13:13 +0300] "POST //xmlrpc.php HTTP/1.1" 200 451 "-" "Mozilla/5.0 (Windows NT 10.0; Win64; x64) AppleWebKit/537.36 (KHTML, like Gecko) Chrome/80.0.3987.149 Safari/537.36"
103.251.26.40 - - [29/Dec/2025:17:13:15 +0300] "POST //xmlrpc.php HTTP/1.1" 200 451 "-" "Mozilla/5.0 (Windows NT 10.0; Win64; x64) AppleWebKit/537.36 (KHTML, like Gecko) Chrome/80.0.3987.149 Safari/537.36"
31.57.219.33 - - [29/Dec/2025:17:13:15 +0300] "POST /wp-login.php HTTP/1.1" 200 12741 "-" "Mozilla/5.0"
31.57.219.33 - - [29/Dec/2025:17:13:15 +0300] "POST /wp-login.php HTTP/1.1" 200 12713 "-" "Mozilla/5.0"
103.251.26.40 - - [29/Dec/2025:17:13:16 +0300] "POST //xmlrpc.php HTTP/1.1" 200 451 "-" "Mozilla/5.0 (Windows NT 10.0; Win64; x64) AppleWebKit/537.36 (KHTML, like Gecko) Chrome/80.0.3987.149 Safari/537.36"
82.148.16.210 - - [29/Dec/2025:17:13:17 +0300] "POST /wp-cron.php?doing_wp_cron=1767017597.2669529914855957031250 HTTP/1.1" 200 31 "-" "WordPress/6.9-alpha-60450; https://levasheva.ru"
103.251.26.40 - - [29/Dec/2025:17:13:17 +0300] "POST //xmlrpc.php HTTP/1.1" 200 451 "-" "Mozilla/5.0 (Windows NT 10.0; Win64; x64) AppleWebKit/537.36 (KHTML, like Gecko) Chrome/80.0.3987.149 Safari/537.36"
103.251.26.40 - - [29/Dec/2025:17:13:18 +0300] "POST //xmlrpc.php HTTP/1.1" 200 451 "-" "Mozilla/5.0 (Windows NT 10.0; Win64; x64) AppleWebKit/537.36 (KHTML, like Gecko) Chrome/80.0.3987.149 Safari/537.36"
103.251.26.40 - - [29/Dec/2025:17:13:18 +0300] "POST //xmlrpc.php HTTP/1.1" 200 451 "-" "Mozilla/5.0 (Windows NT 10.0; Win64; x64) AppleWebKit/537.36 (KHTML, like Gecko) Chrome/80.0.3987.149 Safari/537.36"
103.251.26.40 - - [29/Dec/2025:17:13:19 +0300] "POST //xmlrpc.php HTTP/1.1" 200 451 "-" "Mozilla/5.0 (Windows NT 10.0; Win64; x64) AppleWebKit/537.36 (KHTML, like Gecko) Chrome/80.0.3987.149 Safari/537.36"
103.251.26.40 - - [29/Dec/2025:17:13:20 +0300] "POST //xmlrpc.php HTTP/1.1" 200 451 "-" "Mozilla/5.0 (Windows NT 10.0; Win64; x64) AppleWebKit/537.36 (KHTML, like Gecko) Chrome/80.0.3987.149 Safari/537.36"
103.251.26.40 - - [29/Dec/2025:17:13:20 +0300] "POST //xmlrpc.php HTTP/1.1" 200 451 "-" "Mozilla/5.0 (Windows NT 10.0; Win64; x64) AppleWebKit/537.36 (KHTML, like Gecko) Chrome/80.0.3987.149 Safari/537.36"
103.251.26.40 - - [29/Dec/2025:17:13:21 +0300] "POST //xmlrpc.php HTTP/1.1" 200 451 "-" "Mozilla/5.0 (Windows NT 10.0; Win64; x64) AppleWebKit/537.36 (KHTML, like Gecko) Chrome/80.0.3987.149 Safari/537.36"
103.251.26.40 - - [29/Dec/2025:17:13:22 +0300] "POST //xmlrpc.php HTTP/1.1" 200 451 "-" "Mozilla/5.0 (Windows NT 10.0; Win64; x64) AppleWebKit/537.36 (KHTML, like Gecko) Chrome/80.0.3987.149 Safari/537.36"
103.251.26.40 - - [29/Dec/2025:17:13:23 +0300] "POST //xmlrpc.php HTTP/1.1" 200 451 "-" "Mozilla/5.0 (Windows NT 10.0; Win64; x64) AppleWebKit/537.36 (KHTML, like Gecko) Chrome/80.0.3987.149 Safari/537.36"
103.251.26.40 - - [29/Dec/2025:17:13:25 +0300] "POST //xmlrpc.php HTTP/1.1" 200 451 "-" "Mozilla/5.0 (Windows NT 10.0; Win64; x64) AppleWebKit/537.36 (KHTML, like Gecko) Chrome/80.0.3987.149 Safari/537.36"
103.251.26.40 - - [29/Dec/2025:17:13:26 +0300] "POST //xmlrpc.php HTTP/1.1" 200 451 "-" "Mozilla/5.0 (Windows NT 10.0; Win64; x64) AppleWebKit/537.36 (KHTML, like Gecko) Chrome/80.0.3987.149 Safari/537.36"
103.251.26.40 - - [29/Dec/2025:17:13:27 +0300] "POST //xmlrpc.php HTTP/1.1" 200 451 "-" "Mozilla/5.0 (Windows NT 10.0; Win64; x64) AppleWebKit/537.36 (KHTML, like Gecko) Chrome/80.0.3987.149 Safari/537.36"
103.251.26.40 - - [29/Dec/2025:17:13:28 +0300] "POST //xmlrpc.php HTTP/1.1" 200 451 "-" "Mozilla/5.0 (Windows NT 10.0; Win64; x64) AppleWebKit/537.36 (KHTML, like Gecko) Chrome/80.0.3987.149 Safari/537.36"
82.148.16.210 - - [29/Dec/2025:17:14:49 +0300] "POST /wp-cron.php?doing_wp_cron=1767017689.8476769924163818359375 HTTP/1.1" 200 31 "-" "WordPress/6.9-alpha-60450; https://levasheva.ru"
82.148.16.210 - - [29/Dec/2025:17:14:50 +0300] "POST /wp-cron.php?doing_wp_cron=1767017689.8534729480743408203125 HTTP/1.1" 200 31 "-" "WordPress/6.9-alpha-60450; https://levasheva.ru"
31.57.219.33 - - [29/Dec/2025:17:14:50 +0300] "POST /wp-login.php HTTP/1.1" 200 12741 "-" "Mozilla/5.0"
31.57.219.33 - - [29/Dec/2025:17:14:50 +0300] "POST /wp-login.php HTTP/1.1" 200 12723 "-" "Mozilla/5.0"
31.57.219.33 - - [29/Dec/2025:17:14:50 +0300] "POST /wp-login.php HTTP/1.1" 200 12713 "-" "Mozilla/5.0"
82.148.16.210 - - [29/Dec/2025:17:16:25 +0300] "POST /wp-cron.php?doing_wp_cron=1767017785.8403520584106445312500 HTTP/1.1" 200 31 "-" "WordPress/6.9-alpha-60450; https://levasheva.ru"
66.249.70.106 - - [29/Dec/2025:17:16:26 +0300] "GET /tag/ekaterina-morachevskaya/ HTTP/1.1" 200 10589 "-" "Mozilla/5.0 (Linux; Android 6.0.1; Nexus 5X Build/MMB29P) AppleWebKit/537.36 (KHTML, like Gecko) Chrome/141.0.7390.122 Mobile Safari/537.36 (compatible; Googlebot/2.1; +http://www.google.com/bot.html)"
114.119.150.114 - - [29/Dec/2025:17:16:37 +0300] "GET /vystavka-rozhdestvo-na-tretyakovke-2/irina_levasheva_japan_painting_043-2/ HTTP/1.1" 200 10042 "https://levasheva.ru/attachment-sitemap.xml" "Mozilla/5.0 (Linux; Android 7.0;) AppleWebKit/537.36 (KHTML, like Gecko) Mobile Safari/537.36 (compatible; PetalBot;+https://webmaster.petalsearch.com/site/petalbot)"
31.57.219.33 - - [29/Dec/2025:17:16:46 +0300] "POST /wp-login.php HTTP/1.1" 200 12741 "-" "Mozilla/5.0"
31.57.219.33 - - [29/Dec/2025:17:16:46 +0300] "POST /wp-login.php HTTP/1.1" 200 12723 "-" "Mozilla/5.0"
31.57.219.33 - - [29/Dec/2025:17:16:46 +0300] "POST /wp-login.php HTTP/1.1" 200 12713 "-" "Mozilla/5.0"
31.57.219.33 - - [29/Dec/2025:17:16:46 +0300] "POST /wp-login.php HTTP/1.1" 302 5 "-" "Mozilla/5.0"
82.148.16.210 - - [29/Dec/2025:17:18:01 +0300] "POST /wp-cron.php?doing_wp_cron=1767017880.9891650676727294921875 HTTP/1.1" 200 31 "-" "WordPress/6.9-alpha-60450; https://levasheva.ru"
114.119.150.114 - - [29/Dec/2025:17:18:01 +0300] "GET /vystavka-krasota-yaponii-%E6%97%A5%E6%9C%AC%E3%81%AE%E7%BE%8E/irina_levasheva_nihon_nobi_09/ HTTP/1.1" 200 10091 "https://levasheva.ru/attachment-sitemap.xml" "Mozilla/5.0 (Linux; Android 7.0;) AppleWebKit/537.36 (KHTML, like Gecko) Mobile Safari/537.36 (compatible; PetalBot;+https://webmaster.petalsearch.com/site/petalbot)"
82.148.16.210 - - [29/Dec/2025:17:19:15 +0300] "POST /wp-cron.php?doing_wp_cron=1767017955.1746699810028076171875 HTTP/1.1" 200 31 "-" "WordPress/6.9-alpha-60450; https://levasheva.ru"
82.148.16.210 - - [29/Dec/2025:17:19:15 +0300] "POST /wp-cron.php?doing_wp_cron=1767017955.1760580539703369140625 HTTP/1.1" 200 31 "-" "WordPress/6.9-alpha-60450; https://levasheva.ru"
82.148.16.210 - - [29/Dec/2025:17:19:15 +0300] "POST /wp-cron.php?doing_wp_cron=1767017955.1718630790710449218750 HTTP/1.1" 200 31 "-" "WordPress/6.9-alpha-60450; https://levasheva.ru"
31.57.219.33 - - [29/Dec/2025:17:19:15 +0300] "POST /wp-login.php HTTP/1.1" 200 12741 "-" "Mozilla/5.0"
31.57.219.33 - - [29/Dec/2025:17:19:15 +0300] "POST /wp-login.php HTTP/1.1" 200 12723 "-" "Mozilla/5.0"
31.57.219.33 - - [29/Dec/2025:17:19:15 +0300] "POST /wp-login.php HTTP/1.1" 200 12713 "-" "Mozilla/5.0"
82.148.16.210 - - [29/Dec/2025:17:19:23 +0300] "POST /wp-cron.php?doing_wp_cron=1767017963.7113749980926513671875 HTTP/1.1" 200 31 "-" "WordPress/6.9-alpha-60450; https://levasheva.ru"
114.119.159.234 - - [29/Dec/2025:17:19:23 +0300] "GET /vystavka-chukotka-v-yaponskix-svitkax-v-anadyre/irina_levasheva_chukotka_51/ HTTP/1.1" 200 9985 "https://levasheva.ru/attachment-sitemap.xml" "Mozilla/5.0 (Linux; Android 7.0;) AppleWebKit/537.36 (KHTML, like Gecko) Mobile Safari/537.36 (compatible; PetalBot;+https://webmaster.petalsearch.com/site/petalbot)"
82.148.16.210 - - [29/Dec/2025:17:21:42 +0300] "POST /wp-cron.php?doing_wp_cron=1767018102.4748311042785644531250 HTTP/1.1" 200 31 "-" "WordPress/6.9-alpha-60450; https://levasheva.ru"
203.112.154.60 - - [29/Dec/2025:17:21:42 +0300] "POST /xmlrpc.php HTTP/2.0" 200 269 "-" "Mozilla/5.0 (Windows NT 10.0) AppleWebKit/537.36 (KHTML, like Gecko) Chrome/67.0.3396.87 Safari/537.36"
31.57.219.33 - - [29/Dec/2025:17:22:07 +0300] "POST /wp-login.php HTTP/1.1" 200 12741 "-" "Mozilla/5.0"
31.57.219.33 - - [29/Dec/2025:17:22:07 +0300] "POST /wp-login.php HTTP/1.1" 200 12723 "-" "Mozilla/5.0"
31.57.219.33 - - [29/Dec/2025:17:22:07 +0300] "POST /wp-login.php HTTP/1.1" 200 12713 "-" "Mozilla/5.0"
82.148.16.210 - - [29/Dec/2025:17:24:56 +0300] "POST /wp-cron.php?doing_wp_cron=1767018296.7276210784912109375000 HTTP/1.1" 200 31 "-" "WordPress/6.9-alpha-60450; https://levasheva.ru"
82.148.16.210 - - [29/Dec/2025:17:24:56 +0300] "POST /wp-cron.php?doing_wp_cron=1767018296.7338891029357910156250 HTTP/1.1" 200 31 "-" "WordPress/6.9-alpha-60450; https://levasheva.ru"
31.57.219.33 - - [29/Dec/2025:17:24:56 +0300] "POST /wp-login.php HTTP/1.1" 200 12723 "-" "Mozilla/5.0"
31.57.219.33 - - [29/Dec/2025:17:24:56 +0300] "POST /wp-login.php HTTP/1.1" 200 12741 "-" "Mozilla/5.0"
31.57.219.33 - - [29/Dec/2025:17:24:57 +0300] "POST /wp-login.php HTTP/1.1" 200 12713 "-" "Mozilla/5.0"
31.57.219.33 - - [29/Dec/2025:17:27:54 +0300] "POST /wp-login.php HTTP/1.1" 200 12723 "-" "Mozilla/5.0"
82.148.16.210 - - [29/Dec/2025:17:27:54 +0300] "POST /wp-cron.php?doing_wp_cron=1767018474.1718690395355224609375 HTTP/1.1" 200 31 "-" "WordPress/6.9-alpha-60450; https://levasheva.ru"
31.57.219.33 - - [29/Dec/2025:17:27:54 +0300] "POST /wp-login.php HTTP/1.1" 200 12741 "-" "Mozilla/5.0"
31.57.219.33 - - [29/Dec/2025:17:27:54 +0300] "POST /wp-login.php HTTP/1.1" 200 12713 "-" "Mozilla/5.0"
82.148.16.210 - - [29/Dec/2025:17:30:52 +0300] "POST /wp-cron.php?doing_wp_cron=1767018652.3556489944458007812500 HTTP/1.1" 200 31 "-" "WordPress/6.9-alpha-60450; https://levasheva.ru"
31.57.219.33 - - [29/Dec/2025:17:30:52 +0300] "POST /wp-login.php HTTP/1.1" 200 12741 "-" "Mozilla/5.0"
82.148.16.210 - - [29/Dec/2025:17:30:52 +0300] "POST /wp-cron.php?doing_wp_cron=1767018652.3548278808593750000000 HTTP/1.1" 200 31 "-" "WordPress/6.9-alpha-60450; https://levasheva.ru"
31.57.219.33 - - [29/Dec/2025:17:30:53 +0300] "POST /wp-login.php HTTP/1.1" 200 12723 "-" "Mozilla/5.0"
31.57.219.33 - - [29/Dec/2025:17:30:53 +0300] "POST /wp-login.php HTTP/1.1" 200 12713 "-" "Mozilla/5.0"
82.148.16.210 - - [29/Dec/2025:17:32:30 +0300] "POST /wp-cron.php?doing_wp_cron=1767018750.7869648933410644531250 HTTP/1.1" 200 31 "-" "WordPress/6.9-alpha-60450; https://levasheva.ru"
103.187.168.73 - - [29/Dec/2025:17:32:31 +0300] "POST /xmlrpc.php HTTP/2.0" 200 269 "-" "Mozilla/5.0 (Windows NT 10.0) AppleWebKit/537.36 (KHTML, like Gecko) Chrome/67.0.3396.87 Safari/537.36"
82.148.16.210 - - [29/Dec/2025:17:33:47 +0300] "POST /wp-cron.php?doing_wp_cron=1767018827.3107290267944335937500 HTTP/1.1" 200 31 "-" "WordPress/6.9-alpha-60450; https://levasheva.ru"
82.148.16.210 - - [29/Dec/2025:17:33:47 +0300] "POST /wp-cron.php?doing_wp_cron=1767018827.3078029155731201171875 HTTP/1.1" 200 31 "-" "WordPress/6.9-alpha-60450; https://levasheva.ru"
82.148.16.210 - - [29/Dec/2025:17:33:47 +0300] "POST /wp-cron.php?doing_wp_cron=1767018827.3117909431457519531250 HTTP/1.1" 200 31 "-" "WordPress/6.9-alpha-60450; https://levasheva.ru"
31.57.219.33 - - [29/Dec/2025:17:33:47 +0300] "POST /wp-login.php HTTP/1.1" 200 12723 "-" "Mozilla/5.0"
31.57.219.33 - - [29/Dec/2025:17:33:47 +0300] "POST /wp-login.php HTTP/1.1" 200 12741 "-" "Mozilla/5.0"
31.57.219.33 - - [29/Dec/2025:17:33:48 +0300] "POST /wp-login.php HTTP/1.1" 200 12713 "-" "Mozilla/5.0"
82.148.16.210 - - [29/Dec/2025:17:36:46 +0300] "POST /wp-cron.php?doing_wp_cron=1767019006.4184269905090332031250 HTTP/1.1" 200 31 "-" "WordPress/6.9-alpha-60450; https://levasheva.ru"
82.148.16.210 - - [29/Dec/2025:17:36:46 +0300] "POST /wp-cron.php?doing_wp_cron=1767019006.4208290576934814453125 HTTP/1.1" 200 31 "-" "WordPress/6.9-alpha-60450; https://levasheva.ru"
82.148.16.210 - - [29/Dec/2025:17:36:46 +0300] "POST /wp-cron.php?doing_wp_cron=1767019006.4190640449523925781250 HTTP/1.1" 200 31 "-" "WordPress/6.9-alpha-60450; https://levasheva.ru"
31.57.219.33 - - [29/Dec/2025:17:36:46 +0300] "POST /wp-login.php HTTP/1.1" 200 12723 "-" "Mozilla/5.0"
31.57.219.33 - - [29/Dec/2025:17:36:46 +0300] "POST /wp-login.php HTTP/1.1" 200 12741 "-" "Mozilla/5.0"
31.57.219.33 - - [29/Dec/2025:17:36:47 +0300] "POST /wp-login.php HTTP/1.1" 200 12713 "-" "Mozilla/5.0"
82.148.16.210 - - [29/Dec/2025:17:38:22 +0300] "POST /wp-cron.php?doing_wp_cron=1767019102.0388679504394531250000 HTTP/1.1" 200 31 "-" "WordPress/6.9-alpha-60450; https://levasheva.ru"
216.73.216.89 - - [29/Dec/2025:17:38:22 +0300] "GET /sitemap_index.xml HTTP/2.0" 200 398 "-" "Mozilla/5.0 AppleWebKit/537.36 (KHTML, like Gecko; compatible; ClaudeBot/1.0; +claudebot@anthropic.com)"
82.148.16.210 - - [29/Dec/2025:17:39:44 +0300] "POST /wp-cron.php?doing_wp_cron=1767019183.8799049854278564453125 HTTP/1.1" 200 31 "-" "WordPress/6.9-alpha-60450; https://levasheva.ru"
82.148.16.210 - - [29/Dec/2025:17:39:44 +0300] "POST /wp-cron.php?doing_wp_cron=1767019183.8825020790100097656250 HTTP/1.1" 200 31 "-" "WordPress/6.9-alpha-60450; https://levasheva.ru"
31.57.219.33 - - [29/Dec/2025:17:39:44 +0300] "POST /wp-login.php HTTP/1.1" 200 12741 "-" "Mozilla/5.0"
31.57.219.33 - - [29/Dec/2025:17:39:44 +0300] "POST /wp-login.php HTTP/1.1" 200 12723 "-" "Mozilla/5.0"
31.57.219.33 - - [29/Dec/2025:17:39:44 +0300] "POST /wp-login.php HTTP/1.1" 200 12713 "-" "Mozilla/5.0"
82.148.16.210 - - [29/Dec/2025:17:41:05 +0300] "POST /wp-cron.php?doing_wp_cron=1767019265.2195880413055419921875 HTTP/1.1" 200 31 "-" "WordPress/6.9-alpha-60450; https://levasheva.ru"
114.119.140.47 - - [29/Dec/2025:17:41:05 +0300] "GET /works/japanese-painting/past-and-future/irina_levasheva_past_future_001/ HTTP/1.1" 200 9787 "https://levasheva.ru/attachment-sitemap.xml" "Mozilla/5.0 (Linux; Android 7.0;) AppleWebKit/537.36 (KHTML, like Gecko) Mobile Safari/537.36 (compatible; PetalBot;+https://webmaster.petalsearch.com/site/petalbot)"
82.148.16.210 - - [29/Dec/2025:17:42:27 +0300] "POST /wp-cron.php?doing_wp_cron=1767019347.7429070472717285156250 HTTP/1.1" 200 31 "-" "WordPress/6.9-alpha-60450; https://levasheva.ru"
114.119.140.47 - - [29/Dec/2025:17:42:28 +0300] "GET /vystavka-chukotka-v-yaponskix-svitkax-v-anadyre/irina_levasheva_chukotka_49/ HTTP/1.1" 200 9986 "https://levasheva.ru/attachment-sitemap.xml" "Mozilla/5.0 (Linux; Android 7.0;) AppleWebKit/537.36 (KHTML, like Gecko) Mobile Safari/537.36 (compatible; PetalBot;+https://webmaster.petalsearch.com/site/petalbot)"
31.57.219.33 - - [29/Dec/2025:17:42:33 +0300] "POST /wp-login.php HTTP/1.1" 200 12741 "-" "Mozilla/5.0"
31.57.219.33 - - [29/Dec/2025:17:42:33 +0300] "POST /wp-login.php HTTP/1.1" 200 12723 "-" "Mozilla/5.0"
31.57.219.33 - - [29/Dec/2025:17:42:33 +0300] "POST /wp-login.php HTTP/1.1" 200 12713 "-" "Mozilla/5.0"
178.63.98.224 - - [29/Dec/2025:17:43:15 +0300] "POST /xmlrpc.php HTTP/1.1" 200 264 "-" "Mozilla/5.0 (Windows NT 10.0; Win64; x64; rv:57.0) Gecko/20100101 Firefox/57.0"
77.83.245.215 - - [29/Dec/2025:17:43:33 +0300] "GET / HTTP/1.1" 301 162 "-" "Mozilla/5.0 (Windows NT 10.0; Win64; x64) AppleWebKit/537.36 (KHTML, like Gecko; compatible; BW/1.3; rb.gy/qyzae5) Chrome/124.0.0.0 Safari/537.36"
82.148.16.210 - - [29/Dec/2025:17:43:34 +0300] "POST /wp-cron.php?doing_wp_cron=1767019413.9618589878082275390625 HTTP/1.1" 200 31 "-" "WordPress/6.9-alpha-60450; https://levasheva.ru"
77.83.245.215 - - [29/Dec/2025:17:43:34 +0300] "GET / HTTP/1.1" 200 12753 "-" "Mozilla/5.0 (Windows NT 10.0; Win64; x64) AppleWebKit/537.36 (KHTML, like Gecko; compatible; BW/1.3; rb.gy/qyzae5) Chrome/124.0.0.0 Safari/537.36"
77.83.245.215 - - [29/Dec/2025:17:43:34 +0300] "" 400 0 "-" "-"
77.83.245.215 - - [29/Dec/2025:17:43:35 +0300] "GET /robots.txt HTTP/1.1" 200 133 "-" "Mozilla/5.0 (Windows NT 10.0; Win64; x64) AppleWebKit/537.36 (KHTML, like Gecko; compatible; BW/1.3; rb.gy/qyzae5) Chrome/124.0.0.0 Safari/537.36"
77.83.245.215 - - [29/Dec/2025:17:43:35 +0300] "GET /sujbokuga-po-russki-v-kaliningradskom-muzee-mirovogo-okeana-startovala-vystavka-yaponskoj-zhivopisi/ HTTP/1.1" 200 13055 "-" "Mozilla/5.0 (Windows NT 10.0; Win64; x64) AppleWebKit/537.36 (KHTML, like Gecko; compatible; BW/1.3; rb.gy/qyzae5) Chrome/124.0.0.0 Safari/537.36"
77.83.245.215 - - [29/Dec/2025:17:43:36 +0300] "GET /articles/ HTTP/1.1" 200 10407 "-" "Mozilla/5.0 (Windows NT 10.0; Win64; x64) AppleWebKit/537.36 (KHTML, like Gecko; compatible; BW/1.3; rb.gy/qyzae5) Chrome/124.0.0.0 Safari/537.36"
77.83.245.215 - - [29/Dec/2025:17:43:36 +0300] "GET /ads.txt HTTP/1.1" 404 7262 "-" "Mozilla/5.0 (Windows NT 10.0; Win64; x64) AppleWebKit/537.36 (KHTML, like Gecko; compatible; BW/1.3; rb.gy/qyzae5) Chrome/124.0.0.0 Safari/537.36"
82.148.16.210 - - [29/Dec/2025:17:44:39 +0300] "POST /wp-cron.php?doing_wp_cron=1767019479.0207560062408447265625 HTTP/1.1" 200 31 "-" "WordPress/6.9-alpha-60450; https://levasheva.ru"
46.38.250.122 - - [29/Dec/2025:17:44:39 +0300] "POST /xmlrpc.php HTTP/2.0" 200 269 "-" "Mozilla/5.0 (Windows NT 6.3; WOW64; Trident/7.0; Touch; MALCJS; rv:11.0) like Gecko"
82.148.16.210 - - [29/Dec/2025:17:45:28 +0300] "POST /wp-cron.php?doing_wp_cron=1767019528.4089570045471191406250 HTTP/1.1" 200 31 "-" "WordPress/6.9-alpha-60450; https://levasheva.ru"
82.148.16.210 - - [29/Dec/2025:17:45:28 +0300] "POST /wp-cron.php?doing_wp_cron=1767019528.4080710411071777343750 HTTP/1.1" 200 31 "-" "WordPress/6.9-alpha-60450; https://levasheva.ru"
82.148.16.210 - - [29/Dec/2025:17:45:28 +0300] "POST /wp-cron.php?doing_wp_cron=1767019528.4096200466156005859375 HTTP/1.1" 200 31 "-" "WordPress/6.9-alpha-60450; https://levasheva.ru"
31.57.219.33 - - [29/Dec/2025:17:45:28 +0300] "POST /wp-login.php HTTP/1.1" 200 12723 "-" "Mozilla/5.0"
31.57.219.33 - - [29/Dec/2025:17:45:28 +0300] "POST /wp-login.php HTTP/1.1" 200 12741 "-" "Mozilla/5.0"
31.57.219.33 - - [29/Dec/2025:17:45:28 +0300] "POST /wp-login.php HTTP/1.1" 200 12713 "-" "Mozilla/5.0"
82.148.16.210 - - [29/Dec/2025:17:48:26 +0300] "POST /wp-cron.php?doing_wp_cron=1767019706.3378500938415527343750 HTTP/1.1" 200 31 "-" "WordPress/6.9-alpha-60450; https://levasheva.ru"
82.148.16.210 - - [29/Dec/2025:17:48:26 +0300] "POST /wp-cron.php?doing_wp_cron=1767019706.3361520767211914062500 HTTP/1.1" 200 31 "-" "WordPress/6.9-alpha-60450; https://levasheva.ru"
82.148.16.210 - - [29/Dec/2025:17:48:26 +0300] "POST /wp-cron.php?doing_wp_cron=1767019706.3371069431304931640625 HTTP/1.1" 200 31 "-" "WordPress/6.9-alpha-60450; https://levasheva.ru"
31.57.219.33 - - [29/Dec/2025:17:48:26 +0300] "POST /wp-login.php HTTP/1.1" 200 12741 "-" "Mozilla/5.0"
31.57.219.33 - - [29/Dec/2025:17:48:26 +0300] "POST /wp-login.php HTTP/1.1" 200 12723 "-" "Mozilla/5.0"
31.57.219.33 - - [29/Dec/2025:17:48:27 +0300] "POST /wp-login.php HTTP/1.1" 200 12713 "-" "Mozilla/5.0"
95.108.213.187 - - [29/Dec/2025:17:48:52 +0300] "GET /robots.txt HTTP/1.1" 200 181 "-" "Mozilla/5.0 (compatible; YandexBot/3.0; +http://yandex.com/bots)"
213.180.203.89 - - [29/Dec/2025:17:48:53 +0300] "GET /?p=1015 HTTP/1.1" 301 5 "-" "Mozilla/5.0 (compatible; YandexBot/3.0; +http://yandex.com/bots)"
5.255.231.44 - - [29/Dec/2025:17:48:55 +0300] "GET /vystavka-zhivopisi-sozercaya-prostranstvo/irina_levasheva_tamozhnya_07/ HTTP/1.1" 200 9988 "-" "Mozilla/5.0 (compatible; YandexBot/3.0; +http://yandex.com/bots)"
82.148.16.210 - - [29/Dec/2025:17:51:26 +0300] "POST /wp-cron.php?doing_wp_cron=1767019886.3595769405364990234375 HTTP/1.1" 200 31 "-" "WordPress/6.9-alpha-60450; https://levasheva.ru"
82.148.16.210 - - [29/Dec/2025:17:51:26 +0300] "POST /wp-cron.php?doing_wp_cron=1767019886.3628370761871337890625 HTTP/1.1" 200 31 "-" "WordPress/6.9-alpha-60450; https://levasheva.ru"
31.57.219.33 - - [29/Dec/2025:17:51:26 +0300] "POST /wp-login.php HTTP/1.1" 200 12723 "-" "Mozilla/5.0"
31.57.219.33 - - [29/Dec/2025:17:51:26 +0300] "POST /wp-login.php HTTP/1.1" 200 12741 "-" "Mozilla/5.0"
31.57.219.33 - - [29/Dec/2025:17:51:26 +0300] "POST /wp-login.php HTTP/1.1" 200 12713 "-" "Mozilla/5.0"
82.148.16.210 - - [29/Dec/2025:17:53:56 +0300] "POST /wp-cron.php?doing_wp_cron=1767020036.2920799255371093750000 HTTP/1.1" 200 31 "-" "WordPress/6.9-alpha-60450; https://levasheva.ru"
94.130.185.179 - - [29/Dec/2025:17:53:56 +0300] "GET /wp-login.php HTTP/2.0" 200 3446 "-" "Mozilla/5.0 (Macintosh; Intel Mac OS X 10_13_4) AppleWebKit/537.36 (KHTML, like Gecko) Chrome/67.0.3396.87 Safari/537.36"
94.130.185.179 - - [29/Dec/2025:17:54:00 +0300] "POST /wp-login.php HTTP/2.0" 200 3638 "https://levasheva.ru/wp-login.php" "Mozilla/5.0 (Macintosh; Intel Mac OS X 10_13_4) AppleWebKit/537.36 (KHTML, like Gecko) Chrome/67.0.3396.87 Safari/537.36"
31.57.219.33 - - [29/Dec/2025:17:54:23 +0300] "POST /wp-login.php HTTP/1.1" 200 12723 "-" "Mozilla/5.0"
82.148.16.210 - - [29/Dec/2025:17:54:23 +0300] "POST /wp-cron.php?doing_wp_cron=1767020063.7645430564880371093750 HTTP/1.1" 200 31 "-" "WordPress/6.9-alpha-60450; https://levasheva.ru"
82.148.16.210 - - [29/Dec/2025:17:54:23 +0300] "POST /wp-cron.php?doing_wp_cron=1767020063.7628269195556640625000 HTTP/1.1" 200 31 "-" "WordPress/6.9-alpha-60450; https://levasheva.ru"
31.57.219.33 - - [29/Dec/2025:17:54:23 +0300] "POST /wp-login.php HTTP/1.1" 200 12741 "-" "Mozilla/5.0"
31.57.219.33 - - [29/Dec/2025:17:54:24 +0300] "POST /wp-login.php HTTP/1.1" 200 12713 "-" "Mozilla/5.0"
31.57.219.33 - - [29/Dec/2025:17:57:19 +0300] "POST /wp-login.php HTTP/1.1" 200 12713 "-" "Mozilla/5.0"
31.57.219.33 - - [29/Dec/2025:17:57:19 +0300] "POST /wp-login.php HTTP/1.1" 200 12741 "-" "Mozilla/5.0"
82.148.16.210 - - [29/Dec/2025:17:57:19 +0300] "POST /wp-cron.php?doing_wp_cron=1767020239.3418660163879394531250 HTTP/1.1" 200 31 "-" "WordPress/6.9-alpha-60450; https://levasheva.ru"
31.57.219.33 - - [29/Dec/2025:17:57:19 +0300] "POST /wp-login.php HTTP/1.1" 200 12723 "-" "Mozilla/5.0"
114.119.147.97 - - [29/Dec/2025:17:57:20 +0300] "GET /works/japanese-painting/irina_levasheva_japan_painting_068/ HTTP/1.1" 200 9889 "https://levasheva.ru/attachment-sitemap.xml" "Mozilla/5.0 (Linux; Android 7.0;) AppleWebKit/537.36 (KHTML, like Gecko) Mobile Safari/537.36 (compatible; PetalBot;+https://webmaster.petalsearch.com/site/petalbot)"
82.148.16.210 - - [29/Dec/2025:17:58:42 +0300] "POST /wp-cron.php?doing_wp_cron=1767020322.8769979476928710937500 HTTP/1.1" 200 31 "-" "WordPress/6.9-alpha-60450; https://levasheva.ru"
114.119.156.38 - - [29/Dec/2025:17:58:42 +0300] "GET /vystavka-tvorchestvo-i-restavraciya-v-egorevske/irina_levasheva_egoryevsk_08 HTTP/1.1" 301 5 "https://levasheva.ru/vystavka-tvorchestvo-i-restavraciya-v-egorevske/irina_levasheva_egoryevsk_08/" "Mozilla/5.0 (Linux; Android 7.0;) AppleWebKit/537.36 (KHTML, like Gecko) Mobile Safari/537.36 (compatible; PetalBot;+https://webmaster.petalsearch.com/site/petalbot)"
114.119.156.38 - - [29/Dec/2025:17:58:43 +0300] "GET /vystavka-tvorchestvo-i-restavraciya-v-egorevske/irina_levasheva_egoryevsk_08/ HTTP/1.1" 200 9983 "https://levasheva.ru/vystavka-tvorchestvo-i-restavraciya-v-egorevske/irina_levasheva_egoryevsk_08/" "Mozilla/5.0 (Linux; Android 7.0;) AppleWebKit/537.36 (KHTML, like Gecko) Mobile Safari/537.36 (compatible; PetalBot;+https://webmaster.petalsearch.com/site/petalbot)"
82.148.16.210 - - [29/Dec/2025:18:00:10 +0300] "POST /wp-cron.php?doing_wp_cron=1767020410.0665519237518310546875 HTTP/1.1" 200 31 "-" "WordPress/6.9-alpha-60450; https://levasheva.ru"
114.119.150.114 - - [29/Dec/2025:18:00:10 +0300] "GET /vystavka-tvorchestvo-i-restavraciya-v-egorevske/irina_levasheva_egoryevsk_05 HTTP/1.1" 301 5 "https://levasheva.ru/vystavka-tvorchestvo-i-restavraciya-v-egorevske/irina_levasheva_egoryevsk_05/" "Mozilla/5.0 (Linux; Android 7.0;) AppleWebKit/537.36 (KHTML, like Gecko) Mobile Safari/537.36 (compatible; PetalBot;+https://webmaster.petalsearch.com/site/petalbot)"
114.119.150.114 - - [29/Dec/2025:18:00:11 +0300] "GET /vystavka-tvorchestvo-i-restavraciya-v-egorevske/irina_levasheva_egoryevsk_05/ HTTP/1.1" 200 9983 "https://levasheva.ru/vystavka-tvorchestvo-i-restavraciya-v-egorevske/irina_levasheva_egoryevsk_05/" "Mozilla/5.0 (Linux; Android 7.0;) AppleWebKit/537.36 (KHTML, like Gecko) Mobile Safari/537.36 (compatible; PetalBot;+https://webmaster.petalsearch.com/site/petalbot)"
82.148.16.210 - - [29/Dec/2025:18:00:20 +0300] "POST /wp-cron.php?doing_wp_cron=1767020420.0658888816833496093750 HTTP/1.1" 200 31 "-" "WordPress/6.9-alpha-60450; https://levasheva.ru"
31.57.219.33 - - [29/Dec/2025:18:00:20 +0300] "POST /wp-login.php HTTP/1.1" 200 12741 "-" "Mozilla/5.0"
31.57.219.33 - - [29/Dec/2025:18:00:20 +0300] "POST /wp-login.php HTTP/1.1" 200 12723 "-" "Mozilla/5.0"
82.148.16.210 - - [29/Dec/2025:18:00:20 +0300] "POST /wp-cron.php?doing_wp_cron=1767020420.0636270046234130859375 HTTP/1.1" 200 31 "-" "WordPress/6.9-alpha-60450; https://levasheva.ru"
31.57.219.33 - - [29/Dec/2025:18:00:20 +0300] "POST /wp-login.php HTTP/1.1" 200 12713 "-" "Mozilla/5.0"
31.57.219.33 - - [29/Dec/2025:18:03:20 +0300] "POST /wp-login.php HTTP/1.1" 200 12741 "-" "Mozilla/5.0"
82.148.16.210 - - [29/Dec/2025:18:03:20 +0300] "POST /wp-cron.php?doing_wp_cron=1767020600.2466070652008056640625 HTTP/1.1" 200 31 "-" "WordPress/6.9-alpha-60450; https://levasheva.ru"
82.148.16.210 - - [29/Dec/2025:18:03:20 +0300] "POST /wp-cron.php?doing_wp_cron=1767020600.2461318969726562500000 HTTP/1.1" 200 31 "-" "WordPress/6.9-alpha-60450; https://levasheva.ru"
31.57.219.33 - - [29/Dec/2025:18:03:20 +0300] "POST /wp-login.php HTTP/1.1" 200 12723 "-" "Mozilla/5.0"
31.57.219.33 - - [29/Dec/2025:18:03:20 +0300] "POST /wp-login.php HTTP/1.1" 200 12713 "-" "Mozilla/5.0"
18.222.155.77 - - [29/Dec/2025:18:03:58 +0300] "GET /wp-login.php HTTP/2.0" 200 3446 "-" "Mozilla/4.0 (compatible; MSIE 7.0; Windows NT 6.2; WOW64; Trident/7.0; .NET4.0C; .NET4.0E; .NET CLR 2.0.50727; .NET CLR 3.0.30729; .NET CLR 3.5.30729; Zoom 3.6.0)"
18.222.155.77 - - [29/Dec/2025:18:04:00 +0300] "POST /wp-login.php HTTP/2.0" 200 3638 "https://levasheva.ru/wp-login.php" "Mozilla/4.0 (compatible; MSIE 7.0; Windows NT 6.2; WOW64; Trident/7.0; .NET4.0C; .NET4.0E; .NET CLR 2.0.50727; .NET CLR 3.0.30729; .NET CLR 3.5.30729; Zoom 3.6.0)"
82.148.16.210 - - [29/Dec/2025:18:05:34 +0300] "POST /wp-cron.php?doing_wp_cron=1767020734.2858469486236572265625 HTTP/1.1" 200 31 "-" "WordPress/6.9-alpha-60450; https://levasheva.ru"
52.167.144.210 - - [29/Dec/2025:18:05:34 +0300] "GET /index/irina_levasheva_2017_45/ HTTP/2.0" 200 9739 "-" "Mozilla/5.0 AppleWebKit/537.36 (KHTML, like Gecko; compatible; bingbot/2.0; +http://www.bing.com/bingbot.htm) Chrome/116.0.1938.76 Safari/537.36"
82.148.16.210 - - [29/Dec/2025:18:06:20 +0300] "POST /wp-cron.php?doing_wp_cron=1767020780.5354208946228027343750 HTTP/1.1" 200 31 "-" "WordPress/6.9-alpha-60450; https://levasheva.ru"
31.57.219.33 - - [29/Dec/2025:18:06:20 +0300] "POST /wp-login.php HTTP/1.1" 200 12741 "-" "Mozilla/5.0"
82.148.16.210 - - [29/Dec/2025:18:06:20 +0300] "POST /wp-cron.php?doing_wp_cron=1767020780.5361990928649902343750 HTTP/1.1" 200 31 "-" "WordPress/6.9-alpha-60450; https://levasheva.ru"
31.57.219.33 - - [29/Dec/2025:18:06:20 +0300] "POST /wp-login.php HTTP/1.1" 200 12723 "-" "Mozilla/5.0"
31.57.219.33 - - [29/Dec/2025:18:06:21 +0300] "POST /wp-login.php HTTP/1.1" 200 12713 "-" "Mozilla/5.0"
82.148.16.210 - - [29/Dec/2025:18:07:38 +0300] "POST /wp-cron.php?doing_wp_cron=1767020858.5128231048583984375000 HTTP/1.1" 200 31 "-" "WordPress/6.9-alpha-60450; https://levasheva.ru"
103.178.231.51 - - [29/Dec/2025:18:07:38 +0300] "POST /xmlrpc.php HTTP/2.0" 200 269 "-" "Mozilla/4.0 (compatible; MSIE 7.0; Windows NT 6.1; Trident/7.0; SLCC2; .NET CLR 2.0.50727; .NET CLR 3.5.30729; .NET CLR 3.0.30729; Media Center PC 6.0; .NET4.0C; .NET4.0E; Tablet PC 2.0; .NET CLR 1.1.4322; Alexa Toolbar)"
82.148.16.210 - - [29/Dec/2025:18:09:22 +0300] "POST /wp-cron.php?doing_wp_cron=1767020962.6616818904876708984375 HTTP/1.1" 200 31 "-" "WordPress/6.9-alpha-60450; https://levasheva.ru"
82.148.16.210 - - [29/Dec/2025:18:09:22 +0300] "POST /wp-cron.php?doing_wp_cron=1767020962.6624259948730468750000 HTTP/1.1" 200 31 "-" "WordPress/6.9-alpha-60450; https://levasheva.ru"
31.57.219.33 - - [29/Dec/2025:18:09:22 +0300] "POST /wp-login.php HTTP/1.1" 200 12723 "-" "Mozilla/5.0"
31.57.219.33 - - [29/Dec/2025:18:09:22 +0300] "POST /wp-login.php HTTP/1.1" 200 12741 "-" "Mozilla/5.0"
31.57.219.33 - - [29/Dec/2025:18:09:23 +0300] "POST /wp-login.php HTTP/1.1" 200 12713 "-" "Mozilla/5.0"
31.57.219.33 - - [29/Dec/2025:18:12:15 +0300] "POST /wp-login.php HTTP/1.1" 200 12741 "-" "Mozilla/5.0"
82.148.16.210 - - [29/Dec/2025:18:12:15 +0300] "POST /wp-cron.php?doing_wp_cron=1767021135.4112370014190673828125 HTTP/1.1" 200 31 "-" "WordPress/6.9-alpha-60450; https://levasheva.ru"
31.57.219.33 - - [29/Dec/2025:18:12:15 +0300] "POST /wp-login.php HTTP/1.1" 200 12723 "-" "Mozilla/5.0"
31.57.219.33 - - [29/Dec/2025:18:12:15 +0300] "POST /wp-login.php HTTP/1.1" 200 12713 "-" "Mozilla/5.0"
66.249.70.101 - - [29/Dec/2025:18:13:35 +0300] "GET /robots.txt HTTP/1.1" 301 162 "-" "Mozilla/5.0 (compatible; Googlebot/2.1; +http://www.google.com/bot.html)"
82.148.16.210 - - [29/Dec/2025:18:13:36 +0300] "POST /wp-cron.php?doing_wp_cron=1767021216.0376260280609130859375 HTTP/1.1" 200 31 "-" "WordPress/6.9-alpha-60450; https://levasheva.ru"
