82.148.16.210 - - [29/Dec/2025:05:07:44 +0300] "POST /wp-cron.php?doing_wp_cron=1766974064.0841419696807861328125 HTTP/1.1" 200 31 "-" "WordPress/6.9-alpha-60450; https://levasheva.ru"
54.197.178.107 - - [29/Dec/2025:05:07:44 +0300] "GET /robots.txt HTTP/1.1" 200 133 "-" "Mozilla/5.0 AppleWebKit/537.36 (KHTML, like Gecko; compatible; Amazonbot/0.1; +https://developer.amazon.com/support/amazonbot) Chrome/119.0.6045.214 Safari/537.36"
3.81.253.213 - - [29/Dec/2025:05:07:48 +0300] "GET / HTTP/1.1" 200 12752 "-" "Mozilla/5.0 AppleWebKit/537.36 (KHTML, like Gecko; compatible; Amazonbot/0.1; +https://developer.amazon.com/support/amazonbot) Chrome/119.0.6045.214 Safari/537.36"
216.73.216.89 - - [29/Dec/2025:05:08:08 +0300] "GET /?p=1336 HTTP/2.0" 301 0 "-" "Mozilla/5.0 AppleWebKit/537.36 (KHTML, like Gecko; compatible; ClaudeBot/1.0; +claudebot@anthropic.com)"
216.73.216.89 - - [29/Dec/2025:05:08:09 +0300] "GET /index/irina_levasheva_2017_23/ HTTP/2.0" 200 9739 "https://levasheva.ru/?p=1336" "Mozilla/5.0 AppleWebKit/537.36 (KHTML, like Gecko; compatible; ClaudeBot/1.0; +claudebot@anthropic.com)"
82.148.16.210 - - [29/Dec/2025:05:11:03 +0300] "POST /wp-cron.php?doing_wp_cron=1766974263.4200429916381835937500 HTTP/1.1" 200 31 "-" "WordPress/6.9-alpha-60450; https://levasheva.ru"
130.12.180.15 - - [29/Dec/2025:05:11:03 +0300] "GET / HTTP/1.1" 200 58676 "-" "Mozilla/5.0 (Macintosh; Intel Mac OS X 13_5) AppleWebKit/605.1.15 (KHTML, like Gecko) Version/17.6 Safari/605.1.15"
82.148.16.210 - - [29/Dec/2025:05:12:55 +0300] "POST /wp-cron.php?doing_wp_cron=1766974375.7701261043548583984375 HTTP/1.1" 200 31 "-" "WordPress/6.9-alpha-60450; https://levasheva.ru"
51.195.215.62 - - [29/Dec/2025:05:12:56 +0300] "GET /sitemap_index.xml HTTP/2.0" 200 398 "-" "Mozilla/5.0 (compatible; AhrefsBot/7.0; +http://ahrefs.com/robot/)"
51.89.129.149 - - [29/Dec/2025:05:13:07 +0300] "GET /post-sitemap.xml HTTP/2.0" 200 4739 "-" "Mozilla/5.0 (compatible; AhrefsBot/7.0; +http://ahrefs.com/robot/)"
82.148.16.210 - - [29/Dec/2025:05:13:17 +0300] "POST /wp-cron.php?doing_wp_cron=1766974397.5790479183197021484375 HTTP/1.1" 200 31 "-" "WordPress/6.9-alpha-60450; https://levasheva.ru"
198.244.242.193 - - [29/Dec/2025:05:13:18 +0300] "GET /page-sitemap.xml HTTP/2.0" 200 2241 "-" "Mozilla/5.0 (compatible; AhrefsBot/7.0; +http://ahrefs.com/robot/)"
198.244.242.106 - - [29/Dec/2025:05:13:29 +0300] "GET /attachment-sitemap.xml HTTP/2.0" 200 11527 "-" "Mozilla/5.0 (compatible; AhrefsBot/7.0; +http://ahrefs.com/robot/)"
51.195.215.91 - - [29/Dec/2025:05:13:39 +0300] "GET /attachment-sitemap2.xml HTTP/2.0" 200 1075 "-" "Mozilla/5.0 (compatible; AhrefsBot/7.0; +http://ahrefs.com/robot/)"
51.195.244.12 - - [29/Dec/2025:05:13:50 +0300] "GET /category-sitemap.xml HTTP/2.0" 200 424 "-" "Mozilla/5.0 (compatible; AhrefsBot/7.0; +http://ahrefs.com/robot/)"
198.244.168.69 - - [29/Dec/2025:05:14:00 +0300] "GET /post_tag-sitemap.xml HTTP/2.0" 200 823 "-" "Mozilla/5.0 (compatible; AhrefsBot/7.0; +http://ahrefs.com/robot/)"
198.244.242.66 - - [29/Dec/2025:05:14:10 +0300] "GET /portfolio_tags-sitemap.xml HTTP/2.0" 200 402 "-" "Mozilla/5.0 (compatible; AhrefsBot/7.0; +http://ahrefs.com/robot/)"
82.148.16.210 - - [29/Dec/2025:05:14:21 +0300] "POST /wp-cron.php?doing_wp_cron=1766974461.3482689857482910156250 HTTP/1.1" 200 31 "-" "WordPress/6.9-alpha-60450; https://levasheva.ru"
51.89.129.4 - - [29/Dec/2025:05:14:21 +0300] "GET /author-sitemap.xml HTTP/2.0" 200 366 "-" "Mozilla/5.0 (compatible; AhrefsBot/7.0; +http://ahrefs.com/robot/)"
82.148.16.210 - - [29/Dec/2025:05:20:42 +0300] "POST /wp-cron.php?doing_wp_cron=1766974842.8450829982757568359375 HTTP/1.1" 200 31 "-" "WordPress/6.9-alpha-60450; https://levasheva.ru"
179.108.84.136 - - [29/Dec/2025:05:20:43 +0300] "POST /xmlrpc.php HTTP/2.0" 200 269 "-" "Mozilla/5.0 (Windows NT 10.0; WOW64; Trident/7.0; MATBJS; rv:11.0) like Gecko"
82.148.16.210 - - [29/Dec/2025:05:24:08 +0300] "POST /wp-cron.php?doing_wp_cron=1766975047.9775528907775878906250 HTTP/1.1" 200 31 "-" "WordPress/6.9-alpha-60450; https://levasheva.ru"
95.163.114.198 - - [29/Dec/2025:05:24:08 +0300] "GET / HTTP/1.1" 200 58676 "-" "Mozilla/5.0 (X11; Linux x86_64) AppleWebKit/537.36 (KHTML, like Gecko) Chrome/37.0.2062.120 Safari/537.36"
82.148.16.210 - - [29/Dec/2025:05:25:01 +0300] "POST /wp-cron.php?doing_wp_cron=1766975101.1181499958038330078125 HTTP/1.1" 200 31 "-" "WordPress/6.9-alpha-60450; https://levasheva.ru"
47.251.245.62 - - [29/Dec/2025:05:25:01 +0300] "GET /wp-login.php HTTP/2.0" 200 3447 "-" "Mozilla/5.0 (Windows NT 10.0; Win64; x64) AppleWebKit/537.36 (KHTML, like Gecko) Chrome/63.0.3239.132 Safari/537.36 OPR/50.0.2762.58"
47.251.245.62 - - [29/Dec/2025:05:25:03 +0300] "POST /wp-login.php HTTP/2.0" 200 3638 "https://levasheva.ru/wp-login.php" "Mozilla/5.0 (Windows NT 10.0; Win64; x64) AppleWebKit/537.36 (KHTML, like Gecko) Chrome/63.0.3239.132 Safari/537.36 OPR/50.0.2762.58"
82.148.16.210 - - [29/Dec/2025:05:25:56 +0300] "POST /wp-cron.php?doing_wp_cron=1766975156.0284059047698974609375 HTTP/1.1" 200 31 "-" "WordPress/6.9-alpha-60450; https://levasheva.ru"
66.249.70.105 - - [29/Dec/2025:05:25:56 +0300] "GET /vystavka-shkoly-yaponskoj-zhivopisi-iriny-levashevoj-v-galeree-federalnoj-tamozhennoj-sluzhby/irina_levasheva_custom_house_11 HTTP/1.1" 301 5 "-" "Googlebot-Image/1.0"
66.249.70.105 - - [29/Dec/2025:05:25:56 +0300] "GET /vystavka-shkoly-yaponskoj-zhivopisi-iriny-levashevoj-v-galeree-federalnoj-tamozhennoj-sluzhby/irina_levasheva_custom_house_11/ HTTP/1.1" 200 10051 "-" "Googlebot-Image/1.0"
82.148.16.210 - - [29/Dec/2025:05:29:59 +0300] "POST /wp-cron.php?doing_wp_cron=1766975399.3860349655151367187500 HTTP/1.1" 200 31 "-" "WordPress/6.9-alpha-60450; https://levasheva.ru"
216.73.216.89 - - [29/Dec/2025:05:29:59 +0300] "GET /robots.txt HTTP/2.0" 200 122 "-" "Mozilla/5.0 AppleWebKit/537.36 (KHTML, like Gecko; compatible; ClaudeBot/1.0; +claudebot@anthropic.com)"
216.73.216.89 - - [29/Dec/2025:05:29:59 +0300] "GET /sitemap_index.xml HTTP/2.0" 200 398 "-" "Mozilla/5.0 AppleWebKit/537.36 (KHTML, like Gecko; compatible; ClaudeBot/1.0; +claudebot@anthropic.com)"
82.148.16.210 - - [29/Dec/2025:05:33:12 +0300] "POST /wp-cron.php?doing_wp_cron=1766975592.8366320133209228515625 HTTP/1.1" 200 31 "-" "WordPress/6.9-alpha-60450; https://levasheva.ru"
216.73.216.89 - - [29/Dec/2025:05:33:12 +0300] "GET /works/japanese-painting/japanese-poscards/irina_levasheva_postcard_005 HTTP/2.0" 301 0 "-" "Mozilla/5.0 AppleWebKit/537.36 (KHTML, like Gecko; compatible; ClaudeBot/1.0; +claudebot@anthropic.com)"
216.73.216.89 - - [29/Dec/2025:05:33:13 +0300] "GET /works/japanese-painting/japanese-poscards/irina_levasheva_postcard_005/ HTTP/2.0" 200 9772 "https://levasheva.ru/works/japanese-painting/japanese-poscards/irina_levasheva_postcard_005" "Mozilla/5.0 AppleWebKit/537.36 (KHTML, like Gecko; compatible; ClaudeBot/1.0; +claudebot@anthropic.com)"
82.148.16.210 - - [29/Dec/2025:05:36:39 +0300] "POST /wp-cron.php?doing_wp_cron=1766975799.6720759868621826171875 HTTP/1.1" 200 31 "-" "WordPress/6.9-alpha-60450; https://levasheva.ru"
213.180.203.158 - - [29/Dec/2025:05:36:39 +0300] "GET /robots.txt HTTP/1.1" 200 181 "-" "Mozilla/5.0 (compatible; YandexBot/3.0; +http://yandex.com/bots)"
87.250.224.97 - - [29/Dec/2025:05:36:40 +0300] "GET /works/ HTTP/1.1" 200 10357 "-" "Mozilla/5.0 (compatible; YandexBot/3.0; +http://yandex.com/bots)"
213.180.203.138 - - [29/Dec/2025:05:36:40 +0300] "GET /works/japanese-painting/ HTTP/1.1" 200 10677 "-" "Mozilla/5.0 (compatible; YandexBot/3.0; +http://yandex.com/bots)"
82.148.16.210 - - [29/Dec/2025:05:40:56 +0300] "POST /wp-cron.php?doing_wp_cron=1766976056.4406371116638183593750 HTTP/1.1" 200 31 "-" "WordPress/6.9-alpha-60450; https://levasheva.ru"
198.244.240.179 - - [29/Dec/2025:05:40:56 +0300] "GET /coaching/ HTTP/2.0" 200 12211 "-" "Mozilla/5.0 (compatible; AhrefsBot/7.0; +http://ahrefs.com/robot/)"
82.148.16.210 - - [29/Dec/2025:05:41:24 +0300] "POST /wp-cron.php?doing_wp_cron=1766976084.2860820293426513671875 HTTP/1.1" 200 31 "-" "WordPress/6.9-alpha-60450; https://levasheva.ru"
34.23.42.151 - - [29/Dec/2025:05:41:24 +0300] "POST /xmlrpc.php HTTP/2.0" 200 269 "-" "Mozilla/4.0 (compatible; MSIE 7.0; Windows NT 6.1; WOW64; Trident/7.0; SLCC2; .NET CLR 2.0.50727; .NET CLR 3.5.30729; .NET CLR 3.0.30729; Media Center PC 6.0; .NET4.0C; .NET4.0E; GWX:RESERVED)"
54.37.39.241 - - [29/Dec/2025:05:41:32 +0300] "POST /xmlrpc.php HTTP/1.1" 200 264 "-" "Mozilla/5.0 (Windows NT 10.0; Win64; x64; rv:41.0) Gecko/20100101 Firefox/41.0"
82.148.16.210 - - [29/Dec/2025:05:43:54 +0300] "POST /wp-cron.php?doing_wp_cron=1766976234.1915750503540039062500 HTTP/1.1" 200 31 "-" "WordPress/6.9-alpha-60450; https://levasheva.ru"
13.52.248.49 - - [29/Dec/2025:05:43:54 +0300] "GET /robots.txt HTTP/1.1" 200 181 "-" "TerraCotta https://github.com/CeramicTeam/CeramicTerracotta"
82.148.16.210 - - [29/Dec/2025:05:45:03 +0300] "POST /wp-cron.php?doing_wp_cron=1766976303.3636670112609863281250 HTTP/1.1" 200 31 "-" "WordPress/6.9-alpha-60450; https://levasheva.ru"
34.23.42.151 - - [29/Dec/2025:05:45:03 +0300] "GET /wp-login.php HTTP/2.0" 200 3447 "-" "Mozilla/5.0 (Windows NT 10.0; Win64; x64; rv:60.0) Gecko/20100101 Firefox/60.0"
34.23.42.151 - - [29/Dec/2025:05:45:03 +0300] "POST /wp-login.php HTTP/2.0" 200 3638 "https://levasheva.ru/wp-login.php" "Mozilla/5.0 (Windows NT 10.0; Win64; x64; rv:60.0) Gecko/20100101 Firefox/60.0"
82.148.16.210 - - [29/Dec/2025:05:48:29 +0300] "POST /wp-cron.php?doing_wp_cron=1766976509.9060978889465332031250 HTTP/1.1" 200 31 "-" "WordPress/6.9-alpha-60450; https://levasheva.ru"
216.73.216.89 - - [29/Dec/2025:05:48:29 +0300] "GET /?p=1116 HTTP/2.0" 301 0 "-" "Mozilla/5.0 AppleWebKit/537.36 (KHTML, like Gecko; compatible; ClaudeBot/1.0; +claudebot@anthropic.com)"
216.73.216.89 - - [29/Dec/2025:05:48:30 +0300] "GET /raboty-iriny-levashevoj-v-kataloge-ars-longa/ HTTP/2.0" 200 12792 "https://levasheva.ru/?p=1116" "Mozilla/5.0 AppleWebKit/537.36 (KHTML, like Gecko; compatible; ClaudeBot/1.0; +claudebot@anthropic.com)"
82.148.16.210 - - [29/Dec/2025:05:54:27 +0300] "POST /wp-cron.php?doing_wp_cron=1766976867.9490830898284912109375 HTTP/1.1" 200 31 "-" "WordPress/6.9-alpha-60450; https://levasheva.ru"
40.77.167.74 - - [29/Dec/2025:05:54:28 +0300] "GET /okean-mechty-vystavka-iriny-levashevoj/irina_levasheva_kaliningrad_2016_17/ HTTP/2.0" 200 10058 "-" "Mozilla/5.0 AppleWebKit/537.36 (KHTML, like Gecko; compatible; bingbot/2.0; +http://www.bing.com/bingbot.htm) Chrome/116.0.1938.76 Safari/537.36"
135.235.161.115 - - [29/Dec/2025:06:03:03 +0300] "GET /.well-known/index.php HTTP/1.1" 301 162 "https://www.google.com/" "Mozilla/5.0 (Linux; Android 11; CPH2251) AppleWebKit/537.36 (KHTML, like Gecko) Chrome/116.0.0.0 Mobile Safari/537.36"
82.148.16.210 - - [29/Dec/2025:06:03:04 +0300] "POST /wp-cron.php?doing_wp_cron=1766977384.4879219532012939453125 HTTP/1.1" 200 31 "-" "WordPress/6.9-alpha-60450; https://levasheva.ru"
135.235.161.115 - - [29/Dec/2025:06:03:04 +0300] "GET /.well-known/index.php HTTP/1.1" 301 5 "https://www.google.com/" "Mozilla/5.0 (Linux; Android 11; CPH2251) AppleWebKit/537.36 (KHTML, like Gecko) Chrome/116.0.0.0 Mobile Safari/537.36"
135.235.161.115 - - [29/Dec/2025:06:03:04 +0300] "GET /.well-known/ HTTP/1.1" 404 31057 "https://www.google.com/" "Mozilla/5.0 (Linux; Android 11; CPH2251) AppleWebKit/537.36 (KHTML, like Gecko) Chrome/116.0.0.0 Mobile Safari/537.36"
135.235.161.115 - - [29/Dec/2025:06:03:05 +0300] "GET /404.php HTTP/1.1" 301 162 "https://www.google.co.uk/" "Mozilla/5.0 (Linux; Android 10; LM-Q720) AppleWebKit/537.36 (KHTML, like Gecko) Chrome/116.0.0.0 Mobile Safari/537.36"
135.235.161.115 - - [29/Dec/2025:06:03:05 +0300] "GET /404.php HTTP/1.1" 404 31057 "https://www.google.co.uk/" "Mozilla/5.0 (Linux; Android 10; LM-Q720) AppleWebKit/537.36 (KHTML, like Gecko) Chrome/116.0.0.0 Mobile Safari/537.36"
135.235.161.115 - - [29/Dec/2025:06:03:05 +0300] "GET /aa.php HTTP/1.1" 301 162 "https://www.google.de/" "Mozilla/5.0 (Linux; Android 10; K) AppleWebKit/537.36 (KHTML, like Gecko) Chrome/117.0.0.0 Mobile Safari/537.36"
135.235.161.115 - - [29/Dec/2025:06:03:06 +0300] "GET /aa.php HTTP/1.1" 404 31057 "https://www.google.de/" "Mozilla/5.0 (Linux; Android 10; K) AppleWebKit/537.36 (KHTML, like Gecko) Chrome/117.0.0.0 Mobile Safari/537.36"
135.235.161.115 - - [29/Dec/2025:06:03:06 +0300] "GET /abcd.php HTTP/1.1" 301 162 "https://www.yahoo.com/" "Mozilla/5.0 (Linux; Android 13; SM-G991U) AppleWebKit/537.36 (KHTML, like Gecko) Chrome/117.0.0.0 Mobile Safari/537.36"
135.235.161.115 - - [29/Dec/2025:06:03:06 +0300] "GET /abcd.php HTTP/1.1" 404 31057 "https://www.yahoo.com/" "Mozilla/5.0 (Linux; Android 13; SM-G991U) AppleWebKit/537.36 (KHTML, like Gecko) Chrome/117.0.0.0 Mobile Safari/537.36"
135.235.161.115 - - [29/Dec/2025:06:03:07 +0300] "GET /admin.php HTTP/1.1" 301 162 "https://www.yahoo.com/" "Mozilla/5.0 (Linux; Android 13; SM-S908E) AppleWebKit/537.36 (KHTML, like Gecko) Chrome/116.0.0.0 Mobile Safari/537.36"
135.235.161.115 - - [29/Dec/2025:06:03:07 +0300] "GET /admin.php HTTP/1.1" 404 31057 "https://www.yahoo.com/" "Mozilla/5.0 (Linux; Android 13; SM-S908E) AppleWebKit/537.36 (KHTML, like Gecko) Chrome/116.0.0.0 Mobile Safari/537.36"
135.235.161.115 - - [29/Dec/2025:06:03:07 +0300] "GET /adminfuns.php HTTP/1.1" 301 162 "https://www.yahoo.com/" "Mozilla/5.0 (iPad; CPU OS 17_0_3 like Mac OS X) AppleWebKit/605.1.15 (KHTML, like Gecko) Version/17.0.1 Mobile/15E148 Safari/604.1"
135.235.161.115 - - [29/Dec/2025:06:03:08 +0300] "GET /adminfuns.php HTTP/1.1" 404 31057 "https://www.yahoo.com/" "Mozilla/5.0 (iPad; CPU OS 17_0_3 like Mac OS X) AppleWebKit/605.1.15 (KHTML, like Gecko) Version/17.0.1 Mobile/15E148 Safari/604.1"
135.235.161.115 - - [29/Dec/2025:06:03:08 +0300] "GET /ahax.php HTTP/1.1" 301 162 "https://www.google.com/" "Mozilla/5.0 (iPhone; CPU iPhone OS 16_0 like Mac OS X) AppleWebKit/605.1.15 (KHTML, like Gecko) FxiOS/118.0 Mobile/15E148 Safari/605.1.15"
135.235.161.115 - - [29/Dec/2025:06:03:08 +0300] "GET /ahax.php HTTP/1.1" 404 31057 "https://www.google.com/" "Mozilla/5.0 (iPhone; CPU iPhone OS 16_0 like Mac OS X) AppleWebKit/605.1.15 (KHTML, like Gecko) FxiOS/118.0 Mobile/15E148 Safari/605.1.15"
135.235.161.115 - - [29/Dec/2025:06:03:09 +0300] "GET /akcc.php HTTP/1.1" 301 162 "https://www.google.co.uk/" "Mozilla/5.0 (Linux; Android 12; 2201116SG) AppleWebKit/537.36 (KHTML, like Gecko) Chrome/116.0.0.0 Mobile Safari/537.36"
135.235.161.115 - - [29/Dec/2025:06:03:09 +0300] "GET /akcc.php HTTP/1.1" 404 31057 "https://www.google.co.uk/" "Mozilla/5.0 (Linux; Android 12; 2201116SG) AppleWebKit/537.36 (KHTML, like Gecko) Chrome/116.0.0.0 Mobile Safari/537.36"
135.235.161.115 - - [29/Dec/2025:06:03:10 +0300] "GET /alfa.php HTTP/1.1" 301 162 "https://www.google.co.uk/" "Mozilla/5.0 (iPad; CPU OS 16_7_2 like Mac OS X) AppleWebKit/605.1.15 (KHTML, like Gecko) Version/16.6 Mobile/15E148 Safari/604.1"
135.235.161.115 - - [29/Dec/2025:06:03:10 +0300] "GET /alfa.php HTTP/1.1" 404 31057 "https://www.google.co.uk/" "Mozilla/5.0 (iPad; CPU OS 16_7_2 like Mac OS X) AppleWebKit/605.1.15 (KHTML, like Gecko) Version/16.6 Mobile/15E148 Safari/604.1"
135.235.161.115 - - [29/Dec/2025:06:03:10 +0300] "GET /assets/images/ HTTP/1.1" 301 162 "https://www.google.com/" "Mozilla/5.0 (Linux; Android 11; 21081111RG) AppleWebKit/537.36 (KHTML, like Gecko) Chrome/116.0.0.0 Mobile Safari/537.36"
135.235.161.115 - - [29/Dec/2025:06:03:10 +0300] "GET /assets/images/ HTTP/1.1" 404 31057 "https://www.google.com/" "Mozilla/5.0 (Linux; Android 11; 21081111RG) AppleWebKit/537.36 (KHTML, like Gecko) Chrome/116.0.0.0 Mobile Safari/537.36"
135.235.161.115 - - [29/Dec/2025:06:03:11 +0300] "GET /autoload_classmap/function.php HTTP/1.1" 301 162 "https://www.google.de/" "Mozilla/5.0 (Linux; Android 12; 2201116SG) AppleWebKit/537.36 (KHTML, like Gecko) Chrome/116.0.0.0 Mobile Safari/537.36"
135.235.161.115 - - [29/Dec/2025:06:03:11 +0300] "GET /autoload_classmap/function.php HTTP/1.1" 404 31057 "https://www.google.de/" "Mozilla/5.0 (Linux; Android 12; 2201116SG) AppleWebKit/537.36 (KHTML, like Gecko) Chrome/116.0.0.0 Mobile Safari/537.36"
135.235.161.115 - - [29/Dec/2025:06:03:12 +0300] "GET /av.php HTTP/1.1" 301 162 "https://www.bing.com/" "Mozilla/5.0 (iPhone; CPU iPhone OS 17_0_3 like Mac OS X) AppleWebKit/605.1.15 (KHTML, like Gecko) Version/17.0.1 Mobile/15E148 Safari/604.1"
135.235.161.115 - - [29/Dec/2025:06:03:12 +0300] "GET /av.php HTTP/1.1" 404 31057 "https://www.bing.com/" "Mozilla/5.0 (iPhone; CPU iPhone OS 17_0_3 like Mac OS X) AppleWebKit/605.1.15 (KHTML, like Gecko) Version/17.0.1 Mobile/15E148 Safari/604.1"
135.235.161.115 - - [29/Dec/2025:06:03:12 +0300] "GET /bless.php HTTP/1.1" 301 162 "https://www.google.co.uk/" "Mozilla/5.0 (Linux; Android 13; SM-G991U) AppleWebKit/537.36 (KHTML, like Gecko) Chrome/117.0.0.0 Mobile Safari/537.36"
135.235.161.115 - - [29/Dec/2025:06:03:13 +0300] "GET /bless.php HTTP/1.1" 404 31057 "https://www.google.co.uk/" "Mozilla/5.0 (Linux; Android 13; SM-G991U) AppleWebKit/537.36 (KHTML, like Gecko) Chrome/117.0.0.0 Mobile Safari/537.36"
135.235.161.115 - - [29/Dec/2025:06:03:13 +0300] "GET /bolt.php HTTP/1.1" 301 162 "https://www.google.fr/" "Mozilla/5.0 (iPhone; CPU iPhone OS 16_0 like Mac OS X) AppleWebKit/605.1.15 (KHTML, like Gecko) FxiOS/118.0 Mobile/15E148 Safari/605.1.15"
135.235.161.115 - - [29/Dec/2025:06:03:13 +0300] "GET /bolt.php HTTP/1.1" 404 31057 "https://www.google.fr/" "Mozilla/5.0 (iPhone; CPU iPhone OS 16_0 like Mac OS X) AppleWebKit/605.1.15 (KHTML, like Gecko) FxiOS/118.0 Mobile/15E148 Safari/605.1.15"
135.235.161.115 - - [29/Dec/2025:06:03:14 +0300] "GET /buy.php HTTP/1.1" 301 162 "https://duckduckgo.com/" "Mozilla/5.0 (Linux; Android 10; K) AppleWebKit/537.36 (KHTML, like Gecko) Chrome/117.0.0.0 Mobile Safari/537.36"
135.235.161.115 - - [29/Dec/2025:06:03:14 +0300] "GET /buy.php HTTP/1.1" 404 31057 "https://duckduckgo.com/" "Mozilla/5.0 (Linux; Android 10; K) AppleWebKit/537.36 (KHTML, like Gecko) Chrome/117.0.0.0 Mobile Safari/537.36"
135.235.161.115 - - [29/Dec/2025:06:03:14 +0300] "GET /cgi-bin/file.php HTTP/1.1" 301 162 "https://www.google.de/" "Mozilla/5.0 (Linux; Android 12; 2201116SG) AppleWebKit/537.36 (KHTML, like Gecko) Chrome/116.0.0.0 Mobile Safari/537.36"
135.235.161.115 - - [29/Dec/2025:06:03:15 +0300] "GET /cgi-bin/file.php HTTP/1.1" 404 31057 "https://www.google.de/" "Mozilla/5.0 (Linux; Android 12; 2201116SG) AppleWebKit/537.36 (KHTML, like Gecko) Chrome/116.0.0.0 Mobile Safari/537.36"
135.235.161.115 - - [29/Dec/2025:06:03:15 +0300] "GET /cgi-bin/index.php HTTP/1.1" 301 162 "https://www.google.fr/" "Mozilla/5.0 (Linux; Android 14; Pixel 8 Pro) AppleWebKit/537.36 (KHTML, like Gecko) Chrome/119.0.0.0 Mobile Safari/537.36"
135.235.161.115 - - [29/Dec/2025:06:03:15 +0300] "GET /cgi-bin/index.php HTTP/1.1" 301 5 "https://www.google.fr/" "Mozilla/5.0 (Linux; Android 14; Pixel 8 Pro) AppleWebKit/537.36 (KHTML, like Gecko) Chrome/119.0.0.0 Mobile Safari/537.36"
135.235.161.115 - - [29/Dec/2025:06:03:15 +0300] "GET /cgi-bin/ HTTP/1.1" 404 31057 "https://www.google.fr/" "Mozilla/5.0 (Linux; Android 14; Pixel 8 Pro) AppleWebKit/537.36 (KHTML, like Gecko) Chrome/119.0.0.0 Mobile Safari/537.36"
135.235.161.115 - - [29/Dec/2025:06:03:16 +0300] "GET /chosen.php HTTP/1.1" 301 162 "https://duckduckgo.com/" "Mozilla/5.0 (iPhone; CPU iPhone OS 17_1 like Mac OS X) AppleWebKit/605.1.15 (KHTML, like Gecko) CriOS/119.0.6045.109 Mobile/15E148 Safari/604.1"
135.235.161.115 - - [29/Dec/2025:06:03:16 +0300] "GET /chosen.php HTTP/1.1" 404 31057 "https://duckduckgo.com/" "Mozilla/5.0 (iPhone; CPU iPhone OS 17_1 like Mac OS X) AppleWebKit/605.1.15 (KHTML, like Gecko) CriOS/119.0.6045.109 Mobile/15E148 Safari/604.1"
135.235.161.115 - - [29/Dec/2025:06:03:16 +0300] "GET /classwithtostring.php HTTP/1.1" 301 162 "https://www.google.fr/" "Mozilla/5.0 (Linux; Android 13; M2101K6G) AppleWebKit/537.36 (KHTML, like Gecko) Chrome/116.0.0.0 Mobile Safari/537.36"
82.148.16.210 - - [29/Dec/2025:06:03:17 +0300] "POST /wp-cron.php?doing_wp_cron=1766977397.2338659763336181640625 HTTP/1.1" 200 31 "-" "WordPress/6.9-alpha-60450; https://levasheva.ru"
135.235.161.115 - - [29/Dec/2025:06:03:17 +0300] "GET /classwithtostring.php HTTP/1.1" 404 31057 "https://www.google.fr/" "Mozilla/5.0 (Linux; Android 13; M2101K6G) AppleWebKit/537.36 (KHTML, like Gecko) Chrome/116.0.0.0 Mobile Safari/537.36"
135.235.161.115 - - [29/Dec/2025:06:03:17 +0300] "GET /edit.php HTTP/1.1" 301 162 "https://www.bing.com/" "Mozilla/5.0 (Linux; Android 13; M2101K6G) AppleWebKit/537.36 (KHTML, like Gecko) Chrome/116.0.0.0 Mobile Safari/537.36"
135.235.161.115 - - [29/Dec/2025:06:03:17 +0300] "GET /edit.php HTTP/1.1" 404 31057 "https://www.bing.com/" "Mozilla/5.0 (Linux; Android 13; M2101K6G) AppleWebKit/537.36 (KHTML, like Gecko) Chrome/116.0.0.0 Mobile Safari/537.36"
135.235.161.115 - - [29/Dec/2025:06:03:18 +0300] "GET /elp.php HTTP/1.1" 301 162 "https://www.yahoo.com/" "Mozilla/5.0 (Linux; Android 14; Pixel 8 Pro) AppleWebKit/537.36 (KHTML, like Gecko) Chrome/119.0.0.0 Mobile Safari/537.36"
135.235.161.115 - - [29/Dec/2025:06:03:18 +0300] "GET /elp.php HTTP/1.1" 404 31057 "https://www.yahoo.com/" "Mozilla/5.0 (Linux; Android 14; Pixel 8 Pro) AppleWebKit/537.36 (KHTML, like Gecko) Chrome/119.0.0.0 Mobile Safari/537.36"
135.235.161.115 - - [29/Dec/2025:06:03:19 +0300] "GET /file.php HTTP/1.1" 301 162 "https://www.google.de/" "Mozilla/5.0 (Linux; Android 13; M2101K6G) AppleWebKit/537.36 (KHTML, like Gecko) Chrome/116.0.0.0 Mobile Safari/537.36"
135.235.161.115 - - [29/Dec/2025:06:03:19 +0300] "GET /file.php HTTP/1.1" 404 31057 "https://www.google.de/" "Mozilla/5.0 (Linux; Android 13; M2101K6G) AppleWebKit/537.36 (KHTML, like Gecko) Chrome/116.0.0.0 Mobile Safari/537.36"
135.235.161.115 - - [29/Dec/2025:06:03:19 +0300] "GET /files/ HTTP/1.1" 301 162 "https://www.yahoo.com/" "Mozilla/5.g (Linux; Android 13; Pixel 7) AppleWebKit/537.36 (KHTML, like Gecko) Chrome/116.0.0.0 Mobile Safari/537.36"
135.235.161.115 - - [29/Dec/2025:06:03:19 +0300] "GET /files/ HTTP/1.1" 404 31057 "https://www.yahoo.com/" "Mozilla/5.g (Linux; Android 13; Pixel 7) AppleWebKit/537.36 (KHTML, like Gecko) Chrome/116.0.0.0 Mobile Safari/537.36"
135.235.161.115 - - [29/Dec/2025:06:03:20 +0300] "GET /gg.php HTTP/1.1" 301 162 "https://duckduckgo.com/" "Mozilla/5.0 (Linux; Android 10; K) AppleWebKit/537.36 (KHTML, like Gecko) Chrome/117.0.0.0 Mobile Safari/537.36"
135.235.161.115 - - [29/Dec/2025:06:03:20 +0300] "GET /gg.php HTTP/1.1" 404 31057 "https://duckduckgo.com/" "Mozilla/5.0 (Linux; Android 10; K) AppleWebKit/537.36 (KHTML, like Gecko) Chrome/117.0.0.0 Mobile Safari/537.36"
135.235.161.115 - - [29/Dec/2025:06:03:20 +0300] "GET /goods.php HTTP/1.1" 301 162 "https://www.yahoo.com/" "Mozilla/5.0 (Linux; Android 14; Pixel 8 Pro) AppleWebKit/537.36 (KHTML, like Gecko) Chrome/119.0.0.0 Mobile Safari/537.36"
135.235.161.115 - - [29/Dec/2025:06:03:21 +0300] "GET /goods.php HTTP/1.1" 404 31057 "https://www.yahoo.com/" "Mozilla/5.0 (Linux; Android 14; Pixel 8 Pro) AppleWebKit/537.36 (KHTML, like Gecko) Chrome/119.0.0.0 Mobile Safari/537.36"
135.235.161.115 - - [29/Dec/2025:06:03:21 +0300] "GET /images/ HTTP/1.1" 301 162 "https://www.google.fr/" "Mozilla/5.0 (iPad; CPU OS 17_0_3 like Mac OS X) AppleWebKit/605.1.15 (KHTML, like Gecko) Version/17.0.1 Mobile/15E148 Safari/604.1"
135.235.161.115 - - [29/Dec/2025:06:03:21 +0300] "GET /images/ HTTP/1.1" 404 31057 "https://www.google.fr/" "Mozilla/5.0 (iPad; CPU OS 17_0_3 like Mac OS X) AppleWebKit/605.1.15 (KHTML, like Gecko) Version/17.0.1 Mobile/15E148 Safari/604.1"
135.235.161.115 - - [29/Dec/2025:06:03:22 +0300] "GET /images/install.php HTTP/1.1" 301 162 "https://www.google.com/" "Mozilla/5.0 (iPhone; CPU iPhone OS 16_6_1 like Mac OS X) AppleWebKit/605.1.15 (KHTML, like Gecko) Version/16.6 Mobile/15E148 Safari/604.1"
135.235.161.115 - - [29/Dec/2025:06:03:22 +0300] "GET /images/install.php HTTP/1.1" 404 31057 "https://www.google.com/" "Mozilla/5.0 (iPhone; CPU iPhone OS 16_6_1 like Mac OS X) AppleWebKit/605.1.15 (KHTML, like Gecko) Version/16.6 Mobile/15E148 Safari/604.1"
135.235.161.115 - - [29/Dec/2025:06:03:22 +0300] "GET /info.php HTTP/1.1" 301 162 "https://duckduckgo.com/" "Mozilla/5.0 (Linux; Android 13; SM-G991U) AppleWebKit/537.36 (KHTML, like Gecko) Chrome/117.0.0.0 Mobile Safari/537.36"
135.235.161.115 - - [29/Dec/2025:06:03:23 +0300] "GET /info.php HTTP/1.1" 200 82680 "https://duckduckgo.com/" "Mozilla/5.0 (Linux; Android 13; SM-G991U) AppleWebKit/537.36 (KHTML, like Gecko) Chrome/117.0.0.0 Mobile Safari/537.36"
135.235.161.115 - - [29/Dec/2025:06:03:23 +0300] "GET /ioxi-o.php HTTP/1.1" 301 162 "https://www.google.de/" "Mozilla/5.0 (Linux; Android 13; SM-G991U) AppleWebKit/537.36 (KHTML, like Gecko) Chrome/117.0.0.0 Mobile Safari/537.36"
135.235.161.115 - - [29/Dec/2025:06:03:24 +0300] "GET /ioxi-o.php HTTP/1.1" 404 31057 "https://www.google.de/" "Mozilla/5.0 (Linux; Android 13; SM-G991U) AppleWebKit/537.36 (KHTML, like Gecko) Chrome/117.0.0.0 Mobile Safari/537.36"
135.235.161.115 - - [29/Dec/2025:06:03:24 +0300] "GET /k.php HTTP/1.1" 301 162 "https://www.google.co.uk/" "Mozilla/5.0 (iPhone; CPU iPhone OS 15_7_9 like Mac OS X) AppleWebKit/605.1.15 (KHTML, like Gecko) Version/15.6.5 Mobile/15E148 Safari/604.1"
135.235.161.115 - - [29/Dec/2025:06:03:24 +0300] "GET /k.php HTTP/1.1" 404 31057 "https://www.google.co.uk/" "Mozilla/5.0 (iPhone; CPU iPhone OS 15_7_9 like Mac OS X) AppleWebKit/605.1.15 (KHTML, like Gecko) Version/15.6.5 Mobile/15E148 Safari/604.1"
135.235.161.115 - - [29/Dec/2025:06:03:24 +0300] "GET /mah.php HTTP/1.1" 301 162 "https://www.google.co.uk/" "Mozilla/5.0 (Linux; Android 12; 2201116SG) AppleWebKit/537.36 (KHTML, like Gecko) Chrome/116.0.0.0 Mobile Safari/537.36"
135.235.161.115 - - [29/Dec/2025:06:03:25 +0300] "GET /mah.php HTTP/1.1" 404 31057 "https://www.google.co.uk/" "Mozilla/5.0 (Linux; Android 12; 2201116SG) AppleWebKit/537.36 (KHTML, like Gecko) Chrome/116.0.0.0 Mobile Safari/537.36"
135.235.161.115 - - [29/Dec/2025:06:03:25 +0300] "GET /mah/function.php HTTP/1.1" 301 162 "https://www.google.de/" "Mozilla/5.0 (iPhone; CPU iPhone OS 15_7_9 like Mac OS X) AppleWebKit/605.1.15 (KHTML, like Gecko) Version/15.6.5 Mobile/15E148 Safari/604.1"
135.235.161.115 - - [29/Dec/2025:06:03:25 +0300] "GET /mah/function.php HTTP/1.1" 404 31057 "https://www.google.de/" "Mozilla/5.0 (iPhone; CPU iPhone OS 15_7_9 like Mac OS X) AppleWebKit/605.1.15 (KHTML, like Gecko) Version/15.6.5 Mobile/15E148 Safari/604.1"
135.235.161.115 - - [29/Dec/2025:06:03:25 +0300] "GET /manager.php HTTP/1.1" 301 162 "https://www.google.co.uk/" "Mozilla/5.0 (Linux; Android 12; 2201116SG) AppleWebKit/537.36 (KHTML, like Gecko) Chrome/116.0.0.0 Mobile Safari/537.36"
135.235.161.115 - - [29/Dec/2025:06:03:26 +0300] "GET /manager.php HTTP/1.1" 404 31057 "https://www.google.co.uk/" "Mozilla/5.0 (Linux; Android 12; 2201116SG) AppleWebKit/537.36 (KHTML, like Gecko) Chrome/116.0.0.0 Mobile Safari/537.36"
135.235.161.115 - - [29/Dec/2025:06:03:26 +0300] "GET /mini HTTP/1.1" 301 162 "https://www.google.com/" "Mozilla/5.0 (Linux; Android 12; SM-A525F) AppleWebKit/537.36 (KHTML, like Gecko) Chrome/117.0.0.0 Mobile Safari/537.36"
135.235.161.115 - - [29/Dec/2025:06:03:26 +0300] "GET /mini HTTP/1.1" 404 31057 "https://www.google.com/" "Mozilla/5.0 (Linux; Android 12; SM-A525F) AppleWebKit/537.36 (KHTML, like Gecko) Chrome/117.0.0.0 Mobile Safari/537.36"
135.235.161.115 - - [29/Dec/2025:06:03:26 +0300] "GET /modules/mod_simplefileuploadv1.3/elements/index.php HTTP/1.1" 301 162 "https://www.google.co.uk/" "Mozilla/5.0 (Linux; Android 10; LM-Q720) AppleWebKit/537.36 (KHTML, like Gecko) Chrome/116.0.0.0 Mobile Safari/537.36"
135.235.161.115 - - [29/Dec/2025:06:03:26 +0300] "GET /modules/mod_simplefileuploadv1.3/elements/index.php HTTP/1.1" 301 5 "https://www.google.co.uk/" "Mozilla/5.0 (Linux; Android 10; LM-Q720) AppleWebKit/537.36 (KHTML, like Gecko) Chrome/116.0.0.0 Mobile Safari/537.36"
135.235.161.115 - - [29/Dec/2025:06:03:27 +0300] "GET /modules/mod_simplefileuploadv1.3/elements/ HTTP/1.1" 404 33138 "https://www.google.co.uk/" "Mozilla/5.0 (Linux; Android 10; LM-Q720) AppleWebKit/537.36 (KHTML, like Gecko) Chrome/116.0.0.0 Mobile Safari/537.36"
135.235.161.115 - - [29/Dec/2025:06:03:27 +0300] "GET /new.php HTTP/1.1" 301 162 "https://www.yahoo.com/" "Mozilla/5.0 (iPhone; CPU iPhone OS 17_0_3 like Mac OS X) AppleWebKit/605.1.15 (KHTML, like Gecko) Version/17.0.1 Mobile/15E148 Safari/604.1"
135.235.161.115 - - [29/Dec/2025:06:03:27 +0300] "GET /new.php HTTP/1.1" 404 31057 "https://www.yahoo.com/" "Mozilla/5.0 (iPhone; CPU iPhone OS 17_0_3 like Mac OS X) AppleWebKit/605.1.15 (KHTML, like Gecko) Version/17.0.1 Mobile/15E148 Safari/604.1"
135.235.161.115 - - [29/Dec/2025:06:03:28 +0300] "GET /public/files/index.php HTTP/1.1" 301 162 "https://duckduckgo.com/" "Mozilla/5.0 (iPhone; CPU iPhone OS 17_1_1 like Mac OS X) AppleWebKit/605.1.15 (KHTML, like Gecko) Version/17.1 Mobile/15E148 Safari/604.1"
135.235.161.115 - - [29/Dec/2025:06:03:28 +0300] "GET /public/files/index.php HTTP/1.1" 301 5 "https://duckduckgo.com/" "Mozilla/5.0 (iPhone; CPU iPhone OS 17_1_1 like Mac OS X) AppleWebKit/605.1.15 (KHTML, like Gecko) Version/17.1 Mobile/15E148 Safari/604.1"
135.235.161.115 - - [29/Dec/2025:06:03:28 +0300] "GET /public/files/ HTTP/1.1" 404 31057 "https://duckduckgo.com/" "Mozilla/5.0 (iPhone; CPU iPhone OS 17_1_1 like Mac OS X) AppleWebKit/605.1.15 (KHTML, like Gecko) Version/17.1 Mobile/15E148 Safari/604.1"
135.235.161.115 - - [29/Dec/2025:06:03:28 +0300] "GET /public/wp-content/index.php HTTP/1.1" 301 162 "https://www.bing.com/" "Mozilla/5.0 (iPhone; CPU iPhone OS 17_1_1 like Mac OS X) AppleWebKit/605.1.15 (KHTML, like Gecko) Version/17.1 Mobile/15E148 Safari/604.1"
135.235.161.115 - - [29/Dec/2025:06:03:29 +0300] "GET /public/wp-content/index.php HTTP/1.1" 301 5 "https://www.bing.com/" "Mozilla/5.0 (iPhone; CPU iPhone OS 17_1_1 like Mac OS X) AppleWebKit/605.1.15 (KHTML, like Gecko) Version/17.1 Mobile/15E148 Safari/604.1"
135.235.161.115 - - [29/Dec/2025:06:03:29 +0300] "GET /public/wp-content/ HTTP/1.1" 404 31057 "https://www.bing.com/" "Mozilla/5.0 (iPhone; CPU iPhone OS 17_1_1 like Mac OS X) AppleWebKit/605.1.15 (KHTML, like Gecko) Version/17.1 Mobile/15E148 Safari/604.1"
135.235.161.115 - - [29/Dec/2025:06:03:29 +0300] "GET /radio.php HTTP/1.1" 301 162 "https://duckduckgo.com/" "Mozilla/5.0 (Linux; Android 12; SM-A525F) AppleWebKit/537.36 (KHTML, like Gecko) Chrome/117.0.0.0 Mobile Safari/537.36"
135.235.161.115 - - [29/Dec/2025:06:03:29 +0300] "GET /radio.php HTTP/1.1" 404 31057 "https://duckduckgo.com/" "Mozilla/5.0 (Linux; Android 12; SM-A525F) AppleWebKit/537.36 (KHTML, like Gecko) Chrome/117.0.0.0 Mobile Safari/537.36"
135.235.161.115 - - [29/Dec/2025:06:03:30 +0300] "GET /themes.php HTTP/1.1" 301 162 "https://www.google.com/" "Mozilla/5.0 (iPhone; CPU iPhone OS 17_1 like Mac OS X) AppleWebKit/605.1.15 (KHTML, like Gecko) CriOS/119.0.6045.109 Mobile/15E148 Safari/604.1"
135.235.161.115 - - [29/Dec/2025:06:03:30 +0300] "GET /themes.php HTTP/1.1" 404 31057 "https://www.google.com/" "Mozilla/5.0 (iPhone; CPU iPhone OS 17_1 like Mac OS X) AppleWebKit/605.1.15 (KHTML, like Gecko) CriOS/119.0.6045.109 Mobile/15E148 Safari/604.1"
135.235.161.115 - - [29/Dec/2025:06:03:30 +0300] "GET /uploads/index.php HTTP/1.1" 301 162 "https://www.yahoo.com/" "Mozilla/5.0 (Linux; Android 12; SM-A525F) AppleWebKit/537.36 (KHTML, like Gecko) Chrome/117.0.0.0 Mobile Safari/537.36"
135.235.161.115 - - [29/Dec/2025:06:03:30 +0300] "GET /uploads/index.php HTTP/1.1" 301 5 "https://www.yahoo.com/" "Mozilla/5.0 (Linux; Android 12; SM-A525F) AppleWebKit/537.36 (KHTML, like Gecko) Chrome/117.0.0.0 Mobile Safari/537.36"
135.235.161.115 - - [29/Dec/2025:06:03:31 +0300] "GET /uploads/ HTTP/1.1" 404 31057 "https://www.yahoo.com/" "Mozilla/5.0 (Linux; Android 12; SM-A525F) AppleWebKit/537.36 (KHTML, like Gecko) Chrome/117.0.0.0 Mobile Safari/537.36"
135.235.161.115 - - [29/Dec/2025:06:03:31 +0300] "GET /wp-admin/ HTTP/1.1" 301 162 "https://www.google.fr/" "Mozilla/5.0 (iPhone; CPU iPhone OS 16_6_1 like Mac OS X) AppleWebKit/605.1.15 (KHTML, like Gecko) Version/16.6 Mobile/15E148 Safari/604.1"
135.235.161.115 - - [29/Dec/2025:06:03:32 +0300] "GET /wp-admin/ HTTP/1.1" 302 5 "https://www.google.fr/" "Mozilla/5.0 (iPhone; CPU iPhone OS 16_6_1 like Mac OS X) AppleWebKit/605.1.15 (KHTML, like Gecko) Version/16.6 Mobile/15E148 Safari/604.1"
135.235.161.115 - - [29/Dec/2025:06:03:33 +0300] "GET /wp-login.php?redirect_to=https%3A%2F%2Flevasheva.ru%2Fwp-admin%2F&reauth=1 HTTP/1.1" 200 12308 "https://www.google.fr/" "Mozilla/5.0 (iPhone; CPU iPhone OS 16_6_1 like Mac OS X) AppleWebKit/605.1.15 (KHTML, like Gecko) Version/16.6 Mobile/15E148 Safari/604.1"
135.235.161.115 - - [29/Dec/2025:06:03:33 +0300] "GET /wp-admin/classwithtostring.php HTTP/1.1" 301 162 "https://www.yahoo.com/" "Mozilla/5.0 (iPad; CPU OS 17_0_3 like Mac OS X) AppleWebKit/605.1.15 (KHTML, like Gecko) Version/17.0.1 Mobile/15E148 Safari/604.1"
135.235.161.115 - - [29/Dec/2025:06:03:33 +0300] "GET /wp-admin/classwithtostring.php HTTP/1.1" 404 31057 "https://www.yahoo.com/" "Mozilla/5.0 (iPad; CPU OS 17_0_3 like Mac OS X) AppleWebKit/605.1.15 (KHTML, like Gecko) Version/17.0.1 Mobile/15E148 Safari/604.1"
135.235.161.115 - - [29/Dec/2025:06:03:34 +0300] "GET /wp-admin/css/ HTTP/1.1" 301 162 "https://www.google.com/" "Mozilla/5.g (Linux; Android 13; Pixel 7) AppleWebKit/537.36 (KHTML, like Gecko) Chrome/116.0.0.0 Mobile Safari/537.36"
135.235.161.115 - - [29/Dec/2025:06:03:34 +0300] "GET /wp-admin/css/ HTTP/1.1" 302 138 "https://www.google.com/" "Mozilla/5.g (Linux; Android 13; Pixel 7) AppleWebKit/537.36 (KHTML, like Gecko) Chrome/116.0.0.0 Mobile Safari/537.36"
135.235.161.115 - - [29/Dec/2025:06:03:34 +0300] "GET /wp-admin/css/404 HTTP/1.1" 404 33138 "https://www.google.com/" "Mozilla/5.g (Linux; Android 13; Pixel 7) AppleWebKit/537.36 (KHTML, like Gecko) Chrome/116.0.0.0 Mobile Safari/537.36"
135.235.161.115 - - [29/Dec/2025:06:03:35 +0300] "GET /wp-admin/css/about.php HTTP/1.1" 301 162 "https://www.google.co.uk/" "Mozilla/5.0 (Linux; Android 12; 2201116SG) AppleWebKit/537.36 (KHTML, like Gecko) Chrome/116.0.0.0 Mobile Safari/537.36"
135.235.161.115 - - [29/Dec/2025:06:03:35 +0300] "GET /wp-admin/css/about.php HTTP/1.1" 404 33138 "https://www.google.co.uk/" "Mozilla/5.0 (Linux; Android 12; 2201116SG) AppleWebKit/537.36 (KHTML, like Gecko) Chrome/116.0.0.0 Mobile Safari/537.36"
135.235.161.115 - - [29/Dec/2025:06:03:35 +0300] "GET /wp-admin/css/colors/blue/ HTTP/1.1" 301 162 "https://duckduckgo.com/" "Mozilla/5.g (Linux; Android 13; Pixel 7) AppleWebKit/537.36 (KHTML, like Gecko) Chrome/116.0.0.0 Mobile Safari/537.36"
135.235.161.115 - - [29/Dec/2025:06:03:35 +0300] "GET /wp-admin/css/colors/blue/ HTTP/1.1" 302 138 "https://duckduckgo.com/" "Mozilla/5.g (Linux; Android 13; Pixel 7) AppleWebKit/537.36 (KHTML, like Gecko) Chrome/116.0.0.0 Mobile Safari/537.36"
135.235.161.115 - - [29/Dec/2025:06:03:35 +0300] "GET /wp-admin/css/colors/blue/404 HTTP/1.1" 404 33138 "https://duckduckgo.com/" "Mozilla/5.g (Linux; Android 13; Pixel 7) AppleWebKit/537.36 (KHTML, like Gecko) Chrome/116.0.0.0 Mobile Safari/537.36"
135.235.161.115 - - [29/Dec/2025:06:03:36 +0300] "GET /wp-admin/images/index.php HTTP/1.1" 301 162 "https://duckduckgo.com/" "Mozilla/5.0 (Linux; Android 13; SM-G991U) AppleWebKit/537.36 (KHTML, like Gecko) Chrome/117.0.0.0 Mobile Safari/537.36"
135.235.161.115 - - [29/Dec/2025:06:03:36 +0300] "GET /wp-admin/images/index.php HTTP/1.1" 301 5 "https://duckduckgo.com/" "Mozilla/5.0 (Linux; Android 13; SM-G991U) AppleWebKit/537.36 (KHTML, like Gecko) Chrome/117.0.0.0 Mobile Safari/537.36"
135.235.161.115 - - [29/Dec/2025:06:03:36 +0300] "GET /wp-admin/images/ HTTP/1.1" 302 138 "https://duckduckgo.com/" "Mozilla/5.0 (Linux; Android 13; SM-G991U) AppleWebKit/537.36 (KHTML, like Gecko) Chrome/117.0.0.0 Mobile Safari/537.36"
135.235.161.115 - - [29/Dec/2025:06:03:36 +0300] "GET /wp-admin/images/404 HTTP/1.1" 404 33138 "https://duckduckgo.com/" "Mozilla/5.0 (Linux; Android 13; SM-G991U) AppleWebKit/537.36 (KHTML, like Gecko) Chrome/117.0.0.0 Mobile Safari/537.36"
135.235.161.115 - - [29/Dec/2025:06:03:37 +0300] "GET /wp-admin/includes/colour.php HTTP/1.1" 301 162 "https://duckduckgo.com/" "Mozilla/5.0 (Linux; Android 10; K) AppleWebKit/537.36 (KHTML, like Gecko) Chrome/117.0.0.0 Mobile Safari/537.36"
135.235.161.115 - - [29/Dec/2025:06:03:37 +0300] "GET /wp-admin/includes/colour.php HTTP/1.1" 404 33138 "https://duckduckgo.com/" "Mozilla/5.0 (Linux; Android 10; K) AppleWebKit/537.36 (KHTML, like Gecko) Chrome/117.0.0.0 Mobile Safari/537.36"
135.235.161.115 - - [29/Dec/2025:06:03:37 +0300] "GET /wp-admin/includes/index.php HTTP/1.1" 301 162 "https://www.google.com/" "Mozilla/5.0 (Linux; Android 13; M2101K6G) AppleWebKit/537.36 (KHTML, like Gecko) Chrome/116.0.0.0 Mobile Safari/537.36"
135.235.161.115 - - [29/Dec/2025:06:03:37 +0300] "GET /wp-admin/includes/index.php HTTP/1.1" 301 5 "https://www.google.com/" "Mozilla/5.0 (Linux; Android 13; M2101K6G) AppleWebKit/537.36 (KHTML, like Gecko) Chrome/116.0.0.0 Mobile Safari/537.36"
135.235.161.115 - - [29/Dec/2025:06:03:38 +0300] "GET /wp-admin/includes/ HTTP/1.1" 302 138 "https://www.google.com/" "Mozilla/5.0 (Linux; Android 13; M2101K6G) AppleWebKit/537.36 (KHTML, like Gecko) Chrome/116.0.0.0 Mobile Safari/537.36"
135.235.161.115 - - [29/Dec/2025:06:03:38 +0300] "GET /wp-admin/includes/404 HTTP/1.1" 404 33138 "https://www.google.com/" "Mozilla/5.0 (Linux; Android 13; M2101K6G) AppleWebKit/537.36 (KHTML, like Gecko) Chrome/116.0.0.0 Mobile Safari/537.36"
135.235.161.115 - - [29/Dec/2025:06:03:38 +0300] "GET /wp-admin/index.php HTTP/1.1" 301 162 "https://www.yahoo.com/" "Mozilla/5.0 (iPhone; CPU iPhone OS 16_0 like Mac OS X) AppleWebKit/605.1.15 (KHTML, like Gecko) FxiOS/118.0 Mobile/15E148 Safari/605.1.15"
135.235.161.115 - - [29/Dec/2025:06:03:39 +0300] "GET /wp-admin/index.php HTTP/1.1" 302 5 "https://www.yahoo.com/" "Mozilla/5.0 (iPhone; CPU iPhone OS 16_0 like Mac OS X) AppleWebKit/605.1.15 (KHTML, like Gecko) FxiOS/118.0 Mobile/15E148 Safari/605.1.15"
135.235.161.115 - - [29/Dec/2025:06:03:39 +0300] "GET /wp-login.php?redirect_to=https%3A%2F%2Flevasheva.ru%2Fwp-admin%2Findex.php&reauth=1 HTTP/1.1" 200 12326 "https://www.yahoo.com/" "Mozilla/5.0 (iPhone; CPU iPhone OS 16_0 like Mac OS X) AppleWebKit/605.1.15 (KHTML, like Gecko) FxiOS/118.0 Mobile/15E148 Safari/605.1.15"
135.235.161.115 - - [29/Dec/2025:06:03:40 +0300] "GET /wp-admin/js/ HTTP/1.1" 301 162 "https://www.google.de/" "Mozilla/5.0 (iPhone; CPU iPhone OS 17_1_1 like Mac OS X) AppleWebKit/605.1.15 (KHTML, like Gecko) Version/17.1 Mobile/15E148 Safari/604.1"
135.235.161.115 - - [29/Dec/2025:06:03:40 +0300] "GET /wp-admin/js/ HTTP/1.1" 302 138 "https://www.google.de/" "Mozilla/5.0 (iPhone; CPU iPhone OS 17_1_1 like Mac OS X) AppleWebKit/605.1.15 (KHTML, like Gecko) Version/17.1 Mobile/15E148 Safari/604.1"
135.235.161.115 - - [29/Dec/2025:06:03:40 +0300] "GET /wp-admin/js/404 HTTP/1.1" 404 33138 "https://www.google.de/" "Mozilla/5.0 (iPhone; CPU iPhone OS 17_1_1 like Mac OS X) AppleWebKit/605.1.15 (KHTML, like Gecko) Version/17.1 Mobile/15E148 Safari/604.1"
135.235.161.115 - - [29/Dec/2025:06:03:41 +0300] "GET /wp-admin/js/index.php HTTP/1.1" 301 162 "https://www.google.fr/" "Mozilla/5.0 (iPad; CPU OS 16_7_2 like Mac OS X) AppleWebKit/605.1.15 (KHTML, like Gecko) Version/16.6 Mobile/15E148 Safari/604.1"
135.235.161.115 - - [29/Dec/2025:06:03:41 +0300] "GET /wp-admin/js/index.php HTTP/1.1" 301 5 "https://www.google.fr/" "Mozilla/5.0 (iPad; CPU OS 16_7_2 like Mac OS X) AppleWebKit/605.1.15 (KHTML, like Gecko) Version/16.6 Mobile/15E148 Safari/604.1"
135.235.161.115 - - [29/Dec/2025:06:03:41 +0300] "GET /wp-admin/js/ HTTP/1.1" 302 138 "https://www.google.fr/" "Mozilla/5.0 (iPad; CPU OS 16_7_2 like Mac OS X) AppleWebKit/605.1.15 (KHTML, like Gecko) Version/16.6 Mobile/15E148 Safari/604.1"
135.235.161.115 - - [29/Dec/2025:06:03:41 +0300] "GET /wp-admin/js/404 HTTP/1.1" 404 33138 "https://www.google.fr/" "Mozilla/5.0 (iPad; CPU OS 16_7_2 like Mac OS X) AppleWebKit/605.1.15 (KHTML, like Gecko) Version/16.6 Mobile/15E148 Safari/604.1"
135.235.161.115 - - [29/Dec/2025:06:03:42 +0300] "GET /wp-admin/js/widgets/ HTTP/1.1" 301 162 "https://www.google.com/" "Mozilla/5.0 (Linux; Android 14; Pixel 8 Pro) AppleWebKit/537.36 (KHTML, like Gecko) Chrome/119.0.0.0 Mobile Safari/537.36"
135.235.161.115 - - [29/Dec/2025:06:03:42 +0300] "GET /wp-admin/js/widgets/ HTTP/1.1" 302 138 "https://www.google.com/" "Mozilla/5.0 (Linux; Android 14; Pixel 8 Pro) AppleWebKit/537.36 (KHTML, like Gecko) Chrome/119.0.0.0 Mobile Safari/537.36"
135.235.161.115 - - [29/Dec/2025:06:03:42 +0300] "GET /wp-admin/js/widgets/404 HTTP/1.1" 404 33138 "https://www.google.com/" "Mozilla/5.0 (Linux; Android 14; Pixel 8 Pro) AppleWebKit/537.36 (KHTML, like Gecko) Chrome/119.0.0.0 Mobile Safari/537.36"
135.235.161.115 - - [29/Dec/2025:06:03:42 +0300] "GET /wp-admin/network/admin.php HTTP/1.1" 301 162 "https://www.bing.com/" "Mozilla/5.0 (iPhone; CPU iPhone OS 16_0 like Mac OS X) AppleWebKit/605.1.15 (KHTML, like Gecko) FxiOS/118.0 Mobile/15E148 Safari/605.1.15"
135.235.161.115 - - [29/Dec/2025:06:03:44 +0300] "GET /wp-admin/network/admin.php HTTP/1.1" 302 5 "https://www.bing.com/" "Mozilla/5.0 (iPhone; CPU iPhone OS 16_0 like Mac OS X) AppleWebKit/605.1.15 (KHTML, like Gecko) FxiOS/118.0 Mobile/15E148 Safari/605.1.15"
135.235.161.115 - - [29/Dec/2025:06:03:44 +0300] "GET /wp-login.php?redirect_to=https%3A%2F%2Flevasheva.ru%2Fwp-admin%2Fnetwork%2Fadmin.php&reauth=1 HTTP/1.1" 200 12342 "https://www.bing.com/" "Mozilla/5.0 (iPhone; CPU iPhone OS 16_0 like Mac OS X) AppleWebKit/605.1.15 (KHTML, like Gecko) FxiOS/118.0 Mobile/15E148 Safari/605.1.15"
135.235.161.115 - - [29/Dec/2025:06:03:44 +0300] "GET /wp-admin/wp-admins.php HTTP/1.1" 301 162 "https://www.google.co.uk/" "Mozilla/5.0 (Linux; Android 10; LM-Q720) AppleWebKit/537.36 (KHTML, like Gecko) Chrome/116.0.0.0 Mobile Safari/537.36"
135.235.161.115 - - [29/Dec/2025:06:03:44 +0300] "GET /wp-admin/wp-admins.php HTTP/1.1" 404 31057 "https://www.google.co.uk/" "Mozilla/5.0 (Linux; Android 10; LM-Q720) AppleWebKit/537.36 (KHTML, like Gecko) Chrome/116.0.0.0 Mobile Safari/537.36"
135.235.161.115 - - [29/Dec/2025:06:03:45 +0300] "GET /wp-blog.php HTTP/1.1" 301 162 "https://www.bing.com/" "Mozilla/5.0 (iPhone; CPU iPhone OS 16_0 like Mac OS X) AppleWebKit/605.1.15 (KHTML, like Gecko) FxiOS/118.0 Mobile/15E148 Safari/605.1.15"
135.235.161.115 - - [29/Dec/2025:06:03:45 +0300] "GET /wp-blog.php HTTP/1.1" 404 31057 "https://www.bing.com/" "Mozilla/5.0 (iPhone; CPU iPhone OS 16_0 like Mac OS X) AppleWebKit/605.1.15 (KHTML, like Gecko) FxiOS/118.0 Mobile/15E148 Safari/605.1.15"
135.235.161.115 - - [29/Dec/2025:06:03:46 +0300] "GET /wp-conflg/function.php HTTP/1.1" 301 162 "https://www.google.co.uk/" "Mozilla/5.0 (Linux; Android 13; M2101K6G) AppleWebKit/537.36 (KHTML, like Gecko) Chrome/116.0.0.0 Mobile Safari/537.36"
135.235.161.115 - - [29/Dec/2025:06:03:46 +0300] "GET /wp-conflg/function.php HTTP/1.1" 404 31057 "https://www.google.co.uk/" "Mozilla/5.0 (Linux; Android 13; M2101K6G) AppleWebKit/537.36 (KHTML, like Gecko) Chrome/116.0.0.0 Mobile Safari/537.36"
135.235.161.115 - - [29/Dec/2025:06:03:46 +0300] "GET /wp-content/admin-header.php HTTP/1.1" 301 162 "https://www.yahoo.com/" "Mozilla/5.0 (Linux; Android 11; 21081111RG) AppleWebKit/537.36 (KHTML, like Gecko) Chrome/116.0.0.0 Mobile Safari/537.36"
135.235.161.115 - - [29/Dec/2025:06:03:46 +0300] "GET /wp-content/admin-header.php HTTP/1.1" 404 31057 "https://www.yahoo.com/" "Mozilla/5.0 (Linux; Android 11; 21081111RG) AppleWebKit/537.36 (KHTML, like Gecko) Chrome/116.0.0.0 Mobile Safari/537.36"
135.235.161.115 - - [29/Dec/2025:06:03:47 +0300] "GET /wp-content/admin.php HTTP/1.1" 301 162 "https://www.bing.com/" "Mozilla/5.0 (Linux; Android 13; SM-S908E) AppleWebKit/537.36 (KHTML, like Gecko) Chrome/116.0.0.0 Mobile Safari/537.36"
135.235.161.115 - - [29/Dec/2025:06:03:47 +0300] "GET /wp-content/admin.php HTTP/1.1" 404 31057 "https://www.bing.com/" "Mozilla/5.0 (Linux; Android 13; SM-S908E) AppleWebKit/537.36 (KHTML, like Gecko) Chrome/116.0.0.0 Mobile Safari/537.36"
135.235.161.115 - - [29/Dec/2025:06:03:48 +0300] "GET /wp-content/autoload_classmap.php HTTP/1.1" 301 162 "https://www.bing.com/" "Mozilla/5.g (Linux; Android 13; Pixel 7) AppleWebKit/537.36 (KHTML, like Gecko) Chrome/116.0.0.0 Mobile Safari/537.36"
135.235.161.115 - - [29/Dec/2025:06:03:48 +0300] "GET /wp-content/autoload_classmap.php HTTP/1.1" 404 31057 "https://www.bing.com/" "Mozilla/5.g (Linux; Android 13; Pixel 7) AppleWebKit/537.36 (KHTML, like Gecko) Chrome/116.0.0.0 Mobile Safari/537.36"
135.235.161.115 - - [29/Dec/2025:06:03:48 +0300] "GET /wp-content/backups-dup-lite/ HTTP/1.1" 301 162 "https://www.google.de/" "Mozilla/5.0 (iPhone; CPU iPhone OS 17_0_3 like Mac OS X) AppleWebKit/605.1.15 (KHTML, like Gecko) Version/17.0.1 Mobile/15E148 Safari/604.1"
135.235.161.115 - - [29/Dec/2025:06:03:48 +0300] "GET /wp-content/backups-dup-lite/ HTTP/1.1" 404 31057 "https://www.google.de/" "Mozilla/5.0 (iPhone; CPU iPhone OS 17_0_3 like Mac OS X) AppleWebKit/605.1.15 (KHTML, like Gecko) Version/17.0.1 Mobile/15E148 Safari/604.1"
135.235.161.115 - - [29/Dec/2025:06:03:49 +0300] "GET /wp-content/index.php HTTP/1.1" 301 162 "https://www.google.de/" "Mozilla/5.0 (Linux; Android 11; 21081111RG) AppleWebKit/537.36 (KHTML, like Gecko) Chrome/116.0.0.0 Mobile Safari/537.36"
135.235.161.115 - - [29/Dec/2025:06:03:49 +0300] "GET /wp-content/index.php HTTP/1.1" 200 5 "https://www.google.de/" "Mozilla/5.0 (Linux; Android 11; 21081111RG) AppleWebKit/537.36 (KHTML, like Gecko) Chrome/116.0.0.0 Mobile Safari/537.36"
135.235.161.115 - - [29/Dec/2025:06:03:49 +0300] "GET /wp-content/languages/ HTTP/1.1" 301 162 "https://www.google.de/" "Mozilla/5.0 (Linux; Android 12; SM-A525F) AppleWebKit/537.36 (KHTML, like Gecko) Chrome/117.0.0.0 Mobile Safari/537.36"
135.235.161.115 - - [29/Dec/2025:06:03:49 +0300] "GET /wp-content/languages/ HTTP/1.1" 302 138 "https://www.google.de/" "Mozilla/5.0 (Linux; Android 12; SM-A525F) AppleWebKit/537.36 (KHTML, like Gecko) Chrome/117.0.0.0 Mobile Safari/537.36"
135.235.161.115 - - [29/Dec/2025:06:03:50 +0300] "GET /wp-content/languages/404 HTTP/1.1" 404 33138 "https://www.google.de/" "Mozilla/5.0 (Linux; Android 12; SM-A525F) AppleWebKit/537.36 (KHTML, like Gecko) Chrome/117.0.0.0 Mobile Safari/537.36"
135.235.161.115 - - [29/Dec/2025:06:03:50 +0300] "GET /wp-content/languages/index.php HTTP/1.1" 301 162 "https://www.google.de/" "Mozilla/5.0 (Linux; Android 13; M2101K6G) AppleWebKit/537.36 (KHTML, like Gecko) Chrome/116.0.0.0 Mobile Safari/537.36"
135.235.161.115 - - [29/Dec/2025:06:03:50 +0300] "GET /wp-content/languages/index.php HTTP/1.1" 301 5 "https://www.google.de/" "Mozilla/5.0 (Linux; Android 13; M2101K6G) AppleWebKit/537.36 (KHTML, like Gecko) Chrome/116.0.0.0 Mobile Safari/537.36"
135.235.161.115 - - [29/Dec/2025:06:03:50 +0300] "GET /wp-content/languages/ HTTP/1.1" 302 138 "https://www.google.de/" "Mozilla/5.0 (Linux; Android 13; M2101K6G) AppleWebKit/537.36 (KHTML, like Gecko) Chrome/116.0.0.0 Mobile Safari/537.36"
135.235.161.115 - - [29/Dec/2025:06:03:51 +0300] "GET /wp-content/languages/404 HTTP/1.1" 404 33138 "https://www.google.de/" "Mozilla/5.0 (Linux; Android 13; M2101K6G) AppleWebKit/537.36 (KHTML, like Gecko) Chrome/116.0.0.0 Mobile Safari/537.36"
135.235.161.115 - - [29/Dec/2025:06:03:51 +0300] "GET /wp-content/plugins/admin.php HTTP/1.1" 301 162 "https://www.google.co.uk/" "Mozilla/5.0 (iPhone; CPU iPhone OS 17_1 like Mac OS X) AppleWebKit/605.1.15 (KHTML, like Gecko) CriOS/119.0.6045.109 Mobile/15E148 Safari/604.1"
135.235.161.115 - - [29/Dec/2025:06:03:51 +0300] "GET /wp-content/plugins/admin.php HTTP/1.1" 404 33138 "https://www.google.co.uk/" "Mozilla/5.0 (iPhone; CPU iPhone OS 17_1 like Mac OS X) AppleWebKit/605.1.15 (KHTML, like Gecko) CriOS/119.0.6045.109 Mobile/15E148 Safari/604.1"
135.235.161.115 - - [29/Dec/2025:06:03:51 +0300] "GET /wp-content/plugins/pwnd/as.php HTTP/1.1" 301 162 "https://www.bing.com/" "Mozilla/5.0 (Linux; Android 11; CPH2251) AppleWebKit/537.36 (KHTML, like Gecko) Chrome/116.0.0.0 Mobile Safari/537.36"
135.235.161.115 - - [29/Dec/2025:06:03:52 +0300] "GET /wp-content/plugins/pwnd/as.php HTTP/1.1" 404 33138 "https://www.bing.com/" "Mozilla/5.0 (Linux; Android 11; CPH2251) AppleWebKit/537.36 (KHTML, like Gecko) Chrome/116.0.0.0 Mobile Safari/537.36"
135.235.161.115 - - [29/Dec/2025:06:03:52 +0300] "GET /wp-content/themes/ HTTP/1.1" 301 162 "https://www.bing.com/" "Mozilla/5.0 (iPhone; CPU iPhone OS 17_1 like Mac OS X) AppleWebKit/605.1.15 (KHTML, like Gecko) CriOS/119.0.6045.109 Mobile/15E148 Safari/604.1"
135.235.161.115 - - [29/Dec/2025:06:03:52 +0300] "GET /wp-content/themes/ HTTP/1.1" 200 5 "https://www.bing.com/" "Mozilla/5.0 (iPhone; CPU iPhone OS 17_1 like Mac OS X) AppleWebKit/605.1.15 (KHTML, like Gecko) CriOS/119.0.6045.109 Mobile/15E148 Safari/604.1"
135.235.161.115 - - [29/Dec/2025:06:03:52 +0300] "GET /wp-content/themes/about.php HTTP/1.1" 301 162 "https://www.google.fr/" "Mozilla/5.0 (Linux; Android 13; SM-S908E) AppleWebKit/537.36 (KHTML, like Gecko) Chrome/116.0.0.0 Mobile Safari/537.36"
135.235.161.115 - - [29/Dec/2025:06:03:52 +0300] "GET /wp-content/themes/about.php HTTP/1.1" 404 33138 "https://www.google.fr/" "Mozilla/5.0 (Linux; Android 13; SM-S908E) AppleWebKit/537.36 (KHTML, like Gecko) Chrome/116.0.0.0 Mobile Safari/537.36"
135.235.161.115 - - [29/Dec/2025:06:03:53 +0300] "GET /wp-content/themes/admin.php HTTP/1.1" 301 162 "https://www.google.co.uk/" "Mozilla/5.0 (Linux; Android 12; V2134) AppleWebKit/537.36 (KHTML, like Gecko) Chrome/116.0.0.0 Mobile Safari/537.36"
