4.189.136.45 - - [29/Dec/2025:20:17:47 +0300] "GET /wp-includes/js/ HTTP/1.1" 302 138 "https://www.google.com/" "Mozilla/5.0 (iPad; CPU OS 16_7_2 like Mac OS X) AppleWebKit/605.1.15 (KHTML, like Gecko) Version/16.6 Mobile/15E148 Safari/604.1"
4.189.136.45 - - [29/Dec/2025:20:17:47 +0300] "GET /wp-includes/js/404 HTTP/1.1" 404 33138 "https://www.google.com/" "Mozilla/5.0 (iPad; CPU OS 16_7_2 like Mac OS X) AppleWebKit/605.1.15 (KHTML, like Gecko) Version/16.6 Mobile/15E148 Safari/604.1"
4.189.136.45 - - [29/Dec/2025:20:17:48 +0300] "GET /wp-includes/widgets/autoload_classmap.php HTTP/1.1" 301 162 "https://duckduckgo.com/" "Mozilla/5.0 (Linux; Android 10; LM-Q720) AppleWebKit/537.36 (KHTML, like Gecko) Chrome/116.0.0.0 Mobile Safari/537.36"
4.189.136.45 - - [29/Dec/2025:20:17:48 +0300] "GET /wp-includes/widgets/autoload_classmap.php HTTP/1.1" 404 33138 "https://duckduckgo.com/" "Mozilla/5.0 (Linux; Android 10; LM-Q720) AppleWebKit/537.36 (KHTML, like Gecko) Chrome/116.0.0.0 Mobile Safari/537.36"
4.189.136.45 - - [29/Dec/2025:20:17:49 +0300] "GET /wp.php HTTP/1.1" 301 162 "https://duckduckgo.com/" "Mozilla/5.0 (iPad; CPU OS 17_0_3 like Mac OS X) AppleWebKit/605.1.15 (KHTML, like Gecko) Version/17.0.1 Mobile/15E148 Safari/604.1"
4.189.136.45 - - [29/Dec/2025:20:17:49 +0300] "GET /wp.php HTTP/1.1" 404 31057 "https://duckduckgo.com/" "Mozilla/5.0 (iPad; CPU OS 17_0_3 like Mac OS X) AppleWebKit/605.1.15 (KHTML, like Gecko) Version/17.0.1 Mobile/15E148 Safari/604.1"
4.189.136.45 - - [29/Dec/2025:20:17:49 +0300] "GET /.well-known/rk2.php HTTP/1.1" 301 162 "https://www.google.com/" "Mozilla/5.0 (iPhone; CPU iPhone OS 15_7_9 like Mac OS X) AppleWebKit/605.1.15 (KHTML, like Gecko) Version/15.6.5 Mobile/15E148 Safari/604.1"
4.189.136.45 - - [29/Dec/2025:20:17:50 +0300] "GET /.well-known/rk2.php HTTP/1.1" 404 31057 "https://www.google.com/" "Mozilla/5.0 (iPhone; CPU iPhone OS 15_7_9 like Mac OS X) AppleWebKit/605.1.15 (KHTML, like Gecko) Version/15.6.5 Mobile/15E148 Safari/604.1"
4.189.136.45 - - [29/Dec/2025:20:17:50 +0300] "GET /.well-known/x.php HTTP/1.1" 301 162 "https://www.google.fr/" "Mozilla/5.0 (Linux; Android 14; Pixel 8 Pro) AppleWebKit/537.36 (KHTML, like Gecko) Chrome/119.0.0.0 Mobile Safari/537.36"
4.189.136.45 - - [29/Dec/2025:20:17:50 +0300] "GET /.well-known/x.php HTTP/1.1" 404 31057 "https://www.google.fr/" "Mozilla/5.0 (Linux; Android 14; Pixel 8 Pro) AppleWebKit/537.36 (KHTML, like Gecko) Chrome/119.0.0.0 Mobile Safari/537.36"
4.189.136.45 - - [29/Dec/2025:20:17:51 +0300] "GET /wp-admin/maint/chosen.php HTTP/1.1" 301 162 "https://www.bing.com/" "Mozilla/5.0 (Linux; Android 12; 2201116SG) AppleWebKit/537.36 (KHTML, like Gecko) Chrome/116.0.0.0 Mobile Safari/537.36"
4.189.136.45 - - [29/Dec/2025:20:17:51 +0300] "GET /wp-admin/maint/chosen.php HTTP/1.1" 404 33138 "https://www.bing.com/" "Mozilla/5.0 (Linux; Android 12; 2201116SG) AppleWebKit/537.36 (KHTML, like Gecko) Chrome/116.0.0.0 Mobile Safari/537.36"
4.189.136.45 - - [29/Dec/2025:20:17:51 +0300] "GET /wp-admin/network/autoload_classmap.php HTTP/1.1" 301 162 "https://www.yahoo.com/" "Mozilla/5.g (Linux; Android 13; Pixel 7) AppleWebKit/537.36 (KHTML, like Gecko) Chrome/116.0.0.0 Mobile Safari/537.36"
4.189.136.45 - - [29/Dec/2025:20:17:52 +0300] "GET /wp-admin/network/autoload_classmap.php HTTP/1.1" 404 33138 "https://www.yahoo.com/" "Mozilla/5.g (Linux; Android 13; Pixel 7) AppleWebKit/537.36 (KHTML, like Gecko) Chrome/116.0.0.0 Mobile Safari/537.36"
4.189.136.45 - - [29/Dec/2025:20:17:52 +0300] "GET /wp-admin/s.php HTTP/1.1" 301 162 "https://www.bing.com/" "Mozilla/5.0 (iPhone; CPU iPhone OS 17_0_3 like Mac OS X) AppleWebKit/605.1.15 (KHTML, like Gecko) Version/17.0.1 Mobile/15E148 Safari/604.1"
4.189.136.45 - - [29/Dec/2025:20:17:53 +0300] "GET /wp-admin/s.php HTTP/1.1" 404 31057 "https://www.bing.com/" "Mozilla/5.0 (iPhone; CPU iPhone OS 17_0_3 like Mac OS X) AppleWebKit/605.1.15 (KHTML, like Gecko) Version/17.0.1 Mobile/15E148 Safari/604.1"
4.189.136.45 - - [29/Dec/2025:20:17:53 +0300] "GET /wp-admin/w.php HTTP/1.1" 301 162 "https://www.bing.com/" "Mozilla/5.0 (Linux; Android 11; CPH2251) AppleWebKit/537.36 (KHTML, like Gecko) Chrome/116.0.0.0 Mobile Safari/537.36"
4.189.136.45 - - [29/Dec/2025:20:17:53 +0300] "GET /wp-admin/w.php HTTP/1.1" 404 31057 "https://www.bing.com/" "Mozilla/5.0 (Linux; Android 11; CPH2251) AppleWebKit/537.36 (KHTML, like Gecko) Chrome/116.0.0.0 Mobile Safari/537.36"
4.189.136.45 - - [29/Dec/2025:20:17:54 +0300] "GET /wp-admin/z.php HTTP/1.1" 301 162 "https://www.google.de/" "Mozilla/5.0 (Linux; Android 13; SM-G991U) AppleWebKit/537.36 (KHTML, like Gecko) Chrome/117.0.0.0 Mobile Safari/537.36"
4.189.136.45 - - [29/Dec/2025:20:17:54 +0300] "GET /wp-admin/z.php HTTP/1.1" 404 31057 "https://www.google.de/" "Mozilla/5.0 (Linux; Android 13; SM-G991U) AppleWebKit/537.36 (KHTML, like Gecko) Chrome/117.0.0.0 Mobile Safari/537.36"
17.246.23.107 - - [29/Dec/2025:20:17:59 +0300] "GET /robots.txt HTTP/1.1" 200 133 "-" "Mozilla/5.0 (Macintosh; Intel Mac OS X 10_15_7) AppleWebKit/605.1.15 (KHTML, like Gecko) Version/17.4 Safari/605.1.15 (Applebot/0.1; +http://www.apple.com/go/applebot)"
17.246.23.107 - - [29/Dec/2025:20:18:00 +0300] "GET /index/irina_levasheva_2017_38/ HTTP/1.1" 200 9784 "-" "Mozilla/5.0 (Macintosh; Intel Mac OS X 10_15_7) AppleWebKit/605.1.15 (KHTML, like Gecko) Version/17.4 Safari/605.1.15 (Applebot/0.1; +http://www.apple.com/go/applebot)"
82.148.16.210 - - [29/Dec/2025:20:22:49 +0300] "POST /wp-cron.php?doing_wp_cron=1767028969.0439400672912597656250 HTTP/1.1" 200 31 "-" "WordPress/6.9-alpha-60450; https://levasheva.ru"
40.77.167.51 - - [29/Dec/2025:20:22:49 +0300] "GET /vystavka-o-puteshestviyax-yaponskoj-tushyu/irina_levasheva_kamchatka_06/ HTTP/2.0" 200 9820 "-" "Mozilla/5.0 AppleWebKit/537.36 (KHTML, like Gecko; compatible; bingbot/2.0; +http://www.bing.com/bingbot.htm) Chrome/116.0.1938.76 Safari/537.36"
82.148.16.210 - - [29/Dec/2025:20:23:50 +0300] "POST /wp-cron.php?doing_wp_cron=1767029030.1195969581604003906250 HTTP/1.1" 200 31 "-" "WordPress/6.9-alpha-60450; https://levasheva.ru"
160.250.187.4 - - [29/Dec/2025:20:23:50 +0300] "GET /wp-login.php HTTP/2.0" 200 3446 "-" "Mozilla/5.0 (Macintosh; Intel Mac OS X 10_11_6) AppleWebKit/605.1.15 (KHTML, like Gecko) Version/11.1.1 Safari/605.1.15"
160.250.187.4 - - [29/Dec/2025:20:23:52 +0300] "POST /wp-login.php HTTP/2.0" 200 3638 "https://levasheva.ru/wp-login.php" "Mozilla/5.0 (Macintosh; Intel Mac OS X 10_11_6) AppleWebKit/605.1.15 (KHTML, like Gecko) Version/11.1.1 Safari/605.1.15"
82.148.16.210 - - [29/Dec/2025:20:24:59 +0300] "POST /wp-cron.php?doing_wp_cron=1767029099.0277149677276611328125 HTTP/1.1" 200 31 "-" "WordPress/6.9-alpha-60450; https://levasheva.ru"
210.87.91.38 - - [29/Dec/2025:20:24:59 +0300] "POST /xmlrpc.php HTTP/1.1" 200 264 "-" "Mozilla/5.0 (Windows NT 10.0; Win64; x64; rv:62.0) Gecko/20100101 Firefox/62.0"
82.148.16.210 - - [29/Dec/2025:20:26:20 +0300] "POST /wp-cron.php?doing_wp_cron=1767029180.4105210304260253906250 HTTP/1.1" 200 31 "-" "WordPress/6.9-alpha-60450; https://levasheva.ru"
114.119.150.114 - - [29/Dec/2025:20:26:20 +0300] "GET /works/restoration/irina_levasheva_restoration_21/ HTTP/1.1" 200 9784 "https://levasheva.ru/attachment-sitemap.xml" "Mozilla/5.0 (Linux; Android 7.0;) AppleWebKit/537.36 (KHTML, like Gecko) Mobile Safari/537.36 (compatible; PetalBot;+https://webmaster.petalsearch.com/site/petalbot)"
82.148.16.210 - - [29/Dec/2025:20:27:44 +0300] "POST /wp-cron.php?doing_wp_cron=1767029264.0900700092315673828125 HTTP/1.1" 200 31 "-" "WordPress/6.9-alpha-60450; https://levasheva.ru"
114.119.158.212 - - [29/Dec/2025:20:27:44 +0300] "GET /category/%D0%BD%D0%BE%D0%B2%D0%BE%D1%81%D1%82%D0%B8/ HTTP/1.1" 200 11451 "https://levasheva.ru/category/%D0%BD%D0%BE%D0%B2%D0%BE%D1%81%D1%82%D0%B8/page/4" "Mozilla/5.0 (Linux; Android 7.0;) AppleWebKit/537.36 (KHTML, like Gecko) Mobile Safari/537.36 (compatible; PetalBot;+https://webmaster.petalsearch.com/site/petalbot)"
103.251.26.40 - - [29/Dec/2025:20:27:53 +0300] "HEAD / HTTP/1.1" 200 0 "https://levasheva.ru/" "Mozilla/5.0 (Windows NT 10.0; Win64; x64) AppleWebKit/537.36 (KHTML, like Gecko) Chrome/91.0.4472.124 Safari/537.36"
103.251.26.40 - - [29/Dec/2025:20:27:53 +0300] "HEAD / HTTP/1.1" 301 0 "https://levasheva.ru/" "Mozilla/5.0 (Windows NT 10.0; Win64; x64) AppleWebKit/537.36 (KHTML, like Gecko) Chrome/91.0.4472.124 Safari/537.36"
103.251.26.40 - - [29/Dec/2025:20:27:55 +0300] "HEAD / HTTP/1.1" 200 0 "https://levasheva.ru/" "Mozilla/5.0 (Windows NT 10.0; Win64; x64) AppleWebKit/537.36 (KHTML, like Gecko) Chrome/91.0.4472.124 Safari/537.36"
103.251.26.40 - - [29/Dec/2025:20:27:56 +0300] "POST /wp-login.php HTTP/1.1" 200 3458 "https://www.google.com/" "Mozilla/5.0 (Windows NT 10.0; Win64; x64) AppleWebKit/537.36 (KHTML, like Gecko) Chrome/91.0.4472.124 Safari/537.36"
103.251.26.40 - - [29/Dec/2025:20:27:57 +0300] "POST /wp-login.php HTTP/1.1" 302 5 "https://levasheva.ru/wp-admin/" "Mozilla/5.0 (Windows NT 10.0; Win64; x64) AppleWebKit/537.36 (KHTML, like Gecko) Chrome/90.0.4430.85 Safari/537.36"
103.251.26.40 - - [29/Dec/2025:20:28:04 +0300] "GET /wp-admin/ HTTP/1.1" 200 64984 "https://levasheva.ru/wp-admin/" "Mozilla/5.0 (Windows NT 10.0; Win64; x64) AppleWebKit/537.36 (KHTML, like Gecko) Chrome/90.0.4430.85 Safari/537.36"
103.251.26.40 - - [29/Dec/2025:20:28:09 +0300] "GET /wp-admin/ HTTP/1.1" 200 64982 "https://www.google.com/" "Mozilla/5.0 (Windows NT 10.0; Win64; x64) AppleWebKit/537.36 (KHTML, like Gecko) Chrome/91.0.4472.124 Safari/537.36"
103.251.26.40 - - [29/Dec/2025:20:28:14 +0300] "GET /wp-admin/plugin-install.php?tab=upload HTTP/1.1" 200 46696 "https://www.google.com/" "Mozilla/5.0 (Windows NT 10.0; Win64; x64) AppleWebKit/537.36 (KHTML, like Gecko) Chrome/91.0.4472.124 Safari/537.36"
82.148.16.210 - - [29/Dec/2025:20:28:17 +0300] "POST /wp-cron.php?doing_wp_cron=1767029297.1197218894958496093750 HTTP/1.1" 200 31 "-" "WordPress/6.9-alpha-60450; https://levasheva.ru"
103.251.26.40 - - [29/Dec/2025:20:28:19 +0300] "POST /wp-admin/update.php?action=upload-plugin HTTP/1.1" 200 44324 "https://levasheva.ru/wp-admin/plugin-install.php" "Mozilla/5.0 (Windows NT 10.0; Win64; x64) AppleWebKit/537.36 (KHTML, like Gecko) Chrome/132.0.0.0 Safari/537.36"
82.148.16.210 - - [29/Dec/2025:20:28:21 +0300] "POST /wp-cron.php?doing_wp_cron=1767029301.6229898929595947265625 HTTP/1.1" 200 31 "-" "WordPress/6.9-alpha-60450; https://levasheva.ru"
103.251.26.40 - - [29/Dec/2025:20:28:21 +0300] "GET /wp-content/plugins/buwxh/index.php HTTP/1.1" 301 5 "-" "python-requests/2.32.3"
103.251.26.40 - - [29/Dec/2025:20:28:22 +0300] "GET /wp-content/plugins/buwxh/ HTTP/1.1" 404 7707 "-" "python-requests/2.32.3"
103.251.26.40 - - [29/Dec/2025:20:28:25 +0300] "GET /wp-admin/ HTTP/1.1" 200 64983 "-" "Mozilla/5.0 (Windows NT 10.0; Win64; x64) AppleWebKit/537.36 (KHTML, like Gecko) Chrome/133.0.0.0 Safari/537.36"
103.251.26.40 - - [29/Dec/2025:20:28:27 +0300] "POST /wp-admin/admin-ajax.php HTTP/1.1" 200 285 "-" "Mozilla/5.0 (Windows NT 10.0; Win64; x64) AppleWebKit/537.36 (KHTML, like Gecko) Chrome/133.0.0.0 Safari/537.36"
103.251.26.40 - - [29/Dec/2025:20:28:28 +0300] "POST /wp-admin/admin-ajax.php HTTP/1.1" 200 195 "-" "Mozilla/5.0 (Windows NT 10.0; Win64; x64) AppleWebKit/537.36 (KHTML, like Gecko) Chrome/133.0.0.0 Safari/537.36"
103.251.26.40 - - [29/Dec/2025:20:28:30 +0300] "GET /wp-admin/plugins.php HTTP/1.1" 200 70000 "-" "Mozilla/5.0 (Windows NT 10.0; Win64; x64) AppleWebKit/537.36 (KHTML, like Gecko) Chrome/133.0.0.0 Safari/537.36"
103.251.26.40 - - [29/Dec/2025:20:28:32 +0300] "GET /wp-admin/admin.php?page=wp_file_manager HTTP/1.1" 200 47416 "https://www.google.com/" "Mozilla/5.0 (Windows NT 10.0; Win64; x64) AppleWebKit/537.36 (KHTML, like Gecko) Chrome/91.0.4472.124 Safari/537.36"
103.251.26.40 - - [29/Dec/2025:20:28:33 +0300] "POST /wp-admin/admin-ajax.php HTTP/1.1" 500 251 "https://levasheva.ru/wp-admin/admin.php?ssd" "Mozilla/5.0 (Windows NT 10.0; Win64; x64) AppleWebKit/537.36 (KHTML, like Gecko) Chrome/133.0.0.0 Safari/537.36"
103.251.26.40 - - [29/Dec/2025:20:28:35 +0300] "GET /lmcvk.php HTTP/1.1" 404 7262 "https://www.google.com/" "Mozilla/5.0 (Windows NT 10.0; Win64; x64) AppleWebKit/537.36 (KHTML, like Gecko) Chrome/91.0.4472.124 Safari/537.36"
103.251.26.40 - - [29/Dec/2025:20:28:36 +0300] "GET /wp-admin/theme-install.php?tab=upload HTTP/1.1" 200 50346 "https://www.google.com/" "Mozilla/5.0 (Windows NT 10.0; Win64; x64) AppleWebKit/537.36 (KHTML, like Gecko) Chrome/91.0.4472.124 Safari/537.36"
103.251.26.40 - - [29/Dec/2025:20:28:39 +0300] "POST /wp-admin/update.php?action=upload-theme HTTP/1.1" 200 44301 "https://levasheva.ru/wp-admin/theme-install.php" "Mozilla/5.0 (Windows NT 10.0; Win64; x64) AppleWebKit/537.36 (KHTML, like Gecko) Chrome/132.0.0.0 Safari/537.36"
103.251.26.40 - - [29/Dec/2025:20:28:41 +0300] "GET /wp-content/themes/thkax/index.php HTTP/1.1" 301 5 "https://www.google.com/" "Mozilla/5.0 (Windows NT 10.0; Win64; x64) AppleWebKit/537.36 (KHTML, like Gecko) Chrome/91.0.4472.124 Safari/537.36"
103.251.26.40 - - [29/Dec/2025:20:28:42 +0300] "GET /wp-content/themes/thkax/ HTTP/1.1" 404 7707 "https://www.google.com/" "Mozilla/5.0 (Windows NT 10.0; Win64; x64) AppleWebKit/537.36 (KHTML, like Gecko) Chrome/91.0.4472.124 Safari/537.36"
103.251.26.40 - - [29/Dec/2025:20:28:44 +0300] "GET /wp-admin/ HTTP/1.1" 200 64983 "-" "Mozilla/5.0 (Windows NT 10.0; Win64; x64) AppleWebKit/537.36 (KHTML, like Gecko) Chrome/133.0.0.0 Safari/537.36"
103.251.26.40 - - [29/Dec/2025:20:28:46 +0300] "GET /wp-admin/plugin-editor.php?plugin=wp-file-manager%2Ffile_folder_manager.php&Submit=Select HTTP/1.1" 200 78290 "-" "Mozilla/5.0 (Windows NT 10.0; Win64; x64) AppleWebKit/537.36 (KHTML, like Gecko) Chrome/133.0.0.0 Safari/537.36"
82.148.16.210 - - [29/Dec/2025:20:28:48 +0300] "GET /wp-admin/plugin-editor.php?plugin=wp-file-manager%2Ffile_folder_manager.php&file=wp-file-manager%2Ffile_folder_manager.php&wp_scrape_key=ab0dcddf117145b9573df805a53c53d2&wp_scrape_nonce=867376747 HTTP/1.1" 200 7406 "-" "WordPress/6.9-alpha-60450; https://levasheva.ru"
82.148.16.210 - - [29/Dec/2025:20:28:48 +0300] "GET /?wp_scrape_key=ab0dcddf117145b9573df805a53c53d2&wp_scrape_nonce=867376747 HTTP/1.1" 200 4993 "-" "WordPress/6.9-alpha-60450; https://levasheva.ru"
103.251.26.40 - - [29/Dec/2025:20:28:48 +0300] "POST /wp-admin/admin-ajax.php HTTP/1.1" 200 119 "-" "Mozilla/5.0 (Windows NT 10.0; Win64; x64) AppleWebKit/537.36 (KHTML, like Gecko) Chrome/133.0.0.0 Safari/537.36"
92.204.55.244 - - [29/Dec/2025:20:28:48 +0300] "POST /xmlrpc.php HTTP/2.0" 200 4920 "-" "Mozilla/5.0 (Windows NT 10.0; Win64; x64) AppleWebKit/537.36 (KHTML, like Gecko) Chrome/65.0.3325.181 Safari/537.36 OPR/52.0.2871.40"
103.251.26.40 - - [29/Dec/2025:20:28:49 +0300] "GET /wp-content/plugins/wp-file-manager/file_folder_manager.php HTTP/1.1" 200 3371 "https://www.google.com/" "Mozilla/5.0 (Windows NT 10.0; Win64; x64) AppleWebKit/537.36 (KHTML, like Gecko) Chrome/91.0.4472.124 Safari/537.36"
92.204.55.244 - - [29/Dec/2025:20:28:59 +0300] "POST /xmlrpc.php HTTP/2.0" 200 4920 "-" "Mozilla/5.0 (Windows NT 10.0; Win64; x64) AppleWebKit/537.36 (KHTML, like Gecko) Chrome/65.0.3325.181 Safari/537.36 OPR/52.0.2871.40"
92.204.55.244 - - [29/Dec/2025:20:29:08 +0300] "POST /xmlrpc.php HTTP/2.0" 200 4920 "-" "Mozilla/5.0 (Windows NT 10.0; Win64; x64) AppleWebKit/537.36 (KHTML, like Gecko) Chrome/65.0.3325.181 Safari/537.36 OPR/52.0.2871.40"
103.251.26.40 - - [29/Dec/2025:20:29:16 +0300] "GET /wp-content/plugins/wp-file-manager/file_folder_manager.php HTTP/2.0" 200 3359 "-" "Mozilla/5.0 (Windows NT 10.0; Win64; x64; rv:146.0) Gecko/20100101 Firefox/146.0"
103.251.26.40 - - [29/Dec/2025:20:29:17 +0300] "GET /favicon.ico HTTP/2.0" 200 4920 "https://levasheva.ru/wp-content/plugins/wp-file-manager/file_folder_manager.php" "Mozilla/5.0 (Windows NT 10.0; Win64; x64; rv:146.0) Gecko/20100101 Firefox/146.0"
92.204.55.244 - - [29/Dec/2025:20:29:18 +0300] "POST /xmlrpc.php HTTP/2.0" 200 4920 "-" "Mozilla/5.0 (Windows NT 10.0; Win64; x64) AppleWebKit/537.36 (KHTML, like Gecko) Chrome/65.0.3325.181 Safari/537.36 OPR/52.0.2871.40"
103.251.26.40 - - [29/Dec/2025:20:29:20 +0300] "GET /wp-content/plugins/wp-file-manager/file_folder_manager.php?path=/var/www HTTP/2.0" 200 3030 "https://levasheva.ru/wp-content/plugins/wp-file-manager/file_folder_manager.php" "Mozilla/5.0 (Windows NT 10.0; Win64; x64; rv:146.0) Gecko/20100101 Firefox/146.0"
103.251.26.40 - - [29/Dec/2025:20:29:30 +0300] "GET /wp-content/plugins/wp-file-manager/file_folder_manager.php?path=/var/www/sarafai.ru HTTP/2.0" 200 2874 "https://levasheva.ru/wp-content/plugins/wp-file-manager/file_folder_manager.php?path=/var/www" "Mozilla/5.0 (Windows NT 10.0; Win64; x64; rv:146.0) Gecko/20100101 Firefox/146.0"
103.251.26.40 - - [29/Dec/2025:20:29:37 +0300] "GET /wp-content/plugins/wp-file-manager/file_folder_manager.php?path=/var/www HTTP/2.0" 200 3030 "https://levasheva.ru/wp-content/plugins/wp-file-manager/file_folder_manager.php?path=/var/www/sarafai.ru" "Mozilla/5.0 (Windows NT 10.0; Win64; x64; rv:146.0) Gecko/20100101 Firefox/146.0"
103.251.26.40 - - [29/Dec/2025:20:29:44 +0300] "GET /wp-content/plugins/wp-file-manager/file_folder_manager.php?path=/var/www/891rpm.com HTTP/2.0" 200 2914 "https://levasheva.ru/wp-content/plugins/wp-file-manager/file_folder_manager.php?path=/var/www" "Mozilla/5.0 (Windows NT 10.0; Win64; x64; rv:146.0) Gecko/20100101 Firefox/146.0"
103.251.26.40 - - [29/Dec/2025:20:29:51 +0300] "GET /wp-content/plugins/wp-file-manager/file_folder_manager.php?path=/var/www HTTP/2.0" 200 3030 "https://levasheva.ru/wp-content/plugins/wp-file-manager/file_folder_manager.php?path=/var/www/891rpm.com" "Mozilla/5.0 (Windows NT 10.0; Win64; x64; rv:146.0) Gecko/20100101 Firefox/146.0"
216.244.66.230 - - [29/Dec/2025:20:30:56 +0300] "GET /robots.txt HTTP/1.1" 301 162 "-" "Mozilla/5.0 (compatible; DotBot/1.2; +https://opensiteexplorer.org/dotbot; help@moz.com)"
216.244.66.230 - - [29/Dec/2025:20:30:57 +0300] "GET /robots.txt HTTP/1.1" 200 79147 "-" "Mozilla/5.0 (compatible; DotBot/1.2; +https://opensiteexplorer.org/dotbot; help@moz.com)"
103.178.231.51 - - [29/Dec/2025:20:32:46 +0300] "GET /wp-login.php HTTP/2.0" 200 4920 "-" "Mozilla/4.0 (compatible; MSIE 7.0; Windows NT 6.2; WOW64; Trident/7.0; .NET4.0E; .NET4.0C; Tablet PC 2.0; .NET CLR 3.5.30729; .NET CLR 2.0.50727; .NET CLR 3.0.30729; McAfee; LCJB)"
103.178.231.51 - - [29/Dec/2025:20:32:47 +0300] "POST /wp-login.php HTTP/2.0" 200 4920 "https://levasheva.ru/wp-login.php" "Mozilla/4.0 (compatible; MSIE 7.0; Windows NT 6.2; WOW64; Trident/7.0; .NET4.0E; .NET4.0C; Tablet PC 2.0; .NET CLR 3.5.30729; .NET CLR 2.0.50727; .NET CLR 3.0.30729; McAfee; LCJB)"
51.89.129.32 - - [29/Dec/2025:20:37:08 +0300] "GET /volshebstvo-yaponskoj-tushi-v-muzee-usadbe-arxangelskoe/archangelskoe-1-2014/ HTTP/2.0" 200 4920 "-" "Mozilla/5.0 (compatible; AhrefsBot/7.0; +http://ahrefs.com/robot/)"
94.154.35.236 - - [29/Dec/2025:20:38:26 +0300] "HEAD /bitrix.zip HTTP/1.1" 301 0 "-" "Mozilla/5.0 (Windows NT 10.0; Win64; x64) AppleWebKit/537.36 (KHTML, like Gecko) Chrome/101.0.4951.67 Safari/537.36"
94.154.35.236 - - [29/Dec/2025:20:38:26 +0300] "HEAD /bitrix.zip HTTP/1.1" 200 0 "-" "Mozilla/5.0 (Windows NT 10.0; Win64; x64) AppleWebKit/537.36 (KHTML, like Gecko) Chrome/101.0.4951.67 Safari/537.36"
216.244.66.230 - - [29/Dec/2025:20:43:28 +0300] "GET /about/publications/ HTTP/1.1" 200 79147 "-" "Mozilla/5.0 (compatible; DotBot/1.2; +https://opensiteexplorer.org/dotbot; help@moz.com)"
194.164.16.94 - - [29/Dec/2025:20:44:25 +0300] "POST /xmlrpc.php HTTP/2.0" 200 4920 "-" "Mozilla/5.0 (Windows NT 6.1; WOW64; Trident/7.0; EIE10;ENUSWOL; rv:11.0) like Gecko"
194.164.16.94 - - [29/Dec/2025:20:44:46 +0300] "POST /xmlrpc.php HTTP/2.0" 200 4920 "-" "Mozilla/5.0 (Windows NT 6.1; WOW64; Trident/7.0; EIE10;ENUSWOL; rv:11.0) like Gecko"
194.164.16.94 - - [29/Dec/2025:20:45:02 +0300] "POST /xmlrpc.php HTTP/2.0" 200 4920 "-" "Mozilla/5.0 (Windows NT 6.1; WOW64; Trident/7.0; EIE10;ENUSWOL; rv:11.0) like Gecko"
194.164.16.94 - - [29/Dec/2025:20:45:11 +0300] "POST /xmlrpc.php HTTP/2.0" 200 4920 "-" "Mozilla/5.0 (Windows NT 6.1; WOW64; Trident/7.0; EIE10;ENUSWOL; rv:11.0) like Gecko"
51.89.39.44 - - [29/Dec/2025:20:51:01 +0300] "GET /files.php HTTP/2.0" 200 79133 "-" "Mozilla/5.0 (Windows NT 10.0; Win64; x64) AppleWebKit/537.36 (KHTML, like Gecko) Chrome/127.0.0.0 Safari/537.36"
4.194.179.26 - - [29/Dec/2025:20:55:32 +0300] "GET //wp-content/plugins/fix/up.php HTTP/1.1" 301 162 "-" "Mozilla/5.0 (Windows NT 10.0; Win64; x64) AppleWebKit/537.36 (KHTML, like Gecko) Chrome/85.0.4183.102 Safari/537.36"
4.194.179.26 - - [29/Dec/2025:20:55:33 +0300] "GET //wp-content/plugins/fix/up.php HTTP/1.1" 200 4933 "-" "Mozilla/5.0 (Windows NT 10.0; Win64; x64) AppleWebKit/537.36 (KHTML, like Gecko) Chrome/85.0.4183.102 Safari/537.36"
195.24.236.120 - - [29/Dec/2025:21:04:07 +0300] "GET //wp-content/plugins/fix/up.php HTTP/1.1" 301 162 "-" "Mozilla/5.0 (Windows NT 10.0; Win64; x64) AppleWebKit/537.36 (KHTML, like Gecko) Chrome/85.0.4183.102 Safari/537.36"
195.24.236.120 - - [29/Dec/2025:21:04:08 +0300] "GET //wp-content/plugins/fix/up.php HTTP/1.1" 200 4933 "-" "Mozilla/5.0 (Windows NT 10.0; Win64; x64) AppleWebKit/537.36 (KHTML, like Gecko) Chrome/85.0.4183.102 Safari/537.36"
213.55.96.152 - - [29/Dec/2025:21:05:33 +0300] "GET /wp-login.php HTTP/2.0" 200 4920 "-" "Mozilla/5.0 (Windows NT 6.1) AppleWebKit/537.36 (KHTML, like Gecko) Chrome/66.0.3359.117 Safari/537.36"
213.55.96.152 - - [29/Dec/2025:21:05:34 +0300] "POST /wp-login.php HTTP/2.0" 200 4920 "https://levasheva.ru/wp-login.php" "Mozilla/5.0 (Windows NT 6.1) AppleWebKit/537.36 (KHTML, like Gecko) Chrome/66.0.3359.117 Safari/537.36"
51.195.183.101 - - [29/Dec/2025:21:07:18 +0300] "GET /buy/ HTTP/2.0" 200 4920 "-" "Mozilla/5.0 (compatible; AhrefsBot/7.0; +http://ahrefs.com/robot/)"
92.205.48.162 - - [29/Dec/2025:21:14:58 +0300] "POST /xmlrpc.php HTTP/2.0" 200 4920 "-" "Mozilla/5.0 (Macintosh; Intel Mac OS X 10_12_6) AppleWebKit/603.3.8 (KHTML, like Gecko) Version/10.1.2 Safari/603.3.8"
114.119.156.38 - - [29/Dec/2025:21:15:49 +0300] "GET /vystavka-v-irkutske-sny-o-bajkale-vpechatleniya HTTP/1.1" 200 4933 "https://levasheva.ru/" "Mozilla/5.0 (Linux; Android 7.0;) AppleWebKit/537.36 (KHTML, like Gecko) Mobile Safari/537.36 (compatible; PetalBot;+https://webmaster.petalsearch.com/site/petalbot)"
54.38.195.241 - - [29/Dec/2025:21:19:26 +0300] "POST /xmlrpc.php HTTP/1.1" 200 4933 "-" "Mozilla/5.0 (Windows NT 10.0; Win64; x64; rv:97.0) Gecko/20100101 Firefox/97.0"
45.139.125.137 - - [29/Dec/2025:21:21:23 +0300] "GET /articles/yaponskaya-tush-sumi-e HTTP/1.1" 301 162 "-" "Mozilla/5.0 (keys-so-bot)"
45.139.125.137 - - [29/Dec/2025:21:21:24 +0300] "GET /articles/yaponskaya-tush-sumi-e HTTP/2.0" 200 4920 "http://levasheva.ru/articles/yaponskaya-tush-sumi-e" "Mozilla/5.0 (keys-so-bot)"
188.164.198.78 - - [29/Dec/2025:21:21:27 +0300] "POST /xmlrpc.php HTTP/2.0" 200 4920 "-" "Mozilla/5.0 (Windows NT 10.0; WOW64; Trident/7.0; Touch; MASAJS; rv:11.0) like Gecko"
188.164.198.78 - - [29/Dec/2025:21:21:36 +0300] "POST /xmlrpc.php HTTP/2.0" 200 4920 "-" "Mozilla/5.0 (Windows NT 10.0; WOW64; Trident/7.0; Touch; MASAJS; rv:11.0) like Gecko"
188.164.198.78 - - [29/Dec/2025:21:21:44 +0300] "POST /xmlrpc.php HTTP/2.0" 200 4920 "-" "Mozilla/5.0 (Windows NT 10.0; WOW64; Trident/7.0; Touch; MASAJS; rv:11.0) like Gecko"
188.164.198.78 - - [29/Dec/2025:21:21:52 +0300] "POST /xmlrpc.php HTTP/2.0" 200 4920 "-" "Mozilla/5.0 (Windows NT 10.0; WOW64; Trident/7.0; Touch; MASAJS; rv:11.0) like Gecko"
92.205.212.128 - - [29/Dec/2025:21:27:19 +0300] "POST /xmlrpc.php HTTP/2.0" 200 4920 "-" "Mozilla/5.0 (Windows NT 6.1; rv:61.0) Gecko/20100101 Firefox/61.0"
92.205.212.128 - - [29/Dec/2025:21:27:40 +0300] "POST /xmlrpc.php HTTP/2.0" 200 4920 "-" "Mozilla/5.0 (Windows NT 6.1; rv:61.0) Gecko/20100101 Firefox/61.0"
92.205.212.128 - - [29/Dec/2025:21:27:57 +0300] "POST /xmlrpc.php HTTP/2.0" 200 4920 "-" "Mozilla/5.0 (Windows NT 6.1; rv:61.0) Gecko/20100101 Firefox/61.0"
92.205.212.128 - - [29/Dec/2025:21:28:15 +0300] "POST /xmlrpc.php HTTP/2.0" 200 4920 "-" "Mozilla/5.0 (Windows NT 6.1; rv:61.0) Gecko/20100101 Firefox/61.0"
57.130.20.252 - - [29/Dec/2025:21:30:21 +0300] "GET /wp-login.php HTTP/2.0" 200 4920 "-" "Mozilla/4.0 (compatible; MSIE 7.0; Windows NT 6.3; WOW64; Trident/7.0; Touch; .NET4.0E; .NET4.0C; Tablet PC 2.0; .NET CLR 3.5.30729; .NET CLR 2.0.50727; .NET CLR 3.0.30729)"
57.130.20.252 - - [29/Dec/2025:21:30:23 +0300] "POST /wp-login.php HTTP/2.0" 200 4920 "https://levasheva.ru/wp-login.php" "Mozilla/4.0 (compatible; MSIE 7.0; Windows NT 6.3; WOW64; Trident/7.0; Touch; .NET4.0E; .NET4.0C; Tablet PC 2.0; .NET CLR 3.5.30729; .NET CLR 2.0.50727; .NET CLR 3.0.30729)"
198.244.168.178 - - [29/Dec/2025:21:35:35 +0300] "GET /author/891rpm/page/2/ HTTP/2.0" 200 4920 "-" "Mozilla/5.0 (compatible; AhrefsBot/7.0; +http://ahrefs.com/robot/)"
160.250.187.4 - - [29/Dec/2025:21:36:46 +0300] "GET /wp-login.php HTTP/2.0" 200 4920 "-" "Mozilla/5.0 (X11; Linux x86_64; rv:61.0) Gecko/20100101 Firefox/61.0"
160.250.187.4 - - [29/Dec/2025:21:36:47 +0300] "POST /wp-login.php HTTP/2.0" 200 4920 "https://levasheva.ru/wp-login.php" "Mozilla/5.0 (X11; Linux x86_64; rv:61.0) Gecko/20100101 Firefox/61.0"
34.122.51.214 - - [29/Dec/2025:21:37:32 +0300] "HEAD /wp/ HTTP/1.1" 301 0 "-" "Mozilla/5.0 (Windows NT 10.0; Win64; x64; rv:127.0) Gecko/20100101 Firefox/127.0"
34.122.51.214 - - [29/Dec/2025:21:37:32 +0300] "HEAD /wp/ HTTP/2.0" 200 0 "http://levasheva.ru/wp/" "Mozilla/5.0 (Windows NT 10.0; Win64; x64; rv:127.0) Gecko/20100101 Firefox/127.0"
34.122.51.214 - - [29/Dec/2025:21:37:32 +0300] "HEAD /new/ HTTP/1.1" 301 0 "-" "Mozilla/5.0 (Linux; Android 11; moto g31) AppleWebKit/537.36 (KHTML, like Gecko) Chrome/122.0.6261.96 Mobile Safari/537.36"
34.122.51.214 - - [29/Dec/2025:21:37:33 +0300] "HEAD /new/ HTTP/2.0" 200 0 "http://levasheva.ru/new/" "Mozilla/5.0 (Linux; Android 11; moto g31) AppleWebKit/537.36 (KHTML, like Gecko) Chrome/122.0.6261.96 Mobile Safari/537.36"
34.122.51.214 - - [29/Dec/2025:21:37:33 +0300] "HEAD / HTTP/1.1" 301 0 "-" "Mozilla/5.0 (Linux; Android 13; Nokia G42 5G) AppleWebKit/537.36 (KHTML, like Gecko) Chrome/126.0.6478.41 Mobile Safari/537.36"
34.122.51.214 - - [29/Dec/2025:21:37:33 +0300] "HEAD / HTTP/2.0" 200 0 "http://levasheva.ru/" "Mozilla/5.0 (Linux; Android 13; Nokia G42 5G) AppleWebKit/537.36 (KHTML, like Gecko) Chrome/126.0.6478.41 Mobile Safari/537.36"
34.122.51.214 - - [29/Dec/2025:21:37:33 +0300] "HEAD /backup/ HTTP/1.1" 301 0 "-" "Mozilla/5.0 (Linux; Android 14; RMX3842) AppleWebKit/537.36 (KHTML, like Gecko) Chrome/126.0.6478.44 Mobile Safari/537.36"
34.122.51.214 - - [29/Dec/2025:21:37:33 +0300] "HEAD /backup/ HTTP/2.0" 200 0 "http://levasheva.ru/backup/" "Mozilla/5.0 (Linux; Android 14; RMX3842) AppleWebKit/537.36 (KHTML, like Gecko) Chrome/126.0.6478.44 Mobile Safari/537.36"
34.122.51.214 - - [29/Dec/2025:21:37:33 +0300] "HEAD /wordpress/ HTTP/1.1" 301 0 "-" "Mozilla/5.0 (Macintosh; Intel Mac OS X 13_5) AppleWebKit/605.1.15 (KHTML, like Gecko) Version/16.5 Safari/605.1.15"
34.122.51.214 - - [29/Dec/2025:21:37:33 +0300] "HEAD /wordpress/ HTTP/2.0" 200 0 "http://levasheva.ru/wordpress/" "Mozilla/5.0 (Macintosh; Intel Mac OS X 13_5) AppleWebKit/605.1.15 (KHTML, like Gecko) Version/16.5 Safari/605.1.15"
34.122.51.214 - - [29/Dec/2025:21:37:34 +0300] "HEAD /old/ HTTP/1.1" 301 0 "-" "Mozilla/5.0 (X11; Linux x86_64; rv:127.0) Gecko/20100101 Firefox/127.0"
34.122.51.214 - - [29/Dec/2025:21:37:34 +0300] "HEAD /old/ HTTP/2.0" 200 0 "http://levasheva.ru/old/" "Mozilla/5.0 (X11; Linux x86_64; rv:127.0) Gecko/20100101 Firefox/127.0"
34.122.51.214 - - [29/Dec/2025:21:37:34 +0300] "HEAD /blog/ HTTP/1.1" 301 0 "-" "Mozilla/5.0 (Windows NT 10.0; Win64; x64) AppleWebKit/537.36 (KHTML, like Gecko) Chrome/125.0.6422.112 Safari/537.36 Brave/1.63.120"
34.122.51.214 - - [29/Dec/2025:21:37:34 +0300] "HEAD /blog/ HTTP/2.0" 200 0 "http://levasheva.ru/blog/" "Mozilla/5.0 (Windows NT 10.0; Win64; x64) AppleWebKit/537.36 (KHTML, like Gecko) Chrome/125.0.6422.112 Safari/537.36 Brave/1.63.120"
116.179.32.138 - - [29/Dec/2025:21:39:14 +0300] "GET /news/page/7/ HTTP/1.1" 200 4933 "-" "Mozilla/5.0 (compatible; Baiduspider/2.0; +http://www.baidu.com/search/spider.html)"
49.7.227.204 - - [29/Dec/2025:21:40:54 +0300] "GET / HTTP/1.1" 301 162 "-" "Mozilla/5.0 (iPhone; CPU iPhone OS 13_2_3 like Mac OS X) AppleWebKit/605.1.15 (KHTML, like Gecko) Version/13.0.3 Mobile/15E148 Safari/604.1"
49.7.227.204 - - [29/Dec/2025:21:41:01 +0300] "GET / HTTP/1.1" 200 4933 "https://www.levasheva.ru/" "Mozilla/5.0 (iPhone; CPU iPhone OS 13_2_3 like Mac OS X) AppleWebKit/605.1.15 (KHTML, like Gecko) Version/13.0.3 Mobile/15E148 Safari/604.1"
184.168.111.27 - - [29/Dec/2025:21:42:57 +0300] "GET /wp-login.php HTTP/2.0" 200 4920 "-" "Mozilla/5.0 (Windows NT 6.2; ARM; Trident/7.0; Touch; rv:11.0; WPDesktop; NOKIA; Lumia 1520) like Gecko"
184.168.111.27 - - [29/Dec/2025:21:43:00 +0300] "POST /wp-login.php HTTP/2.0" 200 4920 "https://levasheva.ru/wp-login.php" "Mozilla/5.0 (Windows NT 6.2; ARM; Trident/7.0; Touch; rv:11.0; WPDesktop; NOKIA; Lumia 1520) like Gecko"
77.223.253.142 - - [29/Dec/2025:21:45:34 +0300] "GET /robots.txt HTTP/1.1" 200 4933 "-" "Mozilla/5.0 (Windows NT 10.0; Win64; x64) AppleWebKit/537.36 (KHTML, like Gecko) Chrome/114.0.0.0 Safari/537.36 Edg/114.0.1823.43"
87.250.224.56 - - [29/Dec/2025:21:48:16 +0300] "GET /robots.txt HTTP/1.1" 200 79147 "-" "Mozilla/5.0 (compatible; YandexBot/3.0; +http://yandex.com/bots)"
213.180.203.41 - - [29/Dec/2025:21:48:17 +0300] "GET /vystavka-chukotka-v-yaponskix-svitkax-v-anadyre/irina_levasheva_chukotka_34/ HTTP/1.1" 200 4933 "-" "Mozilla/5.0 (compatible; YandexBot/3.0; +http://yandex.com/bots)"
35.195.201.3 - - [29/Dec/2025:21:48:35 +0300] "GET /wp-login.php HTTP/2.0" 200 4920 "-" "Mozilla/5.0 (Windows NT 6.1; WOW64; rv:60.0) Gecko/20100101 Firefox/60.0"
35.195.201.3 - - [29/Dec/2025:21:48:36 +0300] "POST /wp-login.php HTTP/2.0" 200 4920 "https://levasheva.ru/wp-login.php" "Mozilla/5.0 (Windows NT 6.1; WOW64; rv:60.0) Gecko/20100101 Firefox/60.0"
185.191.171.1 - - [29/Dec/2025:21:53:12 +0300] "GET /robots.txt HTTP/1.1" 200 4933 "-" "Mozilla/5.0 (compatible; SemrushBot/7~bl; +http://www.semrush.com/bot.html)"
185.191.171.1 - - [29/Dec/2025:21:53:13 +0300] "GET /robots.txt HTTP/1.1" 200 4933 "-" "Mozilla/5.0 (compatible; SemrushBot/7~bl; +http://www.semrush.com/bot.html)"
185.191.171.6 - - [29/Dec/2025:21:53:13 +0300] "GET /author/891rpm/page/8/ HTTP/1.1" 200 4933 "-" "Mozilla/5.0 (compatible; SemrushBot/7~bl; +http://www.semrush.com/bot.html)"
185.191.171.6 - - [29/Dec/2025:21:53:14 +0300] "GET /author/891rpm/page/8/ HTTP/1.1" 200 4933 "-" "Mozilla/5.0 (compatible; SemrushBot/7~bl; +http://www.semrush.com/bot.html)"
51.89.129.67 - - [29/Dec/2025:21:55:06 +0300] "GET / HTTP/2.0" 200 4920 "-" "Mozilla/5.0 (compatible; AhrefsBot/7.0; +http://ahrefs.com/robot/)"
170.246.173.32 - - [29/Dec/2025:21:55:08 +0300] "GET /wp-login.php HTTP/2.0" 200 4920 "-" "Mozilla/5.0 (Windows NT 10.0) AppleWebKit/537.36 (KHTML, like Gecko) Chrome/66.0.3359.181 Safari/537.36"
170.246.173.32 - - [29/Dec/2025:21:55:11 +0300] "POST /wp-login.php HTTP/2.0" 200 4920 "https://levasheva.ru/wp-login.php" "Mozilla/5.0 (Windows NT 10.0) AppleWebKit/537.36 (KHTML, like Gecko) Chrome/66.0.3359.181 Safari/537.36"
199.188.199.61 - - [29/Dec/2025:21:56:02 +0300] "POST /xmlrpc.php HTTP/1.1" 200 79147 "-" "Mozilla/5.0 (Windows NT 10.0; Win64; x64; rv:57.0) Gecko/20100101 Firefox/57.0"
46.226.10.67 - - [29/Dec/2025:21:56:02 +0300] "POST /xmlrpc.php HTTP/1.1" 200 79147 "-" "Mozilla/5.0 (Windows NT 6.1; Win64; x64; rv:58.0) Gecko/20100101 Firefox/58.0"
46.226.10.67 - - [29/Dec/2025:21:56:02 +0300] "POST /xmlrpc.php HTTP/1.1" 200 79147 "-" "Mozilla/5.0 (Windows NT 6.1; Win64; x64; rv:58.0) Gecko/20100101 Firefox/58.0"
199.188.199.61 - - [29/Dec/2025:21:56:03 +0300] "POST /xmlrpc.php HTTP/1.1" 200 79147 "-" "Mozilla/5.0 (Windows NT 10.0; Win64; x64; rv:57.0) Gecko/20100101 Firefox/57.0"
46.226.10.67 - - [29/Dec/2025:21:56:03 +0300] "POST /xmlrpc.php HTTP/1.1" 200 79147 "-" "Mozilla/5.0 (Windows NT 6.1; Win64; x64; rv:58.0) Gecko/20100101 Firefox/58.0"
199.188.199.61 - - [29/Dec/2025:21:56:03 +0300] "POST /xmlrpc.php HTTP/1.1" 200 79147 "-" "Mozilla/5.0 (Windows NT 10.0; Win64; x64; rv:57.0) Gecko/20100101 Firefox/57.0"
46.226.10.67 - - [29/Dec/2025:21:56:03 +0300] "POST /xmlrpc.php HTTP/1.1" 200 79147 "-" "Mozilla/5.0 (Windows NT 6.1; Win64; x64; rv:58.0) Gecko/20100101 Firefox/58.0"
199.188.199.61 - - [29/Dec/2025:21:56:03 +0300] "POST /xmlrpc.php HTTP/1.1" 200 79147 "-" "Mozilla/5.0 (Windows NT 10.0; Win64; x64; rv:57.0) Gecko/20100101 Firefox/57.0"
46.226.10.67 - - [29/Dec/2025:21:56:04 +0300] "POST /xmlrpc.php HTTP/1.1" 200 79147 "-" "Mozilla/5.0 (Windows NT 6.1; Win64; x64; rv:58.0) Gecko/20100101 Firefox/58.0"
199.188.199.61 - - [29/Dec/2025:21:56:04 +0300] "POST /xmlrpc.php HTTP/1.1" 200 79147 "-" "Mozilla/5.0 (Windows NT 10.0; Win64; x64; rv:57.0) Gecko/20100101 Firefox/57.0"
46.226.10.67 - - [29/Dec/2025:21:56:04 +0300] "POST /xmlrpc.php HTTP/1.1" 200 79147 "-" "Mozilla/5.0 (Windows NT 6.1; Win64; x64; rv:58.0) Gecko/20100101 Firefox/58.0"
199.188.199.61 - - [29/Dec/2025:21:56:04 +0300] "POST /xmlrpc.php HTTP/1.1" 200 79147 "-" "Mozilla/5.0 (Windows NT 10.0; Win64; x64; rv:57.0) Gecko/20100101 Firefox/57.0"
46.226.10.67 - - [29/Dec/2025:21:56:04 +0300] "POST /xmlrpc.php HTTP/1.1" 200 79147 "-" "Mozilla/5.0 (Windows NT 6.1; Win64; x64; rv:58.0) Gecko/20100101 Firefox/58.0"
199.188.199.61 - - [29/Dec/2025:21:56:05 +0300] "POST /xmlrpc.php HTTP/1.1" 200 79147 "-" "Mozilla/5.0 (Windows NT 10.0; Win64; x64; rv:57.0) Gecko/20100101 Firefox/57.0"
46.226.10.67 - - [29/Dec/2025:21:56:05 +0300] "POST /xmlrpc.php HTTP/1.1" 200 79147 "-" "Mozilla/5.0 (Windows NT 6.1; Win64; x64; rv:58.0) Gecko/20100101 Firefox/58.0"
199.188.199.61 - - [29/Dec/2025:21:56:05 +0300] "POST /xmlrpc.php HTTP/1.1" 200 79147 "-" "Mozilla/5.0 (Windows NT 10.0; Win64; x64; rv:57.0) Gecko/20100101 Firefox/57.0"
46.226.10.67 - - [29/Dec/2025:21:56:05 +0300] "POST /xmlrpc.php HTTP/1.1" 200 79147 "-" "Mozilla/5.0 (Windows NT 6.1; Win64; x64; rv:58.0) Gecko/20100101 Firefox/58.0"
46.226.10.67 - - [29/Dec/2025:21:56:06 +0300] "POST /xmlrpc.php HTTP/1.1" 200 79147 "-" "Mozilla/5.0 (Windows NT 6.1; Win64; x64; rv:58.0) Gecko/20100101 Firefox/58.0"
199.188.199.61 - - [29/Dec/2025:21:56:06 +0300] "POST /xmlrpc.php HTTP/1.1" 200 79147 "-" "Mozilla/5.0 (Windows NT 10.0; Win64; x64; rv:57.0) Gecko/20100101 Firefox/57.0"
199.188.199.61 - - [29/Dec/2025:21:56:06 +0300] "POST /xmlrpc.php HTTP/1.1" 200 79147 "-" "Mozilla/5.0 (Windows NT 10.0; Win64; x64; rv:57.0) Gecko/20100101 Firefox/57.0"
88.198.14.6 - - [29/Dec/2025:21:56:18 +0300] "POST /xmlrpc.php HTTP/1.1" 200 79147 "-" "Mozilla/5.0 (Windows NT 10.0; Win64; x64) AppleWebKit/537.36 (KHTML, like Gecko) Chrome/87.0.4280.141 Safari/537.36"
88.198.14.6 - - [29/Dec/2025:21:56:18 +0300] "POST /xmlrpc.php HTTP/1.1" 200 79147 "-" "Mozilla/5.0 (Windows NT 10.0; Win64; x64) AppleWebKit/537.36 (KHTML, like Gecko) Chrome/87.0.4280.141 Safari/537.36"
88.198.14.6 - - [29/Dec/2025:21:56:19 +0300] "POST /xmlrpc.php HTTP/1.1" 200 79147 "-" "Mozilla/5.0 (Windows NT 10.0; Win64; x64) AppleWebKit/537.36 (KHTML, like Gecko) Chrome/87.0.4280.141 Safari/537.36"
88.198.14.6 - - [29/Dec/2025:21:56:19 +0300] "POST /xmlrpc.php HTTP/1.1" 200 79147 "-" "Mozilla/5.0 (Windows NT 10.0; Win64; x64) AppleWebKit/537.36 (KHTML, like Gecko) Chrome/87.0.4280.141 Safari/537.36"
88.198.14.6 - - [29/Dec/2025:21:56:20 +0300] "POST /xmlrpc.php HTTP/1.1" 200 79147 "-" "Mozilla/5.0 (Windows NT 10.0; Win64; x64) AppleWebKit/537.36 (KHTML, like Gecko) Chrome/87.0.4280.141 Safari/537.36"
88.198.14.6 - - [29/Dec/2025:21:56:20 +0300] "POST /xmlrpc.php HTTP/1.1" 200 79147 "-" "Mozilla/5.0 (Windows NT 10.0; Win64; x64) AppleWebKit/537.36 (KHTML, like Gecko) Chrome/87.0.4280.141 Safari/537.36"
88.198.14.6 - - [29/Dec/2025:21:56:21 +0300] "POST /xmlrpc.php HTTP/1.1" 200 79147 "-" "Mozilla/5.0 (Windows NT 10.0; Win64; x64) AppleWebKit/537.36 (KHTML, like Gecko) Chrome/87.0.4280.141 Safari/537.36"
88.198.14.6 - - [29/Dec/2025:21:56:21 +0300] "POST /xmlrpc.php HTTP/1.1" 200 79147 "-" "Mozilla/5.0 (Windows NT 10.0; Win64; x64) AppleWebKit/537.36 (KHTML, like Gecko) Chrome/87.0.4280.141 Safari/537.36"
88.198.14.6 - - [29/Dec/2025:21:56:22 +0300] "POST /xmlrpc.php HTTP/1.1" 200 79147 "-" "Mozilla/5.0 (Windows NT 10.0; Win64; x64) AppleWebKit/537.36 (KHTML, like Gecko) Chrome/87.0.4280.141 Safari/537.36"
88.198.14.6 - - [29/Dec/2025:21:56:22 +0300] "POST /xmlrpc.php HTTP/1.1" 200 79147 "-" "Mozilla/5.0 (Windows NT 10.0; Win64; x64) AppleWebKit/537.36 (KHTML, like Gecko) Chrome/87.0.4280.141 Safari/537.36"
162.243.46.26 - - [29/Dec/2025:21:56:31 +0300] "POST /xmlrpc.php HTTP/1.1" 200 79147 "-" "Mozilla/5.0 (Linux; Android 10; SM-G960U) AppleWebKit/537.36 (KHTML, like Gecko) Chrome/91.0.4472.114 Mobile Safari/537.36"
162.243.46.26 - - [29/Dec/2025:21:56:35 +0300] "POST /xmlrpc.php HTTP/1.1" 200 79147 "-" "Mozilla/5.0 (Linux; Android 10; SM-G960U) AppleWebKit/537.36 (KHTML, like Gecko) Chrome/91.0.4472.114 Mobile Safari/537.36"
162.243.46.26 - - [29/Dec/2025:21:56:36 +0300] "POST /xmlrpc.php HTTP/1.1" 200 79147 "-" "Mozilla/5.0 (Linux; Android 10; SM-G960U) AppleWebKit/537.36 (KHTML, like Gecko) Chrome/91.0.4472.114 Mobile Safari/537.36"
162.243.46.26 - - [29/Dec/2025:21:56:37 +0300] "POST /xmlrpc.php HTTP/1.1" 200 79147 "-" "Mozilla/5.0 (Linux; Android 10; SM-G960U) AppleWebKit/537.36 (KHTML, like Gecko) Chrome/91.0.4472.114 Mobile Safari/537.36"
162.243.46.26 - - [29/Dec/2025:21:56:39 +0300] "POST /xmlrpc.php HTTP/1.1" 200 79147 "-" "Mozilla/5.0 (Linux; Android 10; SM-G960U) AppleWebKit/537.36 (KHTML, like Gecko) Chrome/91.0.4472.114 Mobile Safari/537.36"
162.243.46.26 - - [29/Dec/2025:21:56:41 +0300] "POST /xmlrpc.php HTTP/1.1" 200 79147 "-" "Mozilla/5.0 (Linux; Android 10; SM-G960U) AppleWebKit/537.36 (KHTML, like Gecko) Chrome/91.0.4472.114 Mobile Safari/537.36"
162.243.46.26 - - [29/Dec/2025:21:56:45 +0300] "POST /xmlrpc.php HTTP/1.1" 200 79147 "-" "Mozilla/5.0 (Linux; Android 10; SM-G960U) AppleWebKit/537.36 (KHTML, like Gecko) Chrome/91.0.4472.114 Mobile Safari/537.36"
162.243.46.26 - - [29/Dec/2025:21:56:46 +0300] "POST /xmlrpc.php HTTP/1.1" 200 79147 "-" "Mozilla/5.0 (Linux; Android 10; SM-G960U) AppleWebKit/537.36 (KHTML, like Gecko) Chrome/91.0.4472.114 Mobile Safari/537.36"
162.243.46.26 - - [29/Dec/2025:21:56:49 +0300] "POST /xmlrpc.php HTTP/1.1" 200 79147 "-" "Mozilla/5.0 (Linux; Android 10; SM-G960U) AppleWebKit/537.36 (KHTML, like Gecko) Chrome/91.0.4472.114 Mobile Safari/537.36"
162.243.46.26 - - [29/Dec/2025:21:56:52 +0300] "POST /xmlrpc.php HTTP/1.1" 200 79147 "-" "Mozilla/5.0 (Linux; Android 10; SM-G960U) AppleWebKit/537.36 (KHTML, like Gecko) Chrome/91.0.4472.114 Mobile Safari/537.36"
198.244.226.87 - - [29/Dec/2025:21:57:08 +0300] "GET /sitemap_index.xml HTTP/2.0" 200 4920 "-" "Mozilla/5.0 (compatible; AhrefsBot/7.0; +http://ahrefs.com/robot/)"
192.64.112.17 - - [29/Dec/2025:21:57:45 +0300] "POST /xmlrpc.php HTTP/1.1" 200 79147 "-" "Mozilla/5.0 (Windows NT 10.0; Win64; x64) AppleWebKit/537.36 (KHTML, like Gecko) Chrome/79.0.3945.117 Safari/537.36"
192.64.112.17 - - [29/Dec/2025:21:57:47 +0300] "POST /xmlrpc.php HTTP/1.1" 200 79147 "-" "Mozilla/5.0 (Windows NT 10.0; Win64; x64) AppleWebKit/537.36 (KHTML, like Gecko) Chrome/79.0.3945.117 Safari/537.36"
192.64.112.17 - - [29/Dec/2025:21:57:48 +0300] "POST /xmlrpc.php HTTP/1.1" 200 79147 "-" "Mozilla/5.0 (Windows NT 10.0; Win64; x64) AppleWebKit/537.36 (KHTML, like Gecko) Chrome/79.0.3945.117 Safari/537.36"
192.64.112.17 - - [29/Dec/2025:21:57:50 +0300] "POST /xmlrpc.php HTTP/1.1" 200 79147 "-" "Mozilla/5.0 (Windows NT 10.0; Win64; x64) AppleWebKit/537.36 (KHTML, like Gecko) Chrome/79.0.3945.117 Safari/537.36"
192.64.112.17 - - [29/Dec/2025:21:57:52 +0300] "POST /xmlrpc.php HTTP/1.1" 200 79147 "-" "Mozilla/5.0 (Windows NT 10.0; Win64; x64) AppleWebKit/537.36 (KHTML, like Gecko) Chrome/79.0.3945.117 Safari/537.36"
192.64.112.17 - - [29/Dec/2025:21:57:53 +0300] "POST /xmlrpc.php HTTP/1.1" 200 79147 "-" "Mozilla/5.0 (Windows NT 10.0; Win64; x64) AppleWebKit/537.36 (KHTML, like Gecko) Chrome/79.0.3945.117 Safari/537.36"
192.64.112.17 - - [29/Dec/2025:21:57:55 +0300] "POST /xmlrpc.php HTTP/1.1" 200 79147 "-" "Mozilla/5.0 (Windows NT 10.0; Win64; x64) AppleWebKit/537.36 (KHTML, like Gecko) Chrome/79.0.3945.117 Safari/537.36"
192.64.112.17 - - [29/Dec/2025:21:57:56 +0300] "POST /xmlrpc.php HTTP/1.1" 200 79147 "-" "Mozilla/5.0 (Windows NT 10.0; Win64; x64) AppleWebKit/537.36 (KHTML, like Gecko) Chrome/79.0.3945.117 Safari/537.36"
192.64.112.17 - - [29/Dec/2025:21:57:58 +0300] "POST /xmlrpc.php HTTP/1.1" 200 79147 "-" "Mozilla/5.0 (Windows NT 10.0; Win64; x64) AppleWebKit/537.36 (KHTML, like Gecko) Chrome/79.0.3945.117 Safari/537.36"
192.64.112.17 - - [29/Dec/2025:21:57:59 +0300] "POST /xmlrpc.php HTTP/1.1" 200 79147 "-" "Mozilla/5.0 (Windows NT 10.0; Win64; x64) AppleWebKit/537.36 (KHTML, like Gecko) Chrome/79.0.3945.117 Safari/537.36"
132.148.185.26 - - [29/Dec/2025:21:58:24 +0300] "POST /xmlrpc.php HTTP/1.1" 200 79147 "-" "Mozilla/5.0 (Windows NT 10.0; Win64; x64) AppleWebKit/537.36 (KHTML, like Gecko) Chrome/64.0.3282.186 Safari/537.36"
132.148.185.26 - - [29/Dec/2025:21:58:25 +0300] "POST /xmlrpc.php HTTP/1.1" 200 79147 "-" "Mozilla/5.0 (Windows NT 10.0; Win64; x64) AppleWebKit/537.36 (KHTML, like Gecko) Chrome/64.0.3282.186 Safari/537.36"
132.148.185.26 - - [29/Dec/2025:21:58:26 +0300] "POST /xmlrpc.php HTTP/1.1" 200 79147 "-" "Mozilla/5.0 (Windows NT 10.0; Win64; x64) AppleWebKit/537.36 (KHTML, like Gecko) Chrome/64.0.3282.186 Safari/537.36"
132.148.185.26 - - [29/Dec/2025:21:58:27 +0300] "POST /xmlrpc.php HTTP/1.1" 200 79147 "-" "Mozilla/5.0 (Windows NT 10.0; Win64; x64) AppleWebKit/537.36 (KHTML, like Gecko) Chrome/64.0.3282.186 Safari/537.36"
132.148.185.26 - - [29/Dec/2025:21:58:28 +0300] "POST /xmlrpc.php HTTP/1.1" 200 79147 "-" "Mozilla/5.0 (Windows NT 10.0; Win64; x64) AppleWebKit/537.36 (KHTML, like Gecko) Chrome/64.0.3282.186 Safari/537.36"
132.148.185.26 - - [29/Dec/2025:21:58:29 +0300] "POST /xmlrpc.php HTTP/1.1" 200 79147 "-" "Mozilla/5.0 (Windows NT 10.0; Win64; x64) AppleWebKit/537.36 (KHTML, like Gecko) Chrome/64.0.3282.186 Safari/537.36"
132.148.185.26 - - [29/Dec/2025:21:58:30 +0300] "POST /xmlrpc.php HTTP/1.1" 200 79147 "-" "Mozilla/5.0 (Windows NT 10.0; Win64; x64) AppleWebKit/537.36 (KHTML, like Gecko) Chrome/64.0.3282.186 Safari/537.36"
132.148.185.26 - - [29/Dec/2025:21:58:31 +0300] "POST /xmlrpc.php HTTP/1.1" 200 79147 "-" "Mozilla/5.0 (Windows NT 10.0; Win64; x64) AppleWebKit/537.36 (KHTML, like Gecko) Chrome/64.0.3282.186 Safari/537.36"
132.148.185.26 - - [29/Dec/2025:21:58:32 +0300] "POST /xmlrpc.php HTTP/1.1" 200 79147 "-" "Mozilla/5.0 (Windows NT 10.0; Win64; x64) AppleWebKit/537.36 (KHTML, like Gecko) Chrome/64.0.3282.186 Safari/537.36"
132.148.185.26 - - [29/Dec/2025:21:58:33 +0300] "POST /xmlrpc.php HTTP/1.1" 200 79147 "-" "Mozilla/5.0 (Windows NT 10.0; Win64; x64) AppleWebKit/537.36 (KHTML, like Gecko) Chrome/64.0.3282.186 Safari/537.36"
51.89.129.2 - - [29/Dec/2025:21:59:25 +0300] "GET /buy/?pilihan&path=/var/www/levasheva.ru/public HTTP/2.0" 200 4920 "-" "Mozilla/5.0 (compatible; AhrefsBot/7.0; +http://ahrefs.com/robot/)"
97.74.92.57 - - [29/Dec/2025:21:59:34 +0300] "POST /xmlrpc.php HTTP/1.1" 200 79147 "-" "Mozilla/5.0 (Windows NT 10.0; Win64; x64; rv:78.0) Gecko/20100101 Firefox/78.0"
51.195.183.90 - - [29/Dec/2025:22:01:31 +0300] "GET /buy/?path=/var/www/levasheva.ru/public/wp-includes HTTP/2.0" 200 14753 "-" "Mozilla/5.0 (compatible; AhrefsBot/7.0; +http://ahrefs.com/robot/)"
87.250.224.208 - - [29/Dec/2025:22:03:20 +0300] "GET /robots.txt HTTP/1.1" 301 162 "-" "Mozilla/5.0 (compatible; YandexBot/3.0; +http://yandex.com/bots)"
87.250.224.208 - - [29/Dec/2025:22:03:21 +0300] "GET /robots.txt HTTP/1.1" 200 79147 "-" "Mozilla/5.0 (compatible; YandexBot/3.0; +http://yandex.com/bots)"
213.180.203.107 - - [29/Dec/2025:22:03:21 +0300] "GET / HTTP/1.1" 301 162 "-" "Mozilla/5.0 (compatible; YandexMetrika/2.0; +http://yandex.com/bots yabs01)"
213.180.203.73 - - [29/Dec/2025:22:03:21 +0300] "GET / HTTP/1.1" 200 4933 "-" "Mozilla/5.0 (compatible; YandexMetrika/2.0; +http://yandex.com/bots yabs01)"
198.244.168.175 - - [29/Dec/2025:22:05:04 +0300] "GET /buy/?path=/var/www/levasheva.ru/public/wp-content HTTP/2.0" 200 3304 "-" "Mozilla/5.0 (compatible; AhrefsBot/7.0; +http://ahrefs.com/robot/)"
216.73.216.89 - - [29/Dec/2025:22:05:38 +0300] "GET /robots.txt HTTP/2.0" 200 4920 "-" "Mozilla/5.0 AppleWebKit/537.36 (KHTML, like Gecko; compatible; ClaudeBot/1.0; +claudebot@anthropic.com)"
216.73.216.89 - - [29/Dec/2025:22:05:38 +0300] "GET /?p=1626 HTTP/2.0" 200 4920 "-" "Mozilla/5.0 AppleWebKit/537.36 (KHTML, like Gecko; compatible; ClaudeBot/1.0; +claudebot@anthropic.com)"
57.130.20.252 - - [29/Dec/2025:22:07:52 +0300] "POST /xmlrpc.php HTTP/2.0" 200 4920 "-" "Mozilla/4.0 (compatible; MSIE 7.0; Windows NT 6.1; Trident/7.0; SLCC2; .NET CLR 2.0.50727; .NET CLR 3.5.30729; .NET CLR 3.0.30729; .NET4.0C; .NET4.0E; Media Center PC 6.0; InfoPath.3; BRI/2)"
57.130.20.252 - - [29/Dec/2025:22:08:02 +0300] "POST /xmlrpc.php HTTP/2.0" 200 4920 "-" "Mozilla/4.0 (compatible; MSIE 7.0; Windows NT 6.1; Trident/7.0; SLCC2; .NET CLR 2.0.50727; .NET CLR 3.5.30729; .NET CLR 3.0.30729; .NET4.0C; .NET4.0E; Media Center PC 6.0; InfoPath.3; BRI/2)"
103.231.202.90 - - [29/Dec/2025:22:08:21 +0300] "GET /wp-login.php HTTP/2.0" 200 4920 "-" "Mozilla/5.0 (Windows NT 6.3; Trident/7.0; rv:11.0) like Gecko"
103.231.202.90 - - [29/Dec/2025:22:08:28 +0300] "POST /wp-login.php HTTP/2.0" 200 4920 "https://levasheva.ru/wp-login.php" "Mozilla/5.0 (Windows NT 6.3; Trident/7.0; rv:11.0) like Gecko"
51.195.244.224 - - [29/Dec/2025:22:08:53 +0300] "GET /buy/?path=/var/www/levasheva.ru/public/wp-admin HTTP/2.0" 200 7332 "-" "Mozilla/5.0 (compatible; AhrefsBot/7.0; +http://ahrefs.com/robot/)"
207.46.13.168 - - [29/Dec/2025:22:10:41 +0300] "GET /sitemap_index.xml HTTP/2.0" 200 4920 "-" "Mozilla/5.0 AppleWebKit/537.36 (KHTML, like Gecko; compatible; bingbot/2.0; +http://www.bing.com/bingbot.htm) Chrome/116.0.1938.76 Safari/537.36"
198.244.242.32 - - [29/Dec/2025:22:11:49 +0300] "GET /buy/?path=/var/www/levasheva.ru/public/.tmb HTTP/2.0" 200 4625 "-" "Mozilla/5.0 (compatible; AhrefsBot/7.0; +http://ahrefs.com/robot/)"
5.135.139.120 - - [29/Dec/2025:22:12:37 +0300] "POST /xmlrpc.php HTTP/1.1" 200 4933 "-" "Mozilla/5.0 (Windows NT 10.0; Win64; x64; rv:67.0) Gecko/20100101 Firefox/67.0"
66.249.70.107 - - [29/Dec/2025:22:12:49 +0300] "GET /robots.txt HTTP/1.1" 200 4933 "-" "Mozilla/5.0 (compatible; Googlebot/2.1; +http://www.google.com/bot.html)"
66.249.70.106 - - [29/Dec/2025:22:12:50 +0300] "GET /vystavka-chukotka-v-yaponskix-svitkax-v-anadyre/ HTTP/1.1" 200 4933 "-" "Mozilla/5.0 (Linux; Android 6.0.1; Nexus 5X Build/MMB29P) AppleWebKit/537.36 (KHTML, like Gecko) Chrome/141.0.7390.122 Mobile Safari/537.36 (compatible; Googlebot/2.1; +http://www.google.com/bot.html)"
114.119.156.140 - - [29/Dec/2025:22:12:54 +0300] "GET /vystavka-krasota-yaponskoj-tushi-monoxromnaya-zhivopis-sujbokuga-v-gorode-pevek-na-chukotke/ HTTP/1.1" 200 4933 "https://levasheva.ru/" "Mozilla/5.0 (Linux; Android 7.0;) AppleWebKit/537.36 (KHTML, like Gecko) Mobile Safari/537.36 (compatible; PetalBot;+https://webmaster.petalsearch.com/site/petalbot)"
34.70.154.6 - - [29/Dec/2025:22:13:34 +0300] "GET / HTTP/1.1" 301 162 "-" "Mozilla/5.0 (iPhone; CPU iPhone OS 18_3_2 like Mac OS X) AppleWebKit/605.1.15 (KHTML, like Gecko) CriOS/135.0.7049.53 Mobile/15E148 Safari/604.1"
34.70.154.6 - - [29/Dec/2025:22:13:35 +0300] "GET / HTTP/1.1" 200 4933 "-" "Mozilla/5.0 (iPhone; CPU iPhone OS 18_3_2 like Mac OS X) AppleWebKit/605.1.15 (KHTML, like Gecko) CriOS/135.0.7049.53 Mobile/15E148 Safari/604.1"
51.195.244.94 - - [29/Dec/2025:22:15:14 +0300] "GET /buy/?path=/var/www/levasheva.ru/public HTTP/2.0" 200 4920 "-" "Mozilla/5.0 (compatible; AhrefsBot/7.0; +http://ahrefs.com/robot/)"
51.89.129.144 - - [29/Dec/2025:22:18:39 +0300] "GET /buy/?path=/var/www/levasheva.ru HTTP/2.0" 200 2952 "-" "Mozilla/5.0 (compatible; AhrefsBot/7.0; +http://ahrefs.com/robot/)"
223.204.91.144 - - [29/Dec/2025:22:20:48 +0300] "GET /wp-json/wp/v2/posts HTTP/1.1" 301 162 "-" "Mozilla/5.0 (Windows NT 10.0; Win64; x64) AppleWebKit/537.36 (KHTML, like Gecko) Chrome/120.0.0.0 Safari/537.36"
216.73.216.89 - - [29/Dec/2025:22:24:50 +0300] "GET /sitemap_index.xml HTTP/2.0" 200 4920 "-" "Mozilla/5.0 AppleWebKit/537.36 (KHTML, like Gecko; compatible; ClaudeBot/1.0; +claudebot@anthropic.com)"
198.244.240.92 - - [29/Dec/2025:22:25:06 +0300] "GET /buy/?path=/var/www HTTP/2.0" 200 3028 "-" "Mozilla/5.0 (compatible; AhrefsBot/7.0; +http://ahrefs.com/robot/)"
92.204.55.244 - - [29/Dec/2025:22:25:47 +0300] "POST /xmlrpc.php HTTP/2.0" 200 4920 "-" "Mozilla/5.0 (Windows NT 10.0; WOW64; Trident/7.0; EIE10;ENUSMSN; rv:11.0) like Gecko"
92.204.55.244 - - [29/Dec/2025:22:25:57 +0300] "POST /xmlrpc.php HTTP/2.0" 200 4920 "-" "Mozilla/5.0 (Windows NT 10.0; WOW64; Trident/7.0; EIE10;ENUSMSN; rv:11.0) like Gecko"
92.204.55.244 - - [29/Dec/2025:22:26:08 +0300] "POST /xmlrpc.php HTTP/2.0" 200 4920 "-" "Mozilla/5.0 (Windows NT 10.0; WOW64; Trident/7.0; EIE10;ENUSMSN; rv:11.0) like Gecko"
92.204.55.244 - - [29/Dec/2025:22:26:17 +0300] "POST /xmlrpc.php HTTP/2.0" 200 4920 "-" "Mozilla/5.0 (Windows NT 10.0; WOW64; Trident/7.0; EIE10;ENUSMSN; rv:11.0) like Gecko"
31.12.92.78 - - [29/Dec/2025:22:30:23 +0300] "GET /about HTTP/1.1" 301 162 "-" "Mozilla/5.0 (keys-so-bot)"
