130.12.182.47 - - [29/Dec/2025:22:57:20 +0300] "GET /wp-admin/profile.php HTTP/1.1" 200 7345 "https://levasheva.ru/wp-login.php" "Mozilla/5.0 (X11; Linux x86_64) AppleWebKit/537.36 (KHTML, like Gecko) Chrome/120.0.0.0 Safari/537.36"
130.12.182.47 - - [29/Dec/2025:22:57:20 +0300] "GET /wp-admin/edit.php HTTP/1.1" 200 7345 "https://levasheva.ru/wp-login.php" "Mozilla/5.0 (X11; Linux x86_64) AppleWebKit/537.36 (KHTML, like Gecko) Chrome/120.0.0.0 Safari/537.36"
4.194.64.166 - - [29/Dec/2025:22:57:20 +0300] "GET /new.php HTTP/1.1" 301 162 "https://www.yahoo.com/" "Mozilla/5.0 (Linux; Android 11; 21081111RG) AppleWebKit/537.36 (KHTML, like Gecko) Chrome/116.0.0.0 Mobile Safari/537.36"
130.12.182.47 - - [29/Dec/2025:22:57:21 +0300] "GET /wp-admin/plugins.php HTTP/1.1" 200 7345 "https://levasheva.ru/wp-login.php" "Mozilla/5.0 (X11; Linux x86_64) AppleWebKit/537.36 (KHTML, like Gecko) Chrome/120.0.0.0 Safari/537.36"
130.12.182.47 - - [29/Dec/2025:22:57:21 +0300] "POST /wp-login.php HTTP/1.1" 200 4933 "https://levasheva.ru/wp-login.php" "Mozilla/5.0 (Windows NT 11.0; Win64; x64) AppleWebKit/537.36 (KHTML, like Gecko) Chrome/120.0.0.0 Safari/537.36"
4.194.64.166 - - [29/Dec/2025:22:57:21 +0300] "GET /new.php HTTP/1.1" 200 79147 "https://www.yahoo.com/" "Mozilla/5.0 (Linux; Android 11; 21081111RG) AppleWebKit/537.36 (KHTML, like Gecko) Chrome/116.0.0.0 Mobile Safari/537.36"
130.12.182.47 - - [29/Dec/2025:22:57:21 +0300] "GET /wp-admin/index.php HTTP/1.1" 200 7345 "https://levasheva.ru/wp-login.php" "Mozilla/5.0 (Macintosh; Intel Mac OS X 13_6_1) AppleWebKit/537.36 (KHTML, like Gecko) Chrome/119.0.0.0 Safari/537.36"
130.12.182.47 - - [29/Dec/2025:22:57:21 +0300] "GET /wp-admin/profile.php HTTP/1.1" 200 7345 "https://levasheva.ru/wp-login.php" "Mozilla/5.0 (Macintosh; Intel Mac OS X 13_6_1) AppleWebKit/537.36 (KHTML, like Gecko) Chrome/119.0.0.0 Safari/537.36"
4.194.64.166 - - [29/Dec/2025:22:57:21 +0300] "GET /php.php HTTP/1.1" 301 162 "https://www.google.com/" "Mozilla/5.0 (iPhone; CPU iPhone OS 17_0_3 like Mac OS X) AppleWebKit/605.1.15 (KHTML, like Gecko) Version/17.0.1 Mobile/15E148 Safari/604.1"
130.12.182.47 - - [29/Dec/2025:22:57:21 +0300] "GET /wp-admin/edit.php HTTP/1.1" 200 7345 "https://levasheva.ru/wp-login.php" "Mozilla/5.0 (Macintosh; Intel Mac OS X 13_6_1) AppleWebKit/537.36 (KHTML, like Gecko) Chrome/119.0.0.0 Safari/537.36"
130.12.182.47 - - [29/Dec/2025:22:57:21 +0300] "GET /wp-admin/plugins.php HTTP/1.1" 200 7345 "https://levasheva.ru/wp-login.php" "Mozilla/5.0 (Macintosh; Intel Mac OS X 13_6_1) AppleWebKit/537.36 (KHTML, like Gecko) Chrome/119.0.0.0 Safari/537.36"
4.194.64.166 - - [29/Dec/2025:22:57:21 +0300] "GET /php.php HTTP/1.1" 200 79147 "https://www.google.com/" "Mozilla/5.0 (iPhone; CPU iPhone OS 17_0_3 like Mac OS X) AppleWebKit/605.1.15 (KHTML, like Gecko) Version/17.0.1 Mobile/15E148 Safari/604.1"
130.12.182.47 - - [29/Dec/2025:22:57:21 +0300] "POST /wp-login.php HTTP/1.1" 200 4933 "https://levasheva.ru/wp-login.php" "Mozilla/5.0 (Macintosh; Intel Mac OS X 13_6_1) AppleWebKit/537.36 (KHTML, like Gecko) Chrome/121.0.0.0 Safari/537.36"
130.12.182.47 - - [29/Dec/2025:22:57:21 +0300] "GET /wp-admin/index.php HTTP/1.1" 200 7345 "https://levasheva.ru/wp-login.php" "Mozilla/5.0 (X11; Linux x86_64) AppleWebKit/537.36 (KHTML, like Gecko) Chrome/118.0.0.0 Safari/537.36"
4.194.64.166 - - [29/Dec/2025:22:57:21 +0300] "GET /phpmailer.lang-sv.php HTTP/1.1" 301 162 "https://www.google.de/" "Mozilla/5.0 (Linux; Android 12; 2201116SG) AppleWebKit/537.36 (KHTML, like Gecko) Chrome/116.0.0.0 Mobile Safari/537.36"
130.12.182.47 - - [29/Dec/2025:22:57:21 +0300] "GET /wp-admin/profile.php HTTP/1.1" 200 7345 "https://levasheva.ru/wp-login.php" "Mozilla/5.0 (X11; Linux x86_64) AppleWebKit/537.36 (KHTML, like Gecko) Chrome/118.0.0.0 Safari/537.36"
130.12.182.47 - - [29/Dec/2025:22:57:21 +0300] "GET /wp-admin/edit.php HTTP/1.1" 200 7345 "https://levasheva.ru/wp-login.php" "Mozilla/5.0 (X11; Linux x86_64) AppleWebKit/537.36 (KHTML, like Gecko) Chrome/118.0.0.0 Safari/537.36"
4.194.64.166 - - [29/Dec/2025:22:57:21 +0300] "GET /phpmailer.lang-sv.php HTTP/1.1" 200 79147 "https://www.google.de/" "Mozilla/5.0 (Linux; Android 12; 2201116SG) AppleWebKit/537.36 (KHTML, like Gecko) Chrome/116.0.0.0 Mobile Safari/537.36"
130.12.182.47 - - [29/Dec/2025:22:57:22 +0300] "GET /wp-admin/plugins.php HTTP/1.1" 200 7345 "https://levasheva.ru/wp-login.php" "Mozilla/5.0 (X11; Linux x86_64) AppleWebKit/537.36 (KHTML, like Gecko) Chrome/118.0.0.0 Safari/537.36"
130.12.182.47 - - [29/Dec/2025:22:57:22 +0300] "POST /wp-login.php HTTP/1.1" 200 4933 "https://levasheva.ru/wp-login.php" "Mozilla/5.0 (Macintosh; Intel Mac OS X 10_15_7) AppleWebKit/605.1.15 (KHTML, like Gecko) Version/17.2 Safari/605.1.15"
4.194.64.166 - - [29/Dec/2025:22:57:22 +0300] "GET /s.php HTTP/1.1" 301 162 "https://www.google.co.uk/" "Mozilla/5.0 (Linux; Android 11; 21081111RG) AppleWebKit/537.36 (KHTML, like Gecko) Chrome/116.0.0.0 Mobile Safari/537.36"
130.12.182.47 - - [29/Dec/2025:22:57:22 +0300] "GET /wp-admin/index.php HTTP/1.1" 200 7345 "https://levasheva.ru/wp-login.php" "Mozilla/5.0 (Macintosh; Intel Mac OS X 13_6_1) AppleWebKit/537.36 (KHTML, like Gecko) Chrome/121.0.0.0 Safari/537.36"
130.12.182.47 - - [29/Dec/2025:22:57:22 +0300] "GET /wp-admin/profile.php HTTP/1.1" 200 7345 "https://levasheva.ru/wp-login.php" "Mozilla/5.0 (Macintosh; Intel Mac OS X 13_6_1) AppleWebKit/537.36 (KHTML, like Gecko) Chrome/121.0.0.0 Safari/537.36"
4.194.64.166 - - [29/Dec/2025:22:57:22 +0300] "GET /s.php HTTP/1.1" 200 79147 "https://www.google.co.uk/" "Mozilla/5.0 (Linux; Android 11; 21081111RG) AppleWebKit/537.36 (KHTML, like Gecko) Chrome/116.0.0.0 Mobile Safari/537.36"
130.12.182.47 - - [29/Dec/2025:22:57:22 +0300] "GET /wp-admin/edit.php HTTP/1.1" 200 7345 "https://levasheva.ru/wp-login.php" "Mozilla/5.0 (Macintosh; Intel Mac OS X 13_6_1) AppleWebKit/537.36 (KHTML, like Gecko) Chrome/121.0.0.0 Safari/537.36"
130.12.182.47 - - [29/Dec/2025:22:57:22 +0300] "GET /wp-admin/plugins.php HTTP/1.1" 200 7345 "https://levasheva.ru/wp-login.php" "Mozilla/5.0 (Macintosh; Intel Mac OS X 13_6_1) AppleWebKit/537.36 (KHTML, like Gecko) Chrome/121.0.0.0 Safari/537.36"
4.194.64.166 - - [29/Dec/2025:22:57:22 +0300] "GET /sa.php HTTP/1.1" 301 162 "https://www.yahoo.com/" "Mozilla/5.0 (iPad; CPU OS 16_7_2 like Mac OS X) AppleWebKit/605.1.15 (KHTML, like Gecko) Version/16.6 Mobile/15E148 Safari/604.1"
130.12.182.47 - - [29/Dec/2025:22:57:22 +0300] "POST /wp-login.php HTTP/1.1" 200 4933 "https://levasheva.ru/wp-login.php" "Mozilla/5.0 (Macintosh; Intel Mac OS X 13_6_1; rv:118.0) Gecko/20100101 Firefox/118.0"
130.12.182.47 - - [29/Dec/2025:22:57:22 +0300] "GET /wp-admin/index.php HTTP/1.1" 200 7345 "https://levasheva.ru/wp-login.php" "Mozilla/5.0 (Macintosh; Intel Mac OS X 13_6_1) AppleWebKit/605.1.15 (KHTML, like Gecko) Version/17.1 Safari/605.1.15"
4.194.64.166 - - [29/Dec/2025:22:57:22 +0300] "GET /sa.php HTTP/1.1" 200 79147 "https://www.yahoo.com/" "Mozilla/5.0 (iPad; CPU OS 16_7_2 like Mac OS X) AppleWebKit/605.1.15 (KHTML, like Gecko) Version/16.6 Mobile/15E148 Safari/604.1"
130.12.182.47 - - [29/Dec/2025:22:57:22 +0300] "GET /wp-admin/profile.php HTTP/1.1" 200 7345 "https://levasheva.ru/wp-login.php" "Mozilla/5.0 (Macintosh; Intel Mac OS X 13_6_1) AppleWebKit/605.1.15 (KHTML, like Gecko) Version/17.1 Safari/605.1.15"
4.194.64.166 - - [29/Dec/2025:22:57:22 +0300] "GET /sx.php HTTP/1.1" 301 162 "https://www.google.fr/" "Mozilla/5.0 (iPad; CPU OS 17_0_3 like Mac OS X) AppleWebKit/605.1.15 (KHTML, like Gecko) Version/17.0.1 Mobile/15E148 Safari/604.1"
130.12.182.47 - - [29/Dec/2025:22:57:22 +0300] "GET /wp-admin/edit.php HTTP/1.1" 200 7345 "https://levasheva.ru/wp-login.php" "Mozilla/5.0 (Macintosh; Intel Mac OS X 13_6_1) AppleWebKit/605.1.15 (KHTML, like Gecko) Version/17.1 Safari/605.1.15"
130.12.182.47 - - [29/Dec/2025:22:57:22 +0300] "GET /wp-admin/plugins.php HTTP/1.1" 200 7345 "https://levasheva.ru/wp-login.php" "Mozilla/5.0 (Macintosh; Intel Mac OS X 13_6_1) AppleWebKit/605.1.15 (KHTML, like Gecko) Version/17.1 Safari/605.1.15"
4.194.64.166 - - [29/Dec/2025:22:57:23 +0300] "GET /sx.php HTTP/1.1" 200 79147 "https://www.google.fr/" "Mozilla/5.0 (iPad; CPU OS 17_0_3 like Mac OS X) AppleWebKit/605.1.15 (KHTML, like Gecko) Version/17.0.1 Mobile/15E148 Safari/604.1"
130.12.182.47 - - [29/Dec/2025:22:57:23 +0300] "POST /wp-login.php HTTP/1.1" 200 4933 "https://levasheva.ru/wp-login.php" "Mozilla/5.0 (Windows NT 10.0; Win64; x64; rv:118.0) Gecko/20100101 Firefox/118.0"
130.12.182.47 - - [29/Dec/2025:22:57:23 +0300] "GET /wp-admin/index.php HTTP/1.1" 200 7345 "https://levasheva.ru/wp-login.php" "Mozilla/5.0 (Windows NT 10.0; Win64; x64; rv:121.0) Gecko/20100101 Firefox/121.0"
4.194.64.166 - - [29/Dec/2025:22:57:23 +0300] "GET /templates/rhuk_milkyway/index.php HTTP/1.1" 301 162 "https://www.google.de/" "Mozilla/5.0 (Linux; Android 12; 2201116SG) AppleWebKit/537.36 (KHTML, like Gecko) Chrome/116.0.0.0 Mobile Safari/537.36"
130.12.182.47 - - [29/Dec/2025:22:57:23 +0300] "GET /wp-admin/profile.php HTTP/1.1" 200 7345 "https://levasheva.ru/wp-login.php" "Mozilla/5.0 (Windows NT 10.0; Win64; x64; rv:121.0) Gecko/20100101 Firefox/121.0"
130.12.182.47 - - [29/Dec/2025:22:57:23 +0300] "GET /wp-admin/edit.php HTTP/1.1" 200 7345 "https://levasheva.ru/wp-login.php" "Mozilla/5.0 (Windows NT 10.0; Win64; x64; rv:121.0) Gecko/20100101 Firefox/121.0"
4.194.64.166 - - [29/Dec/2025:22:57:23 +0300] "GET /templates/rhuk_milkyway/index.php HTTP/1.1" 200 79147 "https://www.google.de/" "Mozilla/5.0 (Linux; Android 12; 2201116SG) AppleWebKit/537.36 (KHTML, like Gecko) Chrome/116.0.0.0 Mobile Safari/537.36"
130.12.182.47 - - [29/Dec/2025:22:57:23 +0300] "GET /wp-admin/plugins.php HTTP/1.1" 200 7345 "https://levasheva.ru/wp-login.php" "Mozilla/5.0 (Windows NT 10.0; Win64; x64; rv:121.0) Gecko/20100101 Firefox/121.0"
130.12.182.47 - - [29/Dec/2025:22:57:23 +0300] "POST /wp-login.php HTTP/1.1" 200 4933 "https://levasheva.ru/wp-login.php" "Mozilla/5.0 (Macintosh; Intel Mac OS X 10_15_7) AppleWebKit/537.36 (KHTML, like Gecko) Chrome/118.0.0.0 Safari/537.36"
4.194.64.166 - - [29/Dec/2025:22:57:23 +0300] "GET /themes.php HTTP/1.1" 301 162 "https://www.yahoo.com/" "Mozilla/5.0 (Linux; Android 12; V2134) AppleWebKit/537.36 (KHTML, like Gecko) Chrome/116.0.0.0 Mobile Safari/537.36"
130.12.182.47 - - [29/Dec/2025:22:57:23 +0300] "GET /wp-admin/index.php HTTP/1.1" 200 7345 "https://levasheva.ru/wp-login.php" "Mozilla/5.0 (Macintosh; Intel Mac OS X 13_6_1) AppleWebKit/605.1.15 (KHTML, like Gecko) Version/17.2 Safari/605.1.15"
130.12.182.47 - - [29/Dec/2025:22:57:23 +0300] "GET /wp-admin/profile.php HTTP/1.1" 200 7345 "https://levasheva.ru/wp-login.php" "Mozilla/5.0 (Macintosh; Intel Mac OS X 13_6_1) AppleWebKit/605.1.15 (KHTML, like Gecko) Version/17.2 Safari/605.1.15"
4.194.64.166 - - [29/Dec/2025:22:57:23 +0300] "GET /themes.php HTTP/1.1" 200 79147 "https://www.yahoo.com/" "Mozilla/5.0 (Linux; Android 12; V2134) AppleWebKit/537.36 (KHTML, like Gecko) Chrome/116.0.0.0 Mobile Safari/537.36"
130.12.182.47 - - [29/Dec/2025:22:57:23 +0300] "GET /wp-admin/edit.php HTTP/1.1" 200 7345 "https://levasheva.ru/wp-login.php" "Mozilla/5.0 (Macintosh; Intel Mac OS X 13_6_1) AppleWebKit/605.1.15 (KHTML, like Gecko) Version/17.2 Safari/605.1.15"
130.12.182.47 - - [29/Dec/2025:22:57:23 +0300] "GET /wp-admin/plugins.php HTTP/1.1" 200 7345 "https://levasheva.ru/wp-login.php" "Mozilla/5.0 (Macintosh; Intel Mac OS X 13_6_1) AppleWebKit/605.1.15 (KHTML, like Gecko) Version/17.2 Safari/605.1.15"
4.194.64.166 - - [29/Dec/2025:22:57:23 +0300] "GET /tmp.php HTTP/1.1" 301 162 "https://www.google.co.uk/" "Mozilla/5.0 (iPad; CPU OS 16_7_2 like Mac OS X) AppleWebKit/605.1.15 (KHTML, like Gecko) Version/16.6 Mobile/15E148 Safari/604.1"
130.12.182.47 - - [29/Dec/2025:22:57:24 +0300] "POST /wp-login.php HTTP/1.1" 200 4933 "https://levasheva.ru/wp-login.php" "Mozilla/5.0 (Windows NT 10.0; Win64; x64; rv:118.0) Gecko/20100101 Firefox/118.0"
4.194.64.166 - - [29/Dec/2025:22:57:24 +0300] "GET /tmp.php HTTP/1.1" 200 79147 "https://www.google.co.uk/" "Mozilla/5.0 (iPad; CPU OS 16_7_2 like Mac OS X) AppleWebKit/605.1.15 (KHTML, like Gecko) Version/16.6 Mobile/15E148 Safari/604.1"
130.12.182.47 - - [29/Dec/2025:22:57:24 +0300] "GET /wp-admin/index.php HTTP/1.1" 200 7345 "https://levasheva.ru/wp-login.php" "Mozilla/5.0 (Windows NT 10.0; Win64; x64) AppleWebKit/537.36 (KHTML, like Gecko) Chrome/120.0.0.0 Safari/537.36"
130.12.182.47 - - [29/Dec/2025:22:57:24 +0300] "GET /wp-admin/profile.php HTTP/1.1" 200 7345 "https://levasheva.ru/wp-login.php" "Mozilla/5.0 (Windows NT 10.0; Win64; x64) AppleWebKit/537.36 (KHTML, like Gecko) Chrome/120.0.0.0 Safari/537.36"
4.194.64.166 - - [29/Dec/2025:22:57:24 +0300] "GET /up.php HTTP/1.1" 301 162 "https://duckduckgo.com/" "Mozilla/5.0 (iPad; CPU OS 16_7_2 like Mac OS X) AppleWebKit/605.1.15 (KHTML, like Gecko) Version/16.6 Mobile/15E148 Safari/604.1"
130.12.182.47 - - [29/Dec/2025:22:57:24 +0300] "GET /wp-admin/edit.php HTTP/1.1" 200 7345 "https://levasheva.ru/wp-login.php" "Mozilla/5.0 (Windows NT 10.0; Win64; x64) AppleWebKit/537.36 (KHTML, like Gecko) Chrome/120.0.0.0 Safari/537.36"
130.12.182.47 - - [29/Dec/2025:22:57:24 +0300] "GET /wp-admin/plugins.php HTTP/1.1" 200 7345 "https://levasheva.ru/wp-login.php" "Mozilla/5.0 (Windows NT 10.0; Win64; x64) AppleWebKit/537.36 (KHTML, like Gecko) Chrome/120.0.0.0 Safari/537.36"
4.194.64.166 - - [29/Dec/2025:22:57:24 +0300] "GET /up.php HTTP/1.1" 200 79147 "https://duckduckgo.com/" "Mozilla/5.0 (iPad; CPU OS 16_7_2 like Mac OS X) AppleWebKit/605.1.15 (KHTML, like Gecko) Version/16.6 Mobile/15E148 Safari/604.1"
130.12.182.47 - - [29/Dec/2025:22:57:24 +0300] "POST /wp-login.php HTTP/1.1" 200 4933 "https://levasheva.ru/wp-login.php" "Mozilla/5.0 (Macintosh; Intel Mac OS X 10_15_7; rv:118.0) Gecko/20100101 Firefox/118.0"
130.12.182.47 - - [29/Dec/2025:22:57:24 +0300] "GET /wp-admin/index.php HTTP/1.1" 200 7345 "https://levasheva.ru/wp-login.php" "Mozilla/5.0 (X11; Ubuntu; Linux x86_64) AppleWebKit/537.36 (KHTML, like Gecko) Chrome/121.0.0.0 Safari/537.36"
4.194.64.166 - - [29/Dec/2025:22:57:24 +0300] "GET /uploaded_script.php HTTP/1.1" 301 162 "https://www.google.com/" "Mozilla/5.0 (iPhone; CPU iPhone OS 15_7_9 like Mac OS X) AppleWebKit/605.1.15 (KHTML, like Gecko) Version/15.6.5 Mobile/15E148 Safari/604.1"
130.12.182.47 - - [29/Dec/2025:22:57:24 +0300] "GET /wp-admin/profile.php HTTP/1.1" 200 7345 "https://levasheva.ru/wp-login.php" "Mozilla/5.0 (X11; Ubuntu; Linux x86_64) AppleWebKit/537.36 (KHTML, like Gecko) Chrome/121.0.0.0 Safari/537.36"
130.12.182.47 - - [29/Dec/2025:22:57:24 +0300] "GET /wp-admin/edit.php HTTP/1.1" 200 7345 "https://levasheva.ru/wp-login.php" "Mozilla/5.0 (X11; Ubuntu; Linux x86_64) AppleWebKit/537.36 (KHTML, like Gecko) Chrome/121.0.0.0 Safari/537.36"
4.194.64.166 - - [29/Dec/2025:22:57:24 +0300] "GET /uploaded_script.php HTTP/1.1" 200 79147 "https://www.google.com/" "Mozilla/5.0 (iPhone; CPU iPhone OS 15_7_9 like Mac OS X) AppleWebKit/605.1.15 (KHTML, like Gecko) Version/15.6.5 Mobile/15E148 Safari/604.1"
130.12.182.47 - - [29/Dec/2025:22:57:25 +0300] "GET /wp-admin/plugins.php HTTP/1.1" 200 7345 "https://levasheva.ru/wp-login.php" "Mozilla/5.0 (X11; Ubuntu; Linux x86_64) AppleWebKit/537.36 (KHTML, like Gecko) Chrome/121.0.0.0 Safari/537.36"
4.194.64.166 - - [29/Dec/2025:22:57:25 +0300] "GET /vendor/composer/about.php HTTP/1.1" 301 162 "https://www.bing.com/" "Mozilla/5.0 (iPhone; CPU iPhone OS 17_1 like Mac OS X) AppleWebKit/605.1.15 (KHTML, like Gecko) CriOS/119.0.6045.109 Mobile/15E148 Safari/604.1"
130.12.182.47 - - [29/Dec/2025:22:57:25 +0300] "POST /wp-login.php HTTP/1.1" 200 4933 "https://levasheva.ru/wp-login.php" "Mozilla/5.0 (Macintosh; Intel Mac OS X 10_15_7; rv:118.0) Gecko/20100101 Firefox/118.0"
130.12.182.47 - - [29/Dec/2025:22:57:25 +0300] "GET /wp-admin/index.php HTTP/1.1" 200 7345 "https://levasheva.ru/wp-login.php" "Mozilla/5.0 (X11; Linux x86_64) AppleWebKit/537.36 (KHTML, like Gecko) Chrome/118.0.0.0 Safari/537.36"
4.194.64.166 - - [29/Dec/2025:22:57:25 +0300] "GET /vendor/composer/about.php HTTP/1.1" 200 79147 "https://www.bing.com/" "Mozilla/5.0 (iPhone; CPU iPhone OS 17_1 like Mac OS X) AppleWebKit/605.1.15 (KHTML, like Gecko) CriOS/119.0.6045.109 Mobile/15E148 Safari/604.1"
130.12.182.47 - - [29/Dec/2025:22:57:25 +0300] "GET /wp-admin/profile.php HTTP/1.1" 200 7345 "https://levasheva.ru/wp-login.php" "Mozilla/5.0 (X11; Linux x86_64) AppleWebKit/537.36 (KHTML, like Gecko) Chrome/118.0.0.0 Safari/537.36"
4.194.64.166 - - [29/Dec/2025:22:57:25 +0300] "GET /w.php HTTP/1.1" 301 162 "https://www.yahoo.com/" "Mozilla/5.0 (iPhone; CPU iPhone OS 16_0 like Mac OS X) AppleWebKit/605.1.15 (KHTML, like Gecko) FxiOS/118.0 Mobile/15E148 Safari/605.1.15"
130.12.182.47 - - [29/Dec/2025:22:57:25 +0300] "GET /wp-admin/edit.php HTTP/1.1" 200 7345 "https://levasheva.ru/wp-login.php" "Mozilla/5.0 (X11; Linux x86_64) AppleWebKit/537.36 (KHTML, like Gecko) Chrome/118.0.0.0 Safari/537.36"
130.12.182.47 - - [29/Dec/2025:22:57:25 +0300] "GET /wp-admin/plugins.php HTTP/1.1" 200 7345 "https://levasheva.ru/wp-login.php" "Mozilla/5.0 (X11; Linux x86_64) AppleWebKit/537.36 (KHTML, like Gecko) Chrome/118.0.0.0 Safari/537.36"
4.194.64.166 - - [29/Dec/2025:22:57:25 +0300] "GET /w.php HTTP/1.1" 200 79147 "https://www.yahoo.com/" "Mozilla/5.0 (iPhone; CPU iPhone OS 16_0 like Mac OS X) AppleWebKit/605.1.15 (KHTML, like Gecko) FxiOS/118.0 Mobile/15E148 Safari/605.1.15"
130.12.182.47 - - [29/Dec/2025:22:57:25 +0300] "POST /wp-login.php HTTP/1.1" 200 4933 "https://levasheva.ru/wp-login.php" "Mozilla/5.0 (Macintosh; Intel Mac OS X 13_6_1; rv:118.0) Gecko/20100101 Firefox/118.0"
130.12.182.47 - - [29/Dec/2025:22:57:25 +0300] "GET /wp-admin/index.php HTTP/1.1" 200 7345 "https://levasheva.ru/wp-login.php" "Mozilla/5.0 (Macintosh; Intel Mac OS X 10_15_7; rv:120.0) Gecko/20100101 Firefox/120.0"
4.194.64.166 - - [29/Dec/2025:22:57:26 +0300] "GET /wp-admin/a.php HTTP/1.1" 301 162 "https://duckduckgo.com/" "Mozilla/5.0 (iPad; CPU OS 16_7_2 like Mac OS X) AppleWebKit/605.1.15 (KHTML, like Gecko) Version/16.6 Mobile/15E148 Safari/604.1"
130.12.182.47 - - [29/Dec/2025:22:57:26 +0300] "GET /wp-admin/profile.php HTTP/1.1" 200 7345 "https://levasheva.ru/wp-login.php" "Mozilla/5.0 (Macintosh; Intel Mac OS X 10_15_7; rv:120.0) Gecko/20100101 Firefox/120.0"
130.12.182.47 - - [29/Dec/2025:22:57:26 +0300] "GET /wp-admin/edit.php HTTP/1.1" 200 7345 "https://levasheva.ru/wp-login.php" "Mozilla/5.0 (Macintosh; Intel Mac OS X 10_15_7; rv:120.0) Gecko/20100101 Firefox/120.0"
4.194.64.166 - - [29/Dec/2025:22:57:26 +0300] "GET /wp-admin/a.php HTTP/1.1" 200 79147 "https://duckduckgo.com/" "Mozilla/5.0 (iPad; CPU OS 16_7_2 like Mac OS X) AppleWebKit/605.1.15 (KHTML, like Gecko) Version/16.6 Mobile/15E148 Safari/604.1"
130.12.182.47 - - [29/Dec/2025:22:57:26 +0300] "GET /wp-admin/plugins.php HTTP/1.1" 200 7345 "https://levasheva.ru/wp-login.php" "Mozilla/5.0 (Macintosh; Intel Mac OS X 10_15_7; rv:120.0) Gecko/20100101 Firefox/120.0"
130.12.182.47 - - [29/Dec/2025:22:57:26 +0300] "POST /wp-login.php HTTP/1.1" 200 4933 "https://levasheva.ru/wp-login.php" "Mozilla/5.0 (Macintosh; Intel Mac OS X 13_6_1) AppleWebKit/537.36 (KHTML, like Gecko) Chrome/118.0.0.0 Safari/537.36"
4.194.64.166 - - [29/Dec/2025:22:57:26 +0300] "GET /wp-admin/css/colors HTTP/1.1" 301 162 "https://duckduckgo.com/" "Mozilla/5.0 (Linux; Android 13; SM-G991U) AppleWebKit/537.36 (KHTML, like Gecko) Chrome/117.0.0.0 Mobile Safari/537.36"
130.12.182.47 - - [29/Dec/2025:22:57:26 +0300] "GET /wp-admin/index.php HTTP/1.1" 200 7345 "https://levasheva.ru/wp-login.php" "Mozilla/5.0 (Windows NT 10.0; Win64; x64; rv:120.0) Gecko/20100101 Firefox/120.0"
130.12.182.47 - - [29/Dec/2025:22:57:26 +0300] "GET /wp-admin/profile.php HTTP/1.1" 200 7345 "https://levasheva.ru/wp-login.php" "Mozilla/5.0 (Windows NT 10.0; Win64; x64; rv:120.0) Gecko/20100101 Firefox/120.0"
4.194.64.166 - - [29/Dec/2025:22:57:26 +0300] "GET /wp-admin/css/colors HTTP/1.1" 301 162 "https://duckduckgo.com/" "Mozilla/5.0 (Linux; Android 13; SM-G991U) AppleWebKit/537.36 (KHTML, like Gecko) Chrome/117.0.0.0 Mobile Safari/537.36"
130.12.182.47 - - [29/Dec/2025:22:57:26 +0300] "GET /wp-admin/edit.php HTTP/1.1" 200 7345 "https://levasheva.ru/wp-login.php" "Mozilla/5.0 (Windows NT 10.0; Win64; x64; rv:120.0) Gecko/20100101 Firefox/120.0"
130.12.182.47 - - [29/Dec/2025:22:57:26 +0300] "GET /wp-admin/plugins.php HTTP/1.1" 200 7345 "https://levasheva.ru/wp-login.php" "Mozilla/5.0 (Windows NT 10.0; Win64; x64; rv:120.0) Gecko/20100101 Firefox/120.0"
4.194.64.166 - - [29/Dec/2025:22:57:26 +0300] "GET /wp-admin/css/colors/ HTTP/1.1" 302 138 "https://duckduckgo.com/" "Mozilla/5.0 (Linux; Android 13; SM-G991U) AppleWebKit/537.36 (KHTML, like Gecko) Chrome/117.0.0.0 Mobile Safari/537.36"
130.12.182.47 - - [29/Dec/2025:22:57:26 +0300] "POST /wp-login.php HTTP/1.1" 200 4933 "https://levasheva.ru/wp-login.php" "Mozilla/5.0 (X11; Ubuntu; Linux x86_64) AppleWebKit/537.36 (KHTML, like Gecko) Chrome/119.0.0.0 Safari/537.36"
130.12.182.47 - - [29/Dec/2025:22:57:27 +0300] "GET /wp-admin/index.php HTTP/1.1" 200 7345 "https://levasheva.ru/wp-login.php" "Mozilla/5.0 (Windows NT 10.0; Win64; x64) AppleWebKit/537.36 (KHTML, like Gecko) Chrome/118.0.0.0 Safari/537.36"
4.194.64.166 - - [29/Dec/2025:22:57:27 +0300] "GET /wp-admin/css/colors/404 HTTP/1.1" 200 79147 "https://duckduckgo.com/" "Mozilla/5.0 (Linux; Android 13; SM-G991U) AppleWebKit/537.36 (KHTML, like Gecko) Chrome/117.0.0.0 Mobile Safari/537.36"
130.12.182.47 - - [29/Dec/2025:22:57:27 +0300] "GET /wp-admin/profile.php HTTP/1.1" 200 7345 "https://levasheva.ru/wp-login.php" "Mozilla/5.0 (Windows NT 10.0; Win64; x64) AppleWebKit/537.36 (KHTML, like Gecko) Chrome/118.0.0.0 Safari/537.36"
4.194.64.166 - - [29/Dec/2025:22:57:27 +0300] "GET /wp-admin/css/colors/blue HTTP/1.1" 301 162 "https://www.bing.com/" "Mozilla/5.0 (iPad; CPU OS 16_7_2 like Mac OS X) AppleWebKit/605.1.15 (KHTML, like Gecko) Version/16.6 Mobile/15E148 Safari/604.1"
130.12.182.47 - - [29/Dec/2025:22:57:27 +0300] "GET /wp-admin/edit.php HTTP/1.1" 200 7345 "https://levasheva.ru/wp-login.php" "Mozilla/5.0 (Windows NT 10.0; Win64; x64) AppleWebKit/537.36 (KHTML, like Gecko) Chrome/118.0.0.0 Safari/537.36"
130.12.182.47 - - [29/Dec/2025:22:57:27 +0300] "GET /wp-admin/plugins.php HTTP/1.1" 200 7345 "https://levasheva.ru/wp-login.php" "Mozilla/5.0 (Windows NT 10.0; Win64; x64) AppleWebKit/537.36 (KHTML, like Gecko) Chrome/118.0.0.0 Safari/537.36"
4.194.64.166 - - [29/Dec/2025:22:57:27 +0300] "GET /wp-admin/css/colors/blue HTTP/1.1" 301 162 "https://www.bing.com/" "Mozilla/5.0 (iPad; CPU OS 16_7_2 like Mac OS X) AppleWebKit/605.1.15 (KHTML, like Gecko) Version/16.6 Mobile/15E148 Safari/604.1"
130.12.182.47 - - [29/Dec/2025:22:57:27 +0300] "POST /wp-login.php HTTP/1.1" 200 4933 "https://levasheva.ru/wp-login.php" "Mozilla/5.0 (Windows NT 11.0; Win64; x64; rv:121.0) Gecko/20100101 Firefox/121.0"
130.12.182.47 - - [29/Dec/2025:22:57:27 +0300] "GET /wp-admin/index.php HTTP/1.1" 200 7345 "https://levasheva.ru/wp-login.php" "Mozilla/5.0 (Windows NT 10.0; Win64; x64; rv:118.0) Gecko/20100101 Firefox/118.0"
4.194.64.166 - - [29/Dec/2025:22:57:27 +0300] "GET /wp-admin/css/colors/blue/ HTTP/1.1" 302 138 "https://www.bing.com/" "Mozilla/5.0 (iPad; CPU OS 16_7_2 like Mac OS X) AppleWebKit/605.1.15 (KHTML, like Gecko) Version/16.6 Mobile/15E148 Safari/604.1"
130.12.182.47 - - [29/Dec/2025:22:57:27 +0300] "GET /wp-admin/profile.php HTTP/1.1" 200 7345 "https://levasheva.ru/wp-login.php" "Mozilla/5.0 (Windows NT 10.0; Win64; x64; rv:118.0) Gecko/20100101 Firefox/118.0"
130.12.182.47 - - [29/Dec/2025:22:57:27 +0300] "GET /wp-admin/edit.php HTTP/1.1" 200 7345 "https://levasheva.ru/wp-login.php" "Mozilla/5.0 (Windows NT 10.0; Win64; x64; rv:118.0) Gecko/20100101 Firefox/118.0"
4.194.64.166 - - [29/Dec/2025:22:57:27 +0300] "GET /wp-admin/css/colors/blue/404 HTTP/1.1" 200 79147 "https://www.bing.com/" "Mozilla/5.0 (iPad; CPU OS 16_7_2 like Mac OS X) AppleWebKit/605.1.15 (KHTML, like Gecko) Version/16.6 Mobile/15E148 Safari/604.1"
130.12.182.47 - - [29/Dec/2025:22:57:27 +0300] "GET /wp-admin/plugins.php HTTP/1.1" 200 7345 "https://levasheva.ru/wp-login.php" "Mozilla/5.0 (Windows NT 10.0; Win64; x64; rv:118.0) Gecko/20100101 Firefox/118.0"
130.12.182.47 - - [29/Dec/2025:22:57:27 +0300] "POST /wp-login.php HTTP/1.1" 200 4933 "https://levasheva.ru/wp-login.php" "Mozilla/5.0 (Windows NT 11.0; Win64; x64; rv:121.0) Gecko/20100101 Firefox/121.0"
4.194.64.166 - - [29/Dec/2025:22:57:27 +0300] "GET /wp-admin/images/atomlib.php HTTP/1.1" 301 162 "https://www.google.co.uk/" "Mozilla/5.0 (iPhone; CPU iPhone OS 15_7_9 like Mac OS X) AppleWebKit/605.1.15 (KHTML, like Gecko) Version/15.6.5 Mobile/15E148 Safari/604.1"
130.12.182.47 - - [29/Dec/2025:22:57:28 +0300] "GET /wp-admin/index.php HTTP/1.1" 200 7345 "https://levasheva.ru/wp-login.php" "Mozilla/5.0 (Macintosh; Intel Mac OS X 13_6_1) AppleWebKit/605.1.15 (KHTML, like Gecko) Version/17.0 Safari/605.1.15"
4.194.64.166 - - [29/Dec/2025:22:57:28 +0300] "GET /wp-admin/images/atomlib.php HTTP/1.1" 200 79147 "https://www.google.co.uk/" "Mozilla/5.0 (iPhone; CPU iPhone OS 15_7_9 like Mac OS X) AppleWebKit/605.1.15 (KHTML, like Gecko) Version/15.6.5 Mobile/15E148 Safari/604.1"
130.12.182.47 - - [29/Dec/2025:22:57:28 +0300] "GET /wp-admin/profile.php HTTP/1.1" 200 7345 "https://levasheva.ru/wp-login.php" "Mozilla/5.0 (Macintosh; Intel Mac OS X 13_6_1) AppleWebKit/605.1.15 (KHTML, like Gecko) Version/17.0 Safari/605.1.15"
130.12.182.47 - - [29/Dec/2025:22:57:28 +0300] "GET /wp-admin/edit.php HTTP/1.1" 200 7345 "https://levasheva.ru/wp-login.php" "Mozilla/5.0 (Macintosh; Intel Mac OS X 13_6_1) AppleWebKit/605.1.15 (KHTML, like Gecko) Version/17.0 Safari/605.1.15"
4.194.64.166 - - [29/Dec/2025:22:57:28 +0300] "GET /wp-admin/images/chosen.php HTTP/1.1" 301 162 "https://www.bing.com/" "Mozilla/5.0 (Linux; Android 12; V2134) AppleWebKit/537.36 (KHTML, like Gecko) Chrome/116.0.0.0 Mobile Safari/537.36"
130.12.182.47 - - [29/Dec/2025:22:57:28 +0300] "GET /wp-admin/plugins.php HTTP/1.1" 200 7345 "https://levasheva.ru/wp-login.php" "Mozilla/5.0 (Macintosh; Intel Mac OS X 13_6_1) AppleWebKit/605.1.15 (KHTML, like Gecko) Version/17.0 Safari/605.1.15"
130.12.182.47 - - [29/Dec/2025:22:57:28 +0300] "POST /wp-login.php HTTP/1.1" 200 4933 "https://levasheva.ru/wp-login.php" "Mozilla/5.0 (Windows NT 10.0; Win64; x64; rv:120.0) Gecko/20100101 Firefox/120.0"
4.194.64.166 - - [29/Dec/2025:22:57:28 +0300] "GET /wp-admin/images/chosen.php HTTP/1.1" 200 79147 "https://www.bing.com/" "Mozilla/5.0 (Linux; Android 12; V2134) AppleWebKit/537.36 (KHTML, like Gecko) Chrome/116.0.0.0 Mobile Safari/537.36"
130.12.182.47 - - [29/Dec/2025:22:57:28 +0300] "GET /wp-admin/index.php HTTP/1.1" 200 7345 "https://levasheva.ru/wp-login.php" "Mozilla/5.0 (Windows NT 11.0; Win64; x64) AppleWebKit/537.36 (KHTML, like Gecko) Chrome/120.0.0.0 Safari/537.36"
130.12.182.47 - - [29/Dec/2025:22:57:28 +0300] "GET /wp-admin/profile.php HTTP/1.1" 200 7345 "https://levasheva.ru/wp-login.php" "Mozilla/5.0 (Windows NT 11.0; Win64; x64) AppleWebKit/537.36 (KHTML, like Gecko) Chrome/120.0.0.0 Safari/537.36"
4.194.64.166 - - [29/Dec/2025:22:57:28 +0300] "GET /wp-admin/includes/chosen.php HTTP/1.1" 301 162 "https://duckduckgo.com/" "Mozilla/5.0 (iPad; CPU OS 16_7_2 like Mac OS X) AppleWebKit/605.1.15 (KHTML, like Gecko) Version/16.6 Mobile/15E148 Safari/604.1"
4.194.64.166 - - [29/Dec/2025:22:57:28 +0300] "GET /wp-admin/includes/chosen.php HTTP/1.1" 200 79147 "https://duckduckgo.com/" "Mozilla/5.0 (iPad; CPU OS 16_7_2 like Mac OS X) AppleWebKit/605.1.15 (KHTML, like Gecko) Version/16.6 Mobile/15E148 Safari/604.1"
130.12.182.47 - - [29/Dec/2025:22:57:29 +0300] "GET /wp-admin/edit.php HTTP/1.1" 200 7345 "https://levasheva.ru/wp-login.php" "Mozilla/5.0 (Windows NT 11.0; Win64; x64) AppleWebKit/537.36 (KHTML, like Gecko) Chrome/120.0.0.0 Safari/537.36"
130.12.182.47 - - [29/Dec/2025:22:57:29 +0300] "GET /wp-admin/plugins.php HTTP/1.1" 200 7345 "https://levasheva.ru/wp-login.php" "Mozilla/5.0 (Windows NT 11.0; Win64; x64) AppleWebKit/537.36 (KHTML, like Gecko) Chrome/120.0.0.0 Safari/537.36"
4.194.64.166 - - [29/Dec/2025:22:57:29 +0300] "GET /wp-admin/includes/rk2.php HTTP/1.1" 301 162 "https://www.google.com/" "Mozilla/5.0 (iPad; CPU OS 16_7_2 like Mac OS X) AppleWebKit/605.1.15 (KHTML, like Gecko) Version/16.6 Mobile/15E148 Safari/604.1"
130.12.182.47 - - [29/Dec/2025:22:57:29 +0300] "POST /wp-login.php HTTP/1.1" 200 4933 "https://levasheva.ru/wp-login.php" "Mozilla/5.0 (Macintosh; Intel Mac OS X 10_15_7; rv:121.0) Gecko/20100101 Firefox/121.0"
130.12.182.47 - - [29/Dec/2025:22:57:29 +0300] "GET /wp-admin/index.php HTTP/1.1" 200 7345 "https://levasheva.ru/wp-login.php" "Mozilla/5.0 (Windows NT 10.0; Win64; x64) AppleWebKit/537.36 (KHTML, like Gecko) Chrome/120.0.0.0 Safari/537.36"
4.194.64.166 - - [29/Dec/2025:22:57:29 +0300] "GET /wp-admin/includes/rk2.php HTTP/1.1" 200 79147 "https://www.google.com/" "Mozilla/5.0 (iPad; CPU OS 16_7_2 like Mac OS X) AppleWebKit/605.1.15 (KHTML, like Gecko) Version/16.6 Mobile/15E148 Safari/604.1"
130.12.182.47 - - [29/Dec/2025:22:57:29 +0300] "GET /wp-admin/profile.php HTTP/1.1" 200 7345 "https://levasheva.ru/wp-login.php" "Mozilla/5.0 (Windows NT 10.0; Win64; x64) AppleWebKit/537.36 (KHTML, like Gecko) Chrome/120.0.0.0 Safari/537.36"
4.194.64.166 - - [29/Dec/2025:22:57:29 +0300] "GET /wp-admin/index.php HTTP/1.1" 301 162 "https://www.google.com/" "Mozilla/5.0 (Linux; Android 13; SM-S908E) AppleWebKit/537.36 (KHTML, like Gecko) Chrome/116.0.0.0 Mobile Safari/537.36"
130.12.182.47 - - [29/Dec/2025:22:57:29 +0300] "GET /wp-admin/edit.php HTTP/1.1" 200 7345 "https://levasheva.ru/wp-login.php" "Mozilla/5.0 (Windows NT 10.0; Win64; x64) AppleWebKit/537.36 (KHTML, like Gecko) Chrome/120.0.0.0 Safari/537.36"
130.12.182.47 - - [29/Dec/2025:22:57:29 +0300] "GET /wp-admin/plugins.php HTTP/1.1" 200 7345 "https://levasheva.ru/wp-login.php" "Mozilla/5.0 (Windows NT 10.0; Win64; x64) AppleWebKit/537.36 (KHTML, like Gecko) Chrome/120.0.0.0 Safari/537.36"
4.194.64.166 - - [29/Dec/2025:22:57:29 +0300] "GET /wp-admin/index.php HTTP/1.1" 200 165565 "https://www.google.com/" "Mozilla/5.0 (Linux; Android 13; SM-S908E) AppleWebKit/537.36 (KHTML, like Gecko) Chrome/116.0.0.0 Mobile Safari/537.36"
130.12.182.47 - - [29/Dec/2025:22:57:29 +0300] "POST /wp-login.php HTTP/1.1" 200 4933 "https://levasheva.ru/wp-login.php" "Mozilla/5.0 (Macintosh; Intel Mac OS X 13_6_1; rv:120.0) Gecko/20100101 Firefox/120.0"
130.12.182.47 - - [29/Dec/2025:22:57:29 +0300] "GET /wp-admin/index.php HTTP/1.1" 200 7345 "https://levasheva.ru/wp-login.php" "Mozilla/5.0 (Macintosh; Intel Mac OS X 13_6_1; rv:121.0) Gecko/20100101 Firefox/121.0"
130.12.182.47 - - [29/Dec/2025:22:57:29 +0300] "GET /wp-admin/profile.php HTTP/1.1" 200 7345 "https://levasheva.ru/wp-login.php" "Mozilla/5.0 (Macintosh; Intel Mac OS X 13_6_1; rv:121.0) Gecko/20100101 Firefox/121.0"
130.12.182.47 - - [29/Dec/2025:22:57:30 +0300] "GET /wp-admin/edit.php HTTP/1.1" 200 7345 "https://levasheva.ru/wp-login.php" "Mozilla/5.0 (Macintosh; Intel Mac OS X 13_6_1; rv:121.0) Gecko/20100101 Firefox/121.0"
4.194.64.166 - - [29/Dec/2025:22:57:30 +0300] "GET /wp-admin/js/chosen.php HTTP/1.1" 301 162 "https://www.google.co.uk/" "Mozilla/5.0 (Linux; Android 11; CPH2251) AppleWebKit/537.36 (KHTML, like Gecko) Chrome/116.0.0.0 Mobile Safari/537.36"
130.12.182.47 - - [29/Dec/2025:22:57:30 +0300] "GET /wp-admin/plugins.php HTTP/1.1" 200 7345 "https://levasheva.ru/wp-login.php" "Mozilla/5.0 (Macintosh; Intel Mac OS X 13_6_1; rv:121.0) Gecko/20100101 Firefox/121.0"
130.12.182.47 - - [29/Dec/2025:22:57:30 +0300] "POST /wp-login.php HTTP/1.1" 200 4933 "https://levasheva.ru/wp-login.php" "Mozilla/5.0 (X11; Ubuntu; Linux x86_64) AppleWebKit/537.36 (KHTML, like Gecko) Chrome/121.0.0.0 Safari/537.36"
4.194.64.166 - - [29/Dec/2025:22:57:30 +0300] "GET /wp-admin/js/chosen.php HTTP/1.1" 200 79147 "https://www.google.co.uk/" "Mozilla/5.0 (Linux; Android 11; CPH2251) AppleWebKit/537.36 (KHTML, like Gecko) Chrome/116.0.0.0 Mobile Safari/537.36"
130.12.182.47 - - [29/Dec/2025:22:57:30 +0300] "GET /wp-admin/index.php HTTP/1.1" 200 7345 "https://levasheva.ru/wp-login.php" "Mozilla/5.0 (Windows NT 10.0; Win64; x64; rv:121.0) Gecko/20100101 Firefox/121.0"
130.12.182.47 - - [29/Dec/2025:22:57:30 +0300] "GET /wp-admin/profile.php HTTP/1.1" 200 7345 "https://levasheva.ru/wp-login.php" "Mozilla/5.0 (Windows NT 10.0; Win64; x64; rv:121.0) Gecko/20100101 Firefox/121.0"
4.194.64.166 - - [29/Dec/2025:22:57:30 +0300] "GET /wp-admin/k.php HTTP/1.1" 301 162 "https://www.google.fr/" "Mozilla/5.0 (iPad; CPU OS 17_0_3 like Mac OS X) AppleWebKit/605.1.15 (KHTML, like Gecko) Version/17.0.1 Mobile/15E148 Safari/604.1"
130.12.182.47 - - [29/Dec/2025:22:57:30 +0300] "GET /wp-admin/edit.php HTTP/1.1" 200 7345 "https://levasheva.ru/wp-login.php" "Mozilla/5.0 (Windows NT 10.0; Win64; x64; rv:121.0) Gecko/20100101 Firefox/121.0"
130.12.182.47 - - [29/Dec/2025:22:57:30 +0300] "GET /wp-admin/plugins.php HTTP/1.1" 200 7345 "https://levasheva.ru/wp-login.php" "Mozilla/5.0 (Windows NT 10.0; Win64; x64; rv:121.0) Gecko/20100101 Firefox/121.0"
130.12.182.47 - - [29/Dec/2025:22:57:30 +0300] "POST /wp-login.php HTTP/1.1" 200 4933 "https://levasheva.ru/wp-login.php" "Mozilla/5.0 (Macintosh; Intel Mac OS X 13_6_1) AppleWebKit/605.1.15 (KHTML, like Gecko) Version/17.0 Safari/605.1.15"
4.194.64.166 - - [29/Dec/2025:22:57:30 +0300] "GET /wp-admin/k.php HTTP/1.1" 200 79147 "https://www.google.fr/" "Mozilla/5.0 (iPad; CPU OS 17_0_3 like Mac OS X) AppleWebKit/605.1.15 (KHTML, like Gecko) Version/17.0.1 Mobile/15E148 Safari/604.1"
130.12.182.47 - - [29/Dec/2025:22:57:30 +0300] "GET /wp-admin/index.php HTTP/1.1" 200 7345 "https://levasheva.ru/wp-login.php" "Mozilla/5.0 (Windows NT 10.0; Win64; x64; rv:118.0) Gecko/20100101 Firefox/118.0"
130.12.182.47 - - [29/Dec/2025:22:57:30 +0300] "GET /wp-admin/profile.php HTTP/1.1" 200 7345 "https://levasheva.ru/wp-login.php" "Mozilla/5.0 (Windows NT 10.0; Win64; x64; rv:118.0) Gecko/20100101 Firefox/118.0"
130.12.182.47 - - [29/Dec/2025:22:57:30 +0300] "GET /wp-admin/edit.php HTTP/1.1" 200 7345 "https://levasheva.ru/wp-login.php" "Mozilla/5.0 (Windows NT 10.0; Win64; x64; rv:118.0) Gecko/20100101 Firefox/118.0"
130.12.182.47 - - [29/Dec/2025:22:57:31 +0300] "GET /wp-admin/plugins.php HTTP/1.1" 200 7345 "https://levasheva.ru/wp-login.php" "Mozilla/5.0 (Windows NT 10.0; Win64; x64; rv:118.0) Gecko/20100101 Firefox/118.0"
130.12.182.47 - - [29/Dec/2025:22:57:31 +0300] "POST /wp-login.php HTTP/1.1" 200 4933 "https://levasheva.ru/wp-login.php" "Mozilla/5.0 (Windows NT 11.0; Win64; x64) AppleWebKit/537.36 (KHTML, like Gecko) Chrome/121.0.0.0 Safari/537.36"
130.12.182.47 - - [29/Dec/2025:22:57:31 +0300] "GET /wp-admin/index.php HTTP/1.1" 200 7345 "https://levasheva.ru/wp-login.php" "Mozilla/5.0 (X11; Ubuntu; Linux x86_64) AppleWebKit/537.36 (KHTML, like Gecko) Chrome/121.0.0.0 Safari/537.36"
130.12.182.47 - - [29/Dec/2025:22:57:31 +0300] "GET /wp-admin/profile.php HTTP/1.1" 200 7345 "https://levasheva.ru/wp-login.php" "Mozilla/5.0 (X11; Ubuntu; Linux x86_64) AppleWebKit/537.36 (KHTML, like Gecko) Chrome/121.0.0.0 Safari/537.36"
130.12.182.47 - - [29/Dec/2025:22:57:31 +0300] "GET /wp-admin/edit.php HTTP/1.1" 200 7345 "https://levasheva.ru/wp-login.php" "Mozilla/5.0 (X11; Ubuntu; Linux x86_64) AppleWebKit/537.36 (KHTML, like Gecko) Chrome/121.0.0.0 Safari/537.36"
130.12.182.47 - - [29/Dec/2025:22:57:31 +0300] "GET /wp-admin/plugins.php HTTP/1.1" 200 7345 "https://levasheva.ru/wp-login.php" "Mozilla/5.0 (X11; Ubuntu; Linux x86_64) AppleWebKit/537.36 (KHTML, like Gecko) Chrome/121.0.0.0 Safari/537.36"
130.12.182.47 - - [29/Dec/2025:22:57:31 +0300] "POST /wp-login.php HTTP/1.1" 200 4933 "https://levasheva.ru/wp-login.php" "Mozilla/5.0 (Macintosh; Intel Mac OS X 10_15_7) AppleWebKit/605.1.15 (KHTML, like Gecko) Version/16.6 Safari/605.1.15"
130.12.182.47 - - [29/Dec/2025:22:57:31 +0300] "GET /wp-admin/index.php HTTP/1.1" 200 7345 "https://levasheva.ru/wp-login.php" "Mozilla/5.0 (Macintosh; Intel Mac OS X 10_15_7) AppleWebKit/605.1.15 (KHTML, like Gecko) Version/17.1 Safari/605.1.15"
130.12.182.47 - - [29/Dec/2025:22:57:31 +0300] "GET /wp-admin/profile.php HTTP/1.1" 200 7345 "https://levasheva.ru/wp-login.php" "Mozilla/5.0 (Macintosh; Intel Mac OS X 10_15_7) AppleWebKit/605.1.15 (KHTML, like Gecko) Version/17.1 Safari/605.1.15"
130.12.182.47 - - [29/Dec/2025:22:57:31 +0300] "GET /wp-admin/edit.php HTTP/1.1" 200 7345 "https://levasheva.ru/wp-login.php" "Mozilla/5.0 (Macintosh; Intel Mac OS X 10_15_7) AppleWebKit/605.1.15 (KHTML, like Gecko) Version/17.1 Safari/605.1.15"
130.12.182.47 - - [29/Dec/2025:22:57:32 +0300] "GET /wp-admin/plugins.php HTTP/1.1" 200 7345 "https://levasheva.ru/wp-login.php" "Mozilla/5.0 (Macintosh; Intel Mac OS X 10_15_7) AppleWebKit/605.1.15 (KHTML, like Gecko) Version/17.1 Safari/605.1.15"
130.12.182.47 - - [29/Dec/2025:22:57:32 +0300] "POST /wp-login.php HTTP/1.1" 200 4933 "https://levasheva.ru/wp-login.php" "Mozilla/5.0 (X11; Linux x86_64) AppleWebKit/537.36 (KHTML, like Gecko) Chrome/121.0.0.0 Safari/537.36"
130.12.182.47 - - [29/Dec/2025:22:57:32 +0300] "GET /wp-admin/index.php HTTP/1.1" 200 7345 "https://levasheva.ru/wp-login.php" "Mozilla/5.0 (Windows NT 10.0; Win64; x64) AppleWebKit/537.36 (KHTML, like Gecko) Chrome/120.0.0.0 Safari/537.36"
130.12.182.47 - - [29/Dec/2025:22:57:32 +0300] "GET /wp-admin/profile.php HTTP/1.1" 200 7345 "https://levasheva.ru/wp-login.php" "Mozilla/5.0 (Windows NT 10.0; Win64; x64) AppleWebKit/537.36 (KHTML, like Gecko) Chrome/120.0.0.0 Safari/537.36"
130.12.182.47 - - [29/Dec/2025:22:57:32 +0300] "GET /wp-admin/edit.php HTTP/1.1" 200 7345 "https://levasheva.ru/wp-login.php" "Mozilla/5.0 (Windows NT 10.0; Win64; x64) AppleWebKit/537.36 (KHTML, like Gecko) Chrome/120.0.0.0 Safari/537.36"
130.12.182.47 - - [29/Dec/2025:22:57:32 +0300] "GET /wp-admin/plugins.php HTTP/1.1" 200 7345 "https://levasheva.ru/wp-login.php" "Mozilla/5.0 (Windows NT 10.0; Win64; x64) AppleWebKit/537.36 (KHTML, like Gecko) Chrome/120.0.0.0 Safari/537.36"
130.12.182.47 - - [29/Dec/2025:22:57:32 +0300] "POST /wp-login.php HTTP/1.1" 200 4933 "https://levasheva.ru/wp-login.php" "Mozilla/5.0 (Windows NT 11.0; Win64; x64; rv:121.0) Gecko/20100101 Firefox/121.0"
130.12.182.47 - - [29/Dec/2025:22:57:32 +0300] "GET /wp-admin/index.php HTTP/1.1" 200 7345 "https://levasheva.ru/wp-login.php" "Mozilla/5.0 (Macintosh; Intel Mac OS X 10_15_7) AppleWebKit/605.1.15 (KHTML, like Gecko) Version/17.0 Safari/605.1.15"
130.12.182.47 - - [29/Dec/2025:22:57:32 +0300] "GET /wp-admin/profile.php HTTP/1.1" 200 7345 "https://levasheva.ru/wp-login.php" "Mozilla/5.0 (Macintosh; Intel Mac OS X 10_15_7) AppleWebKit/605.1.15 (KHTML, like Gecko) Version/17.0 Safari/605.1.15"
130.12.182.47 - - [29/Dec/2025:22:57:32 +0300] "GET /wp-admin/edit.php HTTP/1.1" 200 7345 "https://levasheva.ru/wp-login.php" "Mozilla/5.0 (Macintosh; Intel Mac OS X 10_15_7) AppleWebKit/605.1.15 (KHTML, like Gecko) Version/17.0 Safari/605.1.15"
130.12.182.47 - - [29/Dec/2025:22:57:32 +0300] "GET /wp-admin/plugins.php HTTP/1.1" 200 7345 "https://levasheva.ru/wp-login.php" "Mozilla/5.0 (Macintosh; Intel Mac OS X 10_15_7) AppleWebKit/605.1.15 (KHTML, like Gecko) Version/17.0 Safari/605.1.15"
130.12.182.47 - - [29/Dec/2025:22:57:33 +0300] "POST /wp-login.php HTTP/1.1" 200 4933 "https://levasheva.ru/wp-login.php" "Mozilla/5.0 (Windows NT 10.0; Win64; x64; rv:119.0) Gecko/20100101 Firefox/119.0"
130.12.182.47 - - [29/Dec/2025:22:57:33 +0300] "GET /wp-admin/index.php HTTP/1.1" 200 7345 "https://levasheva.ru/wp-login.php" "Mozilla/5.0 (Macintosh; Intel Mac OS X 13_6_1; rv:121.0) Gecko/20100101 Firefox/121.0"
130.12.182.47 - - [29/Dec/2025:22:57:33 +0300] "GET /wp-admin/profile.php HTTP/1.1" 200 7345 "https://levasheva.ru/wp-login.php" "Mozilla/5.0 (Macintosh; Intel Mac OS X 13_6_1; rv:121.0) Gecko/20100101 Firefox/121.0"
130.12.182.47 - - [29/Dec/2025:22:57:33 +0300] "GET /wp-admin/edit.php HTTP/1.1" 200 7345 "https://levasheva.ru/wp-login.php" "Mozilla/5.0 (Macintosh; Intel Mac OS X 13_6_1; rv:121.0) Gecko/20100101 Firefox/121.0"
130.12.182.47 - - [29/Dec/2025:22:57:33 +0300] "GET /wp-admin/plugins.php HTTP/1.1" 200 7345 "https://levasheva.ru/wp-login.php" "Mozilla/5.0 (Macintosh; Intel Mac OS X 13_6_1; rv:121.0) Gecko/20100101 Firefox/121.0"
130.12.182.47 - - [29/Dec/2025:22:57:33 +0300] "POST /wp-login.php HTTP/1.1" 200 4933 "https://levasheva.ru/wp-login.php" "Mozilla/5.0 (Windows NT 11.0; Win64; x64; rv:118.0) Gecko/20100101 Firefox/118.0"
130.12.182.47 - - [29/Dec/2025:22:57:33 +0300] "GET /wp-admin/index.php HTTP/1.1" 200 7345 "https://levasheva.ru/wp-login.php" "Mozilla/5.0 (X11; Ubuntu; Linux x86_64) AppleWebKit/537.36 (KHTML, like Gecko) Chrome/119.0.0.0 Safari/537.36"
130.12.182.47 - - [29/Dec/2025:22:57:33 +0300] "GET /wp-admin/profile.php HTTP/1.1" 200 7345 "https://levasheva.ru/wp-login.php" "Mozilla/5.0 (X11; Ubuntu; Linux x86_64) AppleWebKit/537.36 (KHTML, like Gecko) Chrome/119.0.0.0 Safari/537.36"
130.12.182.47 - - [29/Dec/2025:22:57:33 +0300] "GET /wp-admin/edit.php HTTP/1.1" 200 7345 "https://levasheva.ru/wp-login.php" "Mozilla/5.0 (X11; Ubuntu; Linux x86_64) AppleWebKit/537.36 (KHTML, like Gecko) Chrome/119.0.0.0 Safari/537.36"
130.12.182.47 - - [29/Dec/2025:22:57:33 +0300] "GET /wp-admin/plugins.php HTTP/1.1" 200 7345 "https://levasheva.ru/wp-login.php" "Mozilla/5.0 (X11; Ubuntu; Linux x86_64) AppleWebKit/537.36 (KHTML, like Gecko) Chrome/119.0.0.0 Safari/537.36"
130.12.182.47 - - [29/Dec/2025:22:57:34 +0300] "POST /wp-login.php HTTP/1.1" 200 4933 "https://levasheva.ru/wp-login.php" "Mozilla/5.0 (X11; Linux x86_64) AppleWebKit/537.36 (KHTML, like Gecko) Chrome/118.0.0.0 Safari/537.36"
130.12.182.47 - - [29/Dec/2025:22:57:34 +0300] "GET /wp-admin/index.php HTTP/1.1" 200 7345 "https://levasheva.ru/wp-login.php" "Mozilla/5.0 (Macintosh; Intel Mac OS X 10_15_7; rv:121.0) Gecko/20100101 Firefox/121.0"
130.12.182.47 - - [29/Dec/2025:22:57:34 +0300] "GET /wp-admin/profile.php HTTP/1.1" 200 7345 "https://levasheva.ru/wp-login.php" "Mozilla/5.0 (Macintosh; Intel Mac OS X 10_15_7; rv:121.0) Gecko/20100101 Firefox/121.0"
130.12.182.47 - - [29/Dec/2025:22:57:34 +0300] "GET /wp-admin/edit.php HTTP/1.1" 200 7345 "https://levasheva.ru/wp-login.php" "Mozilla/5.0 (Macintosh; Intel Mac OS X 10_15_7; rv:121.0) Gecko/20100101 Firefox/121.0"
130.12.182.47 - - [29/Dec/2025:22:57:34 +0300] "GET /wp-admin/plugins.php HTTP/1.1" 200 7345 "https://levasheva.ru/wp-login.php" "Mozilla/5.0 (Macintosh; Intel Mac OS X 10_15_7; rv:121.0) Gecko/20100101 Firefox/121.0"
130.12.182.47 - - [29/Dec/2025:22:57:34 +0300] "POST /wp-login.php HTTP/1.1" 200 4933 "https://levasheva.ru/wp-login.php" "Mozilla/5.0 (Macintosh; Intel Mac OS X 13_6_1; rv:120.0) Gecko/20100101 Firefox/120.0"
130.12.182.47 - - [29/Dec/2025:22:57:34 +0300] "GET /wp-admin/index.php HTTP/1.1" 200 7345 "https://levasheva.ru/wp-login.php" "Mozilla/5.0 (Macintosh; Intel Mac OS X 13_6_1; rv:118.0) Gecko/20100101 Firefox/118.0"
130.12.182.47 - - [29/Dec/2025:22:57:34 +0300] "GET /wp-admin/profile.php HTTP/1.1" 200 7345 "https://levasheva.ru/wp-login.php" "Mozilla/5.0 (Macintosh; Intel Mac OS X 13_6_1; rv:118.0) Gecko/20100101 Firefox/118.0"
130.12.182.47 - - [29/Dec/2025:22:57:34 +0300] "GET /wp-admin/edit.php HTTP/1.1" 200 7345 "https://levasheva.ru/wp-login.php" "Mozilla/5.0 (Macintosh; Intel Mac OS X 13_6_1; rv:118.0) Gecko/20100101 Firefox/118.0"
130.12.182.47 - - [29/Dec/2025:22:57:35 +0300] "GET /wp-admin/plugins.php HTTP/1.1" 200 7345 "https://levasheva.ru/wp-login.php" "Mozilla/5.0 (Macintosh; Intel Mac OS X 13_6_1; rv:118.0) Gecko/20100101 Firefox/118.0"
130.12.182.47 - - [29/Dec/2025:22:57:35 +0300] "POST /wp-login.php HTTP/1.1" 200 4933 "https://levasheva.ru/wp-login.php" "Mozilla/5.0 (X11; Ubuntu; Linux x86_64) AppleWebKit/537.36 (KHTML, like Gecko) Chrome/119.0.0.0 Safari/537.36"
130.12.182.47 - - [29/Dec/2025:22:57:35 +0300] "GET /wp-admin/index.php HTTP/1.1" 200 7345 "https://levasheva.ru/wp-login.php" "Mozilla/5.0 (Macintosh; Intel Mac OS X 10_15_7) AppleWebKit/605.1.15 (KHTML, like Gecko) Version/17.0 Safari/605.1.15"
130.12.182.47 - - [29/Dec/2025:22:57:35 +0300] "GET /wp-admin/profile.php HTTP/1.1" 200 7345 "https://levasheva.ru/wp-login.php" "Mozilla/5.0 (Macintosh; Intel Mac OS X 10_15_7) AppleWebKit/605.1.15 (KHTML, like Gecko) Version/17.0 Safari/605.1.15"
130.12.182.47 - - [29/Dec/2025:22:57:35 +0300] "GET /wp-admin/edit.php HTTP/1.1" 200 7345 "https://levasheva.ru/wp-login.php" "Mozilla/5.0 (Macintosh; Intel Mac OS X 10_15_7) AppleWebKit/605.1.15 (KHTML, like Gecko) Version/17.0 Safari/605.1.15"
130.12.182.47 - - [29/Dec/2025:22:57:35 +0300] "GET /wp-admin/plugins.php HTTP/1.1" 200 7345 "https://levasheva.ru/wp-login.php" "Mozilla/5.0 (Macintosh; Intel Mac OS X 10_15_7) AppleWebKit/605.1.15 (KHTML, like Gecko) Version/17.0 Safari/605.1.15"
130.12.182.47 - - [29/Dec/2025:22:57:35 +0300] "POST /wp-login.php HTTP/1.1" 200 4933 "https://levasheva.ru/wp-login.php" "Mozilla/5.0 (Macintosh; Intel Mac OS X 13_6_1) AppleWebKit/605.1.15 (KHTML, like Gecko) Version/17.2 Safari/605.1.15"
130.12.182.47 - - [29/Dec/2025:22:57:35 +0300] "GET /wp-admin/index.php HTTP/1.1" 200 7345 "https://levasheva.ru/wp-login.php" "Mozilla/5.0 (X11; Ubuntu; Linux x86_64) AppleWebKit/537.36 (KHTML, like Gecko) Chrome/121.0.0.0 Safari/537.36"
130.12.182.47 - - [29/Dec/2025:22:57:35 +0300] "GET /wp-admin/profile.php HTTP/1.1" 200 7345 "https://levasheva.ru/wp-login.php" "Mozilla/5.0 (X11; Ubuntu; Linux x86_64) AppleWebKit/537.36 (KHTML, like Gecko) Chrome/121.0.0.0 Safari/537.36"
130.12.182.47 - - [29/Dec/2025:22:57:35 +0300] "GET /wp-admin/edit.php HTTP/1.1" 200 7345 "https://levasheva.ru/wp-login.php" "Mozilla/5.0 (X11; Ubuntu; Linux x86_64) AppleWebKit/537.36 (KHTML, like Gecko) Chrome/121.0.0.0 Safari/537.36"
130.12.182.47 - - [29/Dec/2025:22:57:35 +0300] "GET /wp-admin/plugins.php HTTP/1.1" 200 7345 "https://levasheva.ru/wp-login.php" "Mozilla/5.0 (X11; Ubuntu; Linux x86_64) AppleWebKit/537.36 (KHTML, like Gecko) Chrome/121.0.0.0 Safari/537.36"
130.12.182.47 - - [29/Dec/2025:22:57:36 +0300] "POST /wp-login.php HTTP/1.1" 200 4933 "https://levasheva.ru/wp-login.php" "Mozilla/5.0 (Macintosh; Intel Mac OS X 10_15_7; rv:120.0) Gecko/20100101 Firefox/120.0"
130.12.182.47 - - [29/Dec/2025:22:57:36 +0300] "GET /wp-admin/index.php HTTP/1.1" 200 7345 "https://levasheva.ru/wp-login.php" "Mozilla/5.0 (Windows NT 10.0; Win64; x64; rv:121.0) Gecko/20100101 Firefox/121.0"
130.12.182.47 - - [29/Dec/2025:22:57:36 +0300] "GET /wp-admin/profile.php HTTP/1.1" 200 7345 "https://levasheva.ru/wp-login.php" "Mozilla/5.0 (Windows NT 10.0; Win64; x64; rv:121.0) Gecko/20100101 Firefox/121.0"
130.12.182.47 - - [29/Dec/2025:22:57:36 +0300] "GET /wp-admin/edit.php HTTP/1.1" 200 7345 "https://levasheva.ru/wp-login.php" "Mozilla/5.0 (Windows NT 10.0; Win64; x64; rv:121.0) Gecko/20100101 Firefox/121.0"
130.12.182.47 - - [29/Dec/2025:22:57:36 +0300] "GET /wp-admin/plugins.php HTTP/1.1" 200 7345 "https://levasheva.ru/wp-login.php" "Mozilla/5.0 (Windows NT 10.0; Win64; x64; rv:121.0) Gecko/20100101 Firefox/121.0"
130.12.182.47 - - [29/Dec/2025:22:57:36 +0300] "POST /wp-login.php HTTP/1.1" 200 4933 "https://levasheva.ru/wp-login.php" "Mozilla/5.0 (Macintosh; Intel Mac OS X 13_6_1) AppleWebKit/537.36 (KHTML, like Gecko) Chrome/120.0.0.0 Safari/537.36"
130.12.182.47 - - [29/Dec/2025:22:57:36 +0300] "GET /wp-admin/index.php HTTP/1.1" 200 7345 "https://levasheva.ru/wp-login.php" "Mozilla/5.0 (Macintosh; Intel Mac OS X 10_15_7) AppleWebKit/605.1.15 (KHTML, like Gecko) Version/17.1 Safari/605.1.15"
130.12.182.47 - - [29/Dec/2025:22:57:36 +0300] "GET /wp-admin/profile.php HTTP/1.1" 200 7345 "https://levasheva.ru/wp-login.php" "Mozilla/5.0 (Macintosh; Intel Mac OS X 10_15_7) AppleWebKit/605.1.15 (KHTML, like Gecko) Version/17.1 Safari/605.1.15"
130.12.182.47 - - [29/Dec/2025:22:57:36 +0300] "GET /wp-admin/edit.php HTTP/1.1" 200 7345 "https://levasheva.ru/wp-login.php" "Mozilla/5.0 (Macintosh; Intel Mac OS X 10_15_7) AppleWebKit/605.1.15 (KHTML, like Gecko) Version/17.1 Safari/605.1.15"
130.12.182.47 - - [29/Dec/2025:22:57:36 +0300] "GET /wp-admin/plugins.php HTTP/1.1" 200 7345 "https://levasheva.ru/wp-login.php" "Mozilla/5.0 (Macintosh; Intel Mac OS X 10_15_7) AppleWebKit/605.1.15 (KHTML, like Gecko) Version/17.1 Safari/605.1.15"
130.12.182.47 - - [29/Dec/2025:22:57:36 +0300] "POST /wp-login.php HTTP/1.1" 200 4933 "https://levasheva.ru/wp-login.php" "Mozilla/5.0 (Macintosh; Intel Mac OS X 10_15_7) AppleWebKit/605.1.15 (KHTML, like Gecko) Version/16.6 Safari/605.1.15"
130.12.182.47 - - [29/Dec/2025:22:57:37 +0300] "GET /wp-admin/index.php HTTP/1.1" 200 7345 "https://levasheva.ru/wp-login.php" "Mozilla/5.0 (Macintosh; Intel Mac OS X 13_6_1) AppleWebKit/537.36 (KHTML, like Gecko) Chrome/118.0.0.0 Safari/537.36"
130.12.182.47 - - [29/Dec/2025:22:57:37 +0300] "GET /wp-admin/profile.php HTTP/1.1" 200 7345 "https://levasheva.ru/wp-login.php" "Mozilla/5.0 (Macintosh; Intel Mac OS X 13_6_1) AppleWebKit/537.36 (KHTML, like Gecko) Chrome/118.0.0.0 Safari/537.36"
130.12.182.47 - - [29/Dec/2025:22:57:37 +0300] "GET /wp-admin/edit.php HTTP/1.1" 200 7345 "https://levasheva.ru/wp-login.php" "Mozilla/5.0 (Macintosh; Intel Mac OS X 13_6_1) AppleWebKit/537.36 (KHTML, like Gecko) Chrome/118.0.0.0 Safari/537.36"
130.12.182.47 - - [29/Dec/2025:22:57:37 +0300] "GET /wp-admin/plugins.php HTTP/1.1" 200 7345 "https://levasheva.ru/wp-login.php" "Mozilla/5.0 (Macintosh; Intel Mac OS X 13_6_1) AppleWebKit/537.36 (KHTML, like Gecko) Chrome/118.0.0.0 Safari/537.36"
