4.218.10.83 - - [29/Dec/2025:13:33:58 +0300] "GET /mah.php HTTP/1.1" 301 162 "https://www.google.co.uk/" "Mozilla/5.0 (Linux; Android 13; SM-S908E) AppleWebKit/537.36 (KHTML, like Gecko) Chrome/116.0.0.0 Mobile Safari/537.36"
4.218.10.83 - - [29/Dec/2025:13:33:59 +0300] "GET /mah.php HTTP/1.1" 404 31057 "https://www.google.co.uk/" "Mozilla/5.0 (Linux; Android 13; SM-S908E) AppleWebKit/537.36 (KHTML, like Gecko) Chrome/116.0.0.0 Mobile Safari/537.36"
4.218.10.83 - - [29/Dec/2025:13:33:59 +0300] "GET /network_xo.php HTTP/1.1" 301 162 "https://www.bing.com/" "Mozilla/5.0 (Linux; Android 11; CPH2251) AppleWebKit/537.36 (KHTML, like Gecko) Chrome/116.0.0.0 Mobile Safari/537.36"
4.218.10.83 - - [29/Dec/2025:13:33:59 +0300] "GET /network_xo.php HTTP/1.1" 404 31057 "https://www.bing.com/" "Mozilla/5.0 (Linux; Android 11; CPH2251) AppleWebKit/537.36 (KHTML, like Gecko) Chrome/116.0.0.0 Mobile Safari/537.36"
4.218.10.83 - - [29/Dec/2025:13:33:59 +0300] "GET /new.php HTTP/1.1" 301 162 "https://www.yahoo.com/" "Mozilla/5.0 (Linux; Android 11; CPH2251) AppleWebKit/537.36 (KHTML, like Gecko) Chrome/116.0.0.0 Mobile Safari/537.36"
4.218.10.83 - - [29/Dec/2025:13:34:00 +0300] "GET /new.php HTTP/1.1" 404 31057 "https://www.yahoo.com/" "Mozilla/5.0 (Linux; Android 11; CPH2251) AppleWebKit/537.36 (KHTML, like Gecko) Chrome/116.0.0.0 Mobile Safari/537.36"
4.218.10.83 - - [29/Dec/2025:13:34:00 +0300] "GET /nxc.php HTTP/1.1" 301 162 "https://www.yahoo.com/" "Mozilla/5.0 (iPad; CPU OS 16_7_2 like Mac OS X) AppleWebKit/605.1.15 (KHTML, like Gecko) Version/16.6 Mobile/15E148 Safari/604.1"
4.218.10.83 - - [29/Dec/2025:13:34:00 +0300] "GET /nxc.php HTTP/1.1" 404 31057 "https://www.yahoo.com/" "Mozilla/5.0 (iPad; CPU OS 16_7_2 like Mac OS X) AppleWebKit/605.1.15 (KHTML, like Gecko) Version/16.6 Mobile/15E148 Safari/604.1"
4.218.10.83 - - [29/Dec/2025:13:34:01 +0300] "GET /packed.php HTTP/1.1" 301 162 "https://www.google.com/" "Mozilla/5.0 (Linux; Android 11; 21081111RG) AppleWebKit/537.36 (KHTML, like Gecko) Chrome/116.0.0.0 Mobile Safari/537.36"
4.218.10.83 - - [29/Dec/2025:13:34:01 +0300] "GET /packed.php HTTP/1.1" 404 31057 "https://www.google.com/" "Mozilla/5.0 (Linux; Android 11; 21081111RG) AppleWebKit/537.36 (KHTML, like Gecko) Chrome/116.0.0.0 Mobile Safari/537.36"
4.218.10.83 - - [29/Dec/2025:13:34:01 +0300] "GET /radio.php HTTP/1.1" 301 162 "https://www.bing.com/" "Mozilla/5.0 (Linux; Android 12; 2201116SG) AppleWebKit/537.36 (KHTML, like Gecko) Chrome/116.0.0.0 Mobile Safari/537.36"
4.218.10.83 - - [29/Dec/2025:13:34:02 +0300] "GET /radio.php HTTP/1.1" 404 31057 "https://www.bing.com/" "Mozilla/5.0 (Linux; Android 12; 2201116SG) AppleWebKit/537.36 (KHTML, like Gecko) Chrome/116.0.0.0 Mobile Safari/537.36"
216.73.216.89 - - [29/Dec/2025:13:34:02 +0300] "GET /students/chermyshenceva/chermyshentseva_larisa_07 HTTP/2.0" 301 0 "-" "Mozilla/5.0 AppleWebKit/537.36 (KHTML, like Gecko; compatible; ClaudeBot/1.0; +claudebot@anthropic.com)"
4.218.10.83 - - [29/Dec/2025:13:34:02 +0300] "GET /rss.php HTTP/1.1" 301 162 "https://www.google.co.uk/" "Mozilla/5.0 (iPad; CPU OS 16_7_2 like Mac OS X) AppleWebKit/605.1.15 (KHTML, like Gecko) Version/16.6 Mobile/15E148 Safari/604.1"
216.73.216.89 - - [29/Dec/2025:13:34:02 +0300] "GET /students/chermyshenceva/chermyshentseva_larisa_07/ HTTP/2.0" 200 9734 "https://levasheva.ru/students/chermyshenceva/chermyshentseva_larisa_07" "Mozilla/5.0 AppleWebKit/537.36 (KHTML, like Gecko; compatible; ClaudeBot/1.0; +claudebot@anthropic.com)"
4.218.10.83 - - [29/Dec/2025:13:34:02 +0300] "GET /rss.php HTTP/1.1" 404 31057 "https://www.google.co.uk/" "Mozilla/5.0 (iPad; CPU OS 16_7_2 like Mac OS X) AppleWebKit/605.1.15 (KHTML, like Gecko) Version/16.6 Mobile/15E148 Safari/604.1"
4.218.10.83 - - [29/Dec/2025:13:34:03 +0300] "GET /simple.php HTTP/1.1" 301 162 "https://www.google.com/" "Mozilla/5.0 (iPhone; CPU iPhone OS 17_1_1 like Mac OS X) AppleWebKit/605.1.15 (KHTML, like Gecko) Version/17.1 Mobile/15E148 Safari/604.1"
4.218.10.83 - - [29/Dec/2025:13:34:03 +0300] "GET /simple.php HTTP/1.1" 404 31057 "https://www.google.com/" "Mozilla/5.0 (iPhone; CPU iPhone OS 17_1_1 like Mac OS X) AppleWebKit/605.1.15 (KHTML, like Gecko) Version/17.1 Mobile/15E148 Safari/604.1"
4.218.10.83 - - [29/Dec/2025:13:34:04 +0300] "GET /system_log.php HTTP/1.1" 301 162 "https://www.google.com/" "Mozilla/5.0 (iPhone; CPU iPhone OS 17_0_3 like Mac OS X) AppleWebKit/605.1.15 (KHTML, like Gecko) Version/17.0.1 Mobile/15E148 Safari/604.1"
4.218.10.83 - - [29/Dec/2025:13:34:04 +0300] "GET /system_log.php HTTP/1.1" 404 31057 "https://www.google.com/" "Mozilla/5.0 (iPhone; CPU iPhone OS 17_0_3 like Mac OS X) AppleWebKit/605.1.15 (KHTML, like Gecko) Version/17.0.1 Mobile/15E148 Safari/604.1"
4.218.10.83 - - [29/Dec/2025:13:34:05 +0300] "GET /themes.php HTTP/1.1" 301 162 "https://www.yahoo.com/" "Mozilla/5.0 (iPhone; CPU iPhone OS 17_1 like Mac OS X) AppleWebKit/605.1.15 (KHTML, like Gecko) CriOS/119.0.6045.109 Mobile/15E148 Safari/604.1"
4.218.10.83 - - [29/Dec/2025:13:34:05 +0300] "GET /themes.php HTTP/1.1" 404 31057 "https://www.yahoo.com/" "Mozilla/5.0 (iPhone; CPU iPhone OS 17_1 like Mac OS X) AppleWebKit/605.1.15 (KHTML, like Gecko) CriOS/119.0.6045.109 Mobile/15E148 Safari/604.1"
4.218.10.83 - - [29/Dec/2025:13:34:06 +0300] "GET /upload/gpt-sh2.php HTTP/1.1" 301 162 "https://duckduckgo.com/" "Mozilla/5.0 (Linux; Android 11; CPH2251) AppleWebKit/537.36 (KHTML, like Gecko) Chrome/116.0.0.0 Mobile Safari/537.36"
4.218.10.83 - - [29/Dec/2025:13:34:06 +0300] "GET /upload/gpt-sh2.php HTTP/1.1" 404 31057 "https://duckduckgo.com/" "Mozilla/5.0 (Linux; Android 11; CPH2251) AppleWebKit/537.36 (KHTML, like Gecko) Chrome/116.0.0.0 Mobile Safari/537.36"
4.218.10.83 - - [29/Dec/2025:13:34:07 +0300] "GET /we.php HTTP/1.1" 301 162 "https://www.google.co.uk/" "Mozilla/5.0 (iPhone; CPU iPhone OS 15_7_9 like Mac OS X) AppleWebKit/605.1.15 (KHTML, like Gecko) Version/15.6.5 Mobile/15E148 Safari/604.1"
4.218.10.83 - - [29/Dec/2025:13:34:07 +0300] "GET /we.php HTTP/1.1" 404 31057 "https://www.google.co.uk/" "Mozilla/5.0 (iPhone; CPU iPhone OS 15_7_9 like Mac OS X) AppleWebKit/605.1.15 (KHTML, like Gecko) Version/15.6.5 Mobile/15E148 Safari/604.1"
4.218.10.83 - - [29/Dec/2025:13:34:08 +0300] "GET /worksec.php HTTP/1.1" 301 162 "https://www.google.fr/" "Mozilla/5.g (Linux; Android 13; Pixel 7) AppleWebKit/537.36 (KHTML, like Gecko) Chrome/116.0.0.0 Mobile Safari/537.36"
4.218.10.83 - - [29/Dec/2025:13:34:08 +0300] "GET /worksec.php HTTP/1.1" 404 31057 "https://www.google.fr/" "Mozilla/5.g (Linux; Android 13; Pixel 7) AppleWebKit/537.36 (KHTML, like Gecko) Chrome/116.0.0.0 Mobile Safari/537.36"
82.148.16.210 - - [29/Dec/2025:13:43:18 +0300] "POST /wp-cron.php?doing_wp_cron=1767004998.5702519416809082031250 HTTP/1.1" 200 31 "-" "WordPress/6.9-alpha-60450; https://levasheva.ru"
66.249.70.105 - - [29/Dec/2025:13:43:18 +0300] "GET /ads.txt HTTP/1.1" 404 7262 "-" "Mozilla/5.0 (compatible; Googlebot/2.1; +http://www.google.com/bot.html)"
82.148.16.210 - - [29/Dec/2025:13:46:28 +0300] "POST /wp-cron.php?doing_wp_cron=1767005188.3075010776519775390625 HTTP/1.1" 200 31 "-" "WordPress/6.9-alpha-60450; https://levasheva.ru"
148.72.211.168 - - [29/Dec/2025:13:46:28 +0300] "POST /xmlrpc.php HTTP/2.0" 200 269 "-" "Mozilla/5.0 (Windows NT 6.1) AppleWebKit/537.36 (KHTML, like Gecko) Chrome/65.0.3325.181 Safari/537.36 OPR/52.0.2871.64"
72.61.182.16 - - [29/Dec/2025:13:46:30 +0300] "POST / HTTP/1.1" 200 12752 "-" "Mozilla/5.0 (Windows NT 10.0; Win64; x64) AppleWebKit/537.36 (KHTML, like Gecko) Chrome/60.0.3112.113 Safari/537.36 Assetnote/1.0.0"
72.61.182.16 - - [29/Dec/2025:13:46:31 +0300] "HEAD / HTTP/1.1" 200 0 "-" "python-requests/2.31.0"
178.130.43.171 - - [29/Dec/2025:13:52:26 +0300] "GET / HTTP/1.0" 301 162 "http://levasheva.ru/" "Mozilla/5.0 (Windows NT 10.0; Win64; x64) AppleWebKit/537.36 (KHTML, like Gecko) Chrome/131.0.0.0 Safari/537.36 Avast/131.0.0.0"
82.148.16.210 - - [29/Dec/2025:13:52:26 +0300] "POST /wp-cron.php?doing_wp_cron=1767005546.9160029888153076171875 HTTP/1.1" 200 31 "-" "WordPress/6.9-alpha-60450; https://levasheva.ru"
178.130.43.171 - - [29/Dec/2025:13:52:27 +0300] "GET / HTTP/1.0" 200 58663 "https://levasheva.ru/" "Mozilla/5.0 (Windows NT 10.0; Win64; x64) AppleWebKit/537.36 (KHTML, like Gecko) Chrome/131.0.0.0 Safari/537.36 Avast/131.0.0.0"
82.148.16.210 - - [29/Dec/2025:13:55:07 +0300] "POST /wp-cron.php?doing_wp_cron=1767005707.6581690311431884765625 HTTP/1.1" 200 31 "-" "WordPress/6.9-alpha-60450; https://levasheva.ru"
103.28.37.47 - - [29/Dec/2025:13:55:07 +0300] "POST /xmlrpc.php HTTP/1.1" 200 453 "-" "Mozilla/5.0 (Windows NT 5.1; rv:30.0) Gecko/20100101 Firefox/30.0"
103.28.37.47 - - [29/Dec/2025:13:55:10 +0300] "POST /xmlrpc.php HTTP/1.1" 200 453 "-" "Mozilla/5.0 (Windows NT 5.1; rv:30.0) Gecko/20100101 Firefox/30.0"
103.28.37.47 - - [29/Dec/2025:13:55:11 +0300] "POST /xmlrpc.php HTTP/1.1" 200 453 "-" "Mozilla/5.0 (Windows NT 5.1; rv:30.0) Gecko/20100101 Firefox/30.0"
103.28.37.47 - - [29/Dec/2025:13:55:13 +0300] "POST /xmlrpc.php HTTP/1.1" 200 453 "-" "Mozilla/5.0 (Windows NT 5.1; rv:30.0) Gecko/20100101 Firefox/30.0"
103.28.37.47 - - [29/Dec/2025:13:55:15 +0300] "POST /xmlrpc.php HTTP/1.1" 200 453 "-" "Mozilla/5.0 (Windows NT 5.1; rv:30.0) Gecko/20100101 Firefox/30.0"
103.28.37.47 - - [29/Dec/2025:13:55:16 +0300] "POST /xmlrpc.php HTTP/1.1" 200 453 "-" "Mozilla/5.0 (Windows NT 5.1; rv:30.0) Gecko/20100101 Firefox/30.0"
82.148.16.210 - - [29/Dec/2025:13:55:17 +0300] "POST /wp-cron.php?doing_wp_cron=1767005717.4709239006042480468750 HTTP/1.1" 200 31 "-" "WordPress/6.9-alpha-60450; https://levasheva.ru"
103.28.37.47 - - [29/Dec/2025:13:55:17 +0300] "POST /xmlrpc.php HTTP/1.1" 200 453 "-" "Mozilla/5.0 (Windows NT 5.1; rv:30.0) Gecko/20100101 Firefox/30.0"
103.28.37.47 - - [29/Dec/2025:13:55:18 +0300] "POST /xmlrpc.php HTTP/1.1" 200 453 "-" "Mozilla/5.0 (Windows NT 5.1; rv:30.0) Gecko/20100101 Firefox/30.0"
103.28.37.47 - - [29/Dec/2025:13:55:20 +0300] "POST /xmlrpc.php HTTP/1.1" 200 453 "-" "Mozilla/5.0 (Windows NT 5.1; rv:30.0) Gecko/20100101 Firefox/30.0"
103.28.37.47 - - [29/Dec/2025:13:55:21 +0300] "POST /xmlrpc.php HTTP/1.1" 200 453 "-" "Mozilla/5.0 (Windows NT 5.1; rv:30.0) Gecko/20100101 Firefox/30.0"
46.226.10.67 - - [29/Dec/2025:13:55:56 +0300] "POST /xmlrpc.php HTTP/1.1" 200 453 "-" "Mozilla/5.0 (Windows NT 6.0; rv:34.0) Gecko/20100101 Firefox/34.0"
46.226.10.67 - - [29/Dec/2025:13:55:56 +0300] "POST /xmlrpc.php HTTP/1.1" 200 453 "-" "Mozilla/5.0 (Windows NT 6.0; rv:34.0) Gecko/20100101 Firefox/34.0"
46.226.10.67 - - [29/Dec/2025:13:55:57 +0300] "POST /xmlrpc.php HTTP/1.1" 200 453 "-" "Mozilla/5.0 (Windows NT 6.0; rv:34.0) Gecko/20100101 Firefox/34.0"
46.226.10.67 - - [29/Dec/2025:13:55:57 +0300] "POST /xmlrpc.php HTTP/1.1" 200 453 "-" "Mozilla/5.0 (Windows NT 6.0; rv:34.0) Gecko/20100101 Firefox/34.0"
46.226.10.67 - - [29/Dec/2025:13:55:57 +0300] "POST /xmlrpc.php HTTP/1.1" 200 453 "-" "Mozilla/5.0 (Windows NT 6.0; rv:34.0) Gecko/20100101 Firefox/34.0"
46.226.10.67 - - [29/Dec/2025:13:55:58 +0300] "POST /xmlrpc.php HTTP/1.1" 200 453 "-" "Mozilla/5.0 (Windows NT 6.0; rv:34.0) Gecko/20100101 Firefox/34.0"
46.226.10.67 - - [29/Dec/2025:13:55:59 +0300] "POST /xmlrpc.php HTTP/1.1" 200 453 "-" "Mozilla/5.0 (Windows NT 6.0; rv:34.0) Gecko/20100101 Firefox/34.0"
46.226.10.67 - - [29/Dec/2025:13:55:59 +0300] "POST /xmlrpc.php HTTP/1.1" 200 453 "-" "Mozilla/5.0 (Windows NT 6.0; rv:34.0) Gecko/20100101 Firefox/34.0"
46.226.10.67 - - [29/Dec/2025:13:55:59 +0300] "POST /xmlrpc.php HTTP/1.1" 200 453 "-" "Mozilla/5.0 (Windows NT 6.0; rv:34.0) Gecko/20100101 Firefox/34.0"
46.226.10.67 - - [29/Dec/2025:13:56:00 +0300] "POST /xmlrpc.php HTTP/1.1" 200 453 "-" "Mozilla/5.0 (Windows NT 6.0; rv:34.0) Gecko/20100101 Firefox/34.0"
82.148.16.210 - - [29/Dec/2025:13:56:27 +0300] "POST /wp-cron.php?doing_wp_cron=1767005787.8922839164733886718750 HTTP/1.1" 200 31 "-" "WordPress/6.9-alpha-60450; https://levasheva.ru"
178.130.43.171 - - [29/Dec/2025:13:56:28 +0300] "POST / HTTP/1.0" 200 60056 "https://levasheva.ru/" "Mozilla/5.0 (Windows NT 10.0; Win64; x64) AppleWebKit/537.36 (KHTML, like Gecko) Chrome/131.0.0.0 Safari/537.36 Avast/131.0.0.0"
123.57.241.191 - - [29/Dec/2025:13:56:47 +0300] "POST /xmlrpc.php HTTP/1.1" 200 453 "-" "Mozilla/5.0 (Windows NT 10.0; Win64; x64; rv:63.0) Gecko/20100101 Firefox/63.0"
123.57.241.191 - - [29/Dec/2025:13:56:48 +0300] "POST /xmlrpc.php HTTP/1.1" 200 453 "-" "Mozilla/5.0 (Windows NT 10.0; Win64; x64; rv:63.0) Gecko/20100101 Firefox/63.0"
123.57.241.191 - - [29/Dec/2025:13:56:49 +0300] "POST /xmlrpc.php HTTP/1.1" 200 453 "-" "Mozilla/5.0 (Windows NT 10.0; Win64; x64; rv:63.0) Gecko/20100101 Firefox/63.0"
123.57.241.191 - - [29/Dec/2025:13:56:50 +0300] "POST /xmlrpc.php HTTP/1.1" 200 453 "-" "Mozilla/5.0 (Windows NT 10.0; Win64; x64; rv:63.0) Gecko/20100101 Firefox/63.0"
123.57.241.191 - - [29/Dec/2025:13:56:51 +0300] "POST /xmlrpc.php HTTP/1.1" 200 453 "-" "Mozilla/5.0 (Windows NT 10.0; Win64; x64; rv:63.0) Gecko/20100101 Firefox/63.0"
123.57.241.191 - - [29/Dec/2025:13:56:54 +0300] "POST /xmlrpc.php HTTP/1.1" 200 453 "-" "Mozilla/5.0 (Windows NT 10.0; Win64; x64; rv:63.0) Gecko/20100101 Firefox/63.0"
123.57.241.191 - - [29/Dec/2025:13:56:54 +0300] "POST /xmlrpc.php HTTP/1.1" 200 453 "-" "Mozilla/5.0 (Windows NT 10.0; Win64; x64; rv:63.0) Gecko/20100101 Firefox/63.0"
123.57.241.191 - - [29/Dec/2025:13:56:55 +0300] "POST /xmlrpc.php HTTP/1.1" 200 453 "-" "Mozilla/5.0 (Windows NT 10.0; Win64; x64; rv:63.0) Gecko/20100101 Firefox/63.0"
123.57.241.191 - - [29/Dec/2025:13:56:57 +0300] "POST /xmlrpc.php HTTP/1.1" 200 453 "-" "Mozilla/5.0 (Windows NT 10.0; Win64; x64; rv:63.0) Gecko/20100101 Firefox/63.0"
123.57.241.191 - - [29/Dec/2025:13:56:58 +0300] "POST /xmlrpc.php HTTP/1.1" 200 453 "-" "Mozilla/5.0 (Windows NT 10.0; Win64; x64; rv:63.0) Gecko/20100101 Firefox/63.0"
98.70.40.140 - - [29/Dec/2025:13:57:00 +0300] "POST /xmlrpc.php HTTP/1.1" 200 453 "-" "Mozilla/5.0 (Windows NT 6.1; WOW64; rv:18.0) Gecko/20100101 Firefox/18.0"
98.70.40.140 - - [29/Dec/2025:13:57:01 +0300] "POST /xmlrpc.php HTTP/1.1" 200 453 "-" "Mozilla/5.0 (Windows NT 6.1; WOW64; rv:18.0) Gecko/20100101 Firefox/18.0"
98.70.40.140 - - [29/Dec/2025:13:57:03 +0300] "POST /xmlrpc.php HTTP/1.1" 200 453 "-" "Mozilla/5.0 (Windows NT 6.1; WOW64; rv:18.0) Gecko/20100101 Firefox/18.0"
98.70.40.140 - - [29/Dec/2025:13:57:04 +0300] "POST /xmlrpc.php HTTP/1.1" 200 453 "-" "Mozilla/5.0 (Windows NT 6.1; WOW64; rv:18.0) Gecko/20100101 Firefox/18.0"
98.70.40.140 - - [29/Dec/2025:13:57:05 +0300] "POST /xmlrpc.php HTTP/1.1" 200 453 "-" "Mozilla/5.0 (Windows NT 6.1; WOW64; rv:18.0) Gecko/20100101 Firefox/18.0"
98.70.40.140 - - [29/Dec/2025:13:57:06 +0300] "POST /xmlrpc.php HTTP/1.1" 200 453 "-" "Mozilla/5.0 (Windows NT 6.1; WOW64; rv:18.0) Gecko/20100101 Firefox/18.0"
98.70.40.140 - - [29/Dec/2025:13:57:07 +0300] "POST /xmlrpc.php HTTP/1.1" 200 453 "-" "Mozilla/5.0 (Windows NT 6.1; WOW64; rv:18.0) Gecko/20100101 Firefox/18.0"
98.70.40.140 - - [29/Dec/2025:13:57:08 +0300] "POST /xmlrpc.php HTTP/1.1" 200 453 "-" "Mozilla/5.0 (Windows NT 6.1; WOW64; rv:18.0) Gecko/20100101 Firefox/18.0"
98.70.40.140 - - [29/Dec/2025:13:57:09 +0300] "POST /xmlrpc.php HTTP/1.1" 200 453 "-" "Mozilla/5.0 (Windows NT 6.1; WOW64; rv:18.0) Gecko/20100101 Firefox/18.0"
98.70.40.140 - - [29/Dec/2025:13:57:10 +0300] "POST /xmlrpc.php HTTP/1.1" 200 453 "-" "Mozilla/5.0 (Windows NT 6.1; WOW64; rv:18.0) Gecko/20100101 Firefox/18.0"
82.148.16.210 - - [29/Dec/2025:13:57:26 +0300] "POST /wp-cron.php?doing_wp_cron=1767005846.8674778938293457031250 HTTP/1.1" 200 31 "-" "WordPress/6.9-alpha-60450; https://levasheva.ru"
15.235.59.82 - - [29/Dec/2025:13:57:26 +0300] "POST /xmlrpc.php HTTP/2.0" 200 441 "-" "Mozilla/5.0 (Windows NT 10.0; Win64; x64) AppleWebKit/537.36 (KHTML, like Gecko) Chrome/127.0.0.0 Safari/537.36"
82.148.16.210 - - [29/Dec/2025:13:58:31 +0300] "POST /wp-cron.php?doing_wp_cron=1767005911.2959089279174804687500 HTTP/1.1" 200 31 "-" "WordPress/6.9-alpha-60450; https://levasheva.ru"
83.166.133.78 - - [29/Dec/2025:13:58:31 +0300] "POST /xmlrpc.php HTTP/1.1" 200 453 "-" "Mozilla/5.0 (Windows NT 6.1; WOW64) AppleWebKit/537.1 (KHTML, like Gecko) Chrome/21.0.1180.83 Safari/537.1"
83.166.133.78 - - [29/Dec/2025:13:58:31 +0300] "POST /xmlrpc.php HTTP/1.1" 200 453 "-" "Mozilla/5.0 (Windows NT 6.1; WOW64) AppleWebKit/537.1 (KHTML, like Gecko) Chrome/21.0.1180.83 Safari/537.1"
83.166.133.78 - - [29/Dec/2025:13:58:32 +0300] "POST /xmlrpc.php HTTP/1.1" 200 453 "-" "Mozilla/5.0 (Windows NT 6.1; WOW64) AppleWebKit/537.1 (KHTML, like Gecko) Chrome/21.0.1180.83 Safari/537.1"
83.166.133.78 - - [29/Dec/2025:13:58:32 +0300] "POST /xmlrpc.php HTTP/1.1" 200 453 "-" "Mozilla/5.0 (Windows NT 6.1; WOW64) AppleWebKit/537.1 (KHTML, like Gecko) Chrome/21.0.1180.83 Safari/537.1"
83.166.133.78 - - [29/Dec/2025:13:58:33 +0300] "POST /xmlrpc.php HTTP/1.1" 200 453 "-" "Mozilla/5.0 (Windows NT 6.1; WOW64) AppleWebKit/537.1 (KHTML, like Gecko) Chrome/21.0.1180.83 Safari/537.1"
83.166.133.78 - - [29/Dec/2025:13:58:33 +0300] "POST /xmlrpc.php HTTP/1.1" 200 453 "-" "Mozilla/5.0 (Windows NT 6.1; WOW64) AppleWebKit/537.1 (KHTML, like Gecko) Chrome/21.0.1180.83 Safari/537.1"
83.166.133.78 - - [29/Dec/2025:13:58:33 +0300] "POST /xmlrpc.php HTTP/1.1" 200 453 "-" "Mozilla/5.0 (Windows NT 6.1; WOW64) AppleWebKit/537.1 (KHTML, like Gecko) Chrome/21.0.1180.83 Safari/537.1"
83.166.133.78 - - [29/Dec/2025:13:58:34 +0300] "POST /xmlrpc.php HTTP/1.1" 200 453 "-" "Mozilla/5.0 (Windows NT 6.1; WOW64) AppleWebKit/537.1 (KHTML, like Gecko) Chrome/21.0.1180.83 Safari/537.1"
83.166.133.78 - - [29/Dec/2025:13:58:34 +0300] "POST /xmlrpc.php HTTP/1.1" 200 453 "-" "Mozilla/5.0 (Windows NT 6.1; WOW64) AppleWebKit/537.1 (KHTML, like Gecko) Chrome/21.0.1180.83 Safari/537.1"
83.166.133.78 - - [29/Dec/2025:13:58:35 +0300] "POST /xmlrpc.php HTTP/1.1" 200 453 "-" "Mozilla/5.0 (Windows NT 6.1; WOW64) AppleWebKit/537.1 (KHTML, like Gecko) Chrome/21.0.1180.83 Safari/537.1"
82.148.16.210 - - [29/Dec/2025:13:59:47 +0300] "POST /wp-cron.php?doing_wp_cron=1767005987.2845129966735839843750 HTTP/1.1" 200 31 "-" "WordPress/6.9-alpha-60450; https://levasheva.ru"
103.228.36.130 - - [29/Dec/2025:13:59:47 +0300] "POST /xmlrpc.php HTTP/1.1" 200 453 "-" "Mozilla/5.0 (Windows NT 6.1; WOW64; rv:38.0) Gecko/20100101 Firefox/38.0"
103.228.36.130 - - [29/Dec/2025:13:59:50 +0300] "POST /xmlrpc.php HTTP/1.1" 200 453 "-" "Mozilla/5.0 (Windows NT 6.1; WOW64; rv:38.0) Gecko/20100101 Firefox/38.0"
103.228.36.130 - - [29/Dec/2025:13:59:52 +0300] "POST /xmlrpc.php HTTP/1.1" 200 453 "-" "Mozilla/5.0 (Windows NT 6.1; WOW64; rv:38.0) Gecko/20100101 Firefox/38.0"
103.228.36.130 - - [29/Dec/2025:13:59:54 +0300] "POST /xmlrpc.php HTTP/1.1" 200 453 "-" "Mozilla/5.0 (Windows NT 6.1; WOW64; rv:38.0) Gecko/20100101 Firefox/38.0"
103.228.36.130 - - [29/Dec/2025:13:59:57 +0300] "POST /xmlrpc.php HTTP/1.1" 200 453 "-" "Mozilla/5.0 (Windows NT 6.1; WOW64; rv:38.0) Gecko/20100101 Firefox/38.0"
103.228.36.130 - - [29/Dec/2025:13:59:59 +0300] "POST /xmlrpc.php HTTP/1.1" 200 453 "-" "Mozilla/5.0 (Windows NT 6.1; WOW64; rv:38.0) Gecko/20100101 Firefox/38.0"
103.228.36.130 - - [29/Dec/2025:14:00:01 +0300] "POST /xmlrpc.php HTTP/1.1" 200 453 "-" "Mozilla/5.0 (Windows NT 6.1; WOW64; rv:38.0) Gecko/20100101 Firefox/38.0"
103.228.36.130 - - [29/Dec/2025:14:00:03 +0300] "POST /xmlrpc.php HTTP/1.1" 200 453 "-" "Mozilla/5.0 (Windows NT 6.1; WOW64; rv:38.0) Gecko/20100101 Firefox/38.0"
103.228.36.130 - - [29/Dec/2025:14:00:04 +0300] "POST /xmlrpc.php HTTP/1.1" 200 453 "-" "Mozilla/5.0 (Windows NT 6.1; WOW64; rv:38.0) Gecko/20100101 Firefox/38.0"
103.228.36.130 - - [29/Dec/2025:14:00:06 +0300] "POST /xmlrpc.php HTTP/1.1" 200 453 "-" "Mozilla/5.0 (Windows NT 6.1; WOW64; rv:38.0) Gecko/20100101 Firefox/38.0"
82.148.16.210 - - [29/Dec/2025:14:07:38 +0300] "POST /wp-cron.php?doing_wp_cron=1767006458.3828809261322021484375 HTTP/1.1" 200 31 "-" "WordPress/6.9-alpha-60450; https://levasheva.ru"
177.234.157.232 - - [29/Dec/2025:14:07:38 +0300] "POST /xmlrpc.php HTTP/2.0" 200 269 "-" "Mozilla/4.0 (compatible; MSIE 7.0; Windows NT 6.1; Trident/7.0; SLCC2; .NET CLR 2.0.50727; .NET CLR 3.5.30729; .NET CLR 3.0.30729; Media Center PC 6.0; .NET4.0C; .NET4.0E; Tablet PC 2.0)"
82.148.16.210 - - [29/Dec/2025:14:12:15 +0300] "POST /wp-cron.php?doing_wp_cron=1767006735.3815219402313232421875 HTTP/1.1" 200 31 "-" "WordPress/6.9-alpha-60450; https://levasheva.ru"
45.117.83.212 - - [29/Dec/2025:14:12:16 +0300] "GET /wp-login.php HTTP/2.0" 200 3447 "-" "Mozilla/5.0 (Windows NT 6.1; Win64; x64) AppleWebKit/537.36 (KHTML, like Gecko) Chrome/52.0.2743.116 Safari/537.36 Edge/15.15063"
45.117.83.212 - - [29/Dec/2025:14:12:16 +0300] "POST /wp-login.php HTTP/2.0" 200 3638 "https://levasheva.ru/wp-login.php" "Mozilla/5.0 (Windows NT 6.1; Win64; x64) AppleWebKit/537.36 (KHTML, like Gecko) Chrome/52.0.2743.116 Safari/537.36 Edge/15.15063"
82.148.16.210 - - [29/Dec/2025:14:17:28 +0300] "POST /wp-cron.php?doing_wp_cron=1767007048.1025810241699218750000 HTTP/1.1" 200 31 "-" "WordPress/6.9-alpha-60450; https://levasheva.ru"
87.106.229.106 - - [29/Dec/2025:14:17:28 +0300] "POST /xmlrpc.php HTTP/1.1" 200 264 "-" "Mozilla/5.0 (Windows NT 10.0; Win64; x64; rv:73.0) Gecko/20100101 Firefox/73.0"
82.148.16.210 - - [29/Dec/2025:14:33:41 +0300] "POST /wp-cron.php?doing_wp_cron=1767008021.1631240844726562500000 HTTP/1.1" 200 31 "-" "WordPress/6.9-alpha-60450; https://levasheva.ru"
103.42.58.162 - - [29/Dec/2025:14:33:41 +0300] "POST /xmlrpc.php HTTP/2.0" 200 269 "-" "Mozilla/5.0 (X11; Ubuntu; Linux x86_64; rv:60.0) Gecko/20100101 Firefox/60.0"
82.148.16.210 - - [29/Dec/2025:14:35:35 +0300] "POST /wp-cron.php?doing_wp_cron=1767008135.1607499122619628906250 HTTP/1.1" 200 31 "-" "WordPress/6.9-alpha-60450; https://levasheva.ru"
209.141.40.130 - - [29/Dec/2025:14:35:35 +0300] "GET /wp-login.php HTTP/1.1" 200 12215 "-" "Mozilla/5.0 (X11; Linux x86_64) AppleWebKit/537.36 (KHTML, like Gecko) Chrome/36.0.1985.125 Safari/537.36"
209.141.40.130 - - [29/Dec/2025:14:35:38 +0300] "POST /wp-login.php HTTP/1.1" 200 12713 "-" "Mozilla/5.0 (X11; Linux x86_64) AppleWebKit/537.36 (KHTML, like Gecko) Chrome/36.0.1985.125 Safari/537.36"
82.148.16.210 - - [29/Dec/2025:14:41:30 +0300] "POST /wp-cron.php?doing_wp_cron=1767008490.7658491134643554687500 HTTP/1.1" 200 31 "-" "WordPress/6.9-alpha-60450; https://levasheva.ru"
51.195.183.21 - - [29/Dec/2025:14:41:30 +0300] "GET /robots.txt HTTP/2.0" 200 122 "-" "Mozilla/5.0 (compatible; AhrefsBot/7.0; +http://ahrefs.com/robot/)"
198.244.240.248 - - [29/Dec/2025:14:41:41 +0300] "GET / HTTP/2.0" 200 12739 "-" "Mozilla/5.0 (compatible; AhrefsBot/7.0; +http://ahrefs.com/robot/)"
82.148.16.210 - - [29/Dec/2025:14:50:39 +0300] "POST /wp-cron.php?doing_wp_cron=1767009039.1299049854278564453125 HTTP/1.1" 200 31 "-" "WordPress/6.9-alpha-60450; https://levasheva.ru"
188.164.198.78 - - [29/Dec/2025:14:50:39 +0300] "GET /wp-login.php HTTP/2.0" 200 3447 "-" "Mozilla/5.0 (Windows NT 6.1; WOW64; Trident/7.0; BOIE9;ENGB; rv:11.0) like Gecko"
188.164.198.78 - - [29/Dec/2025:14:50:42 +0300] "POST /wp-login.php HTTP/2.0" 200 3638 "https://levasheva.ru/wp-login.php" "Mozilla/5.0 (Windows NT 6.1; WOW64; Trident/7.0; BOIE9;ENGB; rv:11.0) like Gecko"
82.148.16.210 - - [29/Dec/2025:14:56:25 +0300] "POST /wp-cron.php?doing_wp_cron=1767009385.0099310874938964843750 HTTP/1.1" 200 31 "-" "WordPress/6.9-alpha-60450; https://levasheva.ru"
62.113.116.213 - - [29/Dec/2025:14:56:25 +0300] "GET / HTTP/1.0" 200 58663 "https://levasheva.ru/" "Mozilla/5.0 (Windows NT 10.0; Win64; x64) AppleWebKit/537.36 (KHTML, like Gecko) Chrome/130.0.0.0 Safari/537.36"
62.113.116.213 - - [29/Dec/2025:14:56:26 +0300] "POST / HTTP/1.0" 200 60028 "https://levasheva.ru/" "Mozilla/5.0 (Windows NT 10.0; Win64; x64) AppleWebKit/537.36 (KHTML, like Gecko) Chrome/130.0.0.0 Safari/537.36"
82.148.16.210 - - [29/Dec/2025:15:02:33 +0300] "POST /wp-cron.php?doing_wp_cron=1767009753.2365028858184814453125 HTTP/1.1" 200 31 "-" "WordPress/6.9-alpha-60450; https://levasheva.ru"
66.249.70.107 - - [29/Dec/2025:15:02:33 +0300] "GET /robots.txt HTTP/1.1" 200 133 "-" "Mozilla/5.0 (compatible; Googlebot/2.1; +http://www.google.com/bot.html)"
82.148.16.210 - - [29/Dec/2025:15:06:45 +0300] "POST /wp-cron.php?doing_wp_cron=1767010005.7124149799346923828125 HTTP/1.1" 200 31 "-" "WordPress/6.9-alpha-60450; https://levasheva.ru"
144.6.171.46 - - [29/Dec/2025:15:06:45 +0300] "POST /xmlrpc.php HTTP/1.1" 200 264 "-" "Mozilla/5.0 (Windows NT 10.0; Win64; x64; rv:70.0) Gecko/20100101 Firefox/70.0"
82.148.16.210 - - [29/Dec/2025:15:13:30 +0300] "POST /wp-cron.php?doing_wp_cron=1767010410.9152660369873046875000 HTTP/1.1" 200 31 "-" "WordPress/6.9-alpha-60450; https://levasheva.ru"
216.73.216.89 - - [29/Dec/2025:15:13:31 +0300] "GET /robots.txt HTTP/2.0" 200 122 "-" "Mozilla/5.0 AppleWebKit/537.36 (KHTML, like Gecko; compatible; ClaudeBot/1.0; +claudebot@anthropic.com)"
216.73.216.89 - - [29/Dec/2025:15:13:31 +0300] "GET /about/publications/irina_levasheva_publications_11 HTTP/2.0" 301 0 "-" "Mozilla/5.0 AppleWebKit/537.36 (KHTML, like Gecko; compatible; ClaudeBot/1.0; +claudebot@anthropic.com)"
216.73.216.89 - - [29/Dec/2025:15:13:31 +0300] "GET /about/publications/irina_levasheva_publications_11/ HTTP/2.0" 200 9844 "https://levasheva.ru/about/publications/irina_levasheva_publications_11" "Mozilla/5.0 AppleWebKit/537.36 (KHTML, like Gecko; compatible; ClaudeBot/1.0; +claudebot@anthropic.com)"
82.148.16.210 - - [29/Dec/2025:15:15:07 +0300] "POST /wp-cron.php?doing_wp_cron=1767010507.4117660522460937500000 HTTP/1.1" 200 31 "-" "WordPress/6.9-alpha-60450; https://levasheva.ru"
54.219.217.247 - - [29/Dec/2025:15:15:07 +0300] "GET /Post.il HTTP/1.1" 404 31057 "-" "Mozilla/5.0 (Macintosh; Intel Mac OS X 10_10_5) AppleWebKit/537.36 (KHTML, like Gecko) Chrome/52.0.2743.116 Safari/537.36"
182.43.70.143 - - [29/Dec/2025:15:19:13 +0300] "GET / HTTP/1.1" 301 162 "-" "Mozilla/5.0 (iPhone; CPU iPhone OS 13_2_3 like Mac OS X) AppleWebKit/605.1.15 (KHTML, like Gecko) Version/13.0.3 Mobile/15E148 Safari/604.1"
82.148.16.210 - - [29/Dec/2025:15:25:58 +0300] "POST /wp-cron.php?doing_wp_cron=1767011158.2867240905761718750000 HTTP/1.1" 200 31 "-" "WordPress/6.9-alpha-60450; https://levasheva.ru"
216.73.216.89 - - [29/Dec/2025:15:25:58 +0300] "GET /?p=1229 HTTP/2.0" 301 0 "-" "Mozilla/5.0 AppleWebKit/537.36 (KHTML, like Gecko; compatible; ClaudeBot/1.0; +claudebot@anthropic.com)"
216.73.216.89 - - [29/Dec/2025:15:25:59 +0300] "GET /students/chermyshenceva/chermyshentseva_larisa_07/ HTTP/2.0" 200 9734 "https://levasheva.ru/?p=1229" "Mozilla/5.0 AppleWebKit/537.36 (KHTML, like Gecko; compatible; ClaudeBot/1.0; +claudebot@anthropic.com)"
82.148.16.210 - - [29/Dec/2025:15:26:31 +0300] "POST /wp-cron.php?doing_wp_cron=1767011191.4662261009216308593750 HTTP/1.1" 200 31 "-" "WordPress/6.9-alpha-60450; https://levasheva.ru"
68.183.25.188 - - [29/Dec/2025:15:26:31 +0300] "GET /wp-login.php HTTP/2.0" 200 3446 "-" "Mozilla/4.0 (compatible; MSIE 7.0; Windows NT 6.2; WOW64; Trident/7.0; .NET4.0C; .NET4.0E; .NET CLR 2.0.50727; .NET CLR 3.0.30729; .NET CLR 3.5.30729; Zoom 3.6.0)"
68.183.25.188 - - [29/Dec/2025:15:26:34 +0300] "POST /wp-login.php HTTP/2.0" 200 3638 "https://levasheva.ru/wp-login.php" "Mozilla/4.0 (compatible; MSIE 7.0; Windows NT 6.2; WOW64; Trident/7.0; .NET4.0C; .NET4.0E; .NET CLR 2.0.50727; .NET CLR 3.0.30729; .NET CLR 3.5.30729; Zoom 3.6.0)"
82.148.16.210 - - [29/Dec/2025:15:29:02 +0300] "POST /wp-cron.php?doing_wp_cron=1767011342.7297730445861816406250 HTTP/1.1" 200 31 "-" "WordPress/6.9-alpha-60450; https://levasheva.ru"
157.55.39.57 - - [29/Dec/2025:15:29:03 +0300] "GET /contacts/ HTTP/2.0" 200 10921 "-" "Mozilla/5.0 AppleWebKit/537.36 (KHTML, like Gecko; compatible; bingbot/2.0; +http://www.bing.com/bingbot.htm) Chrome/116.0.1938.76 Safari/537.36"
82.148.16.210 - - [29/Dec/2025:15:33:21 +0300] "POST /wp-cron.php?doing_wp_cron=1767011601.5587809085845947265625 HTTP/1.1" 200 31 "-" "WordPress/6.9-alpha-60450; https://levasheva.ru"
81.12.27.190 - - [29/Dec/2025:15:33:21 +0300] "POST /xmlrpc.php HTTP/2.0" 200 269 "-" "Mozilla/5.0 (Macintosh; Intel Mac OS X 10.13; rv:61.0) Gecko/20100101 Firefox/61.0"
5.255.231.32 - - [29/Dec/2025:15:34:05 +0300] "GET /robots.txt HTTP/1.1" 200 181 "-" "Mozilla/5.0 (compatible; YandexBot/3.0; +http://yandex.com/bots)"
5.255.231.48 - - [29/Dec/2025:15:34:06 +0300] "GET /works/oil/irina_levasheva_painting_018 HTTP/1.1" 301 5 "-" "Mozilla/5.0 (compatible; YandexMarket/2.0; +http://yandex.com/bots)"
87.250.224.120 - - [29/Dec/2025:15:34:06 +0300] "GET /robots.txt HTTP/1.1" 200 181 "-" "Mozilla/5.0 (compatible; YandexBot/3.0; +http://yandex.com/bots)"
87.250.224.37 - - [29/Dec/2025:15:34:07 +0300] "GET /works/oil/irina_levasheva_painting_018/ HTTP/1.1" 200 9813 "-" "Mozilla/5.0 (compatible; YandexMarket/2.0; +http://yandex.com/bots)"
82.148.16.210 - - [29/Dec/2025:15:34:14 +0300] "POST /wp-cron.php?doing_wp_cron=1767011654.2713680267333984375000 HTTP/1.1" 200 31 "-" "WordPress/6.9-alpha-60450; https://levasheva.ru"
114.119.156.38 - - [29/Dec/2025:15:34:14 +0300] "GET /students/shestak-vera/shestak_vera/ HTTP/1.1" 200 9766 "https://levasheva.ru/attachment-sitemap.xml" "Mozilla/5.0 (Linux; Android 7.0;) AppleWebKit/537.36 (KHTML, like Gecko) Mobile Safari/537.36 (compatible; PetalBot;+https://webmaster.petalsearch.com/site/petalbot)"
172.213.222.134 - - [29/Dec/2025:15:36:16 +0300] "GET //wp-content/plugins/fix/up.php HTTP/1.1" 301 162 "-" "Mozilla/5.0 (Windows NT 10.0; Win64; x64) AppleWebKit/537.36 (KHTML, like Gecko) Chrome/85.0.4183.102 Safari/537.36"
82.148.16.210 - - [29/Dec/2025:15:36:16 +0300] "POST /wp-cron.php?doing_wp_cron=1767011776.8895690441131591796875 HTTP/1.1" 200 31 "-" "WordPress/6.9-alpha-60450; https://levasheva.ru"
172.213.222.134 - - [29/Dec/2025:15:36:16 +0300] "GET //wp-content/plugins/fix/up.php HTTP/1.1" 301 5 "-" "Mozilla/5.0 (Windows NT 10.0; Win64; x64) AppleWebKit/537.36 (KHTML, like Gecko) Chrome/85.0.4183.102 Safari/537.36"
172.213.222.134 - - [29/Dec/2025:15:36:17 +0300] "GET /wp-content/plugins/fix/up.php HTTP/1.1" 404 7707 "-" "Mozilla/5.0 (Windows NT 10.0; Win64; x64) AppleWebKit/537.36 (KHTML, like Gecko) Chrome/85.0.4183.102 Safari/537.36"
82.148.16.210 - - [29/Dec/2025:15:38:28 +0300] "POST /wp-cron.php?doing_wp_cron=1767011908.4473400115966796875000 HTTP/1.1" 200 31 "-" "WordPress/6.9-alpha-60450; https://levasheva.ru"
18.213.102.186 - - [29/Dec/2025:15:38:28 +0300] "GET /articles/texnika-zhivopisi-sumi-e/ HTTP/1.1" 200 11853 "-" "Mozilla/5.0 AppleWebKit/537.36 (KHTML, like Gecko; compatible; Amazonbot/0.1; +https://developer.amazon.com/support/amazonbot) Chrome/119.0.6045.214 Safari/537.36"
82.148.16.210 - - [29/Dec/2025:15:41:31 +0300] "POST /wp-cron.php?doing_wp_cron=1767012091.9182679653167724609375 HTTP/1.1" 200 31 "-" "WordPress/6.9-alpha-60450; https://levasheva.ru"
95.108.213.170 - - [29/Dec/2025:15:41:32 +0300] "GET /wp-json/oembed/1.0/embed?url=https%3A%2F%2Flevasheva.ru%2Fworks%2Foil%2Firina_levasheva_painting_018%2F&format=xml HTTP/1.1" 200 1380 "-" "Mozilla/5.0 (compatible; YandexBot/3.0; +http://yandex.com/bots)"
82.148.16.210 - - [29/Dec/2025:15:45:03 +0300] "POST /wp-cron.php?doing_wp_cron=1767012303.7920451164245605468750 HTTP/1.1" 200 31 "-" "WordPress/6.9-alpha-60450; https://levasheva.ru"
95.108.213.128 - - [29/Dec/2025:15:45:04 +0300] "GET / HTTP/1.1" 200 12753 "-" "Mozilla/5.0 (compatible; YandexBot/3.0; +http://yandex.com/bots)"
82.148.16.210 - - [29/Dec/2025:15:46:02 +0300] "POST /wp-cron.php?doing_wp_cron=1767012362.6792349815368652343750 HTTP/1.1" 200 31 "-" "WordPress/6.9-alpha-60450; https://levasheva.ru"
103.231.202.90 - - [29/Dec/2025:15:46:02 +0300] "GET /wp-login.php HTTP/2.0" 200 3446 "-" "Mozilla/5.0 (compatible; MSIE 9.0; Windows NT 6.1; Win64; x64; Trident/7.0)"
103.231.202.90 - - [29/Dec/2025:15:46:05 +0300] "POST /wp-login.php HTTP/2.0" 200 3638 "https://levasheva.ru/wp-login.php" "Mozilla/5.0 (compatible; MSIE 9.0; Windows NT 6.1; Win64; x64; Trident/7.0)"
82.148.16.210 - - [29/Dec/2025:15:47:47 +0300] "POST /wp-cron.php?doing_wp_cron=1767012467.0854189395904541015625 HTTP/1.1" 200 31 "-" "WordPress/6.9-alpha-60450; https://levasheva.ru"
114.119.140.47 - - [29/Dec/2025:15:47:47 +0300] "GET /vystavka-otblesk-vosxodyashhego-solnca-v-nizhnetagilskom-muzee-izobrazitelnyx-iskusstv/irina_levasheva_nizhniy_tagil_02/ HTTP/1.1" 200 10097 "https://levasheva.ru/attachment-sitemap.xml" "Mozilla/5.0 (Linux; Android 7.0;) AppleWebKit/537.36 (KHTML, like Gecko) Mobile Safari/537.36 (compatible; PetalBot;+https://webmaster.petalsearch.com/site/petalbot)"
82.148.16.210 - - [29/Dec/2025:15:48:21 +0300] "POST /wp-cron.php?doing_wp_cron=1767012501.3082919120788574218750 HTTP/1.1" 200 31 "-" "WordPress/6.9-alpha-60450; https://levasheva.ru"
114.119.156.140 - - [29/Dec/2025:15:48:21 +0300] "GET /vystavka-krasota-yaponskoj-tushi/irina_levasheva_ulan_ude_13 HTTP/1.1" 301 5 "https://levasheva.ru/vystavka-krasota-yaponskoj-tushi/irina_levasheva_ulan_ude_13/" "Mozilla/5.0 (Linux; Android 7.0;) AppleWebKit/537.36 (KHTML, like Gecko) Mobile Safari/537.36 (compatible; PetalBot;+https://webmaster.petalsearch.com/site/petalbot)"
114.119.156.140 - - [29/Dec/2025:15:48:22 +0300] "GET /vystavka-krasota-yaponskoj-tushi/irina_levasheva_ulan_ude_13/ HTTP/1.1" 200 9897 "https://levasheva.ru/vystavka-krasota-yaponskoj-tushi/irina_levasheva_ulan_ude_13/" "Mozilla/5.0 (Linux; Android 7.0;) AppleWebKit/537.36 (KHTML, like Gecko) Mobile Safari/537.36 (compatible; PetalBot;+https://webmaster.petalsearch.com/site/petalbot)"
82.148.16.210 - - [29/Dec/2025:15:51:45 +0300] "POST /wp-cron.php?doing_wp_cron=1767012705.6975769996643066406250 HTTP/1.1" 200 31 "-" "WordPress/6.9-alpha-60450; https://levasheva.ru"
198.244.168.194 - - [29/Dec/2025:15:51:46 +0300] "GET /sitemap_index.xml HTTP/2.0" 200 398 "-" "Mozilla/5.0 (compatible; AhrefsBot/7.0; +http://ahrefs.com/robot/)"
51.195.244.117 - - [29/Dec/2025:15:51:57 +0300] "GET /post-sitemap.xml HTTP/2.0" 200 4739 "-" "Mozilla/5.0 (compatible; AhrefsBot/7.0; +http://ahrefs.com/robot/)"
198.244.168.92 - - [29/Dec/2025:15:52:08 +0300] "GET /page-sitemap.xml HTTP/2.0" 200 2241 "-" "Mozilla/5.0 (compatible; AhrefsBot/7.0; +http://ahrefs.com/robot/)"
4.251.113.110 - - [29/Dec/2025:15:52:17 +0300] "GET //wp-content/plugins/fix/up.php HTTP/1.1" 301 162 "-" "Mozilla/5.0 (Windows NT 10.0; Win64; x64) AppleWebKit/537.36 (KHTML, like Gecko) Chrome/85.0.4183.102 Safari/537.36"
82.148.16.210 - - [29/Dec/2025:15:52:17 +0300] "POST /wp-cron.php?doing_wp_cron=1767012737.4648768901824951171875 HTTP/1.1" 200 31 "-" "WordPress/6.9-alpha-60450; https://levasheva.ru"
4.251.113.110 - - [29/Dec/2025:15:52:17 +0300] "GET //wp-content/plugins/fix/up.php HTTP/1.1" 301 5 "-" "Mozilla/5.0 (Windows NT 10.0; Win64; x64) AppleWebKit/537.36 (KHTML, like Gecko) Chrome/85.0.4183.102 Safari/537.36"
4.251.113.110 - - [29/Dec/2025:15:52:17 +0300] "GET /wp-content/plugins/fix/up.php HTTP/1.1" 404 7707 "-" "Mozilla/5.0 (Windows NT 10.0; Win64; x64) AppleWebKit/537.36 (KHTML, like Gecko) Chrome/85.0.4183.102 Safari/537.36"
51.195.215.230 - - [29/Dec/2025:15:52:19 +0300] "GET /attachment-sitemap.xml HTTP/2.0" 200 11527 "-" "Mozilla/5.0 (compatible; AhrefsBot/7.0; +http://ahrefs.com/robot/)"
51.89.129.178 - - [29/Dec/2025:15:52:31 +0300] "GET /attachment-sitemap2.xml HTTP/2.0" 200 1075 "-" "Mozilla/5.0 (compatible; AhrefsBot/7.0; +http://ahrefs.com/robot/)"
54.38.147.116 - - [29/Dec/2025:15:52:41 +0300] "GET /category-sitemap.xml HTTP/2.0" 200 424 "-" "Mozilla/5.0 (compatible; AhrefsBot/7.0; +http://ahrefs.com/robot/)"
198.244.240.136 - - [29/Dec/2025:15:52:52 +0300] "GET /post_tag-sitemap.xml HTTP/2.0" 200 823 "-" "Mozilla/5.0 (compatible; AhrefsBot/7.0; +http://ahrefs.com/robot/)"
51.89.129.156 - - [29/Dec/2025:15:53:02 +0300] "GET /portfolio_tags-sitemap.xml HTTP/2.0" 200 402 "-" "Mozilla/5.0 (compatible; AhrefsBot/7.0; +http://ahrefs.com/robot/)"
198.244.242.203 - - [29/Dec/2025:15:53:13 +0300] "GET /author-sitemap.xml HTTP/2.0" 200 366 "-" "Mozilla/5.0 (compatible; AhrefsBot/7.0; +http://ahrefs.com/robot/)"
82.148.16.210 - - [29/Dec/2025:15:56:07 +0300] "POST /wp-cron.php?doing_wp_cron=1767012967.0854630470275878906250 HTTP/1.1" 200 31 "-" "WordPress/6.9-alpha-60450; https://levasheva.ru"
178.20.42.76 - - [29/Dec/2025:15:56:07 +0300] "GET / HTTP/1.0" 200 58663 "https://levasheva.ru/" "Mozilla/5.0 (Windows NT 10.0; Win64; x64) AppleWebKit/537.36 (KHTML, like Gecko) Chrome/131.0.0.0 Safari/537.36 Avast/131.0.0.0"
178.20.42.76 - - [29/Dec/2025:15:56:08 +0300] "POST / HTTP/1.0" 200 59650 "https://levasheva.ru/" "Mozilla/5.0 (Windows NT 10.0; Win64; x64) AppleWebKit/537.36 (KHTML, like Gecko) Chrome/131.0.0.0 Safari/537.36 Avast/131.0.0.0"
82.148.16.210 - - [29/Dec/2025:15:59:03 +0300] "POST /wp-cron.php?doing_wp_cron=1767013143.6394701004028320312500 HTTP/1.1" 200 31 "-" "WordPress/6.9-alpha-60450; https://levasheva.ru"
148.251.19.42 - - [29/Dec/2025:15:59:04 +0300] "POST /xmlrpc.php HTTP/1.1" 200 264 "-" "Mozilla/5.0 (Windows NT 10.0; Win64; x64; rv:88.0) Gecko/20100101 Firefox/88.0"
82.148.16.210 - - [29/Dec/2025:15:59:28 +0300] "POST /wp-cron.php?doing_wp_cron=1767013168.4716370105743408203125 HTTP/1.1" 200 31 "-" "WordPress/6.9-alpha-60450; https://levasheva.ru"
149.202.51.38 - - [29/Dec/2025:15:59:28 +0300] "GET / HTTP/1.1" 200 12753 "-" "Mozilla/5.0 (Windows NT 10.0; Win64; x64) AppleWebKit/537.36 (KHTML, like Gecko) Chrome/139.0.0.0 Safari/537.36"
82.148.16.210 - - [29/Dec/2025:16:01:05 +0300] "POST /wp-cron.php?doing_wp_cron=1767013265.4353649616241455078125 HTTP/1.1" 200 31 "-" "WordPress/6.9-alpha-60450; https://levasheva.ru"
114.119.156.140 - - [29/Dec/2025:16:01:05 +0300] "GET /vystavka-otblesk-vosxodyashhego-solnca-v-nizhnetagilskom-muzee-izobrazitelnyx-iskusstv/irina_levasheva_tagil_02/ HTTP/1.1" 200 10100 "https://levasheva.ru/attachment-sitemap.xml" "Mozilla/5.0 (Linux; Android 7.0;) AppleWebKit/537.36 (KHTML, like Gecko) Mobile Safari/537.36 (compatible; PetalBot;+https://webmaster.petalsearch.com/site/petalbot)"
82.148.16.210 - - [29/Dec/2025:16:02:22 +0300] "POST /wp-cron.php?doing_wp_cron=1767013342.3491470813751220703125 HTTP/1.1" 200 31 "-" "WordPress/6.9-alpha-60450; https://levasheva.ru"
52.167.144.166 - - [29/Dec/2025:16:02:22 +0300] "GET /articles/ HTTP/2.0" 200 10394 "-" "Mozilla/5.0 AppleWebKit/537.36 (KHTML, like Gecko; compatible; bingbot/2.0; +http://www.bing.com/bingbot.htm) Chrome/116.0.1938.76 Safari/537.36"
114.119.140.47 - - [29/Dec/2025:16:02:30 +0300] "GET /students/kozlova-marina/kozlova_marina_04/ HTTP/1.1" 200 9679 "https://levasheva.ru/attachment-sitemap.xml" "Mozilla/5.0 (Linux; Android 7.0;) AppleWebKit/537.36 (KHTML, like Gecko) Mobile Safari/537.36 (compatible; PetalBot;+https://webmaster.petalsearch.com/site/petalbot)"
82.148.16.210 - - [29/Dec/2025:16:03:50 +0300] "POST /wp-cron.php?doing_wp_cron=1767013430.0626909732818603515625 HTTP/1.1" 200 31 "-" "WordPress/6.9-alpha-60450; https://levasheva.ru"
81.88.49.14 - - [29/Dec/2025:16:03:50 +0300] "GET /wp-login.php HTTP/2.0" 200 3446 "-" "Mozilla/5.0 (Windows NT 6.3; Win64; x64) AppleWebKit/537.36 (KHTML, like Gecko) Chrome/65.0.3325.162 Safari/537.36"
81.88.49.14 - - [29/Dec/2025:16:03:51 +0300] "POST /wp-login.php HTTP/2.0" 200 3638 "https://levasheva.ru/wp-login.php" "Mozilla/5.0 (Windows NT 6.3; Win64; x64) AppleWebKit/537.36 (KHTML, like Gecko) Chrome/65.0.3325.162 Safari/537.36"
114.119.158.212 - - [29/Dec/2025:16:03:53 +0300] "GET /index/irina_levasheva_2017_23 HTTP/1.1" 301 5 "https://levasheva.ru/index/irina_levasheva_2017_23/" "Mozilla/5.0 (Linux; Android 7.0;) AppleWebKit/537.36 (KHTML, like Gecko) Mobile Safari/537.36 (compatible; PetalBot;+https://webmaster.petalsearch.com/site/petalbot)"
114.119.158.212 - - [29/Dec/2025:16:03:54 +0300] "GET /index/irina_levasheva_2017_23/ HTTP/1.1" 200 9752 "https://levasheva.ru/index/irina_levasheva_2017_23/" "Mozilla/5.0 (Linux; Android 7.0;) AppleWebKit/537.36 (KHTML, like Gecko) Mobile Safari/537.36 (compatible; PetalBot;+https://webmaster.petalsearch.com/site/petalbot)"
4.196.74.191 - - [29/Dec/2025:16:08:44 +0300] "GET /2.php HTTP/1.1" 301 162 "-" "-"
82.148.16.210 - - [29/Dec/2025:16:08:45 +0300] "POST /wp-cron.php?doing_wp_cron=1767013725.4537301063537597656250 HTTP/1.1" 200 31 "-" "WordPress/6.9-alpha-60450; https://levasheva.ru"
4.196.74.191 - - [29/Dec/2025:16:08:45 +0300] "GET /2.php HTTP/1.1" 404 31057 "-" "-"
4.196.74.191 - - [29/Dec/2025:16:08:46 +0300] "GET /ALFA_DATA/alfacgiapi/ HTTP/1.1" 301 162 "-" "-"
4.196.74.191 - - [29/Dec/2025:16:08:46 +0300] "GET /ALFA_DATA/alfacgiapi/ HTTP/1.1" 404 31057 "-" "-"
4.196.74.191 - - [29/Dec/2025:16:08:47 +0300] "GET /a.php HTTP/1.1" 301 162 "-" "-"
4.196.74.191 - - [29/Dec/2025:16:08:47 +0300] "GET /a.php HTTP/1.1" 404 31057 "-" "-"
4.196.74.191 - - [29/Dec/2025:16:08:48 +0300] "GET /aaa.php HTTP/1.1" 301 162 "-" "-"
4.196.74.191 - - [29/Dec/2025:16:08:48 +0300] "GET /aaa.php HTTP/1.1" 404 31057 "-" "-"
4.196.74.191 - - [29/Dec/2025:16:08:49 +0300] "GET /ab.php HTTP/1.1" 301 162 "-" "-"
4.196.74.191 - - [29/Dec/2025:16:08:49 +0300] "GET /ab.php HTTP/1.1" 404 31057 "-" "-"
4.196.74.191 - - [29/Dec/2025:16:08:49 +0300] "GET /about.php HTTP/1.1" 301 162 "-" "-"
4.196.74.191 - - [29/Dec/2025:16:08:50 +0300] "GET /about.php HTTP/1.1" 404 31057 "-" "-"
4.196.74.191 - - [29/Dec/2025:16:08:50 +0300] "GET /admin/upload/css.php HTTP/1.1" 301 162 "-" "-"
4.196.74.191 - - [29/Dec/2025:16:08:51 +0300] "GET /admin/upload/css.php HTTP/1.1" 404 33138 "-" "-"
4.196.74.191 - - [29/Dec/2025:16:08:51 +0300] "GET /alfa.php HTTP/1.1" 301 162 "-" "-"
4.196.74.191 - - [29/Dec/2025:16:08:52 +0300] "GET /alfa.php HTTP/1.1" 404 31057 "-" "-"
4.196.74.191 - - [29/Dec/2025:16:08:52 +0300] "GET /api.php HTTP/1.1" 301 162 "-" "-"
4.196.74.191 - - [29/Dec/2025:16:08:53 +0300] "GET /api.php HTTP/1.1" 404 31057 "-" "-"
4.196.74.191 - - [29/Dec/2025:16:08:53 +0300] "GET /auth.php HTTP/1.1" 301 162 "-" "-"
4.196.74.191 - - [29/Dec/2025:16:08:54 +0300] "GET /auth.php HTTP/1.1" 404 31057 "-" "-"
4.196.74.191 - - [29/Dec/2025:16:08:54 +0300] "GET /bk/index.php HTTP/1.1" 301 162 "-" "-"
4.196.74.191 - - [29/Dec/2025:16:08:54 +0300] "GET /bk/index.php HTTP/1.1" 301 5 "-" "-"
4.196.74.191 - - [29/Dec/2025:16:08:55 +0300] "GET /bk/ HTTP/1.1" 404 31057 "-" "-"
4.196.74.191 - - [29/Dec/2025:16:08:56 +0300] "GET /classwithtostring.php HTTP/1.1" 301 162 "-" "-"
4.196.74.191 - - [29/Dec/2025:16:08:56 +0300] "GET /classwithtostring.php HTTP/1.1" 404 31057 "-" "-"
4.196.74.191 - - [29/Dec/2025:16:08:57 +0300] "GET /contents.php/lv.php HTTP/1.1" 301 162 "-" "-"
4.196.74.191 - - [29/Dec/2025:16:08:57 +0300] "GET /contents.php/lv.php HTTP/1.1" 404 31057 "-" "-"
4.196.74.191 - - [29/Dec/2025:16:08:58 +0300] "GET /css/index.php HTTP/1.1" 301 162 "-" "-"
4.196.74.191 - - [29/Dec/2025:16:08:58 +0300] "GET /css/index.php HTTP/1.1" 301 5 "-" "-"
4.196.74.191 - - [29/Dec/2025:16:08:58 +0300] "GET /css/ HTTP/1.1" 404 31057 "-" "-"
4.196.74.191 - - [29/Dec/2025:16:08:59 +0300] "GET /default.php HTTP/1.1" 301 162 "-" "-"
4.196.74.191 - - [29/Dec/2025:16:08:59 +0300] "GET /default.php HTTP/1.1" 404 31057 "-" "-"
4.196.74.191 - - [29/Dec/2025:16:09:00 +0300] "GET /en-us/2021/04/30/php-community-sidesteps-its-third-supply-chain-attack-in-three-years/ HTTP/1.1" 301 162 "-" "-"
4.196.74.191 - - [29/Dec/2025:16:09:00 +0300] "GET /en-us/2021/04/30/php-community-sidesteps-its-third-supply-chain-attack-in-three-years/ HTTP/1.1" 404 33138 "-" "-"
4.196.74.191 - - [29/Dec/2025:16:09:01 +0300] "GET /en/wp-includes/ID3/index.php HTTP/1.1" 301 162 "-" "-"
4.196.74.191 - - [29/Dec/2025:16:09:01 +0300] "GET /en/wp-includes/ID3/index.php HTTP/1.1" 301 5 "-" "-"
4.196.74.191 - - [29/Dec/2025:16:09:02 +0300] "GET /en/wp-includes/ID3/ HTTP/1.1" 404 33138 "-" "-"
4.196.74.191 - - [29/Dec/2025:16:09:02 +0300] "GET /favicon.php HTTP/1.1" 301 162 "-" "-"
4.196.74.191 - - [29/Dec/2025:16:09:03 +0300] "GET /favicon.php HTTP/1.1" 404 31057 "-" "-"
4.196.74.191 - - [29/Dec/2025:16:09:03 +0300] "GET /hehe.php HTTP/1.1" 301 162 "-" "-"
4.196.74.191 - - [29/Dec/2025:16:09:04 +0300] "GET /hehe.php HTTP/1.1" 404 31057 "-" "-"
4.196.74.191 - - [29/Dec/2025:16:09:05 +0300] "GET /include/ HTTP/1.1" 301 162 "-" "-"
4.196.74.191 - - [29/Dec/2025:16:09:05 +0300] "GET /include/ HTTP/1.1" 404 31057 "-" "-"
4.196.74.191 - - [29/Dec/2025:16:09:06 +0300] "GET /index.php/feed/atom/ HTTP/1.1" 301 162 "-" "-"
4.196.74.191 - - [29/Dec/2025:16:09:06 +0300] "GET /index.php/feed/atom/ HTTP/1.1" 301 5 "-" "-"
4.196.74.191 - - [29/Dec/2025:16:09:07 +0300] "GET /feed/atom/ HTTP/1.1" 200 90507 "-" "-"
4.196.74.191 - - [29/Dec/2025:16:09:08 +0300] "GET /info.php HTTP/1.1" 301 162 "-" "-"
4.196.74.191 - - [29/Dec/2025:16:09:09 +0300] "GET /info.php HTTP/1.1" 200 81800 "-" "-"
4.196.74.191 - - [29/Dec/2025:16:09:09 +0300] "GET /k.php HTTP/1.1" 301 162 "-" "-"
4.196.74.191 - - [29/Dec/2025:16:09:10 +0300] "GET /k.php HTTP/1.1" 404 31057 "-" "-"
4.196.74.191 - - [29/Dec/2025:16:09:10 +0300] "GET /lock360.php HTTP/1.1" 301 162 "-" "-"
4.196.74.191 - - [29/Dec/2025:16:09:11 +0300] "GET /lock360.php HTTP/1.1" 404 31057 "-" "-"
4.196.74.191 - - [29/Dec/2025:16:09:11 +0300] "GET /log.php HTTP/1.1" 301 162 "-" "-"
4.196.74.191 - - [29/Dec/2025:16:09:11 +0300] "GET /log.php HTTP/1.1" 404 31057 "-" "-"
4.196.74.191 - - [29/Dec/2025:16:09:12 +0300] "GET /man.php HTTP/1.1" 301 162 "-" "-"
4.196.74.191 - - [29/Dec/2025:16:09:12 +0300] "GET /man.php HTTP/1.1" 404 31057 "-" "-"
4.196.74.191 - - [29/Dec/2025:16:09:12 +0300] "GET /modules/mod_footer/tmpl/index.php HTTP/1.1" 301 162 "-" "-"
4.196.74.191 - - [29/Dec/2025:16:09:13 +0300] "GET /modules/mod_footer/tmpl/index.php HTTP/1.1" 301 5 "-" "-"
4.196.74.191 - - [29/Dec/2025:16:09:13 +0300] "GET /modules/mod_footer/tmpl/ HTTP/1.1" 404 33138 "-" "-"
4.196.74.191 - - [29/Dec/2025:16:09:14 +0300] "GET /post.php HTTP/1.1" 301 162 "-" "-"
4.196.74.191 - - [29/Dec/2025:16:09:14 +0300] "GET /post.php HTTP/1.1" 404 31057 "-" "-"
4.196.74.191 - - [29/Dec/2025:16:09:15 +0300] "GET /private/ HTTP/1.1" 301 162 "-" "-"
4.196.74.191 - - [29/Dec/2025:16:09:15 +0300] "GET /private/ HTTP/1.1" 404 31057 "-" "-"
4.196.74.191 - - [29/Dec/2025:16:09:15 +0300] "GET /root.php HTTP/1.1" 301 162 "-" "-"
4.196.74.191 - - [29/Dec/2025:16:09:16 +0300] "GET /root.php HTTP/1.1" 404 31057 "-" "-"
4.196.74.191 - - [29/Dec/2025:16:09:16 +0300] "GET /shellv3.php HTTP/1.1" 301 162 "-" "-"
4.196.74.191 - - [29/Dec/2025:16:09:16 +0300] "GET /shellv3.php HTTP/1.1" 404 31057 "-" "-"
4.196.74.191 - - [29/Dec/2025:16:09:17 +0300] "GET /simple/function.php HTTP/1.1" 301 162 "-" "-"
82.148.16.210 - - [29/Dec/2025:16:09:17 +0300] "POST /wp-cron.php?doing_wp_cron=1767013757.6839361190795898437500 HTTP/1.1" 200 31 "-" "WordPress/6.9-alpha-60450; https://levasheva.ru"
4.196.74.191 - - [29/Dec/2025:16:09:17 +0300] "GET /simple/function.php HTTP/1.1" 404 31057 "-" "-"
4.196.74.191 - - [29/Dec/2025:16:09:18 +0300] "GET /system.php HTTP/1.1" 301 162 "-" "-"
4.196.74.191 - - [29/Dec/2025:16:09:18 +0300] "GET /system.php HTTP/1.1" 404 31057 "-" "-"
4.196.74.191 - - [29/Dec/2025:16:09:18 +0300] "GET /test.php HTTP/1.1" 301 162 "-" "-"
4.196.74.191 - - [29/Dec/2025:16:09:19 +0300] "GET /test.php HTTP/1.1" 404 31057 "-" "-"
4.196.74.191 - - [29/Dec/2025:16:09:19 +0300] "GET /theme.php HTTP/1.1" 301 162 "-" "-"
4.196.74.191 - - [29/Dec/2025:16:09:19 +0300] "GET /theme.php HTTP/1.1" 404 31057 "-" "-"
4.196.74.191 - - [29/Dec/2025:16:09:20 +0300] "GET /wp-activat.php HTTP/1.1" 301 162 "-" "-"
4.196.74.191 - - [29/Dec/2025:16:09:20 +0300] "GET /wp-activat.php HTTP/1.1" 404 31057 "-" "-"
4.196.74.191 - - [29/Dec/2025:16:09:20 +0300] "GET /wp-admin.php HTTP/1.1" 301 162 "-" "-"
4.196.74.191 - - [29/Dec/2025:16:09:21 +0300] "GET /wp-admin.php HTTP/1.1" 404 31057 "-" "-"
4.196.74.191 - - [29/Dec/2025:16:09:21 +0300] "GET /wp-admin/images/ HTTP/1.1" 301 162 "-" "-"
4.196.74.191 - - [29/Dec/2025:16:09:21 +0300] "GET /wp-admin/images/ HTTP/1.1" 302 138 "-" "-"
4.196.74.191 - - [29/Dec/2025:16:09:22 +0300] "GET /wp-admin/images/404 HTTP/1.1" 404 33138 "-" "-"
4.196.74.191 - - [29/Dec/2025:16:09:22 +0300] "GET /wp-admin/images/admin.php HTTP/1.1" 301 162 "-" "-"
4.196.74.191 - - [29/Dec/2025:16:09:23 +0300] "GET /wp-admin/images/admin.php HTTP/1.1" 404 33138 "-" "-"
4.196.74.191 - - [29/Dec/2025:16:09:23 +0300] "GET /wp-admin/includes/moon.php HTTP/1.1" 301 162 "-" "-"
4.196.74.191 - - [29/Dec/2025:16:09:24 +0300] "GET /wp-admin/includes/moon.php HTTP/1.1" 404 33138 "-" "-"
4.196.74.191 - - [29/Dec/2025:16:09:24 +0300] "GET /wp-admin/maint/edit.php HTTP/1.1" 301 162 "-" "-"
4.196.74.191 - - [29/Dec/2025:16:09:25 +0300] "GET /wp-admin/maint/edit.php HTTP/1.1" 404 33138 "-" "-"
4.196.74.191 - - [29/Dec/2025:16:09:25 +0300] "GET /wp-blog.php HTTP/1.1" 301 162 "-" "-"
4.196.74.191 - - [29/Dec/2025:16:09:26 +0300] "GET /wp-blog.php HTTP/1.1" 404 31057 "-" "-"
4.196.74.191 - - [29/Dec/2025:16:09:26 +0300] "GET /wp-conf.php HTTP/1.1" 301 162 "-" "-"
4.196.74.191 - - [29/Dec/2025:16:09:26 +0300] "GET /wp-conf.php HTTP/1.1" 404 31057 "-" "-"
4.196.74.191 - - [29/Dec/2025:16:09:27 +0300] "GET /wp-content/1.php HTTP/1.1" 301 162 "-" "-"
4.196.74.191 - - [29/Dec/2025:16:09:27 +0300] "GET /wp-content/1.php HTTP/1.1" 404 31057 "-" "-"
4.196.74.191 - - [29/Dec/2025:16:09:27 +0300] "GET /wp-content/plugins/WordPressCore/ HTTP/1.1" 301 162 "-" "-"
4.196.74.191 - - [29/Dec/2025:16:09:28 +0300] "GET /wp-content/plugins/WordPressCore/ HTTP/1.1" 404 33138 "-" "-"
4.196.74.191 - - [29/Dec/2025:16:09:28 +0300] "GET /wp-content/plugins/ioxi/ioxi/ HTTP/1.1" 301 162 "-" "-"
4.196.74.191 - - [29/Dec/2025:16:09:29 +0300] "GET /wp-content/plugins/ioxi/ioxi/ HTTP/1.1" 404 33138 "-" "-"
4.196.74.191 - - [29/Dec/2025:16:09:29 +0300] "GET /wp-content/themes/404.php HTTP/1.1" 301 162 "-" "-"
