103.151.52.52 - - [29/Dec/2025:09:19:11 +0300] "GET / HTTP/1.0" 200 58663 "https://levasheva.ru/" "Mozilla/5.0 (Windows NT 10.0; Win64; x64) AppleWebKit/537.36 (KHTML, like Gecko) Chrome/131.0.0.0 Safari/537.36 Avast/131.0.0.0"
82.148.16.210 - - [29/Dec/2025:09:19:25 +0300] "POST /wp-cron.php?doing_wp_cron=1766989165.0565819740295410156250 HTTP/1.1" 200 31 "-" "WordPress/6.9-alpha-60450; https://levasheva.ru"
103.151.52.52 - - [29/Dec/2025:09:19:26 +0300] "POST / HTTP/1.0" 200 60033 "https://levasheva.ru/" "Mozilla/5.0 (Windows NT 10.0; Win64; x64) AppleWebKit/537.36 (KHTML, like Gecko) Chrome/131.0.0.0 Safari/537.36 Avast/131.0.0.0"
82.148.16.210 - - [29/Dec/2025:09:24:18 +0300] "POST /wp-cron.php?doing_wp_cron=1766989458.8208489418029785156250 HTTP/1.1" 200 31 "-" "WordPress/6.9-alpha-60450; https://levasheva.ru"
51.195.215.223 - - [29/Dec/2025:09:24:19 +0300] "GET /vystavka-dorogi-monoxromnaya-zhivopis-sujbokuga/ HTTP/2.0" 200 12014 "-" "Mozilla/5.0 (compatible; AhrefsBot/7.0; +http://ahrefs.com/robot/)"
82.148.16.210 - - [29/Dec/2025:09:28:03 +0300] "POST /wp-cron.php?doing_wp_cron=1766989683.6306281089782714843750 HTTP/1.1" 200 31 "-" "WordPress/6.9-alpha-60450; https://levasheva.ru"
51.15.139.63 - - [29/Dec/2025:09:28:03 +0300] "GET /wp-login.php HTTP/2.0" 200 3447 "-" "Mozilla/4.0 (compatible; MSIE 7.0; Windows NT 10.0; WOW64; Trident/7.0; .NET4.0C; .NET4.0E; .NET CLR 2.0.50727; .NET CLR 3.0.30729; .NET CLR 3.5.30729; ms-office)"
51.15.139.63 - - [29/Dec/2025:09:28:04 +0300] "POST /wp-login.php HTTP/2.0" 200 3638 "https://levasheva.ru/wp-login.php" "Mozilla/4.0 (compatible; MSIE 7.0; Windows NT 10.0; WOW64; Trident/7.0; .NET4.0C; .NET4.0E; .NET CLR 2.0.50727; .NET CLR 3.0.30729; .NET CLR 3.5.30729; ms-office)"
82.148.16.210 - - [29/Dec/2025:09:37:55 +0300] "POST /wp-cron.php?doing_wp_cron=1766990275.0516970157623291015625 HTTP/1.1" 200 31 "-" "WordPress/6.9-alpha-60450; https://levasheva.ru"
194.164.16.94 - - [29/Dec/2025:09:37:55 +0300] "POST /xmlrpc.php HTTP/2.0" 200 269 "-" "Mozilla/4.0 (compatible; MSIE 7.0; Windows NT 6.1; WOW64; Trident/7.0; SLCC2; .NET CLR 2.0.50727; .NET CLR 3.5.30729; .NET CLR 3.0.30729; Media Center PC 6.0; .NET4.0C; .NET4.0E; InfoPath.3; MS-RTC LM 8)"
82.148.16.210 - - [29/Dec/2025:09:38:21 +0300] "POST /wp-cron.php?doing_wp_cron=1766990301.0487549304962158203125 HTTP/1.1" 200 31 "-" "WordPress/6.9-alpha-60450; https://levasheva.ru"
87.250.224.220 - - [29/Dec/2025:09:38:21 +0300] "GET /robots.txt HTTP/1.1" 200 181 "-" "Mozilla/5.0 (compatible; YandexBot/3.0; +http://yandex.com/bots)"
95.108.213.254 - - [29/Dec/2025:09:38:22 +0300] "GET /students/ HTTP/1.1" 200 10539 "-" "Mozilla/5.0 (compatible; YandexBot/3.0; +http://yandex.com/bots) AppleWebKit/537.36 (KHTML, like Gecko) Chrome/108.0.0.0"
5.255.231.39 - - [29/Dec/2025:09:38:47 +0300] "POST /wp-admin/admin-ajax.php HTTP/1.1" 200 1612 "https://levasheva.ru/students/" "Mozilla/5.0 (compatible; YandexRenderResourcesBot/1.0; +http://yandex.com/bots) AppleWebKit/537.36 (KHTML, like Gecko) Chrome/108.0.0.0"
82.148.16.210 - - [29/Dec/2025:09:42:47 +0300] "POST /wp-cron.php?doing_wp_cron=1766990567.2273750305175781250000 HTTP/1.1" 200 31 "-" "WordPress/6.9-alpha-60450; https://levasheva.ru"
198.244.242.111 - - [29/Dec/2025:09:42:47 +0300] "GET /works/japanese-painting/ HTTP/2.0" 200 10664 "-" "Mozilla/5.0 (compatible; AhrefsBot/7.0; +http://ahrefs.com/robot/)"
82.148.16.210 - - [29/Dec/2025:09:44:42 +0300] "POST /wp-cron.php?doing_wp_cron=1766990682.0352349281311035156250 HTTP/1.1" 200 31 "-" "WordPress/6.9-alpha-60450; https://levasheva.ru"
116.179.32.179 - - [29/Dec/2025:09:44:42 +0300] "GET /works/decorative/ HTTP/1.1" 200 10648 "-" "Mozilla/5.0 (compatible; Baiduspider/2.0; +http://www.baidu.com/search/spider.html)"
124.117.192.217 - - [29/Dec/2025:09:44:52 +0300] "GET / HTTP/1.1" 200 58676 "-" "Go-http-client/1.1"
116.179.37.139 - - [29/Dec/2025:09:44:54 +0300] "POST /wp-admin/admin-ajax.php HTTP/1.1" 200 31 "https://levasheva.ru/works/decorative/" "Mozilla/5.0 (compatible; Baiduspider-render/2.0; +http://www.baidu.com/search/spider.html)"
82.148.16.210 - - [29/Dec/2025:09:48:41 +0300] "POST /wp-cron.php?doing_wp_cron=1766990921.9307000637054443359375 HTTP/1.1" 200 31 "-" "WordPress/6.9-alpha-60450; https://levasheva.ru"
157.10.198.29 - - [29/Dec/2025:09:48:42 +0300] "GET /wp-login.php HTTP/2.0" 200 3447 "-" "Mozilla/5.0 (Windows NT 6.1; WOW64; Trident/7.0; HO32600; HO32600R; rv:11.0) like Gecko"
157.10.198.29 - - [29/Dec/2025:09:48:43 +0300] "POST /wp-login.php HTTP/2.0" 200 3638 "https://levasheva.ru/wp-login.php" "Mozilla/5.0 (Windows NT 6.1; WOW64; Trident/7.0; HO32600; HO32600R; rv:11.0) like Gecko"
82.148.16.210 - - [29/Dec/2025:09:50:45 +0300] "POST /wp-cron.php?doing_wp_cron=1766991045.3098299503326416015625 HTTP/1.1" 200 31 "-" "WordPress/6.9-alpha-60450; https://levasheva.ru"
5.255.231.14 - - [29/Dec/2025:09:50:45 +0300] "GET /works/japanese-painting/irina_levasheva_japan_painting_024 HTTP/1.1" 301 5 "-" "Mozilla/5.0 (compatible; YandexImages/3.0; +http://yandex.com/bots)"
87.250.224.76 - - [29/Dec/2025:09:50:46 +0300] "GET /works/japanese-painting/irina_levasheva_japan_painting_024/ HTTP/1.1" 200 9813 "-" "Mozilla/5.0 (compatible; YandexImages/3.0; +http://yandex.com/bots)"
5.255.231.75 - - [29/Dec/2025:09:50:46 +0300] "GET /works/japanese-painting/irina_levasheva_japan_painting_024 HTTP/1.1" 301 5 "-" "Mozilla/5.0 (compatible; YandexBot/3.0; +http://yandex.com/bots)"
87.250.224.36 - - [29/Dec/2025:09:50:47 +0300] "GET /works/japanese-painting/irina_levasheva_japan_painting_024/ HTTP/1.1" 200 9813 "-" "Mozilla/5.0 (compatible; YandexBot/3.0; +http://yandex.com/bots)"
5.255.231.165 - - [29/Dec/2025:09:51:12 +0300] "GET /works/japanese-painting/irina_levasheva_japan_painting_024/ HTTP/1.1" 200 9813 "-" "Mozilla/5.0 (compatible; YandexBot/3.0; +http://yandex.com/bots)"
82.148.16.210 - - [29/Dec/2025:10:01:27 +0300] "POST /wp-cron.php?doing_wp_cron=1766991687.2502930164337158203125 HTTP/1.1" 200 31 "-" "WordPress/6.9-alpha-60450; https://levasheva.ru"
51.195.215.8 - - [29/Dec/2025:10:01:27 +0300] "GET /works/japanese-painting/japanese-poscards/ HTTP/2.0" 200 10675 "-" "Mozilla/5.0 (compatible; AhrefsBot/7.0; +http://ahrefs.com/robot/)"
82.148.16.210 - - [29/Dec/2025:10:04:08 +0300] "POST /wp-cron.php?doing_wp_cron=1766991848.3198809623718261718750 HTTP/1.1" 200 31 "-" "WordPress/6.9-alpha-60450; https://levasheva.ru"
147.182.200.95 - - [29/Dec/2025:10:04:08 +0300] "POST /xmlrpc.php HTTP/1.1" 200 264 "-" "Mozilla/5.0 (Windows NT 10.0; Win64; x64; rv:97.0) Gecko/20100101 Firefox/97.0"
82.148.16.210 - - [29/Dec/2025:10:04:32 +0300] "POST /wp-cron.php?doing_wp_cron=1766991872.9019629955291748046875 HTTP/1.1" 200 31 "-" "WordPress/6.9-alpha-60450; https://levasheva.ru"
216.73.216.89 - - [29/Dec/2025:10:04:32 +0300] "GET /robots.txt HTTP/2.0" 200 122 "-" "Mozilla/5.0 AppleWebKit/537.36 (KHTML, like Gecko; compatible; ClaudeBot/1.0; +claudebot@anthropic.com)"
216.73.216.89 - - [29/Dec/2025:10:04:33 +0300] "GET /sitemap_index.xml HTTP/2.0" 200 398 "-" "Mozilla/5.0 AppleWebKit/537.36 (KHTML, like Gecko; compatible; ClaudeBot/1.0; +claudebot@anthropic.com)"
82.148.16.210 - - [29/Dec/2025:10:08:01 +0300] "POST /wp-cron.php?doing_wp_cron=1766992081.7879331111907958984375 HTTP/1.1" 200 31 "-" "WordPress/6.9-alpha-60450; https://levasheva.ru"
92.205.48.162 - - [29/Dec/2025:10:08:01 +0300] "GET /wp-login.php HTTP/2.0" 200 3447 "-" "Mozilla/5.0 (compatible; MSIE 10.0; Windows NT 6.1; Trident/7.0)"
92.205.48.162 - - [29/Dec/2025:10:08:02 +0300] "POST /wp-login.php HTTP/2.0" 200 3638 "https://levasheva.ru/wp-login.php" "Mozilla/5.0 (compatible; MSIE 10.0; Windows NT 6.1; Trident/7.0)"
4.190.186.103 - - [29/Dec/2025:10:12:49 +0300] "GET /.well-known/acme-challenge/admin.php HTTP/1.1" 301 162 "https://www.google.com/" "Mozilla/5.0 (Linux; Android 11; 21081111RG) AppleWebKit/537.36 (KHTML, like Gecko) Chrome/116.0.0.0 Mobile Safari/537.36"
82.148.16.210 - - [29/Dec/2025:10:12:50 +0300] "POST /wp-cron.php?doing_wp_cron=1766992370.3425359725952148437500 HTTP/1.1" 200 31 "-" "WordPress/6.9-alpha-60450; https://levasheva.ru"
4.190.186.103 - - [29/Dec/2025:10:12:50 +0300] "GET /.well-known/acme-challenge/admin.php HTTP/1.1" 404 33138 "https://www.google.com/" "Mozilla/5.0 (Linux; Android 11; 21081111RG) AppleWebKit/537.36 (KHTML, like Gecko) Chrome/116.0.0.0 Mobile Safari/537.36"
4.190.186.103 - - [29/Dec/2025:10:12:50 +0300] "GET /.well-known/index.php HTTP/1.1" 301 162 "https://www.yahoo.com/" "Mozilla/5.0 (iPhone; CPU iPhone OS 17_0_3 like Mac OS X) AppleWebKit/605.1.15 (KHTML, like Gecko) Version/17.0.1 Mobile/15E148 Safari/604.1"
4.190.186.103 - - [29/Dec/2025:10:12:51 +0300] "GET /.well-known/index.php HTTP/1.1" 301 5 "https://www.yahoo.com/" "Mozilla/5.0 (iPhone; CPU iPhone OS 17_0_3 like Mac OS X) AppleWebKit/605.1.15 (KHTML, like Gecko) Version/17.0.1 Mobile/15E148 Safari/604.1"
4.190.186.103 - - [29/Dec/2025:10:12:51 +0300] "GET /.well-known/ HTTP/1.1" 404 31057 "https://www.yahoo.com/" "Mozilla/5.0 (iPhone; CPU iPhone OS 17_0_3 like Mac OS X) AppleWebKit/605.1.15 (KHTML, like Gecko) Version/17.0.1 Mobile/15E148 Safari/604.1"
4.190.186.103 - - [29/Dec/2025:10:12:52 +0300] "GET /.well-known/server.php HTTP/1.1" 301 162 "https://www.google.fr/" "Mozilla/5.0 (iPhone; CPU iPhone OS 17_1_1 like Mac OS X) AppleWebKit/605.1.15 (KHTML, like Gecko) Version/17.1 Mobile/15E148 Safari/604.1"
4.190.186.103 - - [29/Dec/2025:10:12:52 +0300] "GET /.well-known/server.php HTTP/1.1" 404 31057 "https://www.google.fr/" "Mozilla/5.0 (iPhone; CPU iPhone OS 17_1_1 like Mac OS X) AppleWebKit/605.1.15 (KHTML, like Gecko) Version/17.1 Mobile/15E148 Safari/604.1"
4.190.186.103 - - [29/Dec/2025:10:12:52 +0300] "GET /autoload_classmap.php HTTP/1.1" 301 162 "https://www.yahoo.com/" "Mozilla/5.0 (Linux; Android 13; SM-G991U) AppleWebKit/537.36 (KHTML, like Gecko) Chrome/117.0.0.0 Mobile Safari/537.36"
4.190.186.103 - - [29/Dec/2025:10:12:53 +0300] "GET /autoload_classmap.php HTTP/1.1" 404 31057 "https://www.yahoo.com/" "Mozilla/5.0 (Linux; Android 13; SM-G991U) AppleWebKit/537.36 (KHTML, like Gecko) Chrome/117.0.0.0 Mobile Safari/537.36"
4.190.186.103 - - [29/Dec/2025:10:12:53 +0300] "GET /1.php HTTP/1.1" 301 162 "https://www.google.co.uk/" "Mozilla/5.0 (Linux; Android 10; LM-Q720) AppleWebKit/537.36 (KHTML, like Gecko) Chrome/116.0.0.0 Mobile Safari/537.36"
4.190.186.103 - - [29/Dec/2025:10:12:53 +0300] "GET /1.php HTTP/1.1" 404 31057 "https://www.google.co.uk/" "Mozilla/5.0 (Linux; Android 10; LM-Q720) AppleWebKit/537.36 (KHTML, like Gecko) Chrome/116.0.0.0 Mobile Safari/537.36"
4.190.186.103 - - [29/Dec/2025:10:12:54 +0300] "GET /404.php HTTP/1.1" 301 162 "https://www.google.co.uk/" "Mozilla/5.0 (Linux; Android 10; K) AppleWebKit/537.36 (KHTML, like Gecko) Chrome/117.0.0.0 Mobile Safari/537.36"
4.190.186.103 - - [29/Dec/2025:10:12:54 +0300] "GET /404.php HTTP/1.1" 404 31057 "https://www.google.co.uk/" "Mozilla/5.0 (Linux; Android 10; K) AppleWebKit/537.36 (KHTML, like Gecko) Chrome/117.0.0.0 Mobile Safari/537.36"
4.190.186.103 - - [29/Dec/2025:10:12:55 +0300] "GET /96i.php HTTP/1.1" 301 162 "https://www.google.com/" "Mozilla/5.0 (Linux; Android 13; SM-S908E) AppleWebKit/537.36 (KHTML, like Gecko) Chrome/116.0.0.0 Mobile Safari/537.36"
4.190.186.103 - - [29/Dec/2025:10:12:55 +0300] "GET /96i.php HTTP/1.1" 404 31057 "https://www.google.com/" "Mozilla/5.0 (Linux; Android 13; SM-S908E) AppleWebKit/537.36 (KHTML, like Gecko) Chrome/116.0.0.0 Mobile Safari/537.36"
4.190.186.103 - - [29/Dec/2025:10:12:55 +0300] "GET /a.php HTTP/1.1" 301 162 "https://duckduckgo.com/" "Mozilla/5.0 (Linux; Android 14; Pixel 8 Pro) AppleWebKit/537.36 (KHTML, like Gecko) Chrome/119.0.0.0 Mobile Safari/537.36"
4.190.186.103 - - [29/Dec/2025:10:12:56 +0300] "GET /a.php HTTP/1.1" 404 31057 "https://duckduckgo.com/" "Mozilla/5.0 (Linux; Android 14; Pixel 8 Pro) AppleWebKit/537.36 (KHTML, like Gecko) Chrome/119.0.0.0 Mobile Safari/537.36"
4.190.186.103 - - [29/Dec/2025:10:12:56 +0300] "GET /about.php HTTP/1.1" 301 162 "https://duckduckgo.com/" "Mozilla/5.0 (iPad; CPU OS 17_0_3 like Mac OS X) AppleWebKit/605.1.15 (KHTML, like Gecko) Version/17.0.1 Mobile/15E148 Safari/604.1"
4.190.186.103 - - [29/Dec/2025:10:12:57 +0300] "GET /about.php HTTP/1.1" 404 31057 "https://duckduckgo.com/" "Mozilla/5.0 (iPad; CPU OS 17_0_3 like Mac OS X) AppleWebKit/605.1.15 (KHTML, like Gecko) Version/17.0.1 Mobile/15E148 Safari/604.1"
4.190.186.103 - - [29/Dec/2025:10:12:57 +0300] "GET /about/function.php HTTP/1.1" 301 162 "https://duckduckgo.com/" "Mozilla/5.0 (Linux; Android 13; SM-S908E) AppleWebKit/537.36 (KHTML, like Gecko) Chrome/116.0.0.0 Mobile Safari/537.36"
4.190.186.103 - - [29/Dec/2025:10:12:57 +0300] "GET /about/function.php HTTP/1.1" 404 31057 "https://duckduckgo.com/" "Mozilla/5.0 (Linux; Android 13; SM-S908E) AppleWebKit/537.36 (KHTML, like Gecko) Chrome/116.0.0.0 Mobile Safari/537.36"
4.190.186.103 - - [29/Dec/2025:10:12:58 +0300] "GET /admin/function.php HTTP/1.1" 301 162 "https://www.google.co.uk/" "Mozilla/5.0 (Linux; Android 12; V2134) AppleWebKit/537.36 (KHTML, like Gecko) Chrome/116.0.0.0 Mobile Safari/537.36"
4.190.186.103 - - [29/Dec/2025:10:12:58 +0300] "GET /admin/function.php HTTP/1.1" 404 31057 "https://www.google.co.uk/" "Mozilla/5.0 (Linux; Android 12; V2134) AppleWebKit/537.36 (KHTML, like Gecko) Chrome/116.0.0.0 Mobile Safari/537.36"
4.190.186.103 - - [29/Dec/2025:10:12:59 +0300] "GET /admin/upload/css.php HTTP/1.1" 301 162 "https://www.yahoo.com/" "Mozilla/5.0 (iPad; CPU OS 16_7_2 like Mac OS X) AppleWebKit/605.1.15 (KHTML, like Gecko) Version/16.6 Mobile/15E148 Safari/604.1"
4.190.186.103 - - [29/Dec/2025:10:12:59 +0300] "GET /admin/upload/css.php HTTP/1.1" 404 33138 "https://www.yahoo.com/" "Mozilla/5.0 (iPad; CPU OS 16_7_2 like Mac OS X) AppleWebKit/605.1.15 (KHTML, like Gecko) Version/16.6 Mobile/15E148 Safari/604.1"
4.190.186.103 - - [29/Dec/2025:10:12:59 +0300] "GET /ahax.php HTTP/1.1" 301 162 "https://www.bing.com/" "Mozilla/5.0 (Linux; Android 10; LM-Q720) AppleWebKit/537.36 (KHTML, like Gecko) Chrome/116.0.0.0 Mobile Safari/537.36"
4.190.186.103 - - [29/Dec/2025:10:13:00 +0300] "GET /ahax.php HTTP/1.1" 404 31057 "https://www.bing.com/" "Mozilla/5.0 (Linux; Android 10; LM-Q720) AppleWebKit/537.36 (KHTML, like Gecko) Chrome/116.0.0.0 Mobile Safari/537.36"
4.190.186.103 - - [29/Dec/2025:10:13:00 +0300] "GET /app.php HTTP/1.1" 301 162 "https://duckduckgo.com/" "Mozilla/5.0 (Linux; Android 10; LM-Q720) AppleWebKit/537.36 (KHTML, like Gecko) Chrome/116.0.0.0 Mobile Safari/537.36"
4.190.186.103 - - [29/Dec/2025:10:13:00 +0300] "GET /app.php HTTP/1.1" 404 31057 "https://duckduckgo.com/" "Mozilla/5.0 (Linux; Android 10; LM-Q720) AppleWebKit/537.36 (KHTML, like Gecko) Chrome/116.0.0.0 Mobile Safari/537.36"
4.190.186.103 - - [29/Dec/2025:10:13:01 +0300] "GET /asd.php HTTP/1.1" 301 162 "https://www.yahoo.com/" "Mozilla/5.0 (Linux; Android 11; CPH2251) AppleWebKit/537.36 (KHTML, like Gecko) Chrome/116.0.0.0 Mobile Safari/537.36"
4.190.186.103 - - [29/Dec/2025:10:13:01 +0300] "GET /asd.php HTTP/1.1" 404 31057 "https://www.yahoo.com/" "Mozilla/5.0 (Linux; Android 11; CPH2251) AppleWebKit/537.36 (KHTML, like Gecko) Chrome/116.0.0.0 Mobile Safari/537.36"
4.190.186.103 - - [29/Dec/2025:10:13:02 +0300] "GET /atomlib.php HTTP/1.1" 301 162 "https://www.google.com/" "Mozilla/5.0 (Linux; Android 13; SM-G991U) AppleWebKit/537.36 (KHTML, like Gecko) Chrome/117.0.0.0 Mobile Safari/537.36"
4.190.186.103 - - [29/Dec/2025:10:13:02 +0300] "GET /atomlib.php HTTP/1.1" 404 31057 "https://www.google.com/" "Mozilla/5.0 (Linux; Android 13; SM-G991U) AppleWebKit/537.36 (KHTML, like Gecko) Chrome/117.0.0.0 Mobile Safari/537.36"
4.190.186.103 - - [29/Dec/2025:10:13:02 +0300] "GET /autoload_classmap/function.php HTTP/1.1" 301 162 "https://www.google.com/" "Mozilla/5.0 (Linux; Android 11; 21081111RG) AppleWebKit/537.36 (KHTML, like Gecko) Chrome/116.0.0.0 Mobile Safari/537.36"
4.190.186.103 - - [29/Dec/2025:10:13:03 +0300] "GET /autoload_classmap/function.php HTTP/1.1" 404 31057 "https://www.google.com/" "Mozilla/5.0 (Linux; Android 11; 21081111RG) AppleWebKit/537.36 (KHTML, like Gecko) Chrome/116.0.0.0 Mobile Safari/537.36"
4.190.186.103 - - [29/Dec/2025:10:13:03 +0300] "GET /bless.php HTTP/1.1" 301 162 "https://www.google.co.uk/" "Mozilla/5.0 (iPhone; CPU iPhone OS 17_1_1 like Mac OS X) AppleWebKit/605.1.15 (KHTML, like Gecko) Version/17.1 Mobile/15E148 Safari/604.1"
4.190.186.103 - - [29/Dec/2025:10:13:04 +0300] "GET /bless.php HTTP/1.1" 404 31057 "https://www.google.co.uk/" "Mozilla/5.0 (iPhone; CPU iPhone OS 17_1_1 like Mac OS X) AppleWebKit/605.1.15 (KHTML, like Gecko) Version/17.1 Mobile/15E148 Safari/604.1"
4.190.186.103 - - [29/Dec/2025:10:13:04 +0300] "GET /bolt.php HTTP/1.1" 301 162 "https://www.bing.com/" "Mozilla/5.0 (Linux; Android 10; K) AppleWebKit/537.36 (KHTML, like Gecko) Chrome/117.0.0.0 Mobile Safari/537.36"
4.190.186.103 - - [29/Dec/2025:10:13:05 +0300] "GET /bolt.php HTTP/1.1" 404 31057 "https://www.bing.com/" "Mozilla/5.0 (Linux; Android 10; K) AppleWebKit/537.36 (KHTML, like Gecko) Chrome/117.0.0.0 Mobile Safari/537.36"
4.190.186.103 - - [29/Dec/2025:10:13:05 +0300] "GET /cgi-bin/wp-login.php HTTP/1.1" 301 162 "https://www.google.co.uk/" "Mozilla/5.0 (Linux; Android 11; 21081111RG) AppleWebKit/537.36 (KHTML, like Gecko) Chrome/116.0.0.0 Mobile Safari/537.36"
4.190.186.103 - - [29/Dec/2025:10:13:05 +0300] "GET /cgi-bin/wp-login.php HTTP/1.1" 404 31057 "https://www.google.co.uk/" "Mozilla/5.0 (Linux; Android 11; 21081111RG) AppleWebKit/537.36 (KHTML, like Gecko) Chrome/116.0.0.0 Mobile Safari/537.36"
4.190.186.103 - - [29/Dec/2025:10:13:06 +0300] "GET /classwithtostring.php HTTP/1.1" 301 162 "https://www.google.co.uk/" "Mozilla/5.0 (iPhone; CPU iPhone OS 16_6_1 like Mac OS X) AppleWebKit/605.1.15 (KHTML, like Gecko) Version/16.6 Mobile/15E148 Safari/604.1"
4.190.186.103 - - [29/Dec/2025:10:13:06 +0300] "GET /classwithtostring.php HTTP/1.1" 404 31057 "https://www.google.co.uk/" "Mozilla/5.0 (iPhone; CPU iPhone OS 16_6_1 like Mac OS X) AppleWebKit/605.1.15 (KHTML, like Gecko) Version/16.6 Mobile/15E148 Safari/604.1"
4.190.186.103 - - [29/Dec/2025:10:13:07 +0300] "GET /click.php HTTP/1.1" 301 162 "https://www.yahoo.com/" "Mozilla/5.0 (iPad; CPU OS 17_0_3 like Mac OS X) AppleWebKit/605.1.15 (KHTML, like Gecko) Version/17.0.1 Mobile/15E148 Safari/604.1"
4.190.186.103 - - [29/Dec/2025:10:13:07 +0300] "GET /click.php HTTP/1.1" 404 31057 "https://www.yahoo.com/" "Mozilla/5.0 (iPad; CPU OS 17_0_3 like Mac OS X) AppleWebKit/605.1.15 (KHTML, like Gecko) Version/17.0.1 Mobile/15E148 Safari/604.1"
4.190.186.103 - - [29/Dec/2025:10:13:07 +0300] "GET /config.php HTTP/1.1" 301 162 "https://www.google.co.uk/" "Mozilla/5.0 (iPhone; CPU iPhone OS 16_6_1 like Mac OS X) AppleWebKit/605.1.15 (KHTML, like Gecko) Version/16.6 Mobile/15E148 Safari/604.1"
4.190.186.103 - - [29/Dec/2025:10:13:08 +0300] "GET /config.php HTTP/1.1" 404 31057 "https://www.google.co.uk/" "Mozilla/5.0 (iPhone; CPU iPhone OS 16_6_1 like Mac OS X) AppleWebKit/605.1.15 (KHTML, like Gecko) Version/16.6 Mobile/15E148 Safari/604.1"
4.190.186.103 - - [29/Dec/2025:10:13:08 +0300] "GET /content.php HTTP/1.1" 301 162 "https://www.bing.com/" "Mozilla/5.0 (iPhone; CPU iPhone OS 17_1_1 like Mac OS X) AppleWebKit/605.1.15 (KHTML, like Gecko) Version/17.1 Mobile/15E148 Safari/604.1"
4.190.186.103 - - [29/Dec/2025:10:13:08 +0300] "GET /content.php HTTP/1.1" 404 31057 "https://www.bing.com/" "Mozilla/5.0 (iPhone; CPU iPhone OS 17_1_1 like Mac OS X) AppleWebKit/605.1.15 (KHTML, like Gecko) Version/17.1 Mobile/15E148 Safari/604.1"
4.190.186.103 - - [29/Dec/2025:10:13:09 +0300] "GET /cord.php HTTP/1.1" 301 162 "https://duckduckgo.com/" "Mozilla/5.0 (Linux; Android 13; SM-G991U) AppleWebKit/537.36 (KHTML, like Gecko) Chrome/117.0.0.0 Mobile Safari/537.36"
4.190.186.103 - - [29/Dec/2025:10:13:09 +0300] "GET /cord.php HTTP/1.1" 404 31057 "https://duckduckgo.com/" "Mozilla/5.0 (Linux; Android 13; SM-G991U) AppleWebKit/537.36 (KHTML, like Gecko) Chrome/117.0.0.0 Mobile Safari/537.36"
4.190.186.103 - - [29/Dec/2025:10:13:10 +0300] "GET /core.php HTTP/1.1" 301 162 "https://www.google.de/" "Mozilla/5.g (Linux; Android 13; Pixel 7) AppleWebKit/537.36 (KHTML, like Gecko) Chrome/116.0.0.0 Mobile Safari/537.36"
4.190.186.103 - - [29/Dec/2025:10:13:10 +0300] "GET /core.php HTTP/1.1" 404 31057 "https://www.google.de/" "Mozilla/5.g (Linux; Android 13; Pixel 7) AppleWebKit/537.36 (KHTML, like Gecko) Chrome/116.0.0.0 Mobile Safari/537.36"
4.190.186.103 - - [29/Dec/2025:10:13:10 +0300] "GET /css.php HTTP/1.1" 301 162 "https://www.google.fr/" "Mozilla/5.g (Linux; Android 13; Pixel 7) AppleWebKit/537.36 (KHTML, like Gecko) Chrome/116.0.0.0 Mobile Safari/537.36"
4.190.186.103 - - [29/Dec/2025:10:13:11 +0300] "GET /css.php HTTP/1.1" 404 31057 "https://www.google.fr/" "Mozilla/5.g (Linux; Android 13; Pixel 7) AppleWebKit/537.36 (KHTML, like Gecko) Chrome/116.0.0.0 Mobile Safari/537.36"
4.190.186.103 - - [29/Dec/2025:10:13:11 +0300] "GET /defaults.php HTTP/1.1" 301 162 "https://www.google.de/" "Mozilla/5.0 (Linux; Android 10; LM-Q720) AppleWebKit/537.36 (KHTML, like Gecko) Chrome/116.0.0.0 Mobile Safari/537.36"
4.190.186.103 - - [29/Dec/2025:10:13:11 +0300] "GET /defaults.php HTTP/1.1" 404 31057 "https://www.google.de/" "Mozilla/5.0 (Linux; Android 10; LM-Q720) AppleWebKit/537.36 (KHTML, like Gecko) Chrome/116.0.0.0 Mobile Safari/537.36"
4.190.186.103 - - [29/Dec/2025:10:13:12 +0300] "GET /ee.php HTTP/1.1" 301 162 "https://www.yahoo.com/" "Mozilla/5.0 (iPhone; CPU iPhone OS 16_6_1 like Mac OS X) AppleWebKit/605.1.15 (KHTML, like Gecko) Version/16.6 Mobile/15E148 Safari/604.1"
4.190.186.103 - - [29/Dec/2025:10:13:12 +0300] "GET /ee.php HTTP/1.1" 404 31057 "https://www.yahoo.com/" "Mozilla/5.0 (iPhone; CPU iPhone OS 16_6_1 like Mac OS X) AppleWebKit/605.1.15 (KHTML, like Gecko) Version/16.6 Mobile/15E148 Safari/604.1"
4.190.186.103 - - [29/Dec/2025:10:13:13 +0300] "GET /function/function.php HTTP/1.1" 301 162 "https://www.bing.com/" "Mozilla/5.0 (Linux; Android 12; V2134) AppleWebKit/537.36 (KHTML, like Gecko) Chrome/116.0.0.0 Mobile Safari/537.36"
4.190.186.103 - - [29/Dec/2025:10:13:13 +0300] "GET /function/function.php HTTP/1.1" 404 31057 "https://www.bing.com/" "Mozilla/5.0 (Linux; Android 12; V2134) AppleWebKit/537.36 (KHTML, like Gecko) Chrome/116.0.0.0 Mobile Safari/537.36"
4.190.186.103 - - [29/Dec/2025:10:13:14 +0300] "GET /help.php HTTP/1.1" 301 162 "https://www.google.fr/" "Mozilla/5.0 (iPad; CPU OS 17_0_3 like Mac OS X) AppleWebKit/605.1.15 (KHTML, like Gecko) Version/17.0.1 Mobile/15E148 Safari/604.1"
4.190.186.103 - - [29/Dec/2025:10:13:14 +0300] "GET /help.php HTTP/1.1" 404 31057 "https://www.google.fr/" "Mozilla/5.0 (iPad; CPU OS 17_0_3 like Mac OS X) AppleWebKit/605.1.15 (KHTML, like Gecko) Version/17.0.1 Mobile/15E148 Safari/604.1"
4.190.186.103 - - [29/Dec/2025:10:13:14 +0300] "GET /images/index.php HTTP/1.1" 301 162 "https://www.bing.com/" "Mozilla/5.0 (iPhone; CPU iPhone OS 15_7_9 like Mac OS X) AppleWebKit/605.1.15 (KHTML, like Gecko) Version/15.6.5 Mobile/15E148 Safari/604.1"
4.190.186.103 - - [29/Dec/2025:10:13:15 +0300] "GET /images/index.php HTTP/1.1" 301 5 "https://www.bing.com/" "Mozilla/5.0 (iPhone; CPU iPhone OS 15_7_9 like Mac OS X) AppleWebKit/605.1.15 (KHTML, like Gecko) Version/15.6.5 Mobile/15E148 Safari/604.1"
4.190.186.103 - - [29/Dec/2025:10:13:15 +0300] "GET /images/ HTTP/1.1" 404 31057 "https://www.bing.com/" "Mozilla/5.0 (iPhone; CPU iPhone OS 15_7_9 like Mac OS X) AppleWebKit/605.1.15 (KHTML, like Gecko) Version/15.6.5 Mobile/15E148 Safari/604.1"
4.190.186.103 - - [29/Dec/2025:10:13:15 +0300] "GET /images/install.php HTTP/1.1" 301 162 "https://www.google.com/" "Mozilla/5.0 (iPhone; CPU iPhone OS 16_0 like Mac OS X) AppleWebKit/605.1.15 (KHTML, like Gecko) FxiOS/118.0 Mobile/15E148 Safari/605.1.15"
4.190.186.103 - - [29/Dec/2025:10:13:16 +0300] "GET /images/install.php HTTP/1.1" 404 31057 "https://www.google.com/" "Mozilla/5.0 (iPhone; CPU iPhone OS 16_0 like Mac OS X) AppleWebKit/605.1.15 (KHTML, like Gecko) FxiOS/118.0 Mobile/15E148 Safari/605.1.15"
4.190.186.103 - - [29/Dec/2025:10:13:16 +0300] "GET /images/nxc.php HTTP/1.1" 301 162 "https://www.google.de/" "Mozilla/5.0 (Linux; Android 11; CPH2251) AppleWebKit/537.36 (KHTML, like Gecko) Chrome/116.0.0.0 Mobile Safari/537.36"
4.190.186.103 - - [29/Dec/2025:10:13:16 +0300] "GET /images/nxc.php HTTP/1.1" 404 31057 "https://www.google.de/" "Mozilla/5.0 (Linux; Android 11; CPH2251) AppleWebKit/537.36 (KHTML, like Gecko) Chrome/116.0.0.0 Mobile Safari/537.36"
4.190.186.103 - - [29/Dec/2025:10:13:17 +0300] "GET /img/nxc.php HTTP/1.1" 301 162 "https://www.yahoo.com/" "Mozilla/5.0 (Linux; Android 11; 21081111RG) AppleWebKit/537.36 (KHTML, like Gecko) Chrome/116.0.0.0 Mobile Safari/537.36"
82.148.16.210 - - [29/Dec/2025:10:13:17 +0300] "POST /wp-cron.php?doing_wp_cron=1766992397.7421619892120361328125 HTTP/1.1" 200 31 "-" "WordPress/6.9-alpha-60450; https://levasheva.ru"
4.190.186.103 - - [29/Dec/2025:10:13:17 +0300] "GET /img/nxc.php HTTP/1.1" 404 31057 "https://www.yahoo.com/" "Mozilla/5.0 (Linux; Android 11; 21081111RG) AppleWebKit/537.36 (KHTML, like Gecko) Chrome/116.0.0.0 Mobile Safari/537.36"
4.190.186.103 - - [29/Dec/2025:10:13:18 +0300] "GET /inputs.php HTTP/1.1" 301 162 "https://www.yahoo.com/" "Mozilla/5.0 (Linux; Android 10; K) AppleWebKit/537.36 (KHTML, like Gecko) Chrome/117.0.0.0 Mobile Safari/537.36"
4.190.186.103 - - [29/Dec/2025:10:13:18 +0300] "GET /inputs.php HTTP/1.1" 404 31057 "https://www.yahoo.com/" "Mozilla/5.0 (Linux; Android 10; K) AppleWebKit/537.36 (KHTML, like Gecko) Chrome/117.0.0.0 Mobile Safari/537.36"
4.190.186.103 - - [29/Dec/2025:10:13:19 +0300] "GET /ioxi002.PhP7 HTTP/1.1" 301 162 "https://www.yahoo.com/" "Mozilla/5.0 (Linux; Android 10; K) AppleWebKit/537.36 (KHTML, like Gecko) Chrome/117.0.0.0 Mobile Safari/537.36"
4.190.186.103 - - [29/Dec/2025:10:13:19 +0300] "GET /ioxi002.PhP7 HTTP/1.1" 404 31057 "https://www.yahoo.com/" "Mozilla/5.0 (Linux; Android 10; K) AppleWebKit/537.36 (KHTML, like Gecko) Chrome/117.0.0.0 Mobile Safari/537.36"
4.190.186.103 - - [29/Dec/2025:10:13:19 +0300] "GET /k.php HTTP/1.1" 301 162 "https://www.bing.com/" "Mozilla/5.0 (Linux; Android 13; SM-S908E) AppleWebKit/537.36 (KHTML, like Gecko) Chrome/116.0.0.0 Mobile Safari/537.36"
4.190.186.103 - - [29/Dec/2025:10:13:20 +0300] "GET /k.php HTTP/1.1" 404 31057 "https://www.bing.com/" "Mozilla/5.0 (Linux; Android 13; SM-S908E) AppleWebKit/537.36 (KHTML, like Gecko) Chrome/116.0.0.0 Mobile Safari/537.36"
4.190.186.103 - - [29/Dec/2025:10:13:20 +0300] "GET /log.php HTTP/1.1" 301 162 "https://www.google.fr/" "Mozilla/5.0 (iPad; CPU OS 17_0_3 like Mac OS X) AppleWebKit/605.1.15 (KHTML, like Gecko) Version/17.0.1 Mobile/15E148 Safari/604.1"
4.190.186.103 - - [29/Dec/2025:10:13:21 +0300] "GET /log.php HTTP/1.1" 404 31057 "https://www.google.fr/" "Mozilla/5.0 (iPad; CPU OS 17_0_3 like Mac OS X) AppleWebKit/605.1.15 (KHTML, like Gecko) Version/17.0.1 Mobile/15E148 Safari/604.1"
4.190.186.103 - - [29/Dec/2025:10:13:21 +0300] "GET /lv.php HTTP/1.1" 301 162 "https://www.yahoo.com/" "Mozilla/5.g (Linux; Android 13; Pixel 7) AppleWebKit/537.36 (KHTML, like Gecko) Chrome/116.0.0.0 Mobile Safari/537.36"
4.190.186.103 - - [29/Dec/2025:10:13:21 +0300] "GET /lv.php HTTP/1.1" 404 31057 "https://www.yahoo.com/" "Mozilla/5.g (Linux; Android 13; Pixel 7) AppleWebKit/537.36 (KHTML, like Gecko) Chrome/116.0.0.0 Mobile Safari/537.36"
4.190.186.103 - - [29/Dec/2025:10:13:22 +0300] "GET /m.php HTTP/1.1" 301 162 "https://duckduckgo.com/" "Mozilla/5.0 (iPad; CPU OS 16_7_2 like Mac OS X) AppleWebKit/605.1.15 (KHTML, like Gecko) Version/16.6 Mobile/15E148 Safari/604.1"
4.190.186.103 - - [29/Dec/2025:10:13:22 +0300] "GET /m.php HTTP/1.1" 404 31057 "https://duckduckgo.com/" "Mozilla/5.0 (iPad; CPU OS 16_7_2 like Mac OS X) AppleWebKit/605.1.15 (KHTML, like Gecko) Version/16.6 Mobile/15E148 Safari/604.1"
4.190.186.103 - - [29/Dec/2025:10:13:22 +0300] "GET /mah.php HTTP/1.1" 301 162 "https://www.bing.com/" "Mozilla/5.0 (Linux; Android 12; V2134) AppleWebKit/537.36 (KHTML, like Gecko) Chrome/116.0.0.0 Mobile Safari/537.36"
4.190.186.103 - - [29/Dec/2025:10:13:23 +0300] "GET /mah.php HTTP/1.1" 404 31057 "https://www.bing.com/" "Mozilla/5.0 (Linux; Android 12; V2134) AppleWebKit/537.36 (KHTML, like Gecko) Chrome/116.0.0.0 Mobile Safari/537.36"
4.190.186.103 - - [29/Dec/2025:10:13:23 +0300] "GET /network_xo.php HTTP/1.1" 301 162 "https://www.google.de/" "Mozilla/5.g (Linux; Android 13; Pixel 7) AppleWebKit/537.36 (KHTML, like Gecko) Chrome/116.0.0.0 Mobile Safari/537.36"
4.190.186.103 - - [29/Dec/2025:10:13:24 +0300] "GET /network_xo.php HTTP/1.1" 404 31057 "https://www.google.de/" "Mozilla/5.g (Linux; Android 13; Pixel 7) AppleWebKit/537.36 (KHTML, like Gecko) Chrome/116.0.0.0 Mobile Safari/537.36"
4.190.186.103 - - [29/Dec/2025:10:13:24 +0300] "GET /new.php HTTP/1.1" 301 162 "https://www.google.com/" "Mozilla/5.g (Linux; Android 13; Pixel 7) AppleWebKit/537.36 (KHTML, like Gecko) Chrome/116.0.0.0 Mobile Safari/537.36"
4.190.186.103 - - [29/Dec/2025:10:13:24 +0300] "GET /new.php HTTP/1.1" 404 31057 "https://www.google.com/" "Mozilla/5.g (Linux; Android 13; Pixel 7) AppleWebKit/537.36 (KHTML, like Gecko) Chrome/116.0.0.0 Mobile Safari/537.36"
4.190.186.103 - - [29/Dec/2025:10:13:25 +0300] "GET /nxc.php HTTP/1.1" 301 162 "https://www.google.fr/" "Mozilla/5.0 (Linux; Android 12; 2201116SG) AppleWebKit/537.36 (KHTML, like Gecko) Chrome/116.0.0.0 Mobile Safari/537.36"
4.190.186.103 - - [29/Dec/2025:10:13:25 +0300] "GET /nxc.php HTTP/1.1" 404 31057 "https://www.google.fr/" "Mozilla/5.0 (Linux; Android 12; 2201116SG) AppleWebKit/537.36 (KHTML, like Gecko) Chrome/116.0.0.0 Mobile Safari/537.36"
4.190.186.103 - - [29/Dec/2025:10:13:26 +0300] "GET /packed.php HTTP/1.1" 301 162 "https://www.bing.com/" "Mozilla/5.0 (Linux; Android 13; SM-G991U) AppleWebKit/537.36 (KHTML, like Gecko) Chrome/117.0.0.0 Mobile Safari/537.36"
4.190.186.103 - - [29/Dec/2025:10:13:26 +0300] "GET /packed.php HTTP/1.1" 404 31057 "https://www.bing.com/" "Mozilla/5.0 (Linux; Android 13; SM-G991U) AppleWebKit/537.36 (KHTML, like Gecko) Chrome/117.0.0.0 Mobile Safari/537.36"
4.190.186.103 - - [29/Dec/2025:10:13:26 +0300] "GET /radio.php HTTP/1.1" 301 162 "https://www.google.fr/" "Mozilla/5.0 (Linux; Android 11; 21081111RG) AppleWebKit/537.36 (KHTML, like Gecko) Chrome/116.0.0.0 Mobile Safari/537.36"
4.190.186.103 - - [29/Dec/2025:10:13:27 +0300] "GET /radio.php HTTP/1.1" 404 31057 "https://www.google.fr/" "Mozilla/5.0 (Linux; Android 11; 21081111RG) AppleWebKit/537.36 (KHTML, like Gecko) Chrome/116.0.0.0 Mobile Safari/537.36"
4.190.186.103 - - [29/Dec/2025:10:13:27 +0300] "GET /rss.php HTTP/1.1" 301 162 "https://www.google.co.uk/" "Mozilla/5.0 (iPad; CPU OS 16_7_2 like Mac OS X) AppleWebKit/605.1.15 (KHTML, like Gecko) Version/16.6 Mobile/15E148 Safari/604.1"
4.190.186.103 - - [29/Dec/2025:10:13:28 +0300] "GET /rss.php HTTP/1.1" 404 31057 "https://www.google.co.uk/" "Mozilla/5.0 (iPad; CPU OS 16_7_2 like Mac OS X) AppleWebKit/605.1.15 (KHTML, like Gecko) Version/16.6 Mobile/15E148 Safari/604.1"
4.190.186.103 - - [29/Dec/2025:10:13:28 +0300] "GET /simple.php HTTP/1.1" 301 162 "https://www.google.com/" "Mozilla/5.g (Linux; Android 13; Pixel 7) AppleWebKit/537.36 (KHTML, like Gecko) Chrome/116.0.0.0 Mobile Safari/537.36"
4.190.186.103 - - [29/Dec/2025:10:13:28 +0300] "GET /simple.php HTTP/1.1" 404 31057 "https://www.google.com/" "Mozilla/5.g (Linux; Android 13; Pixel 7) AppleWebKit/537.36 (KHTML, like Gecko) Chrome/116.0.0.0 Mobile Safari/537.36"
4.190.186.103 - - [29/Dec/2025:10:13:29 +0300] "GET /system_log.php HTTP/1.1" 301 162 "https://www.google.com/" "Mozilla/5.0 (Linux; Android 12; V2134) AppleWebKit/537.36 (KHTML, like Gecko) Chrome/116.0.0.0 Mobile Safari/537.36"
4.190.186.103 - - [29/Dec/2025:10:13:29 +0300] "GET /system_log.php HTTP/1.1" 404 31057 "https://www.google.com/" "Mozilla/5.0 (Linux; Android 12; V2134) AppleWebKit/537.36 (KHTML, like Gecko) Chrome/116.0.0.0 Mobile Safari/537.36"
4.190.186.103 - - [29/Dec/2025:10:13:30 +0300] "GET /themes.php HTTP/1.1" 301 162 "https://www.google.com/" "Mozilla/5.0 (Linux; Android 11; CPH2251) AppleWebKit/537.36 (KHTML, like Gecko) Chrome/116.0.0.0 Mobile Safari/537.36"
4.190.186.103 - - [29/Dec/2025:10:13:30 +0300] "GET /themes.php HTTP/1.1" 404 31057 "https://www.google.com/" "Mozilla/5.0 (Linux; Android 11; CPH2251) AppleWebKit/537.36 (KHTML, like Gecko) Chrome/116.0.0.0 Mobile Safari/537.36"
4.190.186.103 - - [29/Dec/2025:10:13:30 +0300] "GET /upload/gpt-sh2.php HTTP/1.1" 301 162 "https://www.bing.com/" "Mozilla/5.0 (Linux; Android 13; SM-S908E) AppleWebKit/537.36 (KHTML, like Gecko) Chrome/116.0.0.0 Mobile Safari/537.36"
4.190.186.103 - - [29/Dec/2025:10:13:31 +0300] "GET /upload/gpt-sh2.php HTTP/1.1" 404 31057 "https://www.bing.com/" "Mozilla/5.0 (Linux; Android 13; SM-S908E) AppleWebKit/537.36 (KHTML, like Gecko) Chrome/116.0.0.0 Mobile Safari/537.36"
4.190.186.103 - - [29/Dec/2025:10:13:31 +0300] "GET /we.php HTTP/1.1" 301 162 "https://www.google.com/" "Mozilla/5.0 (iPhone; CPU iPhone OS 17_1_1 like Mac OS X) AppleWebKit/605.1.15 (KHTML, like Gecko) Version/17.1 Mobile/15E148 Safari/604.1"
4.190.186.103 - - [29/Dec/2025:10:13:31 +0300] "GET /we.php HTTP/1.1" 404 31057 "https://www.google.com/" "Mozilla/5.0 (iPhone; CPU iPhone OS 17_1_1 like Mac OS X) AppleWebKit/605.1.15 (KHTML, like Gecko) Version/17.1 Mobile/15E148 Safari/604.1"
4.190.186.103 - - [29/Dec/2025:10:13:32 +0300] "GET /worksec.php HTTP/1.1" 301 162 "https://duckduckgo.com/" "Mozilla/5.0 (Linux; Android 10; LM-Q720) AppleWebKit/537.36 (KHTML, like Gecko) Chrome/116.0.0.0 Mobile Safari/537.36"
4.190.186.103 - - [29/Dec/2025:10:13:32 +0300] "GET /worksec.php HTTP/1.1" 404 31057 "https://duckduckgo.com/" "Mozilla/5.0 (Linux; Android 10; LM-Q720) AppleWebKit/537.36 (KHTML, like Gecko) Chrome/116.0.0.0 Mobile Safari/537.36"
82.148.16.210 - - [29/Dec/2025:10:18:30 +0300] "POST /wp-cron.php?doing_wp_cron=1766992710.1225509643554687500000 HTTP/1.1" 200 31 "-" "WordPress/6.9-alpha-60450; https://levasheva.ru"
216.73.216.89 - - [29/Dec/2025:10:18:30 +0300] "GET /sitemap_index.xml HTTP/2.0" 200 398 "-" "Mozilla/5.0 AppleWebKit/537.36 (KHTML, like Gecko; compatible; ClaudeBot/1.0; +claudebot@anthropic.com)"
82.148.16.210 - - [29/Dec/2025:10:21:15 +0300] "POST /wp-cron.php?doing_wp_cron=1766992875.3750579357147216796875 HTTP/1.1" 200 31 "-" "WordPress/6.9-alpha-60450; https://levasheva.ru"
195.250.31.211 - - [29/Dec/2025:10:21:15 +0300] "POST /xmlrpc.php HTTP/2.0" 200 269 "-" "Mozilla/4.0 (compatible; MSIE 7.0; Windows NT 6.2; WOW64; Trident/7.0; .NET4.0C; .NET4.0E; InfoPath.3; .NET CLR 2.0.50727; .NET CLR 3.0.30729; .NET CLR 3.5.30729)"
62.169.29.191 - - [29/Dec/2025:10:24:04 +0300] "GET /wp-admin/css/ HTTP/1.1" 301 162 "binance.com" "Mozilla/5.0 (Windows NT 10.0; Win64; x64) AppleWebKit/537.36 (KHTML, like Gecko) Chrome/90.0.4430.85 Safari/537.36"
62.169.29.191 - - [29/Dec/2025:10:24:26 +0300] "GET /wp-admin/css/ HTTP/1.1" 302 138 "binance.com" "Mozilla/5.0 (Windows NT 10.0; Win64; x64) AppleWebKit/537.36 (KHTML, like Gecko) Chrome/90.0.4430.85 Safari/537.36"
82.148.16.210 - - [29/Dec/2025:10:24:48 +0300] "POST /wp-cron.php?doing_wp_cron=1766993088.6435389518737792968750 HTTP/1.1" 200 31 "-" "WordPress/6.9-alpha-60450; https://levasheva.ru"
62.169.29.191 - - [29/Dec/2025:10:24:48 +0300] "GET /wp-admin/css/404 HTTP/1.1" 404 7707 "binance.com" "Mozilla/5.0 (Windows NT 10.0; Win64; x64) AppleWebKit/537.36 (KHTML, like Gecko) Chrome/90.0.4430.85 Safari/537.36"
62.169.29.191 - - [29/Dec/2025:10:25:28 +0300] "GET /.well-known/ HTTP/1.1" 301 162 "binance.com" "Mozilla/5.0 (Windows NT 10.0; Win64; x64) AppleWebKit/537.36 (KHTML, like Gecko) Chrome/90.0.4430.85 Safari/537.36"
82.148.16.210 - - [29/Dec/2025:10:25:50 +0300] "POST /wp-cron.php?doing_wp_cron=1766993150.6754229068756103515625 HTTP/1.1" 200 31 "-" "WordPress/6.9-alpha-60450; https://levasheva.ru"
62.169.29.191 - - [29/Dec/2025:10:25:50 +0300] "GET /.well-known/ HTTP/1.1" 404 7262 "binance.com" "Mozilla/5.0 (Windows NT 10.0; Win64; x64) AppleWebKit/537.36 (KHTML, like Gecko) Chrome/90.0.4430.85 Safari/537.36"
62.169.29.191 - - [29/Dec/2025:10:26:23 +0300] "GET /sites/default/files/ HTTP/1.1" 301 162 "binance.com" "Mozilla/5.0 (Windows NT 10.0; Win64; x64) AppleWebKit/537.36 (KHTML, like Gecko) Chrome/90.0.4430.85 Safari/537.36"
82.148.16.210 - - [29/Dec/2025:10:26:44 +0300] "POST /wp-cron.php?doing_wp_cron=1766993204.1631200313568115234375 HTTP/1.1" 200 31 "-" "WordPress/6.9-alpha-60450; https://levasheva.ru"
62.169.29.191 - - [29/Dec/2025:10:26:44 +0300] "GET /sites/default/files/ HTTP/1.1" 404 7707 "binance.com" "Mozilla/5.0 (Windows NT 10.0; Win64; x64) AppleWebKit/537.36 (KHTML, like Gecko) Chrome/90.0.4430.85 Safari/537.36"
62.169.29.191 - - [29/Dec/2025:10:27:16 +0300] "GET /admin/controller/extension/extension/ HTTP/1.1" 301 162 "binance.com" "Mozilla/5.0 (Windows NT 10.0; Win64; x64) AppleWebKit/537.36 (KHTML, like Gecko) Chrome/90.0.4430.85 Safari/537.36"
82.148.16.210 - - [29/Dec/2025:10:27:21 +0300] "POST /wp-cron.php?doing_wp_cron=1766993241.1619501113891601562500 HTTP/1.1" 200 31 "-" "WordPress/6.9-alpha-60450; https://levasheva.ru"
171.244.32.203 - - [29/Dec/2025:10:27:21 +0300] "GET /wp-login.php HTTP/2.0" 200 3447 "-" "Mozilla/4.0 (compatible; MSIE 7.0; Windows NT 6.2; WOW64; Trident/7.0; .NET4.0C; .NET4.0E; .NET CLR 2.0.50727; .NET CLR 3.0.30729; .NET CLR 3.5.30729; InfoPath.3)"
171.244.32.203 - - [29/Dec/2025:10:27:22 +0300] "POST /wp-login.php HTTP/2.0" 200 3638 "https://levasheva.ru/wp-login.php" "Mozilla/4.0 (compatible; MSIE 7.0; Windows NT 6.2; WOW64; Trident/7.0; .NET4.0C; .NET4.0E; .NET CLR 2.0.50727; .NET CLR 3.0.30729; .NET CLR 3.5.30729; InfoPath.3)"
62.169.29.191 - - [29/Dec/2025:10:27:40 +0300] "GET /admin/controller/extension/extension/ HTTP/1.1" 404 7707 "binance.com" "Mozilla/5.0 (Windows NT 10.0; Win64; x64) AppleWebKit/537.36 (KHTML, like Gecko) Chrome/90.0.4430.85 Safari/537.36"
62.169.29.191 - - [29/Dec/2025:10:28:16 +0300] "GET /uploads/ HTTP/1.1" 301 162 "binance.com" "Mozilla/5.0 (Windows NT 10.0; Win64; x64) AppleWebKit/537.36 (KHTML, like Gecko) Chrome/90.0.4430.85 Safari/537.36"
89.187.187.69 - - [29/Dec/2025:10:28:23 +0300] "GET / HTTP/1.1" 301 162 "-" "Mozilla/5.0 (Windows NT 10.0; Win64; x64) AppleWebKit/537.36 (KHTML, like Gecko) Chrome/78.0.3904.108 Safari/537.36"
82.148.16.210 - - [29/Dec/2025:10:28:26 +0300] "POST /wp-cron.php?doing_wp_cron=1766993306.1385579109191894531250 HTTP/1.1" 200 31 "-" "WordPress/6.9-alpha-60450; https://levasheva.ru"
89.187.187.69 - - [29/Dec/2025:10:28:26 +0300] "GET / HTTP/1.1" 200 58676 "-" "Mozilla/5.0 (Windows NT 10.0; Win64; x64) AppleWebKit/537.36 (KHTML, like Gecko) Chrome/78.0.3904.108 Safari/537.36"
89.187.187.69 - - [29/Dec/2025:10:28:27 +0300] "GET //wp-includes/wlwmanifest.xml HTTP/1.1" 301 5 "-" "Mozilla/5.0 (Windows NT 10.0; Win64; x64) AppleWebKit/537.36 (KHTML, like Gecko) Chrome/78.0.3904.108 Safari/537.36"
89.187.187.69 - - [29/Dec/2025:10:28:27 +0300] "GET //xmlrpc.php?rsd HTTP/1.1" 200 799 "-" "Mozilla/5.0 (Windows NT 10.0; Win64; x64) AppleWebKit/537.36 (KHTML, like Gecko) Chrome/78.0.3904.108 Safari/537.36"
89.187.187.69 - - [29/Dec/2025:10:28:27 +0300] "GET //?author=1 HTTP/1.1" 301 5 "-" "Mozilla/5.0 (Windows NT 10.0; Win64; x64) AppleWebKit/537.36 (KHTML, like Gecko) Chrome/78.0.3904.108 Safari/537.36"
89.187.187.69 - - [29/Dec/2025:10:28:28 +0300] "GET //?author=2 HTTP/1.1" 301 5 "-" "Mozilla/5.0 (Windows NT 10.0; Win64; x64) AppleWebKit/537.36 (KHTML, like Gecko) Chrome/78.0.3904.108 Safari/537.36"
89.187.187.69 - - [29/Dec/2025:10:28:28 +0300] "GET //wp-json/wp/v2/users/ HTTP/1.1" 200 7112 "-" "Mozilla/5.0 (Windows NT 10.0; Win64; x64) AppleWebKit/537.36 (KHTML, like Gecko) Chrome/78.0.3904.108 Safari/537.36"
89.187.187.69 - - [29/Dec/2025:10:28:28 +0300] "GET //wp-json/oembed/1.0/embed?url=https://levasheva.ru/ HTTP/1.1" 200 11771 "-" "Mozilla/5.0 (Windows NT 10.0; Win64; x64) AppleWebKit/537.36 (KHTML, like Gecko) Chrome/78.0.3904.108 Safari/537.36"
89.187.187.69 - - [29/Dec/2025:10:28:29 +0300] "POST //xmlrpc.php HTTP/1.1" 200 451 "-" "Mozilla/5.0 (Windows NT 10.0; Win64; x64) AppleWebKit/537.36 (KHTML, like Gecko) Chrome/78.0.3904.108 Safari/537.36"
89.187.187.69 - - [29/Dec/2025:10:28:29 +0300] "POST //xmlrpc.php HTTP/1.1" 200 451 "-" "Mozilla/5.0 (Windows NT 10.0; Win64; x64) AppleWebKit/537.36 (KHTML, like Gecko) Chrome/78.0.3904.108 Safari/537.36"
89.187.187.69 - - [29/Dec/2025:10:28:30 +0300] "POST //xmlrpc.php HTTP/1.1" 200 451 "-" "Mozilla/5.0 (Windows NT 10.0; Win64; x64) AppleWebKit/537.36 (KHTML, like Gecko) Chrome/78.0.3904.108 Safari/537.36"
89.187.187.69 - - [29/Dec/2025:10:28:32 +0300] "POST //xmlrpc.php HTTP/1.1" 200 451 "-" "Mozilla/5.0 (Windows NT 10.0; Win64; x64) AppleWebKit/537.36 (KHTML, like Gecko) Chrome/78.0.3904.108 Safari/537.36"
89.187.187.69 - - [29/Dec/2025:10:28:32 +0300] "POST //xmlrpc.php HTTP/1.1" 200 451 "-" "Mozilla/5.0 (Windows NT 10.0; Win64; x64) AppleWebKit/537.36 (KHTML, like Gecko) Chrome/78.0.3904.108 Safari/537.36"
89.187.187.69 - - [29/Dec/2025:10:28:33 +0300] "POST //xmlrpc.php HTTP/1.1" 200 451 "-" "Mozilla/5.0 (Windows NT 10.0; Win64; x64) AppleWebKit/537.36 (KHTML, like Gecko) Chrome/78.0.3904.108 Safari/537.36"
89.187.187.69 - - [29/Dec/2025:10:28:33 +0300] "POST //xmlrpc.php HTTP/1.1" 200 451 "-" "Mozilla/5.0 (Windows NT 10.0; Win64; x64) AppleWebKit/537.36 (KHTML, like Gecko) Chrome/78.0.3904.108 Safari/537.36"
89.187.187.69 - - [29/Dec/2025:10:28:33 +0300] "POST //xmlrpc.php HTTP/1.1" 200 451 "-" "Mozilla/5.0 (Windows NT 10.0; Win64; x64) AppleWebKit/537.36 (KHTML, like Gecko) Chrome/78.0.3904.108 Safari/537.36"
89.187.187.69 - - [29/Dec/2025:10:28:35 +0300] "POST //xmlrpc.php HTTP/1.1" 200 451 "-" "Mozilla/5.0 (Windows NT 10.0; Win64; x64) AppleWebKit/537.36 (KHTML, like Gecko) Chrome/78.0.3904.108 Safari/537.36"
89.187.187.69 - - [29/Dec/2025:10:28:36 +0300] "POST //xmlrpc.php HTTP/1.1" 200 451 "-" "Mozilla/5.0 (Windows NT 10.0; Win64; x64) AppleWebKit/537.36 (KHTML, like Gecko) Chrome/78.0.3904.108 Safari/537.36"
62.169.29.191 - - [29/Dec/2025:10:28:36 +0300] "GET /uploads/ HTTP/1.1" 404 7262 "binance.com" "Mozilla/5.0 (Windows NT 10.0; Win64; x64) AppleWebKit/537.36 (KHTML, like Gecko) Chrome/90.0.4430.85 Safari/537.36"
89.187.187.69 - - [29/Dec/2025:10:28:36 +0300] "POST //xmlrpc.php HTTP/1.1" 200 451 "-" "Mozilla/5.0 (Windows NT 10.0; Win64; x64) AppleWebKit/537.36 (KHTML, like Gecko) Chrome/78.0.3904.108 Safari/537.36"
89.187.187.69 - - [29/Dec/2025:10:28:37 +0300] "POST //xmlrpc.php HTTP/1.1" 200 451 "-" "Mozilla/5.0 (Windows NT 10.0; Win64; x64) AppleWebKit/537.36 (KHTML, like Gecko) Chrome/78.0.3904.108 Safari/537.36"
89.187.187.69 - - [29/Dec/2025:10:28:37 +0300] "POST //xmlrpc.php HTTP/1.1" 200 451 "-" "Mozilla/5.0 (Windows NT 10.0; Win64; x64) AppleWebKit/537.36 (KHTML, like Gecko) Chrome/78.0.3904.108 Safari/537.36"
89.187.187.69 - - [29/Dec/2025:10:28:37 +0300] "POST //xmlrpc.php HTTP/1.1" 200 451 "-" "Mozilla/5.0 (Windows NT 10.0; Win64; x64) AppleWebKit/537.36 (KHTML, like Gecko) Chrome/78.0.3904.108 Safari/537.36"
89.187.187.69 - - [29/Dec/2025:10:28:38 +0300] "POST //xmlrpc.php HTTP/1.1" 200 451 "-" "Mozilla/5.0 (Windows NT 10.0; Win64; x64) AppleWebKit/537.36 (KHTML, like Gecko) Chrome/78.0.3904.108 Safari/537.36"
89.187.187.69 - - [29/Dec/2025:10:28:38 +0300] "POST //xmlrpc.php HTTP/1.1" 200 451 "-" "Mozilla/5.0 (Windows NT 10.0; Win64; x64) AppleWebKit/537.36 (KHTML, like Gecko) Chrome/78.0.3904.108 Safari/537.36"
89.187.187.69 - - [29/Dec/2025:10:28:38 +0300] "POST //xmlrpc.php HTTP/1.1" 200 451 "-" "Mozilla/5.0 (Windows NT 10.0; Win64; x64) AppleWebKit/537.36 (KHTML, like Gecko) Chrome/78.0.3904.108 Safari/537.36"
89.187.187.69 - - [29/Dec/2025:10:28:39 +0300] "POST //xmlrpc.php HTTP/1.1" 200 451 "-" "Mozilla/5.0 (Windows NT 10.0; Win64; x64) AppleWebKit/537.36 (KHTML, like Gecko) Chrome/78.0.3904.108 Safari/537.36"
89.187.187.69 - - [29/Dec/2025:10:28:39 +0300] "POST //xmlrpc.php HTTP/1.1" 200 451 "-" "Mozilla/5.0 (Windows NT 10.0; Win64; x64) AppleWebKit/537.36 (KHTML, like Gecko) Chrome/78.0.3904.108 Safari/537.36"
89.187.187.69 - - [29/Dec/2025:10:28:40 +0300] "POST //xmlrpc.php HTTP/1.1" 200 451 "-" "Mozilla/5.0 (Windows NT 10.0; Win64; x64) AppleWebKit/537.36 (KHTML, like Gecko) Chrome/78.0.3904.108 Safari/537.36"
89.187.187.69 - - [29/Dec/2025:10:28:40 +0300] "POST //xmlrpc.php HTTP/1.1" 200 451 "-" "Mozilla/5.0 (Windows NT 10.0; Win64; x64) AppleWebKit/537.36 (KHTML, like Gecko) Chrome/78.0.3904.108 Safari/537.36"
89.187.187.69 - - [29/Dec/2025:10:28:40 +0300] "POST //xmlrpc.php HTTP/1.1" 200 451 "-" "Mozilla/5.0 (Windows NT 10.0; Win64; x64) AppleWebKit/537.36 (KHTML, like Gecko) Chrome/78.0.3904.108 Safari/537.36"
89.187.187.69 - - [29/Dec/2025:10:28:41 +0300] "POST //xmlrpc.php HTTP/1.1" 200 451 "-" "Mozilla/5.0 (Windows NT 10.0; Win64; x64) AppleWebKit/537.36 (KHTML, like Gecko) Chrome/78.0.3904.108 Safari/537.36"
89.187.187.69 - - [29/Dec/2025:10:28:41 +0300] "POST //xmlrpc.php HTTP/1.1" 200 451 "-" "Mozilla/5.0 (Windows NT 10.0; Win64; x64) AppleWebKit/537.36 (KHTML, like Gecko) Chrome/78.0.3904.108 Safari/537.36"
89.187.187.69 - - [29/Dec/2025:10:28:42 +0300] "POST //xmlrpc.php HTTP/1.1" 200 451 "-" "Mozilla/5.0 (Windows NT 10.0; Win64; x64) AppleWebKit/537.36 (KHTML, like Gecko) Chrome/78.0.3904.108 Safari/537.36"
89.187.187.69 - - [29/Dec/2025:10:28:42 +0300] "POST //xmlrpc.php HTTP/1.1" 200 451 "-" "Mozilla/5.0 (Windows NT 10.0; Win64; x64) AppleWebKit/537.36 (KHTML, like Gecko) Chrome/78.0.3904.108 Safari/537.36"
89.187.187.69 - - [29/Dec/2025:10:28:43 +0300] "POST //xmlrpc.php HTTP/1.1" 200 451 "-" "Mozilla/5.0 (Windows NT 10.0; Win64; x64) AppleWebKit/537.36 (KHTML, like Gecko) Chrome/78.0.3904.108 Safari/537.36"
89.187.187.69 - - [29/Dec/2025:10:28:44 +0300] "POST //xmlrpc.php HTTP/1.1" 200 451 "-" "Mozilla/5.0 (Windows NT 10.0; Win64; x64) AppleWebKit/537.36 (KHTML, like Gecko) Chrome/78.0.3904.108 Safari/537.36"
89.187.187.69 - - [29/Dec/2025:10:28:44 +0300] "POST //xmlrpc.php HTTP/1.1" 200 451 "-" "Mozilla/5.0 (Windows NT 10.0; Win64; x64) AppleWebKit/537.36 (KHTML, like Gecko) Chrome/78.0.3904.108 Safari/537.36"
89.187.187.69 - - [29/Dec/2025:10:28:45 +0300] "POST //xmlrpc.php HTTP/1.1" 200 451 "-" "Mozilla/5.0 (Windows NT 10.0; Win64; x64) AppleWebKit/537.36 (KHTML, like Gecko) Chrome/78.0.3904.108 Safari/537.36"
89.187.187.69 - - [29/Dec/2025:10:28:45 +0300] "POST //xmlrpc.php HTTP/1.1" 200 451 "-" "Mozilla/5.0 (Windows NT 10.0; Win64; x64) AppleWebKit/537.36 (KHTML, like Gecko) Chrome/78.0.3904.108 Safari/537.36"
89.187.187.69 - - [29/Dec/2025:10:28:45 +0300] "POST //xmlrpc.php HTTP/1.1" 200 451 "-" "Mozilla/5.0 (Windows NT 10.0; Win64; x64) AppleWebKit/537.36 (KHTML, like Gecko) Chrome/78.0.3904.108 Safari/537.36"
89.187.187.69 - - [29/Dec/2025:10:28:46 +0300] "POST //xmlrpc.php HTTP/1.1" 200 451 "-" "Mozilla/5.0 (Windows NT 10.0; Win64; x64) AppleWebKit/537.36 (KHTML, like Gecko) Chrome/78.0.3904.108 Safari/537.36"
89.187.187.69 - - [29/Dec/2025:10:28:46 +0300] "POST //xmlrpc.php HTTP/1.1" 200 451 "-" "Mozilla/5.0 (Windows NT 10.0; Win64; x64) AppleWebKit/537.36 (KHTML, like Gecko) Chrome/78.0.3904.108 Safari/537.36"
89.187.187.69 - - [29/Dec/2025:10:28:46 +0300] "POST //xmlrpc.php HTTP/1.1" 200 451 "-" "Mozilla/5.0 (Windows NT 10.0; Win64; x64) AppleWebKit/537.36 (KHTML, like Gecko) Chrome/78.0.3904.108 Safari/537.36"
89.187.187.69 - - [29/Dec/2025:10:28:47 +0300] "POST //xmlrpc.php HTTP/1.1" 200 451 "-" "Mozilla/5.0 (Windows NT 10.0; Win64; x64) AppleWebKit/537.36 (KHTML, like Gecko) Chrome/78.0.3904.108 Safari/537.36"
89.187.187.69 - - [29/Dec/2025:10:28:47 +0300] "POST //xmlrpc.php HTTP/1.1" 200 451 "-" "Mozilla/5.0 (Windows NT 10.0; Win64; x64) AppleWebKit/537.36 (KHTML, like Gecko) Chrome/78.0.3904.108 Safari/537.36"
89.187.187.69 - - [29/Dec/2025:10:28:48 +0300] "POST //xmlrpc.php HTTP/1.1" 200 451 "-" "Mozilla/5.0 (Windows NT 10.0; Win64; x64) AppleWebKit/537.36 (KHTML, like Gecko) Chrome/78.0.3904.108 Safari/537.36"
89.187.187.69 - - [29/Dec/2025:10:28:48 +0300] "POST //xmlrpc.php HTTP/1.1" 200 451 "-" "Mozilla/5.0 (Windows NT 10.0; Win64; x64) AppleWebKit/537.36 (KHTML, like Gecko) Chrome/78.0.3904.108 Safari/537.36"
89.187.187.69 - - [29/Dec/2025:10:28:48 +0300] "POST //xmlrpc.php HTTP/1.1" 200 451 "-" "Mozilla/5.0 (Windows NT 10.0; Win64; x64) AppleWebKit/537.36 (KHTML, like Gecko) Chrome/78.0.3904.108 Safari/537.36"
89.187.187.69 - - [29/Dec/2025:10:28:49 +0300] "POST //xmlrpc.php HTTP/1.1" 200 451 "-" "Mozilla/5.0 (Windows NT 10.0; Win64; x64) AppleWebKit/537.36 (KHTML, like Gecko) Chrome/78.0.3904.108 Safari/537.36"
89.187.187.69 - - [29/Dec/2025:10:28:49 +0300] "POST //xmlrpc.php HTTP/1.1" 200 451 "-" "Mozilla/5.0 (Windows NT 10.0; Win64; x64) AppleWebKit/537.36 (KHTML, like Gecko) Chrome/78.0.3904.108 Safari/537.36"
89.187.187.69 - - [29/Dec/2025:10:28:50 +0300] "POST //xmlrpc.php HTTP/1.1" 200 451 "-" "Mozilla/5.0 (Windows NT 10.0; Win64; x64) AppleWebKit/537.36 (KHTML, like Gecko) Chrome/78.0.3904.108 Safari/537.36"
89.187.187.69 - - [29/Dec/2025:10:28:50 +0300] "POST //xmlrpc.php HTTP/1.1" 200 451 "-" "Mozilla/5.0 (Windows NT 10.0; Win64; x64) AppleWebKit/537.36 (KHTML, like Gecko) Chrome/78.0.3904.108 Safari/537.36"
89.187.187.69 - - [29/Dec/2025:10:28:50 +0300] "POST //xmlrpc.php HTTP/1.1" 200 451 "-" "Mozilla/5.0 (Windows NT 10.0; Win64; x64) AppleWebKit/537.36 (KHTML, like Gecko) Chrome/78.0.3904.108 Safari/537.36"
89.187.187.69 - - [29/Dec/2025:10:28:51 +0300] "POST //xmlrpc.php HTTP/1.1" 200 451 "-" "Mozilla/5.0 (Windows NT 10.0; Win64; x64) AppleWebKit/537.36 (KHTML, like Gecko) Chrome/78.0.3904.108 Safari/537.36"
