4.230.45.150 - - [29/Dec/2025:03:24:01 +0300] "GET /wp-admin/includes/ HTTP/1.1" 301 162 "https://www.bing.com/" "Mozilla/5.0 (Linux; Android 10; K) AppleWebKit/537.36 (KHTML, like Gecko) Chrome/117.0.0.0 Mobile Safari/537.36"
4.230.45.150 - - [29/Dec/2025:03:24:01 +0300] "GET /wp-admin/includes/ HTTP/1.1" 302 138 "https://www.bing.com/" "Mozilla/5.0 (Linux; Android 10; K) AppleWebKit/537.36 (KHTML, like Gecko) Chrome/117.0.0.0 Mobile Safari/537.36"
4.230.45.150 - - [29/Dec/2025:03:24:02 +0300] "GET /wp-admin/includes/404 HTTP/1.1" 404 33138 "https://www.bing.com/" "Mozilla/5.0 (Linux; Android 10; K) AppleWebKit/537.36 (KHTML, like Gecko) Chrome/117.0.0.0 Mobile Safari/537.36"
4.230.45.150 - - [29/Dec/2025:03:24:02 +0300] "GET /wp-admin/js/index.php HTTP/1.1" 301 162 "https://www.bing.com/" "Mozilla/5.0 (iPhone; CPU iPhone OS 17_1_1 like Mac OS X) AppleWebKit/605.1.15 (KHTML, like Gecko) Version/17.1 Mobile/15E148 Safari/604.1"
4.230.45.150 - - [29/Dec/2025:03:24:03 +0300] "GET /wp-admin/js/index.php HTTP/1.1" 301 5 "https://www.bing.com/" "Mozilla/5.0 (iPhone; CPU iPhone OS 17_1_1 like Mac OS X) AppleWebKit/605.1.15 (KHTML, like Gecko) Version/17.1 Mobile/15E148 Safari/604.1"
4.230.45.150 - - [29/Dec/2025:03:24:03 +0300] "GET /wp-admin/js/ HTTP/1.1" 302 138 "https://www.bing.com/" "Mozilla/5.0 (iPhone; CPU iPhone OS 17_1_1 like Mac OS X) AppleWebKit/605.1.15 (KHTML, like Gecko) Version/17.1 Mobile/15E148 Safari/604.1"
4.230.45.150 - - [29/Dec/2025:03:24:04 +0300] "GET /wp-admin/js/404 HTTP/1.1" 404 33138 "https://www.bing.com/" "Mozilla/5.0 (iPhone; CPU iPhone OS 17_1_1 like Mac OS X) AppleWebKit/605.1.15 (KHTML, like Gecko) Version/17.1 Mobile/15E148 Safari/604.1"
4.230.45.150 - - [29/Dec/2025:03:24:04 +0300] "GET /wp-admin/js/widgets/ HTTP/1.1" 301 162 "https://www.google.com/" "Mozilla/5.0 (iPhone; CPU iPhone OS 16_0 like Mac OS X) AppleWebKit/605.1.15 (KHTML, like Gecko) FxiOS/118.0 Mobile/15E148 Safari/605.1.15"
4.230.45.150 - - [29/Dec/2025:03:24:04 +0300] "GET /wp-admin/js/widgets/ HTTP/1.1" 302 138 "https://www.google.com/" "Mozilla/5.0 (iPhone; CPU iPhone OS 16_0 like Mac OS X) AppleWebKit/605.1.15 (KHTML, like Gecko) FxiOS/118.0 Mobile/15E148 Safari/605.1.15"
4.230.45.150 - - [29/Dec/2025:03:24:05 +0300] "GET /wp-admin/js/widgets/404 HTTP/1.1" 404 33138 "https://www.google.com/" "Mozilla/5.0 (iPhone; CPU iPhone OS 16_0 like Mac OS X) AppleWebKit/605.1.15 (KHTML, like Gecko) FxiOS/118.0 Mobile/15E148 Safari/605.1.15"
4.230.45.150 - - [29/Dec/2025:03:24:05 +0300] "GET /wp-content/about.php HTTP/1.1" 301 162 "https://www.bing.com/" "Mozilla/5.0 (iPad; CPU OS 16_7_2 like Mac OS X) AppleWebKit/605.1.15 (KHTML, like Gecko) Version/16.6 Mobile/15E148 Safari/604.1"
4.230.45.150 - - [29/Dec/2025:03:24:06 +0300] "GET /wp-content/about.php HTTP/1.1" 404 31057 "https://www.bing.com/" "Mozilla/5.0 (iPad; CPU OS 16_7_2 like Mac OS X) AppleWebKit/605.1.15 (KHTML, like Gecko) Version/16.6 Mobile/15E148 Safari/604.1"
4.230.45.150 - - [29/Dec/2025:03:24:06 +0300] "GET /wp-content/admin-header.php HTTP/1.1" 301 162 "https://duckduckgo.com/" "Mozilla/5.0 (iPad; CPU OS 16_7_2 like Mac OS X) AppleWebKit/605.1.15 (KHTML, like Gecko) Version/16.6 Mobile/15E148 Safari/604.1"
4.230.45.150 - - [29/Dec/2025:03:24:07 +0300] "GET /wp-content/admin-header.php HTTP/1.1" 404 31057 "https://duckduckgo.com/" "Mozilla/5.0 (iPad; CPU OS 16_7_2 like Mac OS X) AppleWebKit/605.1.15 (KHTML, like Gecko) Version/16.6 Mobile/15E148 Safari/604.1"
4.230.45.150 - - [29/Dec/2025:03:24:07 +0300] "GET /wp-content/admin.php HTTP/1.1" 301 162 "https://www.google.co.uk/" "Mozilla/5.0 (Linux; Android 13; SM-S908E) AppleWebKit/537.36 (KHTML, like Gecko) Chrome/116.0.0.0 Mobile Safari/537.36"
4.230.45.150 - - [29/Dec/2025:03:24:07 +0300] "GET /wp-content/admin.php HTTP/1.1" 404 31057 "https://www.google.co.uk/" "Mozilla/5.0 (Linux; Android 13; SM-S908E) AppleWebKit/537.36 (KHTML, like Gecko) Chrome/116.0.0.0 Mobile Safari/537.36"
4.230.45.150 - - [29/Dec/2025:03:24:08 +0300] "GET /wp-content/content.php HTTP/1.1" 301 162 "https://duckduckgo.com/" "Mozilla/5.0 (Linux; Android 12; V2134) AppleWebKit/537.36 (KHTML, like Gecko) Chrome/116.0.0.0 Mobile Safari/537.36"
4.230.45.150 - - [29/Dec/2025:03:24:08 +0300] "GET /wp-content/content.php HTTP/1.1" 404 31057 "https://duckduckgo.com/" "Mozilla/5.0 (Linux; Android 12; V2134) AppleWebKit/537.36 (KHTML, like Gecko) Chrome/116.0.0.0 Mobile Safari/537.36"
4.230.45.150 - - [29/Dec/2025:03:24:09 +0300] "GET /wp-content/index.php HTTP/1.1" 301 162 "https://www.google.fr/" "Mozilla/5.0 (iPad; CPU OS 17_0_3 like Mac OS X) AppleWebKit/605.1.15 (KHTML, like Gecko) Version/17.0.1 Mobile/15E148 Safari/604.1"
4.230.45.150 - - [29/Dec/2025:03:24:09 +0300] "GET /wp-content/index.php HTTP/1.1" 200 5 "https://www.google.fr/" "Mozilla/5.0 (iPad; CPU OS 17_0_3 like Mac OS X) AppleWebKit/605.1.15 (KHTML, like Gecko) Version/17.0.1 Mobile/15E148 Safari/604.1"
4.230.45.150 - - [29/Dec/2025:03:24:09 +0300] "GET /wp-content/plugins/Ultimate_VC_Addons/assets/alfa-rex.php7 HTTP/1.1" 301 162 "https://www.bing.com/" "Mozilla/5.0 (iPhone; CPU iPhone OS 16_6_1 like Mac OS X) AppleWebKit/605.1.15 (KHTML, like Gecko) Version/16.6 Mobile/15E148 Safari/604.1"
4.230.45.150 - - [29/Dec/2025:03:24:09 +0300] "GET /wp-content/plugins/Ultimate_VC_Addons/assets/alfa-rex.php7 HTTP/1.1" 404 33138 "https://www.bing.com/" "Mozilla/5.0 (iPhone; CPU iPhone OS 16_6_1 like Mac OS X) AppleWebKit/605.1.15 (KHTML, like Gecko) Version/16.6 Mobile/15E148 Safari/604.1"
4.230.45.150 - - [29/Dec/2025:03:24:10 +0300] "GET /wp-content/plugins/about.php HTTP/1.1" 301 162 "https://www.google.co.uk/" "Mozilla/5.0 (Linux; Android 12; 2201116SG) AppleWebKit/537.36 (KHTML, like Gecko) Chrome/116.0.0.0 Mobile Safari/537.36"
4.230.45.150 - - [29/Dec/2025:03:24:10 +0300] "GET /wp-content/plugins/about.php HTTP/1.1" 404 33138 "https://www.google.co.uk/" "Mozilla/5.0 (Linux; Android 12; 2201116SG) AppleWebKit/537.36 (KHTML, like Gecko) Chrome/116.0.0.0 Mobile Safari/537.36"
4.230.45.150 - - [29/Dec/2025:03:24:11 +0300] "GET /wp-content/plugins/admin.php HTTP/1.1" 301 162 "https://www.google.de/" "Mozilla/5.0 (Linux; Android 13; M2101K6G) AppleWebKit/537.36 (KHTML, like Gecko) Chrome/116.0.0.0 Mobile Safari/537.36"
4.230.45.150 - - [29/Dec/2025:03:24:11 +0300] "GET /wp-content/plugins/admin.php HTTP/1.1" 404 33138 "https://www.google.de/" "Mozilla/5.0 (Linux; Android 13; M2101K6G) AppleWebKit/537.36 (KHTML, like Gecko) Chrome/116.0.0.0 Mobile Safari/537.36"
4.230.45.150 - - [29/Dec/2025:03:24:12 +0300] "GET /wp-content/plugins/classic-editor/wp-login.php HTTP/1.1" 301 162 "https://www.google.fr/" "Mozilla/5.g (Linux; Android 13; Pixel 7) AppleWebKit/537.36 (KHTML, like Gecko) Chrome/116.0.0.0 Mobile Safari/537.36"
4.230.45.150 - - [29/Dec/2025:03:24:12 +0300] "GET /wp-content/plugins/classic-editor/wp-login.php HTTP/1.1" 404 33138 "https://www.google.fr/" "Mozilla/5.g (Linux; Android 13; Pixel 7) AppleWebKit/537.36 (KHTML, like Gecko) Chrome/116.0.0.0 Mobile Safari/537.36"
4.230.45.150 - - [29/Dec/2025:03:24:12 +0300] "GET /wp-content/plugins/yanierin/akc.php HTTP/1.1" 301 162 "https://www.google.co.uk/" "Mozilla/5.0 (Linux; Android 13; SM-G991U) AppleWebKit/537.36 (KHTML, like Gecko) Chrome/117.0.0.0 Mobile Safari/537.36"
4.230.45.150 - - [29/Dec/2025:03:24:13 +0300] "GET /wp-content/plugins/yanierin/akc.php HTTP/1.1" 404 33138 "https://www.google.co.uk/" "Mozilla/5.0 (Linux; Android 13; SM-G991U) AppleWebKit/537.36 (KHTML, like Gecko) Chrome/117.0.0.0 Mobile Safari/537.36"
4.230.45.150 - - [29/Dec/2025:03:24:13 +0300] "GET /wp-content/themes/about.php HTTP/1.1" 301 162 "https://www.google.co.uk/" "Mozilla/5.0 (Linux; Android 11; CPH2251) AppleWebKit/537.36 (KHTML, like Gecko) Chrome/116.0.0.0 Mobile Safari/537.36"
4.230.45.150 - - [29/Dec/2025:03:24:14 +0300] "GET /wp-content/themes/about.php HTTP/1.1" 404 33138 "https://www.google.co.uk/" "Mozilla/5.0 (Linux; Android 11; CPH2251) AppleWebKit/537.36 (KHTML, like Gecko) Chrome/116.0.0.0 Mobile Safari/537.36"
4.230.45.150 - - [29/Dec/2025:03:24:14 +0300] "GET /wp-content/themes/admin.php HTTP/1.1" 301 162 "https://www.google.co.uk/" "Mozilla/5.0 (Linux; Android 10; LM-Q720) AppleWebKit/537.36 (KHTML, like Gecko) Chrome/116.0.0.0 Mobile Safari/537.36"
4.230.45.150 - - [29/Dec/2025:03:24:14 +0300] "GET /wp-content/themes/admin.php HTTP/1.1" 404 33138 "https://www.google.co.uk/" "Mozilla/5.0 (Linux; Android 10; LM-Q720) AppleWebKit/537.36 (KHTML, like Gecko) Chrome/116.0.0.0 Mobile Safari/537.36"
4.230.45.150 - - [29/Dec/2025:03:24:15 +0300] "GET /wp-content/upgrade/index.php HTTP/1.1" 301 162 "https://duckduckgo.com/" "Mozilla/5.0 (Linux; Android 14; Pixel 8 Pro) AppleWebKit/537.36 (KHTML, like Gecko) Chrome/119.0.0.0 Mobile Safari/537.36"
4.230.45.150 - - [29/Dec/2025:03:24:15 +0300] "GET /wp-content/upgrade/index.php HTTP/1.1" 301 5 "https://duckduckgo.com/" "Mozilla/5.0 (Linux; Android 14; Pixel 8 Pro) AppleWebKit/537.36 (KHTML, like Gecko) Chrome/119.0.0.0 Mobile Safari/537.36"
4.230.45.150 - - [29/Dec/2025:03:24:15 +0300] "GET /wp-content/upgrade/ HTTP/1.1" 302 138 "https://duckduckgo.com/" "Mozilla/5.0 (Linux; Android 14; Pixel 8 Pro) AppleWebKit/537.36 (KHTML, like Gecko) Chrome/119.0.0.0 Mobile Safari/537.36"
4.230.45.150 - - [29/Dec/2025:03:24:16 +0300] "GET /wp-content/upgrade/404 HTTP/1.1" 404 33138 "https://duckduckgo.com/" "Mozilla/5.0 (Linux; Android 14; Pixel 8 Pro) AppleWebKit/537.36 (KHTML, like Gecko) Chrome/119.0.0.0 Mobile Safari/537.36"
4.230.45.150 - - [29/Dec/2025:03:24:16 +0300] "GET /wp-content/uploads/ HTTP/1.1" 301 162 "https://www.yahoo.com/" "Mozilla/5.0 (Linux; Android 14; Pixel 8 Pro) AppleWebKit/537.36 (KHTML, like Gecko) Chrome/119.0.0.0 Mobile Safari/537.36"
4.230.45.150 - - [29/Dec/2025:03:24:16 +0300] "GET /wp-content/uploads/ HTTP/1.1" 302 138 "https://www.yahoo.com/" "Mozilla/5.0 (Linux; Android 14; Pixel 8 Pro) AppleWebKit/537.36 (KHTML, like Gecko) Chrome/119.0.0.0 Mobile Safari/537.36"
82.148.16.210 - - [29/Dec/2025:03:24:17 +0300] "POST /wp-cron.php?doing_wp_cron=1766967857.0169939994812011718750 HTTP/1.1" 200 31 "-" "WordPress/6.9-alpha-60450; https://levasheva.ru"
4.230.45.150 - - [29/Dec/2025:03:24:17 +0300] "GET /wp-content/uploads/404 HTTP/1.1" 404 33138 "https://www.yahoo.com/" "Mozilla/5.0 (Linux; Android 14; Pixel 8 Pro) AppleWebKit/537.36 (KHTML, like Gecko) Chrome/119.0.0.0 Mobile Safari/537.36"
4.230.45.150 - - [29/Dec/2025:03:24:17 +0300] "GET /wp-content/uploads/2025/ HTTP/1.1" 301 162 "https://www.bing.com/" "Mozilla/5.0 (Linux; Android 13; M2101K6G) AppleWebKit/537.36 (KHTML, like Gecko) Chrome/116.0.0.0 Mobile Safari/537.36"
4.230.45.150 - - [29/Dec/2025:03:24:17 +0300] "GET /wp-content/uploads/2025/ HTTP/1.1" 302 138 "https://www.bing.com/" "Mozilla/5.0 (Linux; Android 13; M2101K6G) AppleWebKit/537.36 (KHTML, like Gecko) Chrome/116.0.0.0 Mobile Safari/537.36"
4.230.45.150 - - [29/Dec/2025:03:24:18 +0300] "GET /wp-content/uploads/2025/404 HTTP/1.1" 404 33138 "https://www.bing.com/" "Mozilla/5.0 (Linux; Android 13; M2101K6G) AppleWebKit/537.36 (KHTML, like Gecko) Chrome/116.0.0.0 Mobile Safari/537.36"
4.230.45.150 - - [29/Dec/2025:03:24:18 +0300] "GET /wp-content/uploads/admin.php HTTP/1.1" 301 162 "https://www.google.co.uk/" "Mozilla/5.0 (iPad; CPU OS 17_0_3 like Mac OS X) AppleWebKit/605.1.15 (KHTML, like Gecko) Version/17.0.1 Mobile/15E148 Safari/604.1"
4.230.45.150 - - [29/Dec/2025:03:24:18 +0300] "GET /wp-content/uploads/admin.php HTTP/1.1" 404 33138 "https://www.google.co.uk/" "Mozilla/5.0 (iPad; CPU OS 17_0_3 like Mac OS X) AppleWebKit/605.1.15 (KHTML, like Gecko) Version/17.0.1 Mobile/15E148 Safari/604.1"
4.230.45.150 - - [29/Dec/2025:03:24:19 +0300] "GET /wp-fclass.php HTTP/1.1" 301 162 "https://www.google.com/" "Mozilla/5.0 (Linux; Android 10; K) AppleWebKit/537.36 (KHTML, like Gecko) Chrome/117.0.0.0 Mobile Safari/537.36"
4.230.45.150 - - [29/Dec/2025:03:24:19 +0300] "GET /wp-fclass.php HTTP/1.1" 404 31057 "https://www.google.com/" "Mozilla/5.0 (Linux; Android 10; K) AppleWebKit/537.36 (KHTML, like Gecko) Chrome/117.0.0.0 Mobile Safari/537.36"
4.230.45.150 - - [29/Dec/2025:03:24:19 +0300] "GET /wp-includes/ID3/ HTTP/1.1" 301 162 "https://www.yahoo.com/" "Mozilla/5.0 (Linux; Android 13; M2101K6G) AppleWebKit/537.36 (KHTML, like Gecko) Chrome/116.0.0.0 Mobile Safari/537.36"
4.230.45.150 - - [29/Dec/2025:03:24:20 +0300] "GET /wp-includes/ID3/ HTTP/1.1" 302 138 "https://www.yahoo.com/" "Mozilla/5.0 (Linux; Android 13; M2101K6G) AppleWebKit/537.36 (KHTML, like Gecko) Chrome/116.0.0.0 Mobile Safari/537.36"
4.230.45.150 - - [29/Dec/2025:03:24:20 +0300] "GET /wp-includes/ID3/404 HTTP/1.1" 404 33138 "https://www.yahoo.com/" "Mozilla/5.0 (Linux; Android 13; M2101K6G) AppleWebKit/537.36 (KHTML, like Gecko) Chrome/116.0.0.0 Mobile Safari/537.36"
4.230.45.150 - - [29/Dec/2025:03:24:20 +0300] "GET /wp-includes/PHPMailer/ HTTP/1.1" 301 162 "https://www.google.fr/" "Mozilla/5.0 (Linux; Android 12; 2201116SG) AppleWebKit/537.36 (KHTML, like Gecko) Chrome/116.0.0.0 Mobile Safari/537.36"
4.230.45.150 - - [29/Dec/2025:03:24:21 +0300] "GET /wp-includes/PHPMailer/ HTTP/1.1" 302 138 "https://www.google.fr/" "Mozilla/5.0 (Linux; Android 12; 2201116SG) AppleWebKit/537.36 (KHTML, like Gecko) Chrome/116.0.0.0 Mobile Safari/537.36"
4.230.45.150 - - [29/Dec/2025:03:24:21 +0300] "GET /wp-includes/PHPMailer/404 HTTP/1.1" 404 33138 "https://www.google.fr/" "Mozilla/5.0 (Linux; Android 12; 2201116SG) AppleWebKit/537.36 (KHTML, like Gecko) Chrome/116.0.0.0 Mobile Safari/537.36"
4.230.45.150 - - [29/Dec/2025:03:24:21 +0300] "GET /wp-includes/Requests/about.php HTTP/1.1" 301 162 "https://duckduckgo.com/" "Mozilla/5.0 (Linux; Android 14; Pixel 8 Pro) AppleWebKit/537.36 (KHTML, like Gecko) Chrome/119.0.0.0 Mobile Safari/537.36"
4.230.45.150 - - [29/Dec/2025:03:24:22 +0300] "GET /wp-includes/Requests/about.php HTTP/1.1" 404 33138 "https://duckduckgo.com/" "Mozilla/5.0 (Linux; Android 14; Pixel 8 Pro) AppleWebKit/537.36 (KHTML, like Gecko) Chrome/119.0.0.0 Mobile Safari/537.36"
4.230.45.150 - - [29/Dec/2025:03:24:22 +0300] "GET /wp-includes/Requests/alfa-rex.php HTTP/1.1" 301 162 "https://www.yahoo.com/" "Mozilla/5.g (Linux; Android 13; Pixel 7) AppleWebKit/537.36 (KHTML, like Gecko) Chrome/116.0.0.0 Mobile Safari/537.36"
4.230.45.150 - - [29/Dec/2025:03:24:23 +0300] "GET /wp-includes/Requests/alfa-rex.php HTTP/1.1" 404 33138 "https://www.yahoo.com/" "Mozilla/5.g (Linux; Android 13; Pixel 7) AppleWebKit/537.36 (KHTML, like Gecko) Chrome/116.0.0.0 Mobile Safari/537.36"
4.230.45.150 - - [29/Dec/2025:03:24:23 +0300] "GET /wp-includes/Requests/src/Cookie/ HTTP/1.1" 301 162 "https://duckduckgo.com/" "Mozilla/5.0 (Linux; Android 11; 21081111RG) AppleWebKit/537.36 (KHTML, like Gecko) Chrome/116.0.0.0 Mobile Safari/537.36"
4.230.45.150 - - [29/Dec/2025:03:24:23 +0300] "GET /wp-includes/Requests/src/Cookie/ HTTP/1.1" 302 138 "https://duckduckgo.com/" "Mozilla/5.0 (Linux; Android 11; 21081111RG) AppleWebKit/537.36 (KHTML, like Gecko) Chrome/116.0.0.0 Mobile Safari/537.36"
4.230.45.150 - - [29/Dec/2025:03:24:24 +0300] "GET /wp-includes/Requests/src/Cookie/404 HTTP/1.1" 404 33138 "https://duckduckgo.com/" "Mozilla/5.0 (Linux; Android 11; 21081111RG) AppleWebKit/537.36 (KHTML, like Gecko) Chrome/116.0.0.0 Mobile Safari/537.36"
4.230.45.150 - - [29/Dec/2025:03:24:24 +0300] "GET /wp-includes/Requests/src/Response/about.php HTTP/1.1" 301 162 "https://www.yahoo.com/" "Mozilla/5.0 (Linux; Android 12; V2134) AppleWebKit/537.36 (KHTML, like Gecko) Chrome/116.0.0.0 Mobile Safari/537.36"
4.230.45.150 - - [29/Dec/2025:03:24:24 +0300] "GET /wp-includes/Requests/src/Response/about.php HTTP/1.1" 404 33138 "https://www.yahoo.com/" "Mozilla/5.0 (Linux; Android 12; V2134) AppleWebKit/537.36 (KHTML, like Gecko) Chrome/116.0.0.0 Mobile Safari/537.36"
4.230.45.150 - - [29/Dec/2025:03:24:25 +0300] "GET /wp-includes/Text/Diff/Renderer/ HTTP/1.1" 301 162 "https://www.yahoo.com/" "Mozilla/5.g (Linux; Android 13; Pixel 7) AppleWebKit/537.36 (KHTML, like Gecko) Chrome/116.0.0.0 Mobile Safari/537.36"
4.230.45.150 - - [29/Dec/2025:03:24:25 +0300] "GET /wp-includes/Text/Diff/Renderer/ HTTP/1.1" 302 138 "https://www.yahoo.com/" "Mozilla/5.g (Linux; Android 13; Pixel 7) AppleWebKit/537.36 (KHTML, like Gecko) Chrome/116.0.0.0 Mobile Safari/537.36"
4.230.45.150 - - [29/Dec/2025:03:24:25 +0300] "GET /wp-includes/Text/Diff/Renderer/404 HTTP/1.1" 404 33138 "https://www.yahoo.com/" "Mozilla/5.g (Linux; Android 13; Pixel 7) AppleWebKit/537.36 (KHTML, like Gecko) Chrome/116.0.0.0 Mobile Safari/537.36"
4.230.45.150 - - [29/Dec/2025:03:24:26 +0300] "GET /wp-includes/Text/index.php HTTP/1.1" 301 162 "https://www.yahoo.com/" "Mozilla/5.0 (iPhone; CPU iPhone OS 17_1 like Mac OS X) AppleWebKit/605.1.15 (KHTML, like Gecko) CriOS/119.0.6045.109 Mobile/15E148 Safari/604.1"
4.230.45.150 - - [29/Dec/2025:03:24:26 +0300] "GET /wp-includes/Text/index.php HTTP/1.1" 301 5 "https://www.yahoo.com/" "Mozilla/5.0 (iPhone; CPU iPhone OS 17_1 like Mac OS X) AppleWebKit/605.1.15 (KHTML, like Gecko) CriOS/119.0.6045.109 Mobile/15E148 Safari/604.1"
4.230.45.150 - - [29/Dec/2025:03:24:26 +0300] "GET /wp-includes/Text/ HTTP/1.1" 302 138 "https://www.yahoo.com/" "Mozilla/5.0 (iPhone; CPU iPhone OS 17_1 like Mac OS X) AppleWebKit/605.1.15 (KHTML, like Gecko) CriOS/119.0.6045.109 Mobile/15E148 Safari/604.1"
4.230.45.150 - - [29/Dec/2025:03:24:26 +0300] "GET /wp-includes/Text/404 HTTP/1.1" 404 33138 "https://www.yahoo.com/" "Mozilla/5.0 (iPhone; CPU iPhone OS 17_1 like Mac OS X) AppleWebKit/605.1.15 (KHTML, like Gecko) CriOS/119.0.6045.109 Mobile/15E148 Safari/604.1"
4.230.45.150 - - [29/Dec/2025:03:24:27 +0300] "GET /wp-includes/Text/xwx1.php HTTP/1.1" 301 162 "https://www.google.fr/" "Mozilla/5.0 (Linux; Android 13; SM-G991U) AppleWebKit/537.36 (KHTML, like Gecko) Chrome/117.0.0.0 Mobile Safari/537.36"
4.230.45.150 - - [29/Dec/2025:03:24:27 +0300] "GET /wp-includes/Text/xwx1.php HTTP/1.1" 404 33138 "https://www.google.fr/" "Mozilla/5.0 (Linux; Android 13; SM-G991U) AppleWebKit/537.36 (KHTML, like Gecko) Chrome/117.0.0.0 Mobile Safari/537.36"
4.230.45.150 - - [29/Dec/2025:03:24:28 +0300] "GET /wp-includes/assets/about.php HTTP/1.1" 301 162 "https://www.google.de/" "Mozilla/5.0 (Linux; Android 13; M2101K6G) AppleWebKit/537.36 (KHTML, like Gecko) Chrome/116.0.0.0 Mobile Safari/537.36"
4.230.45.150 - - [29/Dec/2025:03:24:28 +0300] "GET /wp-includes/assets/about.php HTTP/1.1" 404 33138 "https://www.google.de/" "Mozilla/5.0 (Linux; Android 13; M2101K6G) AppleWebKit/537.36 (KHTML, like Gecko) Chrome/116.0.0.0 Mobile Safari/537.36"
4.230.45.150 - - [29/Dec/2025:03:24:28 +0300] "GET /wp-includes/block-patterns/ HTTP/1.1" 301 162 "https://duckduckgo.com/" "Mozilla/5.0 (iPhone; CPU iPhone OS 17_1 like Mac OS X) AppleWebKit/605.1.15 (KHTML, like Gecko) CriOS/119.0.6045.109 Mobile/15E148 Safari/604.1"
4.230.45.150 - - [29/Dec/2025:03:24:29 +0300] "GET /wp-includes/block-patterns/ HTTP/1.1" 302 138 "https://duckduckgo.com/" "Mozilla/5.0 (iPhone; CPU iPhone OS 17_1 like Mac OS X) AppleWebKit/605.1.15 (KHTML, like Gecko) CriOS/119.0.6045.109 Mobile/15E148 Safari/604.1"
4.230.45.150 - - [29/Dec/2025:03:24:29 +0300] "GET /wp-includes/block-patterns/404 HTTP/1.1" 404 33138 "https://duckduckgo.com/" "Mozilla/5.0 (iPhone; CPU iPhone OS 17_1 like Mac OS X) AppleWebKit/605.1.15 (KHTML, like Gecko) CriOS/119.0.6045.109 Mobile/15E148 Safari/604.1"
4.230.45.150 - - [29/Dec/2025:03:24:29 +0300] "GET /wp-includes/blocks/ HTTP/1.1" 301 162 "https://www.google.co.uk/" "Mozilla/5.0 (Linux; Android 14; Pixel 8 Pro) AppleWebKit/537.36 (KHTML, like Gecko) Chrome/119.0.0.0 Mobile Safari/537.36"
4.230.45.150 - - [29/Dec/2025:03:24:30 +0300] "GET /wp-includes/blocks/ HTTP/1.1" 200 12 "https://www.google.co.uk/" "Mozilla/5.0 (Linux; Android 14; Pixel 8 Pro) AppleWebKit/537.36 (KHTML, like Gecko) Chrome/119.0.0.0 Mobile Safari/537.36"
4.230.45.150 - - [29/Dec/2025:03:24:30 +0300] "GET /wp-includes/customize/ HTTP/1.1" 301 162 "https://www.google.de/" "Mozilla/5.0 (iPhone; CPU iPhone OS 16_6_1 like Mac OS X) AppleWebKit/605.1.15 (KHTML, like Gecko) Version/16.6 Mobile/15E148 Safari/604.1"
4.230.45.150 - - [29/Dec/2025:03:24:30 +0300] "GET /wp-includes/customize/ HTTP/1.1" 302 138 "https://www.google.de/" "Mozilla/5.0 (iPhone; CPU iPhone OS 16_6_1 like Mac OS X) AppleWebKit/605.1.15 (KHTML, like Gecko) Version/16.6 Mobile/15E148 Safari/604.1"
4.230.45.150 - - [29/Dec/2025:03:24:30 +0300] "GET /wp-includes/customize/404 HTTP/1.1" 404 33138 "https://www.google.de/" "Mozilla/5.0 (iPhone; CPU iPhone OS 16_6_1 like Mac OS X) AppleWebKit/605.1.15 (KHTML, like Gecko) Version/16.6 Mobile/15E148 Safari/604.1"
4.230.45.150 - - [29/Dec/2025:03:24:31 +0300] "GET /wp-includes/images/media/ HTTP/1.1" 301 162 "https://www.bing.com/" "Mozilla/5.0 (Linux; Android 13; SM-S908E) AppleWebKit/537.36 (KHTML, like Gecko) Chrome/116.0.0.0 Mobile Safari/537.36"
4.230.45.150 - - [29/Dec/2025:03:24:31 +0300] "GET /wp-includes/images/media/ HTTP/1.1" 302 138 "https://www.bing.com/" "Mozilla/5.0 (Linux; Android 13; SM-S908E) AppleWebKit/537.36 (KHTML, like Gecko) Chrome/116.0.0.0 Mobile Safari/537.36"
4.230.45.150 - - [29/Dec/2025:03:24:31 +0300] "GET /wp-includes/images/media/404 HTTP/1.1" 404 33138 "https://www.bing.com/" "Mozilla/5.0 (Linux; Android 13; SM-S908E) AppleWebKit/537.36 (KHTML, like Gecko) Chrome/116.0.0.0 Mobile Safari/537.36"
4.230.45.150 - - [29/Dec/2025:03:24:31 +0300] "GET /wp-includes/images/smilies/about.php HTTP/1.1" 301 162 "https://duckduckgo.com/" "Mozilla/5.0 (iPad; CPU OS 16_7_2 like Mac OS X) AppleWebKit/605.1.15 (KHTML, like Gecko) Version/16.6 Mobile/15E148 Safari/604.1"
4.230.45.150 - - [29/Dec/2025:03:24:32 +0300] "GET /wp-includes/images/smilies/about.php HTTP/1.1" 404 33138 "https://duckduckgo.com/" "Mozilla/5.0 (iPad; CPU OS 16_7_2 like Mac OS X) AppleWebKit/605.1.15 (KHTML, like Gecko) Version/16.6 Mobile/15E148 Safari/604.1"
4.230.45.150 - - [29/Dec/2025:03:24:32 +0300] "GET /wp-includes/images/wp-login.php HTTP/1.1" 301 162 "https://duckduckgo.com/" "Mozilla/5.0 (Linux; Android 12; V2134) AppleWebKit/537.36 (KHTML, like Gecko) Chrome/116.0.0.0 Mobile Safari/537.36"
4.230.45.150 - - [29/Dec/2025:03:24:32 +0300] "GET /wp-includes/images/wp-login.php HTTP/1.1" 404 33138 "https://duckduckgo.com/" "Mozilla/5.0 (Linux; Android 12; V2134) AppleWebKit/537.36 (KHTML, like Gecko) Chrome/116.0.0.0 Mobile Safari/537.36"
4.230.45.150 - - [29/Dec/2025:03:24:33 +0300] "GET /wp-includes/js/dist/ HTTP/1.1" 301 162 "https://www.google.co.uk/" "Mozilla/5.0 (Linux; Android 12; 2201116SG) AppleWebKit/537.36 (KHTML, like Gecko) Chrome/116.0.0.0 Mobile Safari/537.36"
4.230.45.150 - - [29/Dec/2025:03:24:33 +0300] "GET /wp-includes/js/dist/ HTTP/1.1" 302 138 "https://www.google.co.uk/" "Mozilla/5.0 (Linux; Android 12; 2201116SG) AppleWebKit/537.36 (KHTML, like Gecko) Chrome/116.0.0.0 Mobile Safari/537.36"
4.230.45.150 - - [29/Dec/2025:03:24:33 +0300] "GET /wp-includes/js/dist/404 HTTP/1.1" 404 33138 "https://www.google.co.uk/" "Mozilla/5.0 (Linux; Android 12; 2201116SG) AppleWebKit/537.36 (KHTML, like Gecko) Chrome/116.0.0.0 Mobile Safari/537.36"
4.230.45.150 - - [29/Dec/2025:03:24:33 +0300] "GET /wp-includes/style-engine/ HTTP/1.1" 301 162 "https://www.google.de/" "Mozilla/5.0 (Linux; Android 11; 21081111RG) AppleWebKit/537.36 (KHTML, like Gecko) Chrome/116.0.0.0 Mobile Safari/537.36"
4.230.45.150 - - [29/Dec/2025:03:24:33 +0300] "GET /wp-includes/style-engine/ HTTP/1.1" 302 138 "https://www.google.de/" "Mozilla/5.0 (Linux; Android 11; 21081111RG) AppleWebKit/537.36 (KHTML, like Gecko) Chrome/116.0.0.0 Mobile Safari/537.36"
4.230.45.150 - - [29/Dec/2025:03:24:34 +0300] "GET /wp-includes/style-engine/404 HTTP/1.1" 404 33138 "https://www.google.de/" "Mozilla/5.0 (Linux; Android 11; 21081111RG) AppleWebKit/537.36 (KHTML, like Gecko) Chrome/116.0.0.0 Mobile Safari/537.36"
4.230.45.150 - - [29/Dec/2025:03:24:34 +0300] "GET /wp-themes.php HTTP/1.1" 301 162 "https://duckduckgo.com/" "Mozilla/5.0 (iPad; CPU OS 17_0_3 like Mac OS X) AppleWebKit/605.1.15 (KHTML, like Gecko) Version/17.0.1 Mobile/15E148 Safari/604.1"
4.230.45.150 - - [29/Dec/2025:03:24:35 +0300] "GET /wp-themes.php HTTP/1.1" 404 31057 "https://duckduckgo.com/" "Mozilla/5.0 (iPad; CPU OS 17_0_3 like Mac OS X) AppleWebKit/605.1.15 (KHTML, like Gecko) Version/17.0.1 Mobile/15E148 Safari/604.1"
4.230.45.150 - - [29/Dec/2025:03:24:35 +0300] "GET /xmlrpc.php HTTP/1.1" 301 162 "https://www.google.com/" "Mozilla/5.g (Linux; Android 13; Pixel 7) AppleWebKit/537.36 (KHTML, like Gecko) Chrome/116.0.0.0 Mobile Safari/537.36"
4.230.45.150 - - [29/Dec/2025:03:24:36 +0300] "GET /xmlrpc.php HTTP/1.1" 405 53 "https://www.google.com/" "Mozilla/5.g (Linux; Android 13; Pixel 7) AppleWebKit/537.36 (KHTML, like Gecko) Chrome/116.0.0.0 Mobile Safari/537.36"
178.175.137.84 - - [29/Dec/2025:03:24:50 +0300] "GET /wp-login.php HTTP/2.0" 200 3447 "-" "Mozilla/5.0 (Macintosh; Intel Mac OS X 10_10_5) AppleWebKit/603.1.30 (KHTML, like Gecko) Version/10.1 Safari/603.1.30"
178.175.137.84 - - [29/Dec/2025:03:24:50 +0300] "POST /wp-login.php HTTP/2.0" 200 3638 "https://levasheva.ru/wp-login.php" "Mozilla/5.0 (Macintosh; Intel Mac OS X 10_10_5) AppleWebKit/603.1.30 (KHTML, like Gecko) Version/10.1 Safari/603.1.30"
82.148.16.210 - - [29/Dec/2025:03:34:32 +0300] "POST /wp-cron.php?doing_wp_cron=1766968472.0488600730895996093750 HTTP/1.1" 200 31 "-" "WordPress/6.9-alpha-60450; https://levasheva.ru"
198.244.183.190 - - [29/Dec/2025:03:34:32 +0300] "GET /tag/nizhnij-tagil/ HTTP/2.0" 200 10358 "-" "Mozilla/5.0 (compatible; AhrefsBot/7.0; +http://ahrefs.com/robot/)"
62.221.199.19 - - [29/Dec/2025:03:34:52 +0300] "POST /xmlrpc.php HTTP/2.0" 200 269 "-" "Mozilla/5.0 (Windows NT 6.1; WOW64; Trident/7.0; studenthousing.com; rv:11.0) like Gecko"
82.148.16.210 - - [29/Dec/2025:03:37:32 +0300] "POST /wp-cron.php?doing_wp_cron=1766968652.4434700012207031250000 HTTP/1.1" 200 31 "-" "WordPress/6.9-alpha-60450; https://levasheva.ru"
216.73.216.89 - - [29/Dec/2025:03:37:32 +0300] "GET /sitemap_index.xml HTTP/2.0" 200 398 "-" "Mozilla/5.0 AppleWebKit/537.36 (KHTML, like Gecko; compatible; ClaudeBot/1.0; +claudebot@anthropic.com)"
82.148.16.210 - - [29/Dec/2025:03:42:00 +0300] "POST /wp-cron.php?doing_wp_cron=1766968920.3233270645141601562500 HTTP/1.1" 200 31 "-" "WordPress/6.9-alpha-60450; https://levasheva.ru"
13.52.248.49 - - [29/Dec/2025:03:42:00 +0300] "GET /robots.txt HTTP/1.1" 200 181 "-" "TerraCotta https://github.com/CeramicTeam/CeramicTerracotta"
82.148.16.210 - - [29/Dec/2025:03:45:20 +0300] "POST /wp-cron.php?doing_wp_cron=1766969120.2556281089782714843750 HTTP/1.1" 200 31 "-" "WordPress/6.9-alpha-60450; https://levasheva.ru"
62.221.199.19 - - [29/Dec/2025:03:45:20 +0300] "GET /wp-login.php HTTP/2.0" 200 3447 "-" "Mozilla/5.0 (Windows NT 6.1; WOW64; Trident/7.0; apetito Gruppe; rv:11.0) like Gecko"
62.221.199.19 - - [29/Dec/2025:03:45:20 +0300] "POST /wp-login.php HTTP/2.0" 200 3638 "https://levasheva.ru/wp-login.php" "Mozilla/5.0 (Windows NT 6.1; WOW64; Trident/7.0; apetito Gruppe; rv:11.0) like Gecko"
82.148.16.210 - - [29/Dec/2025:03:50:33 +0300] "POST /wp-cron.php?doing_wp_cron=1766969433.6155109405517578125000 HTTP/1.1" 200 31 "-" "WordPress/6.9-alpha-60450; https://levasheva.ru"
146.190.155.17 - - [29/Dec/2025:03:50:33 +0300] "POST /xmlrpc.php HTTP/1.1" 200 264 "-" "Mozilla/5.0 (Windows NT 10.0; Win64; x64; rv:60.0) Gecko/20100101 Firefox/60.0"
82.148.16.210 - - [29/Dec/2025:03:56:01 +0300] "POST /wp-cron.php?doing_wp_cron=1766969761.6743280887603759765625 HTTP/1.1" 200 31 "-" "WordPress/6.9-alpha-60450; https://levasheva.ru"
138.122.71.215 - - [29/Dec/2025:03:56:01 +0300] "POST /xmlrpc.php HTTP/2.0" 200 269 "-" "Mozilla/5.0 (Macintosh; Intel Mac OS X 10_13_2) AppleWebKit/537.36 (KHTML, like Gecko) Chrome/66.0.3359.139 Safari/537.36"
82.148.16.210 - - [29/Dec/2025:03:57:22 +0300] "POST /wp-cron.php?doing_wp_cron=1766969842.3969490528106689453125 HTTP/1.1" 200 31 "-" "WordPress/6.9-alpha-60450; https://levasheva.ru"
216.73.216.89 - - [29/Dec/2025:03:57:22 +0300] "GET /raboty-iriny-levashevoj-v-kataloge-ars-longa HTTP/2.0" 301 0 "-" "Mozilla/5.0 AppleWebKit/537.36 (KHTML, like Gecko; compatible; ClaudeBot/1.0; +claudebot@anthropic.com)"
216.73.216.89 - - [29/Dec/2025:03:57:22 +0300] "GET /raboty-iriny-levashevoj-v-kataloge-ars-longa/ HTTP/2.0" 200 12792 "https://levasheva.ru/raboty-iriny-levashevoj-v-kataloge-ars-longa" "Mozilla/5.0 AppleWebKit/537.36 (KHTML, like Gecko; compatible; ClaudeBot/1.0; +claudebot@anthropic.com)"
216.73.216.89 - - [29/Dec/2025:03:57:32 +0300] "GET /sitemap_index.xml HTTP/2.0" 200 398 "-" "Mozilla/5.0 AppleWebKit/537.36 (KHTML, like Gecko; compatible; ClaudeBot/1.0; +claudebot@anthropic.com)"
82.148.16.210 - - [29/Dec/2025:03:59:31 +0300] "POST /wp-cron.php?doing_wp_cron=1766969971.8793470859527587890625 HTTP/1.1" 200 31 "-" "WordPress/6.9-alpha-60450; https://levasheva.ru"
114.119.140.47 - - [29/Dec/2025:03:59:32 +0300] "GET /works/japanese-painting/irina_levasheva_japan_painting_049/ HTTP/1.1" 200 9786 "https://levasheva.ru/attachment-sitemap.xml" "Mozilla/5.0 (Linux; Android 7.0;) AppleWebKit/537.36 (KHTML, like Gecko) Mobile Safari/537.36 (compatible; PetalBot;+https://webmaster.petalsearch.com/site/petalbot)"
82.148.16.210 - - [29/Dec/2025:04:00:50 +0300] "POST /wp-cron.php?doing_wp_cron=1766970050.1046690940856933593750 HTTP/1.1" 200 31 "-" "WordPress/6.9-alpha-60450; https://levasheva.ru"
114.119.156.38 - - [29/Dec/2025:04:00:50 +0300] "GET /okean-mechty-vystavka-iriny-levashevoj/irina_levasheva_kaliningrad_2016_14/ HTTP/1.1" 200 10072 "https://levasheva.ru/attachment-sitemap.xml" "Mozilla/5.0 (Linux; Android 7.0;) AppleWebKit/537.36 (KHTML, like Gecko) Mobile Safari/537.36 (compatible; PetalBot;+https://webmaster.petalsearch.com/site/petalbot)"
82.148.16.210 - - [29/Dec/2025:04:02:12 +0300] "POST /wp-cron.php?doing_wp_cron=1766970132.6137709617614746093750 HTTP/1.1" 200 31 "-" "WordPress/6.9-alpha-60450; https://levasheva.ru"
114.119.159.234 - - [29/Dec/2025:04:02:12 +0300] "GET /index/irina_levasheva_2017_23/ HTTP/1.1" 200 9752 "https://levasheva.ru/attachment-sitemap.xml" "Mozilla/5.0 (Linux; Android 7.0;) AppleWebKit/537.36 (KHTML, like Gecko) Mobile Safari/537.36 (compatible; PetalBot;+https://webmaster.petalsearch.com/site/petalbot)"
82.148.16.210 - - [29/Dec/2025:04:04:11 +0300] "POST /wp-cron.php?doing_wp_cron=1766970251.9293920993804931640625 HTTP/1.1" 200 31 "-" "WordPress/6.9-alpha-60450; https://levasheva.ru"
188.164.197.115 - - [29/Dec/2025:04:04:11 +0300] "GET /wp-login.php HTTP/2.0" 200 3447 "-" "Mozilla/5.0 (Windows NT 6.3; Win64; x64; Trident/7.0; Touch; LCJB; rv:11.0) like Gecko"
188.164.197.115 - - [29/Dec/2025:04:04:12 +0300] "POST /wp-login.php HTTP/2.0" 200 3638 "https://levasheva.ru/wp-login.php" "Mozilla/5.0 (Windows NT 6.3; Win64; x64; Trident/7.0; Touch; LCJB; rv:11.0) like Gecko"
82.148.16.210 - - [29/Dec/2025:04:06:58 +0300] "POST /wp-cron.php?doing_wp_cron=1766970418.5357749462127685546875 HTTP/1.1" 200 31 "-" "WordPress/6.9-alpha-60450; https://levasheva.ru"
54.38.147.82 - - [29/Dec/2025:04:06:58 +0300] "GET /author/891rpm/page/5/ HTTP/2.0" 200 12212 "-" "Mozilla/5.0 (compatible; AhrefsBot/7.0; +http://ahrefs.com/robot/)"
82.148.16.210 - - [29/Dec/2025:04:12:17 +0300] "POST /wp-cron.php?doing_wp_cron=1766970737.7052259445190429687500 HTTP/1.1" 200 31 "-" "WordPress/6.9-alpha-60450; https://levasheva.ru"
216.73.216.89 - - [29/Dec/2025:04:12:17 +0300] "GET /robots.txt HTTP/2.0" 200 122 "-" "Mozilla/5.0 AppleWebKit/537.36 (KHTML, like Gecko; compatible; ClaudeBot/1.0; +claudebot@anthropic.com)"
216.73.216.89 - - [29/Dec/2025:04:12:18 +0300] "GET /students/kozlova-marina/kozlova_marina_02 HTTP/2.0" 301 0 "-" "Mozilla/5.0 AppleWebKit/537.36 (KHTML, like Gecko; compatible; ClaudeBot/1.0; +claudebot@anthropic.com)"
216.73.216.89 - - [29/Dec/2025:04:12:18 +0300] "GET /students/kozlova-marina/kozlova_marina_02/ HTTP/2.0" 200 9703 "https://levasheva.ru/students/kozlova-marina/kozlova_marina_02" "Mozilla/5.0 AppleWebKit/537.36 (KHTML, like Gecko; compatible; ClaudeBot/1.0; +claudebot@anthropic.com)"
103.151.52.2 - - [29/Dec/2025:04:15:48 +0300] "GET / HTTP/1.0" 301 162 "http://levasheva.ru/" "Mozilla/5.0 (Windows NT 10.0; Win64; x64) AppleWebKit/537.36 (KHTML, like Gecko) Chrome/130.0.0.0 Safari/537.36"
103.178.230.24 - - [29/Dec/2025:04:15:49 +0300] "GET / HTTP/1.0" 301 162 "http://levasheva.ru/" "Mozilla/5.0 (Windows NT 10.0; Win64; x64) AppleWebKit/537.36 (KHTML, like Gecko) Chrome/130.0.0.0 Safari/537.36 CCleaner/130.0.0.0"
82.148.16.210 - - [29/Dec/2025:04:15:50 +0300] "POST /wp-cron.php?doing_wp_cron=1766970950.4129400253295898437500 HTTP/1.1" 200 31 "-" "WordPress/6.9-alpha-60450; https://levasheva.ru"
82.148.16.210 - - [29/Dec/2025:04:15:50 +0300] "POST /wp-cron.php?doing_wp_cron=1766970950.4138050079345703125000 HTTP/1.1" 200 31 "-" "WordPress/6.9-alpha-60450; https://levasheva.ru"
103.178.230.24 - - [29/Dec/2025:04:15:51 +0300] "GET / HTTP/1.0" 200 58663 "https://levasheva.ru/" "Mozilla/5.0 (Windows NT 10.0; Win64; x64) AppleWebKit/537.36 (KHTML, like Gecko) Chrome/130.0.0.0 Safari/537.36 CCleaner/130.0.0.0"
103.151.52.2 - - [29/Dec/2025:04:15:51 +0300] "GET / HTTP/1.0" 200 58663 "https://levasheva.ru/" "Mozilla/5.0 (Windows NT 10.0; Win64; x64) AppleWebKit/537.36 (KHTML, like Gecko) Chrome/130.0.0.0 Safari/537.36"
103.151.52.2 - - [29/Dec/2025:04:16:09 +0300] "POST / HTTP/1.0" 200 60297 "https://levasheva.ru/" "Mozilla/5.0 (Windows NT 10.0; Win64; x64) AppleWebKit/537.36 (KHTML, like Gecko) Chrome/130.0.0.0 Safari/537.36"
103.178.230.24 - - [29/Dec/2025:04:16:11 +0300] "POST / HTTP/1.0" 200 60268 "https://levasheva.ru/" "Mozilla/5.0 (Windows NT 10.0; Win64; x64) AppleWebKit/537.36 (KHTML, like Gecko) Chrome/130.0.0.0 Safari/537.36 CCleaner/130.0.0.0"
82.148.16.210 - - [29/Dec/2025:04:16:28 +0300] "POST /wp-cron.php?doing_wp_cron=1766970988.5192759037017822265625 HTTP/1.1" 200 31 "-" "WordPress/6.9-alpha-60450; https://levasheva.ru"
114.119.159.234 - - [29/Dec/2025:04:16:28 +0300] "GET /vystavka-o-puteshestviyax-yaponskoj-tushyu-v-rostove-na-donu/irina_levasheva_o_puteshestviyakh_yaponskoy_tushyu_2021_23 HTTP/1.1" 301 5 "https://levasheva.ru/vystavka-o-puteshestviyax-yaponskoj-tushyu-v-rostove-na-donu/irina_levasheva_o_puteshestviyakh_yaponskoy_tushyu_2021_23/" "Mozilla/5.0 (Linux; Android 7.0;) AppleWebKit/537.36 (KHTML, like Gecko) Mobile Safari/537.36 (compatible; PetalBot;+https://webmaster.petalsearch.com/site/petalbot)"
114.119.159.234 - - [29/Dec/2025:04:16:29 +0300] "GET /vystavka-o-puteshestviyax-yaponskoj-tushyu-v-rostove-na-donu/irina_levasheva_o_puteshestviyakh_yaponskoy_tushyu_2021_23/ HTTP/1.1" 200 9885 "https://levasheva.ru/vystavka-o-puteshestviyax-yaponskoj-tushyu-v-rostove-na-donu/irina_levasheva_o_puteshestviyakh_yaponskoy_tushyu_2021_23/" "Mozilla/5.0 (Linux; Android 7.0;) AppleWebKit/537.36 (KHTML, like Gecko) Mobile Safari/537.36 (compatible; PetalBot;+https://webmaster.petalsearch.com/site/petalbot)"
81.12.27.190 - - [29/Dec/2025:04:17:00 +0300] "POST /xmlrpc.php HTTP/2.0" 200 269 "-" "Mozilla/5.0 (Macintosh; Intel Mac OS X 10_11_6) AppleWebKit/603.2.5 (KHTML, like Gecko) Version/10.1.1 Safari/603.2.5"
82.148.16.210 - - [29/Dec/2025:04:20:33 +0300] "POST /wp-cron.php?doing_wp_cron=1766971233.4104270935058593750000 HTTP/1.1" 200 31 "-" "WordPress/6.9-alpha-60450; https://levasheva.ru"
40.77.167.126 - - [29/Dec/2025:04:20:33 +0300] "GET /sitemap_index.xml HTTP/2.0" 200 398 "-" "Mozilla/5.0 AppleWebKit/537.36 (KHTML, like Gecko; compatible; bingbot/2.0; +http://www.bing.com/bingbot.htm) Chrome/116.0.1938.76 Safari/537.36"
82.148.16.210 - - [29/Dec/2025:04:24:10 +0300] "POST /wp-cron.php?doing_wp_cron=1766971450.6228179931640625000000 HTTP/1.1" 200 31 "-" "WordPress/6.9-alpha-60450; https://levasheva.ru"
31.214.170.213 - - [29/Dec/2025:04:24:11 +0300] "GET /wp-login.php HTTP/2.0" 200 3447 "-" "Mozilla/5.0 (Windows NT 10.0; WOW64; Trident/7.0; MDDCJS; rv:11.0) like Gecko"
31.214.170.213 - - [29/Dec/2025:04:24:11 +0300] "POST /wp-login.php HTTP/2.0" 200 3638 "https://levasheva.ru/wp-login.php" "Mozilla/5.0 (Windows NT 10.0; WOW64; Trident/7.0; MDDCJS; rv:11.0) like Gecko"
103.151.52.4 - - [29/Dec/2025:04:24:48 +0300] "GET / HTTP/1.0" 301 162 "http://levasheva.ru/" "Mozilla/5.0 (Windows NT 10.0; Win64; x64) AppleWebKit/537.36 (KHTML, like Gecko) Chrome/130.0.0.0 Safari/537.36"
82.148.16.210 - - [29/Dec/2025:04:24:49 +0300] "POST /wp-cron.php?doing_wp_cron=1766971488.9922349452972412109375 HTTP/1.1" 200 31 "-" "WordPress/6.9-alpha-60450; https://levasheva.ru"
103.151.52.4 - - [29/Dec/2025:04:24:49 +0300] "GET / HTTP/1.0" 200 58663 "https://levasheva.ru/" "Mozilla/5.0 (Windows NT 10.0; Win64; x64) AppleWebKit/537.36 (KHTML, like Gecko) Chrome/130.0.0.0 Safari/537.36"
103.151.52.4 - - [29/Dec/2025:04:25:05 +0300] "POST / HTTP/1.0" 200 60205 "https://levasheva.ru/" "Mozilla/5.0 (Windows NT 10.0; Win64; x64) AppleWebKit/537.36 (KHTML, like Gecko) Chrome/130.0.0.0 Safari/537.36"
82.148.16.210 - - [29/Dec/2025:04:28:29 +0300] "POST /wp-cron.php?doing_wp_cron=1766971709.5218300819396972656250 HTTP/1.1" 200 31 "-" "WordPress/6.9-alpha-60450; https://levasheva.ru"
45.151.156.210 - - [29/Dec/2025:04:28:29 +0300] "GET /robots.txt HTTP/1.1" 200 181 "-" "Mozilla/5.0 (compatible; MJ12bot/v1.4.8; http://mj12bot.com/)"
45.151.156.210 - - [29/Dec/2025:04:28:31 +0300] "GET /feed/ HTTP/1.1" 200 89376 "-" "Mozilla/5.0 (compatible; MJ12bot/v1.4.8; http://mj12bot.com/)"
95.163.114.198 - - [29/Dec/2025:04:28:51 +0300] "GET / HTTP/1.1" 301 162 "-" "Mozilla/5.0 (X11; Linux x86_64) AppleWebKit/537.36 (KHTML, like Gecko) Chrome/37.0.2062.120 Safari/537.36"
95.163.114.210 - - [29/Dec/2025:04:31:14 +0300] "GET / HTTP/1.1" 301 162 "-" "Mozilla/5.0 (X11; Linux x86_64) AppleWebKit/537.36 (KHTML, like Gecko) Chrome/37.0.2062.120 Safari/537.36"
82.148.16.210 - - [29/Dec/2025:04:36:30 +0300] "POST /wp-cron.php?doing_wp_cron=1766972190.1665110588073730468750 HTTP/1.1" 200 31 "-" "WordPress/6.9-alpha-60450; https://levasheva.ru"
194.163.178.52 - - [29/Dec/2025:04:36:30 +0300] "POST /xmlrpc.php HTTP/1.1" 200 264 "-" "Mozilla/5.0 (Windows NT 10.0; Win64; x64; rv:76.0) Gecko/20100101 Firefox/76.0"
82.148.16.210 - - [29/Dec/2025:04:37:51 +0300] "POST /wp-cron.php?doing_wp_cron=1766972270.9683890342712402343750 HTTP/1.1" 200 31 "-" "WordPress/6.9-alpha-60450; https://levasheva.ru"
103.255.134.61 - - [29/Dec/2025:04:37:51 +0300] "POST /xmlrpc.php HTTP/2.0" 200 269 "-" "Mozilla/5.0 (Windows NT 6.3; WOW64) AppleWebKit/537.36 (KHTML, like Gecko) Chrome/66.0.3359.139 Safari/537.36"
82.148.16.210 - - [29/Dec/2025:04:39:43 +0300] "POST /wp-cron.php?doing_wp_cron=1766972383.3974599838256835937500 HTTP/1.1" 200 31 "-" "WordPress/6.9-alpha-60450; https://levasheva.ru"
51.195.215.170 - - [29/Dec/2025:04:39:43 +0300] "GET /about/publications/ HTTP/2.0" 200 11326 "-" "Mozilla/5.0 (compatible; AhrefsBot/7.0; +http://ahrefs.com/robot/)"
82.148.16.210 - - [29/Dec/2025:04:43:59 +0300] "POST /wp-cron.php?doing_wp_cron=1766972639.2836849689483642578125 HTTP/1.1" 200 31 "-" "WordPress/6.9-alpha-60450; https://levasheva.ru"
51.81.14.24 - - [29/Dec/2025:04:43:59 +0300] "GET /wp-login.php HTTP/2.0" 200 3447 "-" "Mozilla/5.0 (Macintosh; Intel Mac OS X 10_10_5) AppleWebKit/602.1.50 (KHTML, like Gecko) Version/10.0 Safari/602.1.50"
51.81.14.24 - - [29/Dec/2025:04:43:59 +0300] "POST /wp-login.php HTTP/2.0" 200 3638 "https://levasheva.ru/wp-login.php" "Mozilla/5.0 (Macintosh; Intel Mac OS X 10_10_5) AppleWebKit/602.1.50 (KHTML, like Gecko) Version/10.0 Safari/602.1.50"
114.119.156.38 - - [29/Dec/2025:04:44:10 +0300] "GET /vystavka-otbleski-vosxodyashhego-solnca-v-moskve/irina_levasheva_moscow_lavrushinsky_2019_10/ HTTP/1.1" 200 9952 "https://levasheva.ru/attachment-sitemap.xml" "Mozilla/5.0 (Linux; Android 7.0;) AppleWebKit/537.36 (KHTML, like Gecko) Mobile Safari/537.36 (compatible; PetalBot;+https://webmaster.petalsearch.com/site/petalbot)"
82.148.16.210 - - [29/Dec/2025:04:45:34 +0300] "POST /wp-cron.php?doing_wp_cron=1766972734.2484219074249267578125 HTTP/1.1" 200 31 "-" "WordPress/6.9-alpha-60450; https://levasheva.ru"
114.119.147.97 - - [29/Dec/2025:04:45:34 +0300] "GET /konkurs-500-luchshix-rabot-za-2016-god-vo-vseyaponskom-obshhestve-iskusstva-sujbokuga/irina_levasheva_suibokuga_tokyo_2016_02/ HTTP/1.1" 200 10103 "https://levasheva.ru/attachment-sitemap.xml" "Mozilla/5.0 (Linux; Android 7.0;) AppleWebKit/537.36 (KHTML, like Gecko) Mobile Safari/537.36 (compatible; PetalBot;+https://webmaster.petalsearch.com/site/petalbot)"
91.84.110.92 - - [29/Dec/2025:04:45:56 +0300] "GET / HTTP/1.0" 301 162 "http://levasheva.ru/" "Mozilla/5.0 (Windows NT 10.0; Win64; x64) AppleWebKit/537.36 (KHTML, like Gecko) Chrome/131.0.0.0 Safari/537.36"
91.84.110.92 - - [29/Dec/2025:04:45:57 +0300] "GET / HTTP/1.0" 200 58663 "https://levasheva.ru/" "Mozilla/5.0 (Windows NT 10.0; Win64; x64) AppleWebKit/537.36 (KHTML, like Gecko) Chrome/131.0.0.0 Safari/537.36"
91.84.110.92 - - [29/Dec/2025:04:45:58 +0300] "POST / HTTP/1.0" 200 59717 "https://levasheva.ru/" "Mozilla/5.0 (Windows NT 10.0; Win64; x64) AppleWebKit/537.36 (KHTML, like Gecko) Chrome/131.0.0.0 Safari/537.36"
82.148.16.210 - - [29/Dec/2025:04:52:57 +0300] "POST /wp-cron.php?doing_wp_cron=1766973177.0543179512023925781250 HTTP/1.1" 200 31 "-" "WordPress/6.9-alpha-60450; https://levasheva.ru"
109.163.218.47 - - [29/Dec/2025:04:52:57 +0300] "GET /author/891rpm/page/3/ HTTP/2.0" 200 12303 "https://yandex.ru/images/touch/search?p=4&text=%D0%BF%D0%B5%D0%B2%D0%B5%D0%BA+%D1%84%D0%BE%D1%82%D0%BE&pos=166&rpt=simage&img_url=https%3A%2F%2Flevasheva.ru%2Fwp-content%2Fuploads%2F2018%2F10%2Firina_levasheva_pevek_2018_01.jpg&lr=11256" "Mozilla/5.0 (Linux; Android 10; K) AppleWebKit/537.36 (KHTML, like Gecko) Chrome/143.0.0.0 Mobile Safari/537.36"
109.163.218.47 - - [29/Dec/2025:04:53:01 +0300] "GET /vystavka-rozhdestvo-na-tretyakovke-2/ HTTP/2.0" 200 12209 "https://levasheva.ru/author/891rpm/page/3/" "Mozilla/5.0 (Linux; Android 10; K) AppleWebKit/537.36 (KHTML, like Gecko) Chrome/143.0.0.0 Mobile Safari/537.36"
109.163.218.47 - - [29/Dec/2025:04:53:03 +0300] "GET /nagrazhdenie-v-rossijskoj-akademii-xudozhestv/ HTTP/2.0" 200 10976 "https://levasheva.ru/author/891rpm/page/3/" "Mozilla/5.0 (Linux; Android 10; K) AppleWebKit/537.36 (KHTML, like Gecko) Chrome/143.0.0.0 Mobile Safari/537.36"
109.163.218.47 - - [29/Dec/2025:04:53:07 +0300] "GET /nagrazhdeniya-za-raboty-predstavlennye-na-chukotke/ HTTP/2.0" 200 11383 "https://levasheva.ru/author/891rpm/page/3/" "Mozilla/5.0 (Linux; Android 10; K) AppleWebKit/537.36 (KHTML, like Gecko) Chrome/143.0.0.0 Mobile Safari/537.36"
198.98.62.191 - - [29/Dec/2025:04:53:10 +0300] "GET /wp-login.php HTTP/1.1" 200 3459 "https://duckduckgo.com/" "Mozilla/5.0 (Macintosh; Intel Mac OS X 14_6) AppleWebKit/537.36 (KHTML, like Gecko) Chrome/131.0.0.0 Safari/537.36"
109.163.218.47 - - [29/Dec/2025:04:53:13 +0300] "GET /vystavka-otblesk-vosxodyashhego-solnca-shkola-yaponskoj-zhivopisi-levashevoj-i-a/ HTTP/2.0" 200 11884 "https://levasheva.ru/author/891rpm/page/3/" "Mozilla/5.0 (Linux; Android 10; K) AppleWebKit/537.36 (KHTML, like Gecko) Chrome/143.0.0.0 Mobile Safari/537.36"
198.98.62.191 - - [29/Dec/2025:04:53:13 +0300] "POST /wp-login.php HTTP/1.1" 200 3605 "https://duckduckgo.com/" "Mozilla/5.0 (Macintosh; Intel Mac OS X 14_6) AppleWebKit/537.36 (KHTML, like Gecko) Chrome/131.0.0.0 Safari/537.36"
82.148.16.210 - - [29/Dec/2025:04:53:19 +0300] "POST /wp-cron.php?doing_wp_cron=1766973199.4697899818420410156250 HTTP/1.1" 200 31 "-" "WordPress/6.9-alpha-60450; https://levasheva.ru"
109.163.218.47 - - [29/Dec/2025:04:53:19 +0300] "GET /author/891rpm/page/4/ HTTP/2.0" 200 12314 "https://levasheva.ru/author/891rpm/page/3/" "Mozilla/5.0 (Linux; Android 10; K) AppleWebKit/537.36 (KHTML, like Gecko) Chrome/143.0.0.0 Mobile Safari/537.36"
109.163.218.47 - - [29/Dec/2025:04:53:22 +0300] "GET /vystavka-dorogi-monoxromnaya-zhivopis-sujbokuga/ HTTP/2.0" 200 12014 "https://levasheva.ru/author/891rpm/page/4/" "Mozilla/5.0 (Linux; Android 10; K) AppleWebKit/537.36 (KHTML, like Gecko) Chrome/143.0.0.0 Mobile Safari/537.36"
109.163.218.47 - - [29/Dec/2025:04:53:24 +0300] "GET /vystavka-shkoly-yaponskoj-zhivopisi-iriny-levashevoj-v-galeree-federalnoj-tamozhennoj-sluzhby/ HTTP/2.0" 200 12067 "https://levasheva.ru/author/891rpm/page/4/" "Mozilla/5.0 (Linux; Android 10; K) AppleWebKit/537.36 (KHTML, like Gecko) Chrome/143.0.0.0 Mobile Safari/537.36"
109.163.218.47 - - [29/Dec/2025:04:53:26 +0300] "GET /vystavka-volshebstvo-vody-i-tushi-v-anadyre/ HTTP/2.0" 200 11942 "https://levasheva.ru/author/891rpm/page/4/" "Mozilla/5.0 (Linux; Android 10; K) AppleWebKit/537.36 (KHTML, like Gecko) Chrome/143.0.0.0 Mobile Safari/537.36"
109.163.218.47 - - [29/Dec/2025:04:53:29 +0300] "GET /author/891rpm/page/1/ HTTP/2.0" 301 0 "https://levasheva.ru/author/891rpm/page/4/" "Mozilla/5.0 (Linux; Android 10; K) AppleWebKit/537.36 (KHTML, like Gecko) Chrome/143.0.0.0 Mobile Safari/537.36"
109.163.218.47 - - [29/Dec/2025:04:53:30 +0300] "GET /author/891rpm/ HTTP/2.0" 200 11566 "https://levasheva.ru/author/891rpm/page/4/" "Mozilla/5.0 (Linux; Android 10; K) AppleWebKit/537.36 (KHTML, like Gecko) Chrome/143.0.0.0 Mobile Safari/537.36"
109.163.218.47 - - [29/Dec/2025:04:53:32 +0300] "GET /vystavka-o-puteshestviyax-yaponskoj-tushyu/ HTTP/2.0" 200 11743 "https://levasheva.ru/author/891rpm/" "Mozilla/5.0 (Linux; Android 10; K) AppleWebKit/537.36 (KHTML, like Gecko) Chrome/143.0.0.0 Mobile Safari/537.36"
109.163.218.47 - - [29/Dec/2025:04:53:34 +0300] "GET /vystavka-nixon-no-bi-v-moskve/ HTTP/2.0" 200 12177 "https://levasheva.ru/author/891rpm/" "Mozilla/5.0 (Linux; Android 10; K) AppleWebKit/537.36 (KHTML, like Gecko) Chrome/143.0.0.0 Mobile Safari/537.36"
109.163.218.47 - - [29/Dec/2025:04:53:35 +0300] "GET /vystavka-o-puteshestviyax-yaponskoj-tushyu-v-rostove-na-donu/ HTTP/2.0" 200 11582 "https://levasheva.ru/author/891rpm/" "Mozilla/5.0 (Linux; Android 10; K) AppleWebKit/537.36 (KHTML, like Gecko) Chrome/143.0.0.0 Mobile Safari/537.36"
109.163.218.47 - - [29/Dec/2025:04:53:36 +0300] "GET /vystavka-krasota-yaponskoj-tushi-v-yaroslavle/ HTTP/2.0" 200 10507 "https://levasheva.ru/author/891rpm/" "Mozilla/5.0 (Linux; Android 10; K) AppleWebKit/537.36 (KHTML, like Gecko) Chrome/143.0.0.0 Mobile Safari/537.36"
82.148.16.210 - - [29/Dec/2025:04:57:32 +0300] "POST /wp-cron.php?doing_wp_cron=1766973452.4165289402008056640625 HTTP/1.1" 200 31 "-" "WordPress/6.9-alpha-60450; https://levasheva.ru"
109.163.218.47 - - [29/Dec/2025:04:57:32 +0300] "GET /author/891rpm/page/3/ HTTP/2.0" 200 12303 "https://yandex.ru/images/touch/search?p=4&text=%D0%BF%D0%B5%D0%B2%D0%B5%D0%BA+%D1%84%D0%BE%D1%82%D0%BE&pos=166&rpt=simage&img_url=https%3A%2F%2Flevasheva.ru%2Fwp-content%2Fuploads%2F2018%2F10%2Firina_levasheva_pevek_2018_01.jpg&lr=11256" "Mozilla/5.0 (Linux; Android 10; K) AppleWebKit/537.36 (KHTML, like Gecko) Chrome/143.0.0.0 Mobile Safari/537.36"
192.71.224.240 - - [29/Dec/2025:04:59:09 +0300] "GET / HTTP/1.1" 301 162 "-" "Mozilla/5.0 (Windows NT 6.3; Win64; x64; rv:109.0) Gecko/20100101 Firefox/115"
82.148.16.210 - - [29/Dec/2025:04:59:10 +0300] "POST /wp-cron.php?doing_wp_cron=1766973550.0457708835601806640625 HTTP/1.1" 200 31 "-" "WordPress/6.9-alpha-60450; https://levasheva.ru"
192.71.3.26 - - [29/Dec/2025:04:59:10 +0300] "GET / HTTP/1.1" 200 12752 "http://levasheva.ru/" "Mozilla/5.0 (Windows NT 6.3; Win64; x64; rv:109.0) Gecko/20100101 Firefox/115"
192.36.248.249 - - [29/Dec/2025:04:59:10 +0300] "GET /works/japanese-painting/japanese-poscards/ HTTP/1.1" 200 10688 "-" "Mozilla/5.0 (Windows NT 6.3; Win64; x64; rv:109.0) Gecko/20100101 Firefox/115"
192.71.103.173 - - [29/Dec/2025:04:59:11 +0300] "GET /works/japanese-painting/past-and-future/ HTTP/1.1" 200 10634 "-" "Mozilla/5.0 (Windows NT 6.3; Win64; x64; rv:109.0) Gecko/20100101 Firefox/115"
192.36.70.176 - - [29/Dec/2025:04:59:12 +0300] "GET /works/japanese-painting/tansaku/ HTTP/1.1" 200 10680 "-" "Mozilla/5.0 (Windows NT 6.3; Win64; x64; rv:109.0) Gecko/20100101 Firefox/115"
43.157.38.131 - - [29/Dec/2025:04:59:40 +0300] "GET / HTTP/1.1" 301 162 "-" "Mozilla/5.0 (iPhone; CPU iPhone OS 13_2_3 like Mac OS X) AppleWebKit/605.1.15 (KHTML, like Gecko) Version/13.0.3 Mobile/15E148 Safari/604.1"
82.148.16.210 - - [29/Dec/2025:04:59:42 +0300] "POST /wp-cron.php?doing_wp_cron=1766973582.1284680366516113281250 HTTP/1.1" 200 31 "-" "WordPress/6.9-alpha-60450; https://levasheva.ru"
43.157.38.131 - - [29/Dec/2025:04:59:42 +0300] "GET / HTTP/1.1" 200 12752 "https://www.levasheva.ru/" "Mozilla/5.0 (iPhone; CPU iPhone OS 13_2_3 like Mac OS X) AppleWebKit/605.1.15 (KHTML, like Gecko) Version/13.0.3 Mobile/15E148 Safari/604.1"
82.148.16.210 - - [29/Dec/2025:05:04:55 +0300] "POST /wp-cron.php?doing_wp_cron=1766973895.6772329807281494140625 HTTP/1.1" 200 31 "-" "WordPress/6.9-alpha-60450; https://levasheva.ru"
185.243.11.123 - - [29/Dec/2025:05:04:55 +0300] "GET /wp-login.php HTTP/2.0" 200 3447 "-" "Mozilla/5.0 (Macintosh; Intel Mac OS X 10_10_5) AppleWebKit/600.8.9 (KHTML, like Gecko) Version/10.1.2 Safari/603.3.8"
185.243.11.123 - - [29/Dec/2025:05:04:56 +0300] "POST /wp-login.php HTTP/2.0" 200 3638 "https://levasheva.ru/wp-login.php" "Mozilla/5.0 (Macintosh; Intel Mac OS X 10_10_5) AppleWebKit/600.8.9 (KHTML, like Gecko) Version/10.1.2 Safari/603.3.8"
82.148.16.210 - - [29/Dec/2025:05:05:19 +0300] "POST /wp-cron.php?doing_wp_cron=1766973919.5805380344390869140625 HTTP/1.1" 200 31 "-" "WordPress/6.9-alpha-60450; https://levasheva.ru"
114.119.158.212 - - [29/Dec/2025:05:05:20 +0300] "GET /vystavka-chukotka-v-yaponskix-svitkax-v-anadyre/irina_levasheva_chukotka_26/ HTTP/1.1" 200 9983 "https://levasheva.ru/attachment-sitemap.xml" "Mozilla/5.0 (Linux; Android 7.0;) AppleWebKit/537.36 (KHTML, like Gecko) Mobile Safari/537.36 (compatible; PetalBot;+https://webmaster.petalsearch.com/site/petalbot)"
