78.153.140.222 - - [29/Dec/2025:11:11:50 +0300] "GET /API/.env HTTP/1.1" 301 162 "-" "Mozilla/5.0 (Macintosh; Intel Mac OS X 10_12_0) AppleWebKit/537.36 (KHTML, like Gecko) Chrome/56.0.2924.87 Safari/537.36"
78.153.140.222 - - [29/Dec/2025:11:11:50 +0300] "GET /app/.env HTTP/1.1" 301 162 "-" "Mozilla/5.0 (Windows NT 10.0; Win64; x64) AppleWebKit/537.36 (KHTML, like Gecko) Chrome/57.0.2987.98 Safari/537.36"
78.153.140.222 - - [29/Dec/2025:11:11:50 +0300] "GET /API/.env HTTP/1.1" 301 162 "-" "Mozilla/5.0 (Windows; U; Windows NT 6.1; en-US) AppleWebKit/534.17 (KHTML, like Gecko) Chrome/11.0.655.0 Safari/534.17"
78.153.140.222 - - [29/Dec/2025:11:11:50 +0300] "GET /phpinfo/ HTTP/1.1" 404 31057 "-" "Mozilla/5.0 (Windows NT 6.0) AppleWebKit/537.36 (KHTML, like Gecko) Chrome/34.0.1847.116 Safari/537.36"
78.153.140.222 - - [29/Dec/2025:11:11:51 +0300] "GET /app/.env HTTP/1.1" 301 162 "-" "Mozilla/5.0 (Linux; U; Android 4.2.2; nb-no; GT-P5110 Build/JDQ39) AppleWebKit/534.30 (KHTML, like Gecko) Version/4.0 Safari/534.30"
78.153.140.222 - - [29/Dec/2025:11:11:51 +0300] "GET /test HTTP/1.1" 301 162 "-" "Mozilla/5.0 (Windows; U; Windows NT 5.1; en-US) AppleWebKit/532.0 (KHTML, like Gecko) Chrome/3.0.195.21 Safari/532.0"
78.153.140.222 - - [29/Dec/2025:11:11:51 +0300] "GET /test HTTP/1.1" 301 162 "-" "Mozilla/5.0 (X11; U; Linux i686; zh-TW; rv:1.8.1) Gecko/20061010 Firefox/2.0"
78.153.140.222 - - [29/Dec/2025:11:11:54 +0300] "GET /dev/.env HTTP/1.1" 404 31057 "-" "Mozilla/4.0 (compatible; MSIE 6.0; Windows 98) Opera 7.50 [en]"
78.153.140.222 - - [29/Dec/2025:11:11:55 +0300] "GET /app_dev.php/_profiler/phpinfo HTTP/1.1" 404 33138 "-" "Mozilla/5.0 (Linux; Android 5.0.1; SAMSUNG SGH-I337M Build/LRX22C) AppleWebKit/537.36 (KHTML, like Gecko) SamsungBrowser/4.0 Chrome/44.0.2403.133 Mobile Safari/537.36"
78.153.140.222 - - [29/Dec/2025:11:11:59 +0300] "GET /admin/.env HTTP/1.1" 404 31057 "-" "Opera 9.4 (Windows NT 6.1; U; en)"
78.153.140.222 - - [29/Dec/2025:11:12:04 +0300] "GET /laravel/.env HTTP/1.1" 404 31057 "-" "Mozilla/5.0 (X11; U; Linux i686 (x86_64); en-US) AppleWebKit/534.16 (KHTML, like Gecko) Chrome/10.0.634.0 Safari/534.16"
78.153.140.222 - - [29/Dec/2025:11:12:07 +0300] "GET /.config.yaml HTTP/1.1" 404 31057 "-" "Mozilla/5.0 (Windows; U; Windows NT 5.1; en-US; rv:1.8.0.10pre) Gecko/20070211 Firefox/1.5.0.10pre"
78.153.140.222 - - [29/Dec/2025:11:12:09 +0300] "GET /backend/.env HTTP/1.1" 404 31057 "-" "Mozilla/5.0 (Windows NT 6.3; WOW64) AppleWebKit/537.36 (KHTML, like Gecko) Chrome/35.0.1916.114 Safari/537.36 OPR/01.0.0000.00"
78.153.140.222 - - [29/Dec/2025:11:12:11 +0300] "GET /secrets.env HTTP/1.1" 404 31057 "-" "Mozilla/4.0 (compatible; MSIE 7.0; Windows NT 6.1; Trident/4.0; SLCC2; .NET CLR 2.0.50727; .NET CLR 3.5.30729; .NET CLR 3.0.30729; Media Center PC 6.0; MDDS; .NET4.0C)"
78.153.140.222 - - [29/Dec/2025:11:12:16 +0300] "GET /.env.example HTTP/1.1" 404 31057 "-" "Mozilla/5.0 (Macintosh; Intel Mac OS X 10_11_6) AppleWebKit/601.7.8 (KHTML, like Gecko) Version/9.1.3 Safari/601.7.8"
82.148.16.210 - - [29/Dec/2025:11:12:19 +0300] "POST /wp-cron.php?doing_wp_cron=1766995939.5201790332794189453125 HTTP/1.1" 200 31 "-" "WordPress/6.9-alpha-60450; https://levasheva.ru"
78.153.140.222 - - [29/Dec/2025:11:12:19 +0300] "GET /web/.env HTTP/1.1" 404 31057 "-" "Mozilla/5.0 (X11; U; Linux i686; fr; rv:1.8.1.7) Gecko/20070914 Firefox/2.0.0.7"
78.153.140.222 - - [29/Dec/2025:11:12:20 +0300] "GET /.env.bak HTTP/1.1" 404 31057 "-" "Mozilla/5.0 (Macintosh; Intel Mac OS X 10_10_3) AppleWebKit/537.36 (KHTML, like Gecko) Chrome/43.0.2357.81 Safari/537.36"
78.153.140.222 - - [29/Dec/2025:11:12:24 +0300] "GET /staging/.env HTTP/1.1" 404 31057 "-" "Mozilla/5.0 (Macintosh; Intel Mac OS X 10_12_1) AppleWebKit/602.2.14 (KHTML, like Gecko) Safari/522.0"
78.153.140.222 - - [29/Dec/2025:11:12:28 +0300] "GET /debug/default/view?panel=config HTTP/1.1" 404 33138 "-" "Mozilla/5.0 (X11; U; Linux i686; fr; rv:1.8.1.8) Gecko/20071022 Ubuntu/7.10 (gutsy) Firefox/2.0.0.11"
78.153.140.222 - - [29/Dec/2025:11:12:31 +0300] "GET /core/.env HTTP/1.1" 404 31057 "-" "Mozilla/5.0 (Linux; Android 6.0.1; SAMSUNG SM-J700T1 Build/MMB29K) AppleWebKit/537.36 (KHTML, like Gecko) SamsungBrowser/4.0 Chrome/44.0.2403.133 Mobile Safari/537.36"
78.153.140.222 - - [29/Dec/2025:11:12:33 +0300] "GET /phpinfo.php HTTP/1.1" 404 31057 "-" "Mozilla/5.0 (iPhone; CPU iPhone OS 10_2 like Mac OS X) AppleWebKit/602.3.12 (KHTML, like Gecko) FxiOS/6.0 Mobile/14C92 Safari/602.3.12"
78.153.140.222 - - [29/Dec/2025:11:12:37 +0300] "GET /info/ HTTP/1.1" 404 31057 "-" "Mozilla/5.0 (Windows NT 6.3; Win64; x64) AppleWebKit/537.36 (KHTML, like Gecko) Chrome/60.0.3112.90 Safari/537.36"
78.153.140.222 - - [29/Dec/2025:11:12:39 +0300] "GET /images/.env HTTP/1.1" 404 31057 "-" "Mozilla/4.0 (compatible; MSIE 7.0; Windows NT 6.1; Trident/4.0; SLCC2; .NET CLR 2.0.50727; .NET CLR 3.5.30729; .NET CLR 3.0.30729; Media Center PC 6.0; InfoPath.2; .NET4.0C; .NET4.0E)"
78.153.140.222 - - [29/Dec/2025:11:12:42 +0300] "GET /.env.save.1 HTTP/1.1" 404 31057 "-" "Mozilla/5.0 (Macintosh; Intel Mac OS X 10_11_6) AppleWebKit/601.7.8 (KHTML, like Gecko) Version/10.0 Safari/602.1.50"
78.153.140.222 - - [29/Dec/2025:11:12:45 +0300] "GET /.env.save HTTP/1.1" 404 31057 "-" "Mozilla/5.0 (Linux; U; Android 4.3; en-us; SCH-R530C Build/JSS15J) AppleWebKit/534.30 (KHTML, like Gecko) Version/4.0 Mobile Safari/534.30"
95.108.213.175 - - [29/Dec/2025:11:12:47 +0300] "GET /vystavka-chukotka-v-yaponskix-svitkax-v-anadyre/irina_levasheva_chukotka_18/ HTTP/1.1" 200 9986 "-" "Mozilla/5.0 (compatible; YandexBot/3.0; +http://yandex.com/bots)"
78.153.140.222 - - [29/Dec/2025:11:12:48 +0300] "GET /API/.env HTTP/1.1" 404 31057 "-" "Mozilla/5.0 (Windows NT 10.0; Win64; x64) AppleWebKit/537.36 (KHTML, like Gecko) Chrome/47.0.2505.0 Safari/537.36"
78.153.140.222 - - [29/Dec/2025:11:12:50 +0300] "GET /app/.env HTTP/1.1" 404 31057 "-" "Mozilla/5.0 (X11; CrOS i686 13.587.48) AppleWebKit/535.1 (KHTML, like Gecko) Chrome/13.0.782.43 Safari/535.1"
78.153.140.222 - - [29/Dec/2025:11:12:51 +0300] "GET /test HTTP/1.1" 404 31057 "-" "Mozilla/5.0 (Windows NT 6.1; Win64; x64) AppleWebKit/537.36 (KHTML, like Gecko) Chrome/63.0.3239.84 Safari/537.36"
82.148.16.210 - - [29/Dec/2025:11:15:43 +0300] "POST /wp-cron.php?doing_wp_cron=1766996143.4439160823822021484375 HTTP/1.1" 200 31 "-" "WordPress/6.9-alpha-60450; https://levasheva.ru"
216.73.216.89 - - [29/Dec/2025:11:15:43 +0300] "GET /robots.txt HTTP/2.0" 200 122 "-" "Mozilla/5.0 AppleWebKit/537.36 (KHTML, like Gecko; compatible; ClaudeBot/1.0; +claudebot@anthropic.com)"
216.73.216.89 - - [29/Dec/2025:11:15:43 +0300] "GET /index/irina_levasheva_2017_35 HTTP/2.0" 301 0 "-" "Mozilla/5.0 AppleWebKit/537.36 (KHTML, like Gecko; compatible; ClaudeBot/1.0; +claudebot@anthropic.com)"
216.73.216.89 - - [29/Dec/2025:11:15:44 +0300] "GET /index/irina_levasheva_2017_35/ HTTP/2.0" 200 9731 "https://levasheva.ru/index/irina_levasheva_2017_35" "Mozilla/5.0 AppleWebKit/537.36 (KHTML, like Gecko; compatible; ClaudeBot/1.0; +claudebot@anthropic.com)"
51.195.215.218 - - [29/Dec/2025:11:15:50 +0300] "GET /sitemap_index.xml HTTP/2.0" 200 398 "-" "Mozilla/5.0 (compatible; AhrefsBot/7.0; +http://ahrefs.com/robot/)"
51.195.183.126 - - [29/Dec/2025:11:16:01 +0300] "GET /post-sitemap.xml HTTP/2.0" 200 4739 "-" "Mozilla/5.0 (compatible; AhrefsBot/7.0; +http://ahrefs.com/robot/)"
198.244.226.195 - - [29/Dec/2025:11:16:12 +0300] "GET /page-sitemap.xml HTTP/2.0" 200 2241 "-" "Mozilla/5.0 (compatible; AhrefsBot/7.0; +http://ahrefs.com/robot/)"
82.148.16.210 - - [29/Dec/2025:11:16:22 +0300] "POST /wp-cron.php?doing_wp_cron=1766996182.6694459915161132812500 HTTP/1.1" 200 31 "-" "WordPress/6.9-alpha-60450; https://levasheva.ru"
51.195.244.5 - - [29/Dec/2025:11:16:23 +0300] "GET /attachment-sitemap.xml HTTP/2.0" 200 11527 "-" "Mozilla/5.0 (compatible; AhrefsBot/7.0; +http://ahrefs.com/robot/)"
198.244.240.175 - - [29/Dec/2025:11:16:33 +0300] "GET /attachment-sitemap2.xml HTTP/2.0" 200 1075 "-" "Mozilla/5.0 (compatible; AhrefsBot/7.0; +http://ahrefs.com/robot/)"
51.195.244.43 - - [29/Dec/2025:11:16:44 +0300] "GET /category-sitemap.xml HTTP/2.0" 200 424 "-" "Mozilla/5.0 (compatible; AhrefsBot/7.0; +http://ahrefs.com/robot/)"
198.244.168.33 - - [29/Dec/2025:11:16:54 +0300] "GET /post_tag-sitemap.xml HTTP/2.0" 200 823 "-" "Mozilla/5.0 (compatible; AhrefsBot/7.0; +http://ahrefs.com/robot/)"
51.195.215.209 - - [29/Dec/2025:11:17:04 +0300] "GET /portfolio_tags-sitemap.xml HTTP/2.0" 200 402 "-" "Mozilla/5.0 (compatible; AhrefsBot/7.0; +http://ahrefs.com/robot/)"
51.195.244.198 - - [29/Dec/2025:11:17:15 +0300] "GET /author-sitemap.xml HTTP/2.0" 200 366 "-" "Mozilla/5.0 (compatible; AhrefsBot/7.0; +http://ahrefs.com/robot/)"
82.148.16.210 - - [29/Dec/2025:11:26:36 +0300] "POST /wp-cron.php?doing_wp_cron=1766996796.3449649810791015625000 HTTP/1.1" 200 31 "-" "WordPress/6.9-alpha-60450; https://levasheva.ru"
178.128.201.28 - - [29/Dec/2025:11:26:36 +0300] "POST /xmlrpc.php HTTP/2.0" 200 269 "-" "Mozilla/5.0 (Macintosh; Intel Mac OS X 10_13_3) AppleWebKit/537.36 (KHTML, like Gecko) Chrome/66.0.3359.181 Safari/537.36"
82.148.16.210 - - [29/Dec/2025:11:28:17 +0300] "POST /wp-cron.php?doing_wp_cron=1766996897.9212210178375244140625 HTTP/1.1" 200 31 "-" "WordPress/6.9-alpha-60450; https://levasheva.ru"
52.167.144.66 - - [29/Dec/2025:11:28:18 +0300] "GET /robots.txt HTTP/2.0" 200 122 "-" "Mozilla/5.0 AppleWebKit/537.36 (KHTML, like Gecko; compatible; bingbot/2.0; +http://www.bing.com/bingbot.htm) Chrome/116.0.1938.76 Safari/537.36"
40.77.167.48 - - [29/Dec/2025:11:28:25 +0300] "GET /articles/xudozhnik-restavrator/ HTTP/2.0" 200 11910 "-" "Mozilla/5.0 AppleWebKit/537.36 (KHTML, like Gecko; compatible; bingbot/2.0; +http://www.bing.com/bingbot.htm) Chrome/116.0.1938.76 Safari/537.36"
20.219.105.83 - - [29/Dec/2025:11:29:03 +0300] "GET /wp-login.php HTTP/2.0" 200 3447 "-" "Mozilla/5.0 (compatible; MSIE 9.0; Windows NT 6.1; WOW64; Trident/7.0; Swinburne)"
20.219.105.83 - - [29/Dec/2025:11:29:04 +0300] "POST /wp-login.php HTTP/2.0" 200 3638 "https://levasheva.ru/wp-login.php" "Mozilla/5.0 (compatible; MSIE 9.0; Windows NT 6.1; WOW64; Trident/7.0; Swinburne)"
82.148.16.210 - - [29/Dec/2025:11:35:38 +0300] "POST /wp-cron.php?doing_wp_cron=1766997338.5192129611968994140625 HTTP/1.1" 200 31 "-" "WordPress/6.9-alpha-60450; https://levasheva.ru"
66.102.9.225 - - [29/Dec/2025:11:35:38 +0300] "GET /.well-known/traffic-advice HTTP/1.1" 404 7262 "-" "Chrome Privacy Preserving Prefetch Proxy"
162.120.188.82 - - [29/Dec/2025:11:35:39 +0300] "GET /articles/ HTTP/2.0" 200 10395 "https://www.google.com/" "Mozilla/5.0 (Windows NT 10.0; Win64; x64) AppleWebKit/537.36 (KHTML, like Gecko) Chrome/143.0.0.0 Safari/537.36"
82.148.16.210 - - [29/Dec/2025:11:38:21 +0300] "POST /wp-cron.php?doing_wp_cron=1766997500.9264318943023681640625 HTTP/1.1" 200 31 "-" "WordPress/6.9-alpha-60450; https://levasheva.ru"
87.250.224.96 - - [29/Dec/2025:11:38:21 +0300] "GET /robots.txt HTTP/1.1" 200 181 "-" "Mozilla/5.0 (compatible; YandexBot/3.0; +http://yandex.com/bots)"
82.148.16.210 - - [29/Dec/2025:11:42:47 +0300] "POST /wp-cron.php?doing_wp_cron=1766997767.7446680068969726562500 HTTP/1.1" 200 31 "-" "WordPress/6.9-alpha-60450; https://levasheva.ru"
34.226.120.205 - - [29/Dec/2025:11:42:47 +0300] "POST /xmlrpc.php HTTP/1.1" 200 264 "-" "Mozilla/5.0 (Windows NT 10.0; Win64; x64; rv:93.0) Gecko/20100101 Firefox/93.0"
216.73.216.89 - - [29/Dec/2025:11:42:52 +0300] "GET /sitemap_index.xml HTTP/2.0" 200 398 "-" "Mozilla/5.0 AppleWebKit/537.36 (KHTML, like Gecko; compatible; ClaudeBot/1.0; +claudebot@anthropic.com)"
104.219.234.249 - - [29/Dec/2025:11:46:57 +0300] "GET /txets.php HTTP/1.1" 301 162 "www.google.com" "Mozlila/5.0 (Linux; Android 7.0; SM-G892A Bulid/NRD90M; wv) AppleWebKit/537.36 (KHTML, like Gecko) Version/4.0 Chrome/60.0.3112.107 Moblie Safari/537.36"
82.148.16.210 - - [29/Dec/2025:11:47:54 +0300] "POST /wp-cron.php?doing_wp_cron=1766998074.1409618854522705078125 HTTP/1.1" 200 31 "-" "WordPress/6.9-alpha-60450; https://levasheva.ru"
104.219.234.249 - - [29/Dec/2025:11:47:54 +0300] "GET /txets.php HTTP/1.1" 404 7262 "www.google.com" "Mozlila/5.0 (Linux; Android 7.0; SM-G892A Bulid/NRD90M; wv) AppleWebKit/537.36 (KHTML, like Gecko) Version/4.0 Chrome/60.0.3112.107 Moblie Safari/537.36"
82.148.16.210 - - [29/Dec/2025:11:48:19 +0300] "POST /wp-cron.php?doing_wp_cron=1766998099.9341890811920166015625 HTTP/1.1" 200 31 "-" "WordPress/6.9-alpha-60450; https://levasheva.ru"
14.225.216.240 - - [29/Dec/2025:11:48:19 +0300] "GET /wp-login.php HTTP/2.0" 200 3447 "-" "Mozilla/5.0 (Windows NT 6.1; WOW64; Trident/7.0; MALC; rv:11.0) like Gecko"
14.225.216.240 - - [29/Dec/2025:11:48:20 +0300] "POST /wp-login.php HTTP/2.0" 200 3638 "https://levasheva.ru/wp-login.php" "Mozilla/5.0 (Windows NT 6.1; WOW64; Trident/7.0; MALC; rv:11.0) like Gecko"
82.148.16.210 - - [29/Dec/2025:11:49:44 +0300] "POST /wp-cron.php?doing_wp_cron=1766998184.9345500469207763671875 HTTP/1.1" 200 31 "-" "WordPress/6.9-alpha-60450; https://levasheva.ru"
57.130.20.252 - - [29/Dec/2025:11:49:44 +0300] "POST /xmlrpc.php HTTP/2.0" 200 269 "-" "Mozilla/5.0 (Windows NT 6.1; Win64; x64) AppleWebKit/537.36 (KHTML, like Gecko) Chrome/64.0.3282.168 Safari/537.36 OPR/51.0.2830.40"
216.73.216.89 - - [29/Dec/2025:11:49:49 +0300] "GET /sitemap_index.xml HTTP/2.0" 200 398 "-" "Mozilla/5.0 AppleWebKit/537.36 (KHTML, like Gecko; compatible; ClaudeBot/1.0; +claudebot@anthropic.com)"
82.148.16.210 - - [29/Dec/2025:12:02:25 +0300] "POST /wp-cron.php?doing_wp_cron=1766998944.9611799716949462890625 HTTP/1.1" 200 31 "-" "WordPress/6.9-alpha-60450; https://levasheva.ru"
220.158.233.124 - - [29/Dec/2025:12:02:25 +0300] "POST /xmlrpc.php HTTP/1.1" 200 453 "-" "Mozilla/5.0 (Windows NT 10.0; Win64; x64) AppleWebKit/537.36 (KHTML, like Gecko) Chrome/88.0.4324.190 Safari/537.36"
220.158.233.124 - - [29/Dec/2025:12:02:27 +0300] "POST /xmlrpc.php HTTP/1.1" 200 453 "-" "Mozilla/5.0 (Windows NT 10.0; Win64; x64) AppleWebKit/537.36 (KHTML, like Gecko) Chrome/88.0.4324.190 Safari/537.36"
220.158.233.124 - - [29/Dec/2025:12:02:30 +0300] "POST /xmlrpc.php HTTP/1.1" 200 453 "-" "Mozilla/5.0 (Windows NT 10.0; Win64; x64) AppleWebKit/537.36 (KHTML, like Gecko) Chrome/88.0.4324.190 Safari/537.36"
220.158.233.124 - - [29/Dec/2025:12:02:33 +0300] "POST /xmlrpc.php HTTP/1.1" 200 453 "-" "Mozilla/5.0 (Windows NT 10.0; Win64; x64) AppleWebKit/537.36 (KHTML, like Gecko) Chrome/88.0.4324.190 Safari/537.36"
165.101.18.73 - - [29/Dec/2025:12:02:33 +0300] "POST /xmlrpc.php HTTP/1.1" 200 453 "-" "Mozilla/5.0 (Windows NT 10.0; Win64; x64) AppleWebKit/537.36 (KHTML, like Gecko) Chrome/72.0.3626.121 Safari/537.36"
165.101.18.73 - - [29/Dec/2025:12:02:34 +0300] "POST /xmlrpc.php HTTP/1.1" 200 453 "-" "Mozilla/5.0 (Windows NT 10.0; Win64; x64) AppleWebKit/537.36 (KHTML, like Gecko) Chrome/72.0.3626.121 Safari/537.36"
165.101.18.73 - - [29/Dec/2025:12:02:35 +0300] "POST /xmlrpc.php HTTP/1.1" 200 453 "-" "Mozilla/5.0 (Windows NT 10.0; Win64; x64) AppleWebKit/537.36 (KHTML, like Gecko) Chrome/72.0.3626.121 Safari/537.36"
220.158.233.124 - - [29/Dec/2025:12:02:35 +0300] "POST /xmlrpc.php HTTP/1.1" 200 453 "-" "Mozilla/5.0 (Windows NT 10.0; Win64; x64) AppleWebKit/537.36 (KHTML, like Gecko) Chrome/88.0.4324.190 Safari/537.36"
165.101.18.73 - - [29/Dec/2025:12:02:36 +0300] "POST /xmlrpc.php HTTP/1.1" 200 453 "-" "Mozilla/5.0 (Windows NT 10.0; Win64; x64) AppleWebKit/537.36 (KHTML, like Gecko) Chrome/72.0.3626.121 Safari/537.36"
165.101.18.73 - - [29/Dec/2025:12:02:37 +0300] "POST /xmlrpc.php HTTP/1.1" 200 453 "-" "Mozilla/5.0 (Windows NT 10.0; Win64; x64) AppleWebKit/537.36 (KHTML, like Gecko) Chrome/72.0.3626.121 Safari/537.36"
220.158.233.124 - - [29/Dec/2025:12:02:37 +0300] "POST /xmlrpc.php HTTP/1.1" 200 453 "-" "Mozilla/5.0 (Windows NT 10.0; Win64; x64) AppleWebKit/537.36 (KHTML, like Gecko) Chrome/88.0.4324.190 Safari/537.36"
165.101.18.73 - - [29/Dec/2025:12:02:38 +0300] "POST /xmlrpc.php HTTP/1.1" 200 453 "-" "Mozilla/5.0 (Windows NT 10.0; Win64; x64) AppleWebKit/537.36 (KHTML, like Gecko) Chrome/72.0.3626.121 Safari/537.36"
220.158.233.124 - - [29/Dec/2025:12:02:39 +0300] "POST /xmlrpc.php HTTP/1.1" 200 453 "-" "Mozilla/5.0 (Windows NT 10.0; Win64; x64) AppleWebKit/537.36 (KHTML, like Gecko) Chrome/88.0.4324.190 Safari/537.36"
165.101.18.73 - - [29/Dec/2025:12:02:39 +0300] "POST /xmlrpc.php HTTP/1.1" 200 453 "-" "Mozilla/5.0 (Windows NT 10.0; Win64; x64) AppleWebKit/537.36 (KHTML, like Gecko) Chrome/72.0.3626.121 Safari/537.36"
165.101.18.73 - - [29/Dec/2025:12:02:41 +0300] "POST /xmlrpc.php HTTP/1.1" 200 453 "-" "Mozilla/5.0 (Windows NT 10.0; Win64; x64) AppleWebKit/537.36 (KHTML, like Gecko) Chrome/72.0.3626.121 Safari/537.36"
220.158.233.124 - - [29/Dec/2025:12:02:41 +0300] "POST /xmlrpc.php HTTP/1.1" 200 453 "-" "Mozilla/5.0 (Windows NT 10.0; Win64; x64) AppleWebKit/537.36 (KHTML, like Gecko) Chrome/88.0.4324.190 Safari/537.36"
165.101.18.73 - - [29/Dec/2025:12:02:42 +0300] "POST /xmlrpc.php HTTP/1.1" 200 453 "-" "Mozilla/5.0 (Windows NT 10.0; Win64; x64) AppleWebKit/537.36 (KHTML, like Gecko) Chrome/72.0.3626.121 Safari/537.36"
220.158.233.124 - - [29/Dec/2025:12:02:42 +0300] "POST /xmlrpc.php HTTP/1.1" 200 453 "-" "Mozilla/5.0 (Windows NT 10.0; Win64; x64) AppleWebKit/537.36 (KHTML, like Gecko) Chrome/88.0.4324.190 Safari/537.36"
165.101.18.73 - - [29/Dec/2025:12:02:43 +0300] "POST /xmlrpc.php HTTP/1.1" 200 453 "-" "Mozilla/5.0 (Windows NT 10.0; Win64; x64) AppleWebKit/537.36 (KHTML, like Gecko) Chrome/72.0.3626.121 Safari/537.36"
220.158.233.124 - - [29/Dec/2025:12:02:44 +0300] "POST /xmlrpc.php HTTP/1.1" 200 453 "-" "Mozilla/5.0 (Windows NT 10.0; Win64; x64) AppleWebKit/537.36 (KHTML, like Gecko) Chrome/88.0.4324.190 Safari/537.36"
82.148.16.210 - - [29/Dec/2025:12:03:42 +0300] "POST /wp-cron.php?doing_wp_cron=1766999022.0076179504394531250000 HTTP/1.1" 200 31 "-" "WordPress/6.9-alpha-60450; https://levasheva.ru"
46.101.218.201 - - [29/Dec/2025:12:03:42 +0300] "POST /xmlrpc.php HTTP/1.1" 200 453 "-" "Mozilla/5.0 (Windows NT 10.0; Win64; x64; rv:60.0) Gecko/20100101 Firefox/60.0"
46.101.218.201 - - [29/Dec/2025:12:03:42 +0300] "POST /xmlrpc.php HTTP/1.1" 200 453 "-" "Mozilla/5.0 (Windows NT 10.0; Win64; x64; rv:60.0) Gecko/20100101 Firefox/60.0"
46.101.218.201 - - [29/Dec/2025:12:03:43 +0300] "POST /xmlrpc.php HTTP/1.1" 200 453 "-" "Mozilla/5.0 (Windows NT 10.0; Win64; x64; rv:60.0) Gecko/20100101 Firefox/60.0"
46.101.218.201 - - [29/Dec/2025:12:03:44 +0300] "POST /xmlrpc.php HTTP/1.1" 200 453 "-" "Mozilla/5.0 (Windows NT 10.0; Win64; x64; rv:60.0) Gecko/20100101 Firefox/60.0"
46.101.218.201 - - [29/Dec/2025:12:03:44 +0300] "POST /xmlrpc.php HTTP/1.1" 200 453 "-" "Mozilla/5.0 (Windows NT 10.0; Win64; x64; rv:60.0) Gecko/20100101 Firefox/60.0"
46.101.218.201 - - [29/Dec/2025:12:03:45 +0300] "POST /xmlrpc.php HTTP/1.1" 200 453 "-" "Mozilla/5.0 (Windows NT 10.0; Win64; x64; rv:60.0) Gecko/20100101 Firefox/60.0"
46.101.218.201 - - [29/Dec/2025:12:03:45 +0300] "POST /xmlrpc.php HTTP/1.1" 200 453 "-" "Mozilla/5.0 (Windows NT 10.0; Win64; x64; rv:60.0) Gecko/20100101 Firefox/60.0"
46.101.218.201 - - [29/Dec/2025:12:03:46 +0300] "POST /xmlrpc.php HTTP/1.1" 200 453 "-" "Mozilla/5.0 (Windows NT 10.0; Win64; x64; rv:60.0) Gecko/20100101 Firefox/60.0"
46.101.218.201 - - [29/Dec/2025:12:03:46 +0300] "POST /xmlrpc.php HTTP/1.1" 200 453 "-" "Mozilla/5.0 (Windows NT 10.0; Win64; x64; rv:60.0) Gecko/20100101 Firefox/60.0"
46.101.218.201 - - [29/Dec/2025:12:03:47 +0300] "POST /xmlrpc.php HTTP/1.1" 200 453 "-" "Mozilla/5.0 (Windows NT 10.0; Win64; x64; rv:60.0) Gecko/20100101 Firefox/60.0"
82.148.16.210 - - [29/Dec/2025:12:05:02 +0300] "POST /wp-cron.php?doing_wp_cron=1766999101.9999859333038330078125 HTTP/1.1" 200 31 "-" "WordPress/6.9-alpha-60450; https://levasheva.ru"
51.195.215.199 - - [29/Dec/2025:12:05:02 +0300] "GET /author/891rpm/page/6/ HTTP/2.0" 200 12142 "-" "Mozilla/5.0 (compatible; AhrefsBot/7.0; +http://ahrefs.com/robot/)"
170.106.65.93 - - [29/Dec/2025:12:06:11 +0300] "GET / HTTP/1.1" 301 162 "-" "Mozilla/5.0 (iPhone; CPU iPhone OS 13_2_3 like Mac OS X) AppleWebKit/605.1.15 (KHTML, like Gecko) Version/13.0.3 Mobile/15E148 Safari/604.1"
82.148.16.210 - - [29/Dec/2025:12:06:15 +0300] "POST /wp-cron.php?doing_wp_cron=1766999175.1832869052886962890625 HTTP/1.1" 200 31 "-" "WordPress/6.9-alpha-60450; https://levasheva.ru"
170.106.65.93 - - [29/Dec/2025:12:06:15 +0300] "GET / HTTP/1.1" 200 12752 "https://www.levasheva.ru/" "Mozilla/5.0 (iPhone; CPU iPhone OS 13_2_3 like Mac OS X) AppleWebKit/605.1.15 (KHTML, like Gecko) Version/13.0.3 Mobile/15E148 Safari/604.1"
82.148.16.210 - - [29/Dec/2025:12:08:40 +0300] "POST /wp-cron.php?doing_wp_cron=1766999320.4872529506683349609375 HTTP/1.1" 200 31 "-" "WordPress/6.9-alpha-60450; https://levasheva.ru"
103.9.77.167 - - [29/Dec/2025:12:08:40 +0300] "GET /wp-login.php HTTP/2.0" 200 3447 "-" "Mozilla/5.0 (Windows NT 6.1; Win64; x64) AppleWebKit/537.36 (KHTML, like Gecko) Chrome/66.0.3359.139 Safari/537.36"
103.9.77.167 - - [29/Dec/2025:12:08:41 +0300] "POST /wp-login.php HTTP/2.0" 200 3638 "https://levasheva.ru/wp-login.php" "Mozilla/5.0 (Windows NT 6.1; Win64; x64) AppleWebKit/537.36 (KHTML, like Gecko) Chrome/66.0.3359.139 Safari/537.36"
82.148.16.210 - - [29/Dec/2025:12:12:50 +0300] "POST /wp-cron.php?doing_wp_cron=1766999570.3183178901672363281250 HTTP/1.1" 200 31 "-" "WordPress/6.9-alpha-60450; https://levasheva.ru"
57.130.20.252 - - [29/Dec/2025:12:12:50 +0300] "POST /xmlrpc.php HTTP/2.0" 200 269 "-" "Mozilla/5.0 (Windows NT 10.0; WOW64) AppleWebKit/537.36 (KHTML, like Gecko) Chrome/65.0.3325.146 Safari/537.36"
82.148.16.210 - - [29/Dec/2025:12:29:29 +0300] "POST /wp-cron.php?doing_wp_cron=1767000569.5967590808868408203125 HTTP/1.1" 200 31 "-" "WordPress/6.9-alpha-60450; https://levasheva.ru"
92.205.212.128 - - [29/Dec/2025:12:29:29 +0300] "GET /wp-login.php HTTP/2.0" 200 3447 "-" "Mozilla/5.0 (Windows NT 6.1; Win64; x64) AppleWebKit/537.36 (KHTML, like Gecko) Chrome/67.0.3396.62 Safari/537.36"
92.205.212.128 - - [29/Dec/2025:12:29:30 +0300] "POST /wp-login.php HTTP/2.0" 200 3638 "https://levasheva.ru/wp-login.php" "Mozilla/5.0 (Windows NT 6.1; Win64; x64) AppleWebKit/537.36 (KHTML, like Gecko) Chrome/67.0.3396.62 Safari/537.36"
82.148.16.210 - - [29/Dec/2025:12:31:51 +0300] "POST /wp-cron.php?doing_wp_cron=1767000711.8340139389038085937500 HTTP/1.1" 200 31 "-" "WordPress/6.9-alpha-60450; https://levasheva.ru"
20.84.7.202 - - [29/Dec/2025:12:31:51 +0300] "POST /xmlrpc.php HTTP/1.1" 200 264 "-" "Mozilla/5.0 (Windows NT 10.0; Win64; x64; rv:91.0) Gecko/20100101 Firefox/91.0"
82.148.16.210 - - [29/Dec/2025:12:36:43 +0300] "POST /wp-cron.php?doing_wp_cron=1767001003.6025869846343994140625 HTTP/1.1" 200 31 "-" "WordPress/6.9-alpha-60450; https://levasheva.ru"
23.94.191.134 - - [29/Dec/2025:12:36:43 +0300] "POST /xmlrpc.php HTTP/2.0" 200 269 "-" "Mozilla/5.0 (Windows NT 6.2; Win64; x64; rv:60.0) Gecko/20100101 Firefox/60.0"
82.148.16.210 - - [29/Dec/2025:12:42:43 +0300] "POST /wp-cron.php?doing_wp_cron=1767001363.0335550308227539062500 HTTP/1.1" 200 31 "-" "WordPress/6.9-alpha-60450; https://levasheva.ru"
51.68.236.73 - - [29/Dec/2025:12:42:43 +0300] "GET /robots.txt HTTP/1.1" 200 133 "-" "Mozilla/5.0 (compatible; MJ12bot/v2.0.4; http://mj12bot.com/)"
51.68.236.73 - - [29/Dec/2025:12:42:43 +0300] "GET / HTTP/1.1" 200 12752 "-" "Mozilla/5.0 (compatible; MJ12bot/v2.0.4; http://mj12bot.com/)"
82.148.16.210 - - [29/Dec/2025:12:47:38 +0300] "POST /wp-cron.php?doing_wp_cron=1767001658.7570641040802001953125 HTTP/1.1" 200 31 "-" "WordPress/6.9-alpha-60450; https://levasheva.ru"
213.199.47.87 - - [29/Dec/2025:12:47:39 +0300] "GET / HTTP/1.1" 200 12752 "-" "Mozilla/5.0 (Windows NT 10.0; Win64; x64) AppleWebKit/537.36 (KHTML, like Gecko) Chrome/126.0.0.0 Safari/537.36"
82.148.16.210 - - [29/Dec/2025:12:49:33 +0300] "POST /wp-cron.php?doing_wp_cron=1767001773.8989930152893066406250 HTTP/1.1" 200 31 "-" "WordPress/6.9-alpha-60450; https://levasheva.ru"
198.244.183.109 - - [29/Dec/2025:12:49:34 +0300] "GET /tag/roppongi/ HTTP/2.0" 200 10076 "-" "Mozilla/5.0 (compatible; AhrefsBot/7.0; +http://ahrefs.com/robot/)"
45.183.247.183 - - [29/Dec/2025:12:50:12 +0300] "GET /wp-login.php HTTP/2.0" 200 3447 "-" "Mozilla/5.0 (Windows NT 6.3; WOW64; Trident/7.0; MATPJS; rv:11.0) like Gecko"
45.183.247.183 - - [29/Dec/2025:12:50:12 +0300] "POST /wp-login.php HTTP/2.0" 200 3638 "https://levasheva.ru/wp-login.php" "Mozilla/5.0 (Windows NT 6.3; WOW64; Trident/7.0; MATPJS; rv:11.0) like Gecko"
82.148.16.210 - - [29/Dec/2025:13:02:20 +0300] "POST /wp-cron.php?doing_wp_cron=1767002540.6105210781097412109375 HTTP/1.1" 200 31 "-" "WordPress/6.9-alpha-60450; https://levasheva.ru"
118.107.222.111 - - [29/Dec/2025:13:02:20 +0300] "POST /xmlrpc.php HTTP/2.0" 200 269 "-" "Mozilla/5.0 (Windows NT 10.0; Win64; x64) AppleWebKit/537.36 (KHTML, like Gecko) Chrome/66.0.3359.170 Safari/537.36 OPR/53.0.2907.68"
43.153.73.200 - - [29/Dec/2025:13:04:04 +0300] "GET / HTTP/1.1" 301 162 "-" "Mozilla/5.0 (iPhone; CPU iPhone OS 13_2_3 like Mac OS X) AppleWebKit/605.1.15 (KHTML, like Gecko) Version/13.0.3 Mobile/15E148 Safari/604.1"
82.148.16.210 - - [29/Dec/2025:13:04:06 +0300] "POST /wp-cron.php?doing_wp_cron=1767002646.6553781032562255859375 HTTP/1.1" 200 31 "-" "WordPress/6.9-alpha-60450; https://levasheva.ru"
43.153.73.200 - - [29/Dec/2025:13:04:06 +0300] "GET / HTTP/1.1" 200 12752 "http://levasheva.ru" "Mozilla/5.0 (iPhone; CPU iPhone OS 13_2_3 like Mac OS X) AppleWebKit/605.1.15 (KHTML, like Gecko) Version/13.0.3 Mobile/15E148 Safari/604.1"
82.148.16.210 - - [29/Dec/2025:13:08:07 +0300] "POST /wp-cron.php?doing_wp_cron=1767002887.7003269195556640625000 HTTP/1.1" 200 31 "-" "WordPress/6.9-alpha-60450; https://levasheva.ru"
216.73.216.89 - - [29/Dec/2025:13:08:07 +0300] "GET /robots.txt HTTP/2.0" 200 122 "-" "Mozilla/5.0 AppleWebKit/537.36 (KHTML, like Gecko; compatible; ClaudeBot/1.0; +claudebot@anthropic.com)"
216.73.216.89 - - [29/Dec/2025:13:08:08 +0300] "GET /sitemap_index.xml HTTP/2.0" 200 398 "-" "Mozilla/5.0 AppleWebKit/537.36 (KHTML, like Gecko; compatible; ClaudeBot/1.0; +claudebot@anthropic.com)"
82.148.16.210 - - [29/Dec/2025:13:11:43 +0300] "POST /wp-cron.php?doing_wp_cron=1767003103.6896550655364990234375 HTTP/1.1" 200 31 "-" "WordPress/6.9-alpha-60450; https://levasheva.ru"
34.23.42.151 - - [29/Dec/2025:13:11:43 +0300] "GET /wp-login.php HTTP/2.0" 200 3447 "-" "Mozilla/5.0 (Windows NT 10.0; WOW64; Trident/7.0; yie11; rv:11.0) like Gecko"
34.23.42.151 - - [29/Dec/2025:13:11:44 +0300] "POST /wp-login.php HTTP/2.0" 200 3638 "https://levasheva.ru/wp-login.php" "Mozilla/5.0 (Windows NT 10.0; WOW64; Trident/7.0; yie11; rv:11.0) like Gecko"
82.148.16.210 - - [29/Dec/2025:13:21:49 +0300] "POST /wp-cron.php?doing_wp_cron=1767003709.3313229084014892578125 HTTP/1.1" 200 31 "-" "WordPress/6.9-alpha-60450; https://levasheva.ru"
216.73.216.89 - - [29/Dec/2025:13:21:49 +0300] "GET /?p=1348 HTTP/2.0" 301 0 "-" "Mozilla/5.0 AppleWebKit/537.36 (KHTML, like Gecko; compatible; ClaudeBot/1.0; +claudebot@anthropic.com)"
216.73.216.89 - - [29/Dec/2025:13:21:49 +0300] "GET /index/irina_levasheva_2017_35/ HTTP/2.0" 200 9731 "https://levasheva.ru/?p=1348" "Mozilla/5.0 AppleWebKit/537.36 (KHTML, like Gecko; compatible; ClaudeBot/1.0; +claudebot@anthropic.com)"
82.148.16.210 - - [29/Dec/2025:13:25:00 +0300] "POST /wp-cron.php?doing_wp_cron=1767003900.9353680610656738281250 HTTP/1.1" 200 31 "-" "WordPress/6.9-alpha-60450; https://levasheva.ru"
144.217.252.106 - - [29/Dec/2025:13:25:01 +0300] "POST /xmlrpc.php HTTP/1.1" 200 264 "-" "Mozilla/5.0 (Windows NT 10.0; Win64; x64; rv:63.0) Gecko/20100101 Firefox/63.0"
82.148.16.210 - - [29/Dec/2025:13:25:20 +0300] "POST /wp-cron.php?doing_wp_cron=1767003920.6978089809417724609375 HTTP/1.1" 200 31 "-" "WordPress/6.9-alpha-60450; https://levasheva.ru"
211.21.61.244 - - [29/Dec/2025:13:25:20 +0300] "POST /xmlrpc.php HTTP/2.0" 200 269 "-" "Mozilla/5.0 (Macintosh; Intel Mac OS X 10_11_6) AppleWebKit/537.36 (KHTML, like Gecko) Chrome/65.0.3325.181 Safari/537.36"
46.138.69.153 - - [29/Dec/2025:13:25:36 +0300] "GET / HTTP/1.0" 301 162 "http://levasheva.ru/" "Mozilla/5.0 (Windows NT 10.0; Win64; x64) AppleWebKit/537.36 (KHTML, like Gecko) Chrome/131.0.0.0 Safari/537.36"
46.138.69.153 - - [29/Dec/2025:13:25:36 +0300] "GET / HTTP/1.0" 200 58663 "https://levasheva.ru/" "Mozilla/5.0 (Windows NT 10.0; Win64; x64) AppleWebKit/537.36 (KHTML, like Gecko) Chrome/131.0.0.0 Safari/537.36"
46.138.69.153 - - [29/Dec/2025:13:25:45 +0300] "POST / HTTP/1.0" 200 59020 "https://levasheva.ru/" "Mozilla/5.0 (Windows NT 10.0; Win64; x64) AppleWebKit/537.36 (KHTML, like Gecko) Chrome/131.0.0.0 Safari/537.36"
46.138.69.153 - - [29/Dec/2025:13:25:45 +0300] "GET / HTTP/1.0" 200 58663 "https://levasheva.ru/" "Mozilla/5.0 (Windows NT 10.0; Win64; x64) AppleWebKit/537.36 (KHTML, like Gecko) Chrome/131.0.0.0 Safari/537.36"
46.138.69.153 - - [29/Dec/2025:13:25:54 +0300] "POST / HTTP/1.0" 200 59494 "https://levasheva.ru/" "Mozilla/5.0 (Windows NT 10.0; Win64; x64) AppleWebKit/537.36 (KHTML, like Gecko) Chrome/131.0.0.0 Safari/537.36"
82.148.16.210 - - [29/Dec/2025:13:31:49 +0300] "POST /wp-cron.php?doing_wp_cron=1767004309.4427399635314941406250 HTTP/1.1" 200 31 "-" "WordPress/6.9-alpha-60450; https://levasheva.ru"
57.130.20.252 - - [29/Dec/2025:13:31:49 +0300] "GET /wp-login.php HTTP/2.0" 200 3447 "-" "Mozilla/5.0 (Macintosh; Intel Mac OS X 10_11_6) AppleWebKit/537.36 (KHTML, like Gecko) Chrome/66.0.3359.117 Safari/537.36"
57.130.20.252 - - [29/Dec/2025:13:31:49 +0300] "POST /wp-login.php HTTP/2.0" 200 3638 "https://levasheva.ru/wp-login.php" "Mozilla/5.0 (Macintosh; Intel Mac OS X 10_11_6) AppleWebKit/537.36 (KHTML, like Gecko) Chrome/66.0.3359.117 Safari/537.36"
4.218.10.83 - - [29/Dec/2025:13:33:31 +0300] "GET /.well-known/acme-challenge/admin.php HTTP/1.1" 301 162 "https://www.google.fr/" "Mozilla/5.0 (Linux; Android 13; M2101K6G) AppleWebKit/537.36 (KHTML, like Gecko) Chrome/116.0.0.0 Mobile Safari/537.36"
82.148.16.210 - - [29/Dec/2025:13:33:32 +0300] "POST /wp-cron.php?doing_wp_cron=1767004411.9958260059356689453125 HTTP/1.1" 200 31 "-" "WordPress/6.9-alpha-60450; https://levasheva.ru"
4.218.10.83 - - [29/Dec/2025:13:33:32 +0300] "GET /.well-known/acme-challenge/admin.php HTTP/1.1" 404 33138 "https://www.google.fr/" "Mozilla/5.0 (Linux; Android 13; M2101K6G) AppleWebKit/537.36 (KHTML, like Gecko) Chrome/116.0.0.0 Mobile Safari/537.36"
4.218.10.83 - - [29/Dec/2025:13:33:32 +0300] "GET /.well-known/index.php HTTP/1.1" 301 162 "https://www.google.de/" "Mozilla/5.0 (iPhone; CPU iPhone OS 16_0 like Mac OS X) AppleWebKit/605.1.15 (KHTML, like Gecko) FxiOS/118.0 Mobile/15E148 Safari/605.1.15"
4.218.10.83 - - [29/Dec/2025:13:33:32 +0300] "GET /.well-known/index.php HTTP/1.1" 301 5 "https://www.google.de/" "Mozilla/5.0 (iPhone; CPU iPhone OS 16_0 like Mac OS X) AppleWebKit/605.1.15 (KHTML, like Gecko) FxiOS/118.0 Mobile/15E148 Safari/605.1.15"
4.218.10.83 - - [29/Dec/2025:13:33:33 +0300] "GET /.well-known/ HTTP/1.1" 404 31057 "https://www.google.de/" "Mozilla/5.0 (iPhone; CPU iPhone OS 16_0 like Mac OS X) AppleWebKit/605.1.15 (KHTML, like Gecko) FxiOS/118.0 Mobile/15E148 Safari/605.1.15"
4.218.10.83 - - [29/Dec/2025:13:33:33 +0300] "GET /.well-known/server.php HTTP/1.1" 301 162 "https://www.google.com/" "Mozilla/5.0 (Linux; Android 11; CPH2251) AppleWebKit/537.36 (KHTML, like Gecko) Chrome/116.0.0.0 Mobile Safari/537.36"
4.218.10.83 - - [29/Dec/2025:13:33:34 +0300] "GET /.well-known/server.php HTTP/1.1" 404 31057 "https://www.google.com/" "Mozilla/5.0 (Linux; Android 11; CPH2251) AppleWebKit/537.36 (KHTML, like Gecko) Chrome/116.0.0.0 Mobile Safari/537.36"
4.218.10.83 - - [29/Dec/2025:13:33:34 +0300] "GET /autoload_classmap.php HTTP/1.1" 301 162 "https://www.google.fr/" "Mozilla/5.0 (Linux; Android 14; Pixel 8 Pro) AppleWebKit/537.36 (KHTML, like Gecko) Chrome/119.0.0.0 Mobile Safari/537.36"
4.218.10.83 - - [29/Dec/2025:13:33:34 +0300] "GET /autoload_classmap.php HTTP/1.1" 404 31057 "https://www.google.fr/" "Mozilla/5.0 (Linux; Android 14; Pixel 8 Pro) AppleWebKit/537.36 (KHTML, like Gecko) Chrome/119.0.0.0 Mobile Safari/537.36"
4.218.10.83 - - [29/Dec/2025:13:33:35 +0300] "GET /1.php HTTP/1.1" 301 162 "https://www.bing.com/" "Mozilla/5.0 (iPhone; CPU iPhone OS 17_1 like Mac OS X) AppleWebKit/605.1.15 (KHTML, like Gecko) CriOS/119.0.6045.109 Mobile/15E148 Safari/604.1"
4.218.10.83 - - [29/Dec/2025:13:33:35 +0300] "GET /1.php HTTP/1.1" 404 31057 "https://www.bing.com/" "Mozilla/5.0 (iPhone; CPU iPhone OS 17_1 like Mac OS X) AppleWebKit/605.1.15 (KHTML, like Gecko) CriOS/119.0.6045.109 Mobile/15E148 Safari/604.1"
4.218.10.83 - - [29/Dec/2025:13:33:36 +0300] "GET /404.php HTTP/1.1" 301 162 "https://www.google.co.uk/" "Mozilla/5.0 (Linux; Android 11; 21081111RG) AppleWebKit/537.36 (KHTML, like Gecko) Chrome/116.0.0.0 Mobile Safari/537.36"
4.218.10.83 - - [29/Dec/2025:13:33:36 +0300] "GET /404.php HTTP/1.1" 404 31057 "https://www.google.co.uk/" "Mozilla/5.0 (Linux; Android 11; 21081111RG) AppleWebKit/537.36 (KHTML, like Gecko) Chrome/116.0.0.0 Mobile Safari/537.36"
4.218.10.83 - - [29/Dec/2025:13:33:36 +0300] "GET /96i.php HTTP/1.1" 301 162 "https://www.google.fr/" "Mozilla/5.0 (Linux; Android 11; CPH2251) AppleWebKit/537.36 (KHTML, like Gecko) Chrome/116.0.0.0 Mobile Safari/537.36"
4.218.10.83 - - [29/Dec/2025:13:33:37 +0300] "GET /96i.php HTTP/1.1" 404 31057 "https://www.google.fr/" "Mozilla/5.0 (Linux; Android 11; CPH2251) AppleWebKit/537.36 (KHTML, like Gecko) Chrome/116.0.0.0 Mobile Safari/537.36"
4.218.10.83 - - [29/Dec/2025:13:33:37 +0300] "GET /a.php HTTP/1.1" 301 162 "https://www.google.fr/" "Mozilla/5.0 (iPhone; CPU iPhone OS 17_0_3 like Mac OS X) AppleWebKit/605.1.15 (KHTML, like Gecko) Version/17.0.1 Mobile/15E148 Safari/604.1"
4.218.10.83 - - [29/Dec/2025:13:33:38 +0300] "GET /a.php HTTP/1.1" 404 31057 "https://www.google.fr/" "Mozilla/5.0 (iPhone; CPU iPhone OS 17_0_3 like Mac OS X) AppleWebKit/605.1.15 (KHTML, like Gecko) Version/17.0.1 Mobile/15E148 Safari/604.1"
4.218.10.83 - - [29/Dec/2025:13:33:38 +0300] "GET /about.php HTTP/1.1" 301 162 "https://www.bing.com/" "Mozilla/5.0 (iPhone; CPU iPhone OS 16_6_1 like Mac OS X) AppleWebKit/605.1.15 (KHTML, like Gecko) Version/16.6 Mobile/15E148 Safari/604.1"
4.218.10.83 - - [29/Dec/2025:13:33:38 +0300] "GET /about.php HTTP/1.1" 404 31057 "https://www.bing.com/" "Mozilla/5.0 (iPhone; CPU iPhone OS 16_6_1 like Mac OS X) AppleWebKit/605.1.15 (KHTML, like Gecko) Version/16.6 Mobile/15E148 Safari/604.1"
4.218.10.83 - - [29/Dec/2025:13:33:39 +0300] "GET /about/function.php HTTP/1.1" 301 162 "https://www.google.com/" "Mozilla/5.0 (Linux; Android 14; Pixel 8 Pro) AppleWebKit/537.36 (KHTML, like Gecko) Chrome/119.0.0.0 Mobile Safari/537.36"
4.218.10.83 - - [29/Dec/2025:13:33:39 +0300] "GET /about/function.php HTTP/1.1" 404 31057 "https://www.google.com/" "Mozilla/5.0 (Linux; Android 14; Pixel 8 Pro) AppleWebKit/537.36 (KHTML, like Gecko) Chrome/119.0.0.0 Mobile Safari/537.36"
4.218.10.83 - - [29/Dec/2025:13:33:40 +0300] "GET /admin/function.php HTTP/1.1" 301 162 "https://www.google.co.uk/" "Mozilla/5.0 (Linux; Android 12; 2201116SG) AppleWebKit/537.36 (KHTML, like Gecko) Chrome/116.0.0.0 Mobile Safari/537.36"
4.218.10.83 - - [29/Dec/2025:13:33:40 +0300] "GET /admin/function.php HTTP/1.1" 404 31057 "https://www.google.co.uk/" "Mozilla/5.0 (Linux; Android 12; 2201116SG) AppleWebKit/537.36 (KHTML, like Gecko) Chrome/116.0.0.0 Mobile Safari/537.36"
4.218.10.83 - - [29/Dec/2025:13:33:40 +0300] "GET /admin/upload/css.php HTTP/1.1" 301 162 "https://www.bing.com/" "Mozilla/5.0 (Linux; Android 14; Pixel 8 Pro) AppleWebKit/537.36 (KHTML, like Gecko) Chrome/119.0.0.0 Mobile Safari/537.36"
4.218.10.83 - - [29/Dec/2025:13:33:41 +0300] "GET /admin/upload/css.php HTTP/1.1" 404 33138 "https://www.bing.com/" "Mozilla/5.0 (Linux; Android 14; Pixel 8 Pro) AppleWebKit/537.36 (KHTML, like Gecko) Chrome/119.0.0.0 Mobile Safari/537.36"
4.218.10.83 - - [29/Dec/2025:13:33:41 +0300] "GET /ahax.php HTTP/1.1" 301 162 "https://www.google.de/" "Mozilla/5.0 (iPhone; CPU iPhone OS 15_7_9 like Mac OS X) AppleWebKit/605.1.15 (KHTML, like Gecko) Version/15.6.5 Mobile/15E148 Safari/604.1"
4.218.10.83 - - [29/Dec/2025:13:33:42 +0300] "GET /ahax.php HTTP/1.1" 404 31057 "https://www.google.de/" "Mozilla/5.0 (iPhone; CPU iPhone OS 15_7_9 like Mac OS X) AppleWebKit/605.1.15 (KHTML, like Gecko) Version/15.6.5 Mobile/15E148 Safari/604.1"
4.218.10.83 - - [29/Dec/2025:13:33:42 +0300] "GET /app.php HTTP/1.1" 301 162 "https://www.google.fr/" "Mozilla/5.0 (iPhone; CPU iPhone OS 17_1_1 like Mac OS X) AppleWebKit/605.1.15 (KHTML, like Gecko) Version/17.1 Mobile/15E148 Safari/604.1"
4.218.10.83 - - [29/Dec/2025:13:33:42 +0300] "GET /app.php HTTP/1.1" 404 31057 "https://www.google.fr/" "Mozilla/5.0 (iPhone; CPU iPhone OS 17_1_1 like Mac OS X) AppleWebKit/605.1.15 (KHTML, like Gecko) Version/17.1 Mobile/15E148 Safari/604.1"
4.218.10.83 - - [29/Dec/2025:13:33:42 +0300] "GET /asd.php HTTP/1.1" 301 162 "https://duckduckgo.com/" "Mozilla/5.0 (Linux; Android 14; Pixel 8 Pro) AppleWebKit/537.36 (KHTML, like Gecko) Chrome/119.0.0.0 Mobile Safari/537.36"
4.218.10.83 - - [29/Dec/2025:13:33:43 +0300] "GET /asd.php HTTP/1.1" 404 31057 "https://duckduckgo.com/" "Mozilla/5.0 (Linux; Android 14; Pixel 8 Pro) AppleWebKit/537.36 (KHTML, like Gecko) Chrome/119.0.0.0 Mobile Safari/537.36"
4.218.10.83 - - [29/Dec/2025:13:33:43 +0300] "GET /atomlib.php HTTP/1.1" 301 162 "https://duckduckgo.com/" "Mozilla/5.0 (Linux; Android 12; SM-A525F) AppleWebKit/537.36 (KHTML, like Gecko) Chrome/117.0.0.0 Mobile Safari/537.36"
4.218.10.83 - - [29/Dec/2025:13:33:43 +0300] "GET /atomlib.php HTTP/1.1" 404 31057 "https://duckduckgo.com/" "Mozilla/5.0 (Linux; Android 12; SM-A525F) AppleWebKit/537.36 (KHTML, like Gecko) Chrome/117.0.0.0 Mobile Safari/537.36"
4.218.10.83 - - [29/Dec/2025:13:33:44 +0300] "GET /autoload_classmap/function.php HTTP/1.1" 301 162 "https://duckduckgo.com/" "Mozilla/5.0 (Linux; Android 12; SM-A525F) AppleWebKit/537.36 (KHTML, like Gecko) Chrome/117.0.0.0 Mobile Safari/537.36"
4.218.10.83 - - [29/Dec/2025:13:33:44 +0300] "GET /autoload_classmap/function.php HTTP/1.1" 404 31057 "https://duckduckgo.com/" "Mozilla/5.0 (Linux; Android 12; SM-A525F) AppleWebKit/537.36 (KHTML, like Gecko) Chrome/117.0.0.0 Mobile Safari/537.36"
4.218.10.83 - - [29/Dec/2025:13:33:44 +0300] "GET /bless.php HTTP/1.1" 301 162 "https://duckduckgo.com/" "Mozilla/5.0 (Linux; Android 13; M2101K6G) AppleWebKit/537.36 (KHTML, like Gecko) Chrome/116.0.0.0 Mobile Safari/537.36"
4.218.10.83 - - [29/Dec/2025:13:33:44 +0300] "GET /bless.php HTTP/1.1" 404 31057 "https://duckduckgo.com/" "Mozilla/5.0 (Linux; Android 13; M2101K6G) AppleWebKit/537.36 (KHTML, like Gecko) Chrome/116.0.0.0 Mobile Safari/537.36"
4.218.10.83 - - [29/Dec/2025:13:33:45 +0300] "GET /bolt.php HTTP/1.1" 301 162 "https://www.google.com/" "Mozilla/5.g (Linux; Android 13; Pixel 7) AppleWebKit/537.36 (KHTML, like Gecko) Chrome/116.0.0.0 Mobile Safari/537.36"
4.218.10.83 - - [29/Dec/2025:13:33:45 +0300] "GET /bolt.php HTTP/1.1" 404 31057 "https://www.google.com/" "Mozilla/5.g (Linux; Android 13; Pixel 7) AppleWebKit/537.36 (KHTML, like Gecko) Chrome/116.0.0.0 Mobile Safari/537.36"
4.218.10.83 - - [29/Dec/2025:13:33:45 +0300] "GET /cgi-bin/wp-login.php HTTP/1.1" 301 162 "https://www.google.com/" "Mozilla/5.0 (Linux; Android 10; K) AppleWebKit/537.36 (KHTML, like Gecko) Chrome/117.0.0.0 Mobile Safari/537.36"
4.218.10.83 - - [29/Dec/2025:13:33:46 +0300] "GET /cgi-bin/wp-login.php HTTP/1.1" 404 31057 "https://www.google.com/" "Mozilla/5.0 (Linux; Android 10; K) AppleWebKit/537.36 (KHTML, like Gecko) Chrome/117.0.0.0 Mobile Safari/537.36"
4.218.10.83 - - [29/Dec/2025:13:33:46 +0300] "GET /classwithtostring.php HTTP/1.1" 301 162 "https://www.bing.com/" "Mozilla/5.0 (iPhone; CPU iPhone OS 15_7_9 like Mac OS X) AppleWebKit/605.1.15 (KHTML, like Gecko) Version/15.6.5 Mobile/15E148 Safari/604.1"
4.218.10.83 - - [29/Dec/2025:13:33:46 +0300] "GET /classwithtostring.php HTTP/1.1" 404 31057 "https://www.bing.com/" "Mozilla/5.0 (iPhone; CPU iPhone OS 15_7_9 like Mac OS X) AppleWebKit/605.1.15 (KHTML, like Gecko) Version/15.6.5 Mobile/15E148 Safari/604.1"
4.218.10.83 - - [29/Dec/2025:13:33:46 +0300] "GET /click.php HTTP/1.1" 301 162 "https://duckduckgo.com/" "Mozilla/5.0 (iPad; CPU OS 16_7_2 like Mac OS X) AppleWebKit/605.1.15 (KHTML, like Gecko) Version/16.6 Mobile/15E148 Safari/604.1"
4.218.10.83 - - [29/Dec/2025:13:33:47 +0300] "GET /click.php HTTP/1.1" 404 31057 "https://duckduckgo.com/" "Mozilla/5.0 (iPad; CPU OS 16_7_2 like Mac OS X) AppleWebKit/605.1.15 (KHTML, like Gecko) Version/16.6 Mobile/15E148 Safari/604.1"
4.218.10.83 - - [29/Dec/2025:13:33:47 +0300] "GET /config.php HTTP/1.1" 301 162 "https://duckduckgo.com/" "Mozilla/5.0 (Linux; Android 11; 21081111RG) AppleWebKit/537.36 (KHTML, like Gecko) Chrome/116.0.0.0 Mobile Safari/537.36"
4.218.10.83 - - [29/Dec/2025:13:33:47 +0300] "GET /config.php HTTP/1.1" 404 31057 "https://duckduckgo.com/" "Mozilla/5.0 (Linux; Android 11; 21081111RG) AppleWebKit/537.36 (KHTML, like Gecko) Chrome/116.0.0.0 Mobile Safari/537.36"
4.218.10.83 - - [29/Dec/2025:13:33:47 +0300] "GET /content.php HTTP/1.1" 301 162 "https://www.google.co.uk/" "Mozilla/5.g (Linux; Android 13; Pixel 7) AppleWebKit/537.36 (KHTML, like Gecko) Chrome/116.0.0.0 Mobile Safari/537.36"
4.218.10.83 - - [29/Dec/2025:13:33:48 +0300] "GET /content.php HTTP/1.1" 404 31057 "https://www.google.co.uk/" "Mozilla/5.g (Linux; Android 13; Pixel 7) AppleWebKit/537.36 (KHTML, like Gecko) Chrome/116.0.0.0 Mobile Safari/537.36"
4.218.10.83 - - [29/Dec/2025:13:33:48 +0300] "GET /cord.php HTTP/1.1" 301 162 "https://www.bing.com/" "Mozilla/5.0 (Linux; Android 13; SM-G991U) AppleWebKit/537.36 (KHTML, like Gecko) Chrome/117.0.0.0 Mobile Safari/537.36"
4.218.10.83 - - [29/Dec/2025:13:33:48 +0300] "GET /cord.php HTTP/1.1" 404 31057 "https://www.bing.com/" "Mozilla/5.0 (Linux; Android 13; SM-G991U) AppleWebKit/537.36 (KHTML, like Gecko) Chrome/117.0.0.0 Mobile Safari/537.36"
4.218.10.83 - - [29/Dec/2025:13:33:49 +0300] "GET /core.php HTTP/1.1" 301 162 "https://www.google.de/" "Mozilla/5.0 (iPhone; CPU iPhone OS 17_0_3 like Mac OS X) AppleWebKit/605.1.15 (KHTML, like Gecko) Version/17.0.1 Mobile/15E148 Safari/604.1"
4.218.10.83 - - [29/Dec/2025:13:33:49 +0300] "GET /core.php HTTP/1.1" 404 31057 "https://www.google.de/" "Mozilla/5.0 (iPhone; CPU iPhone OS 17_0_3 like Mac OS X) AppleWebKit/605.1.15 (KHTML, like Gecko) Version/17.0.1 Mobile/15E148 Safari/604.1"
4.218.10.83 - - [29/Dec/2025:13:33:49 +0300] "GET /css.php HTTP/1.1" 301 162 "https://www.yahoo.com/" "Mozilla/5.0 (Linux; Android 12; V2134) AppleWebKit/537.36 (KHTML, like Gecko) Chrome/116.0.0.0 Mobile Safari/537.36"
4.218.10.83 - - [29/Dec/2025:13:33:50 +0300] "GET /css.php HTTP/1.1" 404 31057 "https://www.yahoo.com/" "Mozilla/5.0 (Linux; Android 12; V2134) AppleWebKit/537.36 (KHTML, like Gecko) Chrome/116.0.0.0 Mobile Safari/537.36"
4.218.10.83 - - [29/Dec/2025:13:33:50 +0300] "GET /defaults.php HTTP/1.1" 301 162 "https://www.google.fr/" "Mozilla/5.0 (Linux; Android 11; 21081111RG) AppleWebKit/537.36 (KHTML, like Gecko) Chrome/116.0.0.0 Mobile Safari/537.36"
4.218.10.83 - - [29/Dec/2025:13:33:50 +0300] "GET /defaults.php HTTP/1.1" 404 31057 "https://www.google.fr/" "Mozilla/5.0 (Linux; Android 11; 21081111RG) AppleWebKit/537.36 (KHTML, like Gecko) Chrome/116.0.0.0 Mobile Safari/537.36"
4.218.10.83 - - [29/Dec/2025:13:33:50 +0300] "GET /ee.php HTTP/1.1" 301 162 "https://www.google.fr/" "Mozilla/5.0 (Linux; Android 13; SM-S908E) AppleWebKit/537.36 (KHTML, like Gecko) Chrome/116.0.0.0 Mobile Safari/537.36"
4.218.10.83 - - [29/Dec/2025:13:33:51 +0300] "GET /ee.php HTTP/1.1" 404 31057 "https://www.google.fr/" "Mozilla/5.0 (Linux; Android 13; SM-S908E) AppleWebKit/537.36 (KHTML, like Gecko) Chrome/116.0.0.0 Mobile Safari/537.36"
4.218.10.83 - - [29/Dec/2025:13:33:51 +0300] "GET /function/function.php HTTP/1.1" 301 162 "https://www.yahoo.com/" "Mozilla/5.0 (Linux; Android 13; M2101K6G) AppleWebKit/537.36 (KHTML, like Gecko) Chrome/116.0.0.0 Mobile Safari/537.36"
4.218.10.83 - - [29/Dec/2025:13:33:51 +0300] "GET /function/function.php HTTP/1.1" 404 31057 "https://www.yahoo.com/" "Mozilla/5.0 (Linux; Android 13; M2101K6G) AppleWebKit/537.36 (KHTML, like Gecko) Chrome/116.0.0.0 Mobile Safari/537.36"
4.218.10.83 - - [29/Dec/2025:13:33:51 +0300] "GET /help.php HTTP/1.1" 301 162 "https://duckduckgo.com/" "Mozilla/5.0 (iPhone; CPU iPhone OS 17_0_3 like Mac OS X) AppleWebKit/605.1.15 (KHTML, like Gecko) Version/17.0.1 Mobile/15E148 Safari/604.1"
4.218.10.83 - - [29/Dec/2025:13:33:52 +0300] "GET /help.php HTTP/1.1" 404 31057 "https://duckduckgo.com/" "Mozilla/5.0 (iPhone; CPU iPhone OS 17_0_3 like Mac OS X) AppleWebKit/605.1.15 (KHTML, like Gecko) Version/17.0.1 Mobile/15E148 Safari/604.1"
4.218.10.83 - - [29/Dec/2025:13:33:52 +0300] "GET /images/index.php HTTP/1.1" 301 162 "https://www.google.de/" "Mozilla/5.0 (iPhone; CPU iPhone OS 17_0_3 like Mac OS X) AppleWebKit/605.1.15 (KHTML, like Gecko) Version/17.0.1 Mobile/15E148 Safari/604.1"
4.218.10.83 - - [29/Dec/2025:13:33:52 +0300] "GET /images/index.php HTTP/1.1" 301 5 "https://www.google.de/" "Mozilla/5.0 (iPhone; CPU iPhone OS 17_0_3 like Mac OS X) AppleWebKit/605.1.15 (KHTML, like Gecko) Version/17.0.1 Mobile/15E148 Safari/604.1"
4.218.10.83 - - [29/Dec/2025:13:33:53 +0300] "GET /images/ HTTP/1.1" 404 31057 "https://www.google.de/" "Mozilla/5.0 (iPhone; CPU iPhone OS 17_0_3 like Mac OS X) AppleWebKit/605.1.15 (KHTML, like Gecko) Version/17.0.1 Mobile/15E148 Safari/604.1"
4.218.10.83 - - [29/Dec/2025:13:33:53 +0300] "GET /images/install.php HTTP/1.1" 301 162 "https://www.yahoo.com/" "Mozilla/5.0 (Linux; Android 13; M2101K6G) AppleWebKit/537.36 (KHTML, like Gecko) Chrome/116.0.0.0 Mobile Safari/537.36"
4.218.10.83 - - [29/Dec/2025:13:33:53 +0300] "GET /images/install.php HTTP/1.1" 404 31057 "https://www.yahoo.com/" "Mozilla/5.0 (Linux; Android 13; M2101K6G) AppleWebKit/537.36 (KHTML, like Gecko) Chrome/116.0.0.0 Mobile Safari/537.36"
4.218.10.83 - - [29/Dec/2025:13:33:53 +0300] "GET /images/nxc.php HTTP/1.1" 301 162 "https://www.bing.com/" "Mozilla/5.0 (Linux; Android 11; CPH2251) AppleWebKit/537.36 (KHTML, like Gecko) Chrome/116.0.0.0 Mobile Safari/537.36"
4.218.10.83 - - [29/Dec/2025:13:33:54 +0300] "GET /images/nxc.php HTTP/1.1" 404 31057 "https://www.bing.com/" "Mozilla/5.0 (Linux; Android 11; CPH2251) AppleWebKit/537.36 (KHTML, like Gecko) Chrome/116.0.0.0 Mobile Safari/537.36"
4.218.10.83 - - [29/Dec/2025:13:33:54 +0300] "GET /img/nxc.php HTTP/1.1" 301 162 "https://www.google.co.uk/" "Mozilla/5.0 (iPhone; CPU iPhone OS 16_6_1 like Mac OS X) AppleWebKit/605.1.15 (KHTML, like Gecko) Version/16.6 Mobile/15E148 Safari/604.1"
4.218.10.83 - - [29/Dec/2025:13:33:54 +0300] "GET /img/nxc.php HTTP/1.1" 404 31057 "https://www.google.co.uk/" "Mozilla/5.0 (iPhone; CPU iPhone OS 16_6_1 like Mac OS X) AppleWebKit/605.1.15 (KHTML, like Gecko) Version/16.6 Mobile/15E148 Safari/604.1"
4.218.10.83 - - [29/Dec/2025:13:33:55 +0300] "GET /inputs.php HTTP/1.1" 301 162 "https://www.google.fr/" "Mozilla/5.0 (iPad; CPU OS 17_0_3 like Mac OS X) AppleWebKit/605.1.15 (KHTML, like Gecko) Version/17.0.1 Mobile/15E148 Safari/604.1"
4.218.10.83 - - [29/Dec/2025:13:33:55 +0300] "GET /inputs.php HTTP/1.1" 404 31057 "https://www.google.fr/" "Mozilla/5.0 (iPad; CPU OS 17_0_3 like Mac OS X) AppleWebKit/605.1.15 (KHTML, like Gecko) Version/17.0.1 Mobile/15E148 Safari/604.1"
4.218.10.83 - - [29/Dec/2025:13:33:55 +0300] "GET /ioxi002.PhP7 HTTP/1.1" 301 162 "https://www.yahoo.com/" "Mozilla/5.0 (iPhone; CPU iPhone OS 15_7_9 like Mac OS X) AppleWebKit/605.1.15 (KHTML, like Gecko) Version/15.6.5 Mobile/15E148 Safari/604.1"
4.218.10.83 - - [29/Dec/2025:13:33:56 +0300] "GET /ioxi002.PhP7 HTTP/1.1" 404 31057 "https://www.yahoo.com/" "Mozilla/5.0 (iPhone; CPU iPhone OS 15_7_9 like Mac OS X) AppleWebKit/605.1.15 (KHTML, like Gecko) Version/15.6.5 Mobile/15E148 Safari/604.1"
4.218.10.83 - - [29/Dec/2025:13:33:56 +0300] "GET /k.php HTTP/1.1" 301 162 "https://www.bing.com/" "Mozilla/5.0 (Linux; Android 13; M2101K6G) AppleWebKit/537.36 (KHTML, like Gecko) Chrome/116.0.0.0 Mobile Safari/537.36"
4.218.10.83 - - [29/Dec/2025:13:33:56 +0300] "GET /k.php HTTP/1.1" 404 31057 "https://www.bing.com/" "Mozilla/5.0 (Linux; Android 13; M2101K6G) AppleWebKit/537.36 (KHTML, like Gecko) Chrome/116.0.0.0 Mobile Safari/537.36"
4.218.10.83 - - [29/Dec/2025:13:33:56 +0300] "GET /log.php HTTP/1.1" 301 162 "https://duckduckgo.com/" "Mozilla/5.0 (Linux; Android 12; 2201116SG) AppleWebKit/537.36 (KHTML, like Gecko) Chrome/116.0.0.0 Mobile Safari/537.36"
4.218.10.83 - - [29/Dec/2025:13:33:57 +0300] "GET /log.php HTTP/1.1" 404 31057 "https://duckduckgo.com/" "Mozilla/5.0 (Linux; Android 12; 2201116SG) AppleWebKit/537.36 (KHTML, like Gecko) Chrome/116.0.0.0 Mobile Safari/537.36"
4.218.10.83 - - [29/Dec/2025:13:33:57 +0300] "GET /lv.php HTTP/1.1" 301 162 "https://www.google.com/" "Mozilla/5.0 (Linux; Android 12; 2201116SG) AppleWebKit/537.36 (KHTML, like Gecko) Chrome/116.0.0.0 Mobile Safari/537.36"
4.218.10.83 - - [29/Dec/2025:13:33:57 +0300] "GET /lv.php HTTP/1.1" 404 31057 "https://www.google.com/" "Mozilla/5.0 (Linux; Android 12; 2201116SG) AppleWebKit/537.36 (KHTML, like Gecko) Chrome/116.0.0.0 Mobile Safari/537.36"
4.218.10.83 - - [29/Dec/2025:13:33:58 +0300] "GET /m.php HTTP/1.1" 301 162 "https://www.google.com/" "Mozilla/5.0 (iPad; CPU OS 16_7_2 like Mac OS X) AppleWebKit/605.1.15 (KHTML, like Gecko) Version/16.6 Mobile/15E148 Safari/604.1"
4.218.10.83 - - [29/Dec/2025:13:33:58 +0300] "GET /m.php HTTP/1.1" 404 31057 "https://www.google.com/" "Mozilla/5.0 (iPad; CPU OS 16_7_2 like Mac OS X) AppleWebKit/605.1.15 (KHTML, like Gecko) Version/16.6 Mobile/15E148 Safari/604.1"
