138.197.136.144 - - [29/Dec/2025:01:21:46 +0300] "GET /wp-includes/images/about.php HTTP/1.1" 404 33138 "-" "-"
138.197.136.144 - - [29/Dec/2025:01:21:47 +0300] "GET //wp-includes/about.php HTTP/1.1" 301 5 "-" "-"
138.197.136.144 - - [29/Dec/2025:01:21:47 +0300] "GET /wp-includes/about.php HTTP/1.1" 404 31057 "-" "-"
138.197.136.144 - - [29/Dec/2025:01:21:47 +0300] "GET //nf_tracking.php HTTP/1.1" 301 5 "-" "-"
138.197.136.144 - - [29/Dec/2025:01:21:47 +0300] "GET /nf_tracking.php HTTP/1.1" 404 31057 "-" "-"
138.197.136.144 - - [29/Dec/2025:01:21:47 +0300] "GET //wp-pano.php HTTP/1.1" 301 5 "-" "-"
138.197.136.144 - - [29/Dec/2025:01:21:48 +0300] "GET /wp-pano.php HTTP/1.1" 404 31057 "-" "-"
138.197.136.144 - - [29/Dec/2025:01:21:48 +0300] "GET //defaul1.php HTTP/1.1" 301 5 "-" "-"
138.197.136.144 - - [29/Dec/2025:01:21:48 +0300] "GET /defaul1.php HTTP/1.1" 404 31057 "-" "-"
138.197.136.144 - - [29/Dec/2025:01:21:48 +0300] "GET //wp-content/wso.php HTTP/1.1" 301 5 "-" "-"
138.197.136.144 - - [29/Dec/2025:01:21:48 +0300] "GET /wp-content/wso.php HTTP/1.1" 404 31057 "-" "-"
138.197.136.144 - - [29/Dec/2025:01:21:49 +0300] "GET //themes.php HTTP/1.1" 301 5 "-" "-"
138.197.136.144 - - [29/Dec/2025:01:21:49 +0300] "GET /themes.php HTTP/1.1" 404 31057 "-" "-"
138.197.136.144 - - [29/Dec/2025:01:21:49 +0300] "GET //xl2023.php HTTP/1.1" 301 5 "-" "-"
138.197.136.144 - - [29/Dec/2025:01:21:49 +0300] "GET /xl2023.php HTTP/1.1" 404 31057 "-" "-"
138.197.136.144 - - [29/Dec/2025:01:21:50 +0300] "GET //fm1.php HTTP/1.1" 301 5 "-" "-"
138.197.136.144 - - [29/Dec/2025:01:21:50 +0300] "GET /fm1.php HTTP/1.1" 404 31057 "-" "-"
138.197.136.144 - - [29/Dec/2025:01:21:50 +0300] "GET //wso112233.php HTTP/1.1" 301 5 "-" "-"
138.197.136.144 - - [29/Dec/2025:01:21:50 +0300] "GET /wso112233.php HTTP/1.1" 404 31057 "-" "-"
138.197.136.144 - - [29/Dec/2025:01:21:51 +0300] "GET //shell20211028.php HTTP/1.1" 301 5 "-" "-"
138.197.136.144 - - [29/Dec/2025:01:21:51 +0300] "GET /shell20211028.php HTTP/1.1" 404 31057 "-" "-"
138.197.136.144 - - [29/Dec/2025:01:21:51 +0300] "GET //.well-known/wso112233.php HTTP/1.1" 301 5 "-" "-"
138.197.136.144 - - [29/Dec/2025:01:21:51 +0300] "GET /.well-known/wso112233.php HTTP/1.1" 404 31057 "-" "-"
138.197.136.144 - - [29/Dec/2025:01:21:51 +0300] "GET //wp-content/shell20211028.php HTTP/1.1" 301 5 "-" "-"
138.197.136.144 - - [29/Dec/2025:01:21:52 +0300] "GET /wp-content/shell20211028.php HTTP/1.1" 404 31057 "-" "-"
138.197.136.144 - - [29/Dec/2025:01:21:52 +0300] "GET //wp-content/themes/travel/issue.php HTTP/1.1" 301 5 "-" "-"
138.197.136.144 - - [29/Dec/2025:01:21:52 +0300] "GET /wp-content/themes/travel/issue.php HTTP/1.1" 404 33138 "-" "-"
138.197.136.144 - - [29/Dec/2025:01:21:52 +0300] "GET //wp-content/themes/travelscape/json.php HTTP/1.1" 301 5 "-" "-"
138.197.136.144 - - [29/Dec/2025:01:21:52 +0300] "GET /wp-content/themes/travelscape/json.php HTTP/1.1" 404 33138 "-" "-"
138.197.136.144 - - [29/Dec/2025:01:21:53 +0300] "GET //wp-content/plugins/contact-form-7/includes/js/jquery-ui/themes/smoothness/admin.php HTTP/1.1" 301 5 "-" "-"
138.197.136.144 - - [29/Dec/2025:01:21:53 +0300] "GET /wp-content/plugins/contact-form-7/includes/js/jquery-ui/themes/smoothness/admin.php HTTP/1.1" 404 33138 "-" "-"
138.197.136.144 - - [29/Dec/2025:01:21:55 +0300] "GET //wp-admin/admin.php HTTP/1.1" 302 5 "-" "-"
138.197.136.144 - - [29/Dec/2025:01:21:56 +0300] "GET /wp-login.php?redirect_to=https%3A%2F%2Flevasheva.ru%2F%2Fwp-admin%2Fadmin.php&reauth=1 HTTP/1.1" 200 12328 "-" "-"
138.197.136.144 - - [29/Dec/2025:01:21:56 +0300] "GET //wp-content/plugins/fix/up.php HTTP/1.1" 301 5 "-" "-"
138.197.136.144 - - [29/Dec/2025:01:21:56 +0300] "GET /wp-content/plugins/fix/up.php HTTP/1.1" 404 33138 "-" "-"
138.197.136.144 - - [29/Dec/2025:01:21:57 +0300] "GET //.well-known/ans.php HTTP/1.1" 301 5 "-" "-"
138.197.136.144 - - [29/Dec/2025:01:21:57 +0300] "GET /.well-known/ans.php HTTP/1.1" 404 31057 "-" "-"
138.197.136.144 - - [29/Dec/2025:01:21:57 +0300] "GET //index/function.php HTTP/1.1" 301 5 "-" "-"
138.197.136.144 - - [29/Dec/2025:01:21:57 +0300] "GET /index/function.php HTTP/1.1" 404 31057 "-" "-"
138.197.136.144 - - [29/Dec/2025:01:21:58 +0300] "GET //.well-known/lo.php HTTP/1.1" 301 5 "-" "-"
138.197.136.144 - - [29/Dec/2025:01:21:58 +0300] "GET /.well-known/lo.php HTTP/1.1" 404 31057 "-" "-"
138.197.136.144 - - [29/Dec/2025:01:21:58 +0300] "GET //wp-includes/block-supports/abe.php HTTP/1.1" 301 5 "-" "-"
138.197.136.144 - - [29/Dec/2025:01:21:58 +0300] "GET /wp-includes/block-supports/abe.php HTTP/1.1" 404 33138 "-" "-"
138.197.136.144 - - [29/Dec/2025:01:21:59 +0300] "GET //wp-content/plugins/wp-mail-smtp/src/content.php HTTP/1.1" 301 5 "-" "-"
138.197.136.144 - - [29/Dec/2025:01:21:59 +0300] "GET /wp-content/plugins/wp-mail-smtp/src/content.php HTTP/1.1" 404 33138 "-" "-"
138.197.136.144 - - [29/Dec/2025:01:21:59 +0300] "GET //wp-site-analytics.php HTTP/1.1" 301 5 "-" "-"
138.197.136.144 - - [29/Dec/2025:01:22:00 +0300] "GET /wp-site-analytics.php HTTP/1.1" 404 31057 "-" "-"
138.197.136.144 - - [29/Dec/2025:01:22:00 +0300] "GET //wp-content/languages/plugins/admin.php HTTP/1.1" 301 5 "-" "-"
138.197.136.144 - - [29/Dec/2025:01:22:00 +0300] "GET /wp-content/languages/plugins/admin.php HTTP/1.1" 404 33138 "-" "-"
138.197.136.144 - - [29/Dec/2025:01:22:00 +0300] "GET //wp-includes/js/tinymce/plugins/fullscreen/about.php HTTP/1.1" 301 5 "-" "-"
138.197.136.144 - - [29/Dec/2025:01:22:00 +0300] "GET /wp-includes/js/tinymce/plugins/fullscreen/about.php HTTP/1.1" 404 33138 "-" "-"
138.197.136.144 - - [29/Dec/2025:01:22:01 +0300] "GET //.well-known/admin.php HTTP/1.1" 301 5 "-" "-"
138.197.136.144 - - [29/Dec/2025:01:22:01 +0300] "GET /.well-known/admin.php HTTP/1.1" 404 31057 "-" "-"
138.197.136.144 - - [29/Dec/2025:01:22:01 +0300] "GET //.well-known/pki-validation/admin.php HTTP/1.1" 301 5 "-" "-"
138.197.136.144 - - [29/Dec/2025:01:22:02 +0300] "GET /.well-known/pki-validation/admin.php HTTP/1.1" 404 33138 "-" "-"
138.197.136.144 - - [29/Dec/2025:01:22:02 +0300] "GET //upload/uday.php HTTP/1.1" 301 5 "-" "-"
138.197.136.144 - - [29/Dec/2025:01:22:02 +0300] "GET /upload/uday.php HTTP/1.1" 404 31057 "-" "-"
138.197.136.144 - - [29/Dec/2025:01:22:03 +0300] "GET //wp-includes/assets/wp-trackback.php HTTP/1.1" 301 5 "-" "-"
138.197.136.144 - - [29/Dec/2025:01:22:03 +0300] "GET /wp-includes/assets/wp-trackback.php HTTP/1.1" 404 33138 "-" "-"
138.197.136.144 - - [29/Dec/2025:01:22:03 +0300] "GET //wp-includes/js/470594182XmX.php HTTP/1.1" 301 5 "-" "-"
138.197.136.144 - - [29/Dec/2025:01:22:04 +0300] "GET /wp-includes/js/470594182XmX.php HTTP/1.1" 404 33138 "-" "-"
138.197.136.144 - - [29/Dec/2025:01:22:04 +0300] "GET //images/resumes/by.php HTTP/1.1" 301 5 "-" "-"
138.197.136.144 - - [29/Dec/2025:01:22:04 +0300] "GET /images/resumes/by.php HTTP/1.1" 404 33138 "-" "-"
138.197.136.144 - - [29/Dec/2025:01:22:05 +0300] "GET //wp-admin/plugin.php HTTP/1.1" 301 5 "-" "-"
138.197.136.144 - - [29/Dec/2025:01:22:05 +0300] "GET /wp-admin/plugin.php HTTP/1.1" 404 31057 "-" "-"
138.197.136.144 - - [29/Dec/2025:01:22:05 +0300] "GET //.well-known/pki-validation/worksec.php HTTP/1.1" 301 5 "-" "-"
138.197.136.144 - - [29/Dec/2025:01:22:05 +0300] "GET /.well-known/pki-validation/worksec.php HTTP/1.1" 404 33138 "-" "-"
138.197.136.144 - - [29/Dec/2025:01:22:06 +0300] "GET //wp-includes/random_compat/bala.php HTTP/1.1" 301 5 "-" "-"
138.197.136.144 - - [29/Dec/2025:01:22:06 +0300] "GET /wp-includes/random_compat/bala.php HTTP/1.1" 404 33138 "-" "-"
138.197.136.144 - - [29/Dec/2025:01:22:06 +0300] "GET //upload/2021_02_08/config.inc.php HTTP/1.1" 301 5 "-" "-"
138.197.136.144 - - [29/Dec/2025:01:22:06 +0300] "GET /upload/2021_02_08/config.inc.php HTTP/1.1" 404 33138 "-" "-"
138.197.136.144 - - [29/Dec/2025:01:22:06 +0300] "GET //wp-includes/css/dist/editor/radio.php HTTP/1.1" 301 5 "-" "-"
138.197.136.144 - - [29/Dec/2025:01:22:07 +0300] "GET /wp-includes/css/dist/editor/radio.php HTTP/1.1" 404 33138 "-" "-"
138.197.136.144 - - [29/Dec/2025:01:22:08 +0300] "GET //wp-includes/Requests/Transport/post.Php HTTP/1.1" 301 5 "-" "-"
138.197.136.144 - - [29/Dec/2025:01:22:08 +0300] "GET /wp-includes/Requests/Transport/post.Php HTTP/1.1" 404 33138 "-" "-"
138.197.136.144 - - [29/Dec/2025:01:22:08 +0300] "GET //wp-includes/Requests/Auth/images.php HTTP/1.1" 301 5 "-" "-"
138.197.136.144 - - [29/Dec/2025:01:22:09 +0300] "GET /wp-includes/Requests/Auth/images.php HTTP/1.1" 404 33138 "-" "-"
138.197.136.144 - - [29/Dec/2025:01:22:09 +0300] "GET //wp-includes/Text/about.php HTTP/1.1" 301 5 "-" "-"
138.197.136.144 - - [29/Dec/2025:01:22:09 +0300] "GET /wp-includes/Text/about.php HTTP/1.1" 404 33138 "-" "-"
138.197.136.144 - - [29/Dec/2025:01:22:09 +0300] "GET //shell20211028.php HTTP/1.1" 301 5 "-" "-"
138.197.136.144 - - [29/Dec/2025:01:22:10 +0300] "GET /shell20211028.php HTTP/1.1" 404 31057 "-" "-"
138.197.136.144 - - [29/Dec/2025:01:22:10 +0300] "GET //wp-includes/wp-class.php HTTP/1.1" 301 5 "-" "-"
138.197.136.144 - - [29/Dec/2025:01:22:10 +0300] "GET /wp-includes/wp-class.php HTTP/1.1" 404 31057 "-" "-"
138.197.136.144 - - [29/Dec/2025:01:22:11 +0300] "GET //wp-content/shell20211028.php HTTP/1.1" 301 5 "-" "-"
138.197.136.144 - - [29/Dec/2025:01:22:11 +0300] "GET /wp-content/shell20211028.php HTTP/1.1" 404 31057 "-" "-"
138.197.136.144 - - [29/Dec/2025:01:22:11 +0300] "GET //wp-includes/ID3/about.php HTTP/1.1" 301 5 "-" "-"
138.197.136.144 - - [29/Dec/2025:01:22:11 +0300] "GET /wp-includes/ID3/about.php HTTP/1.1" 404 33138 "-" "-"
138.197.136.144 - - [29/Dec/2025:01:22:11 +0300] "GET //wp-2019.php HTTP/1.1" 301 5 "-" "-"
138.197.136.144 - - [29/Dec/2025:01:22:12 +0300] "GET /wp-2019.php HTTP/1.1" 404 31057 "-" "-"
82.148.16.210 - - [29/Dec/2025:01:23:23 +0300] "POST /wp-cron.php?doing_wp_cron=1766960603.8760430812835693359375 HTTP/1.1" 200 31 "-" "WordPress/6.9-alpha-60450; https://levasheva.ru"
74.208.123.88 - - [29/Dec/2025:01:23:23 +0300] "GET /wp-login.php HTTP/2.0" 200 3445 "-" "Mozilla/5.0 (X11; Linux x86_64) AppleWebKit/537.36 (KHTML, like Gecko) Chrome/66.0.3359.170 Safari/537.36"
74.208.123.88 - - [29/Dec/2025:01:23:24 +0300] "POST /wp-login.php HTTP/2.0" 200 3637 "https://levasheva.ru/wp-login.php" "Mozilla/5.0 (X11; Linux x86_64) AppleWebKit/537.36 (KHTML, like Gecko) Chrome/66.0.3359.170 Safari/537.36"
82.148.16.210 - - [29/Dec/2025:01:25:58 +0300] "POST /wp-cron.php?doing_wp_cron=1766960758.6981511116027832031250 HTTP/1.1" 200 31 "-" "WordPress/6.9-alpha-60450; https://levasheva.ru"
216.73.216.89 - - [29/Dec/2025:01:25:58 +0300] "GET /robots.txt HTTP/2.0" 200 122 "-" "Mozilla/5.0 AppleWebKit/537.36 (KHTML, like Gecko; compatible; ClaudeBot/1.0; +claudebot@anthropic.com)"
216.73.216.89 - - [29/Dec/2025:01:25:58 +0300] "GET /vystavka-krasota-yaponskoj-tushi/irina_levasheva_ulan_ude_01 HTTP/2.0" 301 0 "-" "Mozilla/5.0 AppleWebKit/537.36 (KHTML, like Gecko; compatible; ClaudeBot/1.0; +claudebot@anthropic.com)"
216.73.216.89 - - [29/Dec/2025:01:25:59 +0300] "GET /vystavka-krasota-yaponskoj-tushi/irina_levasheva_ulan_ude_01/ HTTP/2.0" 200 9886 "https://levasheva.ru/vystavka-krasota-yaponskoj-tushi/irina_levasheva_ulan_ude_01" "Mozilla/5.0 AppleWebKit/537.36 (KHTML, like Gecko; compatible; ClaudeBot/1.0; +claudebot@anthropic.com)"
82.148.16.210 - - [29/Dec/2025:01:27:04 +0300] "POST /wp-cron.php?doing_wp_cron=1766960824.1274430751800537109375 HTTP/1.1" 200 31 "-" "WordPress/6.9-alpha-60450; https://levasheva.ru"
216.73.216.89 - - [29/Dec/2025:01:27:04 +0300] "GET /sitemap_index.xml HTTP/2.0" 200 398 "-" "Mozilla/5.0 AppleWebKit/537.36 (KHTML, like Gecko; compatible; ClaudeBot/1.0; +claudebot@anthropic.com)"
82.148.16.210 - - [29/Dec/2025:01:27:33 +0300] "POST /wp-cron.php?doing_wp_cron=1766960853.0129680633544921875000 HTTP/1.1" 200 31 "-" "WordPress/6.9-alpha-60450; https://levasheva.ru"
62.210.113.184 - - [29/Dec/2025:01:27:33 +0300] "POST /xmlrpc.php HTTP/2.0" 200 269 "-" "Mozilla/5.0 (Windows NT 10.0; WOW64; Trident/7.0; Touch; TNJB; rv:11.0) like Gecko"
82.148.16.210 - - [29/Dec/2025:01:28:07 +0300] "POST /wp-cron.php?doing_wp_cron=1766960887.0878450870513916015625 HTTP/1.1" 200 31 "-" "WordPress/6.9-alpha-60450; https://levasheva.ru"
220.181.108.165 - - [29/Dec/2025:01:28:07 +0300] "GET /vystavka-krasota-yaponskoj-tushi/ HTTP/1.1" 200 13031 "-" "Mozilla/5.0 (compatible; Baiduspider/2.0; +http://www.baidu.com/search/spider.html)"
82.148.16.210 - - [29/Dec/2025:01:33:04 +0300] "POST /wp-cron.php?doing_wp_cron=1766961184.3574590682983398437500 HTTP/1.1" 200 31 "-" "WordPress/6.9-alpha-60450; https://levasheva.ru"
216.73.216.89 - - [29/Dec/2025:01:33:04 +0300] "GET /?p=1417 HTTP/2.0" 301 0 "-" "Mozilla/5.0 AppleWebKit/537.36 (KHTML, like Gecko; compatible; ClaudeBot/1.0; +claudebot@anthropic.com)"
216.73.216.89 - - [29/Dec/2025:01:33:05 +0300] "GET /students/shestak-vera/ HTTP/2.0" 200 11014 "https://levasheva.ru/?p=1417" "Mozilla/5.0 AppleWebKit/537.36 (KHTML, like Gecko; compatible; ClaudeBot/1.0; +claudebot@anthropic.com)"
103.234.161.118 - - [29/Dec/2025:01:41:47 +0300] "GET / HTTP/1.0" 301 162 "http://levasheva.ru/" "Mozilla/5.0 (Windows NT 10.0; Win64; x64) AppleWebKit/537.36 (KHTML, like Gecko) Chrome/131.0.0.0 Safari/537.36 Avast/131.0.0.0"
82.148.16.210 - - [29/Dec/2025:01:41:49 +0300] "POST /wp-cron.php?doing_wp_cron=1766961709.2143640518188476562500 HTTP/1.1" 200 31 "-" "WordPress/6.9-alpha-60450; https://levasheva.ru"
103.234.161.118 - - [29/Dec/2025:01:41:49 +0300] "GET / HTTP/1.0" 200 58663 "https://levasheva.ru/" "Mozilla/5.0 (Windows NT 10.0; Win64; x64) AppleWebKit/537.36 (KHTML, like Gecko) Chrome/131.0.0.0 Safari/537.36 Avast/131.0.0.0"
103.234.161.118 - - [29/Dec/2025:01:42:05 +0300] "POST / HTTP/1.0" 200 60099 "https://levasheva.ru/" "Mozilla/5.0 (Windows NT 10.0; Win64; x64) AppleWebKit/537.36 (KHTML, like Gecko) Chrome/131.0.0.0 Safari/537.36 Avast/131.0.0.0"
82.148.16.210 - - [29/Dec/2025:01:48:46 +0300] "POST /wp-cron.php?doing_wp_cron=1766962126.1579370498657226562500 HTTP/1.1" 200 31 "-" "WordPress/6.9-alpha-60450; https://levasheva.ru"
57.130.20.252 - - [29/Dec/2025:01:48:46 +0300] "POST /xmlrpc.php HTTP/2.0" 200 269 "-" "Mozilla/5.0 (Windows NT 6.3; Win64; x64; Trident/7.0; MALNJS; rv:11.0) like Gecko"
103.161.171.228 - - [29/Dec/2025:01:49:34 +0300] "GET / HTTP/1.0" 301 162 "http://levasheva.ru/" "Mozilla/5.0 (Windows NT 10.0; Win64; x64) AppleWebKit/537.36 (KHTML, like Gecko) Chrome/130.0.0.0 Safari/537.36"
103.161.171.205 - - [29/Dec/2025:01:49:34 +0300] "GET / HTTP/1.0" 301 162 "http://levasheva.ru/" "Mozilla/5.0 (Windows NT 10.0; Win64; x64) AppleWebKit/537.36 (KHTML, like Gecko) Chrome/131.0.0.0 Safari/537.36"
103.151.53.118 - - [29/Dec/2025:01:49:34 +0300] "GET / HTTP/1.0" 301 162 "http://levasheva.ru/" "Mozilla/5.0 (Windows NT 10.0; Win64; x64) AppleWebKit/537.36 (KHTML, like Gecko) Chrome/131.0.0.0 Safari/537.36 Avast/131.0.0.0"
82.148.16.210 - - [29/Dec/2025:01:49:35 +0300] "POST /wp-cron.php?doing_wp_cron=1766962175.0566530227661132812500 HTTP/1.1" 200 31 "-" "WordPress/6.9-alpha-60450; https://levasheva.ru"
103.161.171.228 - - [29/Dec/2025:01:49:35 +0300] "GET / HTTP/1.0" 200 58663 "https://levasheva.ru/" "Mozilla/5.0 (Windows NT 10.0; Win64; x64) AppleWebKit/537.36 (KHTML, like Gecko) Chrome/130.0.0.0 Safari/537.36"
103.161.171.205 - - [29/Dec/2025:01:49:35 +0300] "GET / HTTP/1.0" 200 58663 "https://levasheva.ru/" "Mozilla/5.0 (Windows NT 10.0; Win64; x64) AppleWebKit/537.36 (KHTML, like Gecko) Chrome/131.0.0.0 Safari/537.36"
103.151.53.118 - - [29/Dec/2025:01:49:35 +0300] "GET / HTTP/1.0" 200 58663 "https://levasheva.ru/" "Mozilla/5.0 (Windows NT 10.0; Win64; x64) AppleWebKit/537.36 (KHTML, like Gecko) Chrome/131.0.0.0 Safari/537.36 Avast/131.0.0.0"
103.157.204.34 - - [29/Dec/2025:01:49:36 +0300] "GET / HTTP/1.0" 301 162 "http://levasheva.ru/" "Mozilla/5.0 (Windows NT 10.0; Win64; x64) AppleWebKit/537.36 (KHTML, like Gecko) Chrome/131.0.0.0 Safari/537.36"
103.157.204.34 - - [29/Dec/2025:01:49:37 +0300] "GET / HTTP/1.0" 200 58663 "https://levasheva.ru/" "Mozilla/5.0 (Windows NT 10.0; Win64; x64) AppleWebKit/537.36 (KHTML, like Gecko) Chrome/131.0.0.0 Safari/537.36"
103.161.171.228 - - [29/Dec/2025:01:49:49 +0300] "POST / HTTP/1.0" 200 60318 "https://levasheva.ru/" "Mozilla/5.0 (Windows NT 10.0; Win64; x64) AppleWebKit/537.36 (KHTML, like Gecko) Chrome/130.0.0.0 Safari/537.36"
103.151.53.118 - - [29/Dec/2025:01:49:50 +0300] "POST / HTTP/1.0" 200 60201 "https://levasheva.ru/" "Mozilla/5.0 (Windows NT 10.0; Win64; x64) AppleWebKit/537.36 (KHTML, like Gecko) Chrome/131.0.0.0 Safari/537.36 Avast/131.0.0.0"
103.161.171.205 - - [29/Dec/2025:01:49:50 +0300] "POST / HTTP/1.0" 200 60208 "https://levasheva.ru/" "Mozilla/5.0 (Windows NT 10.0; Win64; x64) AppleWebKit/537.36 (KHTML, like Gecko) Chrome/131.0.0.0 Safari/537.36"
103.157.204.34 - - [29/Dec/2025:01:49:52 +0300] "POST / HTTP/1.0" 200 60258 "https://levasheva.ru/" "Mozilla/5.0 (Windows NT 10.0; Win64; x64) AppleWebKit/537.36 (KHTML, like Gecko) Chrome/131.0.0.0 Safari/537.36"
213.180.203.98 - - [29/Dec/2025:01:51:31 +0300] "GET /robots.txt HTTP/1.1" 301 162 "-" "Mozilla/5.0 (compatible; YandexBot/3.0; +http://yandex.com/bots)"
82.148.16.210 - - [29/Dec/2025:01:51:31 +0300] "POST /wp-cron.php?doing_wp_cron=1766962291.4098930358886718750000 HTTP/1.1" 200 31 "-" "WordPress/6.9-alpha-60450; https://levasheva.ru"
213.180.203.98 - - [29/Dec/2025:01:51:31 +0300] "GET /robots.txt HTTP/1.1" 200 181 "-" "Mozilla/5.0 (compatible; YandexBot/3.0; +http://yandex.com/bots)"
213.180.203.8 - - [29/Dec/2025:01:51:31 +0300] "GET / HTTP/1.1" 301 162 "-" "Mozilla/5.0 (compatible; YandexMetrika/2.0; +http://yandex.com/bots yabs01)"
95.108.213.254 - - [29/Dec/2025:01:51:31 +0300] "GET /robots.txt HTTP/1.1" 200 181 "-" "Mozilla/5.0 (compatible; YandexBot/3.0; +http://yandex.com/bots)"
87.250.224.31 - - [29/Dec/2025:01:51:32 +0300] "GET / HTTP/1.1" 200 12752 "-" "Mozilla/5.0 (compatible; YandexMetrika/2.0; +http://yandex.com/bots yabs01)"
82.148.16.210 - - [29/Dec/2025:01:55:59 +0300] "POST /wp-cron.php?doing_wp_cron=1766962559.1712610721588134765625 HTTP/1.1" 200 31 "-" "WordPress/6.9-alpha-60450; https://levasheva.ru"
38.242.224.227 - - [29/Dec/2025:01:55:59 +0300] "GET /robots.txt HTTP/1.1" 200 181 "-" "Mozilla/5.0 (compatible; MJ12bot/v1.4.8; http://mj12bot.com/)"
38.242.224.227 - - [29/Dec/2025:01:56:15 +0300] "GET /category/%D0%B1%D0%B5%D0%B7-%D1%80%D1%83%D0%B1%D1%80%D0%B8%D0%BA%D0%B8/feed/ HTTP/1.1" 200 1492 "-" "Mozilla/5.0 (compatible; MJ12bot/v1.4.8; http://mj12bot.com/)"
82.148.16.210 - - [29/Dec/2025:01:56:28 +0300] "POST /wp-cron.php?doing_wp_cron=1766962588.3831539154052734375000 HTTP/1.1" 200 31 "-" "WordPress/6.9-alpha-60450; https://levasheva.ru"
38.242.224.227 - - [29/Dec/2025:01:56:28 +0300] "GET /category/%D0%BD%D0%BE%D0%B2%D0%BE%D1%81%D1%82%D0%B8/feed/ HTTP/1.1" 200 89546 "-" "Mozilla/5.0 (compatible; MJ12bot/v1.4.8; http://mj12bot.com/)"
38.242.224.227 - - [29/Dec/2025:01:56:40 +0300] "GET /robots.txt HTTP/1.1" 301 162 "-" "Mozilla/5.0 (compatible; MJ12bot/v1.4.8; http://mj12bot.com/)"
38.242.224.227 - - [29/Dec/2025:01:56:54 +0300] "GET /robots.txt HTTP/1.1" 200 181 "-" "Mozilla/5.0 (compatible; MJ12bot/v1.4.8; http://mj12bot.com/)"
38.242.224.227 - - [29/Dec/2025:01:57:12 +0300] "GET /category/%D0%B1%D0%B5%D0%B7-%D1%80%D1%83%D0%B1%D1%80%D0%B8%D0%BA%D0%B8/ HTTP/1.1" 301 162 "-" "Mozilla/5.0 (compatible; MJ12bot/v1.4.8; http://mj12bot.com/)"
82.148.16.210 - - [29/Dec/2025:01:57:19 +0300] "POST /wp-cron.php?doing_wp_cron=1766962639.6839320659637451171875 HTTP/1.1" 200 31 "-" "WordPress/6.9-alpha-60450; https://levasheva.ru"
38.242.224.227 - - [29/Dec/2025:01:57:19 +0300] "GET /category/%D0%B1%D0%B5%D0%B7-%D1%80%D1%83%D0%B1%D1%80%D0%B8%D0%BA%D0%B8/ HTTP/1.1" 200 9293 "-" "Mozilla/5.0 (compatible; MJ12bot/v1.4.8; http://mj12bot.com/)"
38.242.224.227 - - [29/Dec/2025:01:57:33 +0300] "GET /category/%D0%BD%D0%BE%D0%B2%D0%BE%D1%81%D1%82%D0%B8/ HTTP/1.1" 301 162 "-" "Mozilla/5.0 (compatible; MJ12bot/v1.4.8; http://mj12bot.com/)"
38.242.224.227 - - [29/Dec/2025:01:57:45 +0300] "GET /category/%D0%BD%D0%BE%D0%B2%D0%BE%D1%81%D1%82%D0%B8/ HTTP/1.1" 200 11451 "-" "Mozilla/5.0 (compatible; MJ12bot/v1.4.8; http://mj12bot.com/)"
38.242.224.227 - - [29/Dec/2025:01:58:01 +0300] "GET /category/%D0%BD%D0%BE%D0%B2%D0%BE%D1%81%D1%82%D0%B8/page/2/ HTTP/1.1" 301 162 "-" "Mozilla/5.0 (compatible; MJ12bot/v1.4.8; http://mj12bot.com/)"
38.242.224.227 - - [29/Dec/2025:01:58:12 +0300] "GET /category/%D0%BD%D0%BE%D0%B2%D0%BE%D1%81%D1%82%D0%B8/page/2/ HTTP/1.1" 200 11898 "-" "Mozilla/5.0 (compatible; MJ12bot/v1.4.8; http://mj12bot.com/)"
38.242.224.227 - - [29/Dec/2025:01:58:19 +0300] "GET /category/%D0%BD%D0%BE%D0%B2%D0%BE%D1%81%D1%82%D0%B8/page/3/ HTTP/1.1" 301 162 "-" "Mozilla/5.0 (compatible; MJ12bot/v1.4.8; http://mj12bot.com/)"
82.148.16.210 - - [29/Dec/2025:01:58:27 +0300] "POST /wp-cron.php?doing_wp_cron=1766962707.2150540351867675781250 HTTP/1.1" 200 31 "-" "WordPress/6.9-alpha-60450; https://levasheva.ru"
38.242.224.227 - - [29/Dec/2025:01:58:27 +0300] "GET /category/%D0%BD%D0%BE%D0%B2%D0%BE%D1%81%D1%82%D0%B8/page/3/ HTTP/1.1" 200 12190 "-" "Mozilla/5.0 (compatible; MJ12bot/v1.4.8; http://mj12bot.com/)"
38.242.224.227 - - [29/Dec/2025:01:58:36 +0300] "GET /category/%D0%BD%D0%BE%D0%B2%D0%BE%D1%81%D1%82%D0%B8/page/4/ HTTP/1.1" 301 162 "-" "Mozilla/5.0 (compatible; MJ12bot/v1.4.8; http://mj12bot.com/)"
38.242.224.227 - - [29/Dec/2025:01:58:48 +0300] "GET /category/%D0%BD%D0%BE%D0%B2%D0%BE%D1%81%D1%82%D0%B8/page/4/ HTTP/1.1" 200 12193 "-" "Mozilla/5.0 (compatible; MJ12bot/v1.4.8; http://mj12bot.com/)"
38.242.224.227 - - [29/Dec/2025:01:58:59 +0300] "GET /category/%D0%BD%D0%BE%D0%B2%D0%BE%D1%81%D1%82%D0%B8/page/5/ HTTP/1.1" 301 162 "-" "Mozilla/5.0 (compatible; MJ12bot/v1.4.8; http://mj12bot.com/)"
38.242.224.227 - - [29/Dec/2025:01:59:12 +0300] "GET /category/%D0%BD%D0%BE%D0%B2%D0%BE%D1%81%D1%82%D0%B8/page/5/ HTTP/1.1" 200 11983 "-" "Mozilla/5.0 (compatible; MJ12bot/v1.4.8; http://mj12bot.com/)"
82.148.16.210 - - [29/Dec/2025:01:59:20 +0300] "POST /wp-cron.php?doing_wp_cron=1766962760.0858008861541748046875 HTTP/1.1" 200 31 "-" "WordPress/6.9-alpha-60450; https://levasheva.ru"
38.242.224.227 - - [29/Dec/2025:01:59:20 +0300] "GET /category/%D0%BD%D0%BE%D0%B2%D0%BE%D1%81%D1%82%D0%B8/page/8/ HTTP/1.1" 200 10639 "-" "Mozilla/5.0 (compatible; MJ12bot/v1.4.8; http://mj12bot.com/)"
38.242.224.227 - - [29/Dec/2025:01:59:28 +0300] "GET /tag/%E6%97%A5%E6%9C%AC%E3%81%AE%E7%BE%8E/feed/ HTTP/1.1" 200 25423 "-" "Mozilla/5.0 (compatible; MJ12bot/v1.4.8; http://mj12bot.com/)"
38.242.224.227 - - [29/Dec/2025:01:59:34 +0300] "GET /tag/%E6%97%A5%E6%9C%AC%E3%81%AE%E7%BE%8E/ HTTP/1.1" 301 162 "-" "Mozilla/5.0 (compatible; MJ12bot/v1.4.8; http://mj12bot.com/)"
38.242.224.227 - - [29/Dec/2025:01:59:41 +0300] "GET /tag/%E6%97%A5%E6%9C%AC%E3%81%AE%E7%BE%8E/ HTTP/1.1" 200 10339 "-" "Mozilla/5.0 (compatible; MJ12bot/v1.4.8; http://mj12bot.com/)"
38.242.224.227 - - [29/Dec/2025:01:59:45 +0300] "GET /vystavka-krasota-yaponii-%E6%97%A5%E6%9C%AC%E3%81%AE%E7%BE%8E/ HTTP/1.1" 301 162 "-" "Mozilla/5.0 (compatible; MJ12bot/v1.4.8; http://mj12bot.com/)"
38.242.224.227 - - [29/Dec/2025:01:59:50 +0300] "GET /vystavka-krasota-yaponii-%E6%97%A5%E6%9C%AC%E3%81%AE%E7%BE%8E/ HTTP/1.1" 200 12885 "-" "Mozilla/5.0 (compatible; MJ12bot/v1.4.8; http://mj12bot.com/)"
82.148.16.210 - - [29/Dec/2025:02:03:20 +0300] "POST /wp-cron.php?doing_wp_cron=1766963000.3476679325103759765625 HTTP/1.1" 200 31 "-" "WordPress/6.9-alpha-60450; https://levasheva.ru"
92.205.48.162 - - [29/Dec/2025:02:03:20 +0300] "GET /wp-login.php HTTP/2.0" 200 3445 "-" "Mozilla/5.0 (Windows NT 6.1) AppleWebKit/537.36 (KHTML, like Gecko) Chrome/67.0.3396.79 Safari/537.36"
92.205.48.162 - - [29/Dec/2025:02:03:21 +0300] "POST /wp-login.php HTTP/2.0" 200 3637 "https://levasheva.ru/wp-login.php" "Mozilla/5.0 (Windows NT 6.1) AppleWebKit/537.36 (KHTML, like Gecko) Chrome/67.0.3396.79 Safari/537.36"
82.148.16.210 - - [29/Dec/2025:02:09:55 +0300] "POST /wp-cron.php?doing_wp_cron=1766963395.0245549678802490234375 HTTP/1.1" 200 31 "-" "WordPress/6.9-alpha-60450; https://levasheva.ru"
65.21.171.238 - - [29/Dec/2025:02:09:55 +0300] "POST /xmlrpc.php HTTP/2.0" 200 269 "-" "Mozilla/5.0 (Macintosh; Intel Mac OS X 10_12_3) AppleWebKit/602.4.8 (KHTML, like Gecko) Version/10.0.3 Safari/602.4.8"
82.148.16.210 - - [29/Dec/2025:02:15:21 +0300] "POST /wp-cron.php?doing_wp_cron=1766963721.9080491065979003906250 HTTP/1.1" 200 31 "-" "WordPress/6.9-alpha-60450; https://levasheva.ru"
80.85.224.86 - - [29/Dec/2025:02:15:21 +0300] "POST /xmlrpc.php HTTP/1.1" 200 264 "-" "Mozilla/5.0 (Windows NT 10.0; Win64; x64; rv:61.0) Gecko/20100101 Firefox/61.0"
109.248.204.47 - - [29/Dec/2025:02:15:40 +0300] "GET / HTTP/2.0" 200 12739 "-" "Mozilla/5.0 (Linux; Android 14; SM-A750FN) AppleWebKit/537.36 (KHTML, like Gecko) Chrome/142.0.7444.60 Mobile Safari/537.36"
109.248.204.47 - - [29/Dec/2025:02:15:44 +0300] "GET /wp-json/contact-form-7/v1/contact-forms/4/feedback/schema HTTP/2.0" 200 333 "https://levasheva.ru/" "Mozilla/5.0 (Linux; Android 14; SM-A750FN) AppleWebKit/537.36 (KHTML, like Gecko) Chrome/142.0.7444.60 Mobile Safari/537.36"
109.248.204.47 - - [29/Dec/2025:02:15:44 +0300] "POST /wp-admin/admin-ajax.php HTTP/2.0" 200 2483 "https://levasheva.ru/" "Mozilla/5.0 (Linux; Android 14; SM-A750FN) AppleWebKit/537.36 (KHTML, like Gecko) Chrome/142.0.7444.60 Mobile Safari/537.36"
109.248.204.47 - - [29/Dec/2025:02:15:44 +0300] "POST /wp-admin/admin-ajax.php HTTP/2.0" 200 2043 "https://levasheva.ru/" "Mozilla/5.0 (Linux; Android 14; SM-A750FN) AppleWebKit/537.36 (KHTML, like Gecko) Chrome/142.0.7444.60 Mobile Safari/537.36"
109.248.204.47 - - [29/Dec/2025:02:15:45 +0300] "POST /wp-admin/admin-ajax.php HTTP/2.0" 200 3602 "https://levasheva.ru/" "Mozilla/5.0 (Linux; Android 14; SM-A750FN) AppleWebKit/537.36 (KHTML, like Gecko) Chrome/142.0.7444.60 Mobile Safari/537.36"
82.148.16.210 - - [29/Dec/2025:02:17:24 +0300] "POST /wp-cron.php?doing_wp_cron=1766963844.0340249538421630859375 HTTP/1.1" 200 31 "-" "WordPress/6.9-alpha-60450; https://levasheva.ru"
47.128.44.230 - - [29/Dec/2025:02:17:24 +0300] "GET /articles/texnika-maslyanoj-zhivopisi/ HTTP/2.0" 200 11931 "-" "Mozilla/5.0 (Linux; Android 5.0) AppleWebKit/537.36 (KHTML, like Gecko) Mobile Safari/537.36 (compatible; Bytespider; spider-feedback@bytedance.com)"
82.148.16.210 - - [29/Dec/2025:02:22:44 +0300] "POST /wp-cron.php?doing_wp_cron=1766964164.1772119998931884765625 HTTP/1.1" 200 31 "-" "WordPress/6.9-alpha-60450; https://levasheva.ru"
41.185.65.86 - - [29/Dec/2025:02:22:44 +0300] "GET /wp-login.php HTTP/2.0" 200 3445 "-" "Mozilla/5.0 (Macintosh; Intel Mac OS X 10_13_6) AppleWebKit/605.1.15 (KHTML, like Gecko) Version/11.1.2 Safari/605.1.15"
41.185.65.86 - - [29/Dec/2025:02:22:44 +0300] "POST /wp-login.php HTTP/2.0" 200 3637 "https://levasheva.ru/wp-login.php" "Mozilla/5.0 (Macintosh; Intel Mac OS X 10_13_6) AppleWebKit/605.1.15 (KHTML, like Gecko) Version/11.1.2 Safari/605.1.15"
82.148.16.210 - - [29/Dec/2025:02:26:47 +0300] "POST /wp-cron.php?doing_wp_cron=1766964406.9164109230041503906250 HTTP/1.1" 200 31 "-" "WordPress/6.9-alpha-60450; https://levasheva.ru"
51.195.215.194 - - [29/Dec/2025:02:26:47 +0300] "GET / HTTP/2.0" 200 12739 "-" "Mozilla/5.0 (compatible; AhrefsBot/7.0; +http://ahrefs.com/robot/)"
82.148.16.210 - - [29/Dec/2025:02:28:37 +0300] "POST /wp-cron.php?doing_wp_cron=1766964517.2099208831787109375000 HTTP/1.1" 200 31 "-" "WordPress/6.9-alpha-60450; https://levasheva.ru"
51.68.186.52 - - [29/Dec/2025:02:28:37 +0300] "GET /wp-content/plugins/wp-mail/modules/tags-contribute.php HTTP/2.0" 404 33125 "-" "Mozilla/5.0 (Windows NT 10.0; Win64; x64) AppleWebKit/537.36 (KHTML, like Gecko) Chrome/127.0.0.0 Safari/537.36"
82.148.16.210 - - [29/Dec/2025:02:30:41 +0300] "POST /wp-cron.php?doing_wp_cron=1766964641.0660710334777832031250 HTTP/1.1" 200 31 "-" "WordPress/6.9-alpha-60450; https://levasheva.ru"
185.141.133.58 - - [29/Dec/2025:02:30:41 +0300] "POST /xmlrpc.php HTTP/2.0" 200 269 "-" "Mozilla/5.0 (compatible; MSIE 10.0; Windows NT 6.2; Win64; x64; Trident/7.0)"
82.148.16.210 - - [29/Dec/2025:02:42:20 +0300] "POST /wp-cron.php?doing_wp_cron=1766965340.2972459793090820312500 HTTP/1.1" 200 31 "-" "WordPress/6.9-alpha-60450; https://levasheva.ru"
185.191.171.8 - - [29/Dec/2025:02:42:20 +0300] "GET /robots.txt HTTP/1.1" 200 133 "-" "Mozilla/5.0 (compatible; SemrushBot/7~bl; +http://www.semrush.com/bot.html)"
85.208.96.193 - - [29/Dec/2025:02:42:21 +0300] "GET /category/%D0%BD%D0%BE%D0%B2%D0%BE%D1%81%D1%82%D0%B8/page/4/ HTTP/1.1" 200 12193 "-" "Mozilla/5.0 (compatible; SemrushBot/7~bl; +http://www.semrush.com/bot.html)"
85.208.96.193 - - [29/Dec/2025:02:42:22 +0300] "GET /category/%D0%BD%D0%BE%D0%B2%D0%BE%D1%81%D1%82%D0%B8/page/4/ HTTP/1.1" 200 12193 "-" "Mozilla/5.0 (compatible; SemrushBot/7~bl; +http://www.semrush.com/bot.html)"
45.88.150.241 - - [29/Dec/2025:02:48:01 +0300] "GET /works/japanese-painting/tansaku HTTP/1.1" 301 162 "-" "Mozilla/5.0 (keys-so-bot)"
82.148.16.210 - - [29/Dec/2025:02:48:02 +0300] "POST /wp-cron.php?doing_wp_cron=1766965682.5254800319671630859375 HTTP/1.1" 200 31 "-" "WordPress/6.9-alpha-60450; https://levasheva.ru"
45.88.150.241 - - [29/Dec/2025:02:48:02 +0300] "GET /works/japanese-painting/tansaku HTTP/2.0" 301 0 "http://levasheva.ru/works/japanese-painting/tansaku" "Mozilla/5.0 (keys-so-bot)"
45.88.150.241 - - [29/Dec/2025:02:48:03 +0300] "GET /works/japanese-painting/tansaku/ HTTP/2.0" 200 10666 "https://levasheva.ru/works/japanese-painting/tansaku" "Mozilla/5.0 (keys-so-bot)"
117.33.163.216 - - [29/Dec/2025:02:52:32 +0300] "GET / HTTP/1.1" 301 162 "-" "Mozilla/5.0 (iPhone; CPU iPhone OS 13_2_3 like Mac OS X) AppleWebKit/605.1.15 (KHTML, like Gecko) Version/13.0.3 Mobile/15E148 Safari/604.1"
82.148.16.210 - - [29/Dec/2025:02:52:36 +0300] "POST /wp-cron.php?doing_wp_cron=1766965956.2413730621337890625000 HTTP/1.1" 200 31 "-" "WordPress/6.9-alpha-60450; https://levasheva.ru"
117.33.163.216 - - [29/Dec/2025:02:52:36 +0300] "GET / HTTP/1.1" 200 12752 "http://levasheva.ru" "Mozilla/5.0 (iPhone; CPU iPhone OS 13_2_3 like Mac OS X) AppleWebKit/605.1.15 (KHTML, like Gecko) Version/13.0.3 Mobile/15E148 Safari/604.1"
82.148.16.210 - - [29/Dec/2025:02:55:20 +0300] "POST /wp-cron.php?doing_wp_cron=1766966120.6991930007934570312500 HTTP/1.1" 200 31 "-" "WordPress/6.9-alpha-60450; https://levasheva.ru"
40.77.167.2 - - [29/Dec/2025:02:55:20 +0300] "GET /students/chernyavskaya-nataliya/chernyavskaya_nataliya_12/ HTTP/2.0" 200 9853 "-" "Mozilla/5.0 AppleWebKit/537.36 (KHTML, like Gecko; compatible; bingbot/2.0; +http://www.bing.com/bingbot.htm) Chrome/116.0.1938.76 Safari/537.36"
51.68.186.52 - - [29/Dec/2025:02:56:14 +0300] "GET /?check_plugin HTTP/2.0" 200 58676 "-" "Mozilla/5.0 (Windows NT 10.0; Win64; x64) AppleWebKit/537.36 (KHTML, like Gecko) Chrome/127.0.0.0 Safari/537.36"
82.148.16.210 - - [29/Dec/2025:02:59:55 +0300] "POST /wp-cron.php?doing_wp_cron=1766966395.7250709533691406250000 HTTP/1.1" 200 31 "-" "WordPress/6.9-alpha-60450; https://levasheva.ru"
51.195.244.58 - - [29/Dec/2025:02:59:56 +0300] "GET /sitemap_index.xml HTTP/2.0" 200 398 "-" "Mozilla/5.0 (compatible; AhrefsBot/7.0; +http://ahrefs.com/robot/)"
82.148.16.210 - - [29/Dec/2025:03:00:07 +0300] "POST /wp-cron.php?doing_wp_cron=1766966407.7929799556732177734375 HTTP/1.1" 200 31 "-" "WordPress/6.9-alpha-60450; https://levasheva.ru"
51.89.129.49 - - [29/Dec/2025:03:00:08 +0300] "GET /post-sitemap.xml HTTP/2.0" 200 4739 "-" "Mozilla/5.0 (compatible; AhrefsBot/7.0; +http://ahrefs.com/robot/)"
82.148.16.210 - - [29/Dec/2025:03:00:19 +0300] "POST /wp-cron.php?doing_wp_cron=1766966419.3467409610748291015625 HTTP/1.1" 200 31 "-" "WordPress/6.9-alpha-60450; https://levasheva.ru"
51.195.215.234 - - [29/Dec/2025:03:00:19 +0300] "GET /page-sitemap.xml HTTP/2.0" 200 2241 "-" "Mozilla/5.0 (compatible; AhrefsBot/7.0; +http://ahrefs.com/robot/)"
198.244.240.17 - - [29/Dec/2025:03:00:30 +0300] "GET /attachment-sitemap.xml HTTP/2.0" 200 11527 "-" "Mozilla/5.0 (compatible; AhrefsBot/7.0; +http://ahrefs.com/robot/)"
198.244.226.255 - - [29/Dec/2025:03:00:42 +0300] "GET /attachment-sitemap2.xml HTTP/2.0" 200 1075 "-" "Mozilla/5.0 (compatible; AhrefsBot/7.0; +http://ahrefs.com/robot/)"
198.244.183.110 - - [29/Dec/2025:03:00:52 +0300] "GET /category-sitemap.xml HTTP/2.0" 200 424 "-" "Mozilla/5.0 (compatible; AhrefsBot/7.0; +http://ahrefs.com/robot/)"
216.73.216.89 - - [29/Dec/2025:03:01:02 +0300] "GET /robots.txt HTTP/2.0" 200 122 "-" "Mozilla/5.0 AppleWebKit/537.36 (KHTML, like Gecko; compatible; ClaudeBot/1.0; +claudebot@anthropic.com)"
216.73.216.89 - - [29/Dec/2025:03:01:03 +0300] "GET /sitemap_index.xml HTTP/2.0" 200 398 "-" "Mozilla/5.0 AppleWebKit/537.36 (KHTML, like Gecko; compatible; ClaudeBot/1.0; +claudebot@anthropic.com)"
198.244.183.125 - - [29/Dec/2025:03:01:03 +0300] "GET /post_tag-sitemap.xml HTTP/2.0" 200 823 "-" "Mozilla/5.0 (compatible; AhrefsBot/7.0; +http://ahrefs.com/robot/)"
198.244.242.164 - - [29/Dec/2025:03:01:13 +0300] "GET /portfolio_tags-sitemap.xml HTTP/2.0" 200 402 "-" "Mozilla/5.0 (compatible; AhrefsBot/7.0; +http://ahrefs.com/robot/)"
82.148.16.210 - - [29/Dec/2025:03:01:24 +0300] "POST /wp-cron.php?doing_wp_cron=1766966484.2091479301452636718750 HTTP/1.1" 200 31 "-" "WordPress/6.9-alpha-60450; https://levasheva.ru"
54.38.147.8 - - [29/Dec/2025:03:01:24 +0300] "GET /author-sitemap.xml HTTP/2.0" 200 366 "-" "Mozilla/5.0 (compatible; AhrefsBot/7.0; +http://ahrefs.com/robot/)"
82.148.16.210 - - [29/Dec/2025:03:02:48 +0300] "POST /wp-cron.php?doing_wp_cron=1766966568.3267989158630371093750 HTTP/1.1" 200 31 "-" "WordPress/6.9-alpha-60450; https://levasheva.ru"
102.223.7.56 - - [29/Dec/2025:03:02:48 +0300] "GET /wp-login.php HTTP/2.0" 200 3447 "-" "Mozilla/5.0 (Macintosh; Intel Mac OS X 10_13_2) AppleWebKit/537.36 (KHTML, like Gecko) Chrome/65.0.3325.162 Safari/537.36"
102.223.7.56 - - [29/Dec/2025:03:02:48 +0300] "POST /wp-login.php HTTP/2.0" 200 3638 "https://levasheva.ru/wp-login.php" "Mozilla/5.0 (Macintosh; Intel Mac OS X 10_13_2) AppleWebKit/537.36 (KHTML, like Gecko) Chrome/65.0.3325.162 Safari/537.36"
216.73.216.89 - - [29/Dec/2025:03:03:09 +0300] "GET /index/irina_levasheva_2017_23 HTTP/2.0" 301 0 "-" "Mozilla/5.0 AppleWebKit/537.36 (KHTML, like Gecko; compatible; ClaudeBot/1.0; +claudebot@anthropic.com)"
216.73.216.89 - - [29/Dec/2025:03:03:09 +0300] "GET /index/irina_levasheva_2017_23/ HTTP/2.0" 200 9739 "https://levasheva.ru/index/irina_levasheva_2017_23" "Mozilla/5.0 AppleWebKit/537.36 (KHTML, like Gecko; compatible; ClaudeBot/1.0; +claudebot@anthropic.com)"
82.148.16.210 - - [29/Dec/2025:03:05:02 +0300] "POST /wp-cron.php?doing_wp_cron=1766966702.8195800781250000000000 HTTP/1.1" 200 31 "-" "WordPress/6.9-alpha-60450; https://levasheva.ru"
59.125.102.142 - - [29/Dec/2025:03:05:03 +0300] "POST /xmlrpc.php HTTP/1.1" 200 264 "-" "Mozilla/5.0 (Windows NT 10.0; Win64; x64; rv:78.0) Gecko/20100101 Firefox/78.0"
82.148.16.210 - - [29/Dec/2025:03:07:35 +0300] "POST /wp-cron.php?doing_wp_cron=1766966855.2674300670623779296875 HTTP/1.1" 200 31 "-" "WordPress/6.9-alpha-60450; https://levasheva.ru"
198.98.61.40 - - [29/Dec/2025:03:07:35 +0300] "GET / HTTP/1.1" 200 12752 "https://www.google.com/" "Mozilla/5.0 (Macintosh; Intel Mac OS X 14.6; rv:131.0) Gecko/20100101 Firefox/131.0"
82.148.16.210 - - [29/Dec/2025:03:09:39 +0300] "POST /wp-cron.php?doing_wp_cron=1766966979.2151629924774169921875 HTTP/1.1" 200 31 "-" "WordPress/6.9-alpha-60450; https://levasheva.ru"
198.98.61.40 - - [29/Dec/2025:03:09:39 +0300] "GET /wp-login.php HTTP/1.1" 200 3459 "https://www.google.com/" "Mozilla/5.0 (Macintosh; Intel Mac OS X 14.6; rv:131.0) Gecko/20100101 Firefox/131.0"
82.148.16.210 - - [29/Dec/2025:03:11:51 +0300] "POST /wp-cron.php?doing_wp_cron=1766967111.0788500308990478515625 HTTP/1.1" 200 31 "-" "WordPress/6.9-alpha-60450; https://levasheva.ru"
198.98.61.40 - - [29/Dec/2025:03:11:51 +0300] "POST /wp-login.php HTTP/1.1" 200 3605 "https://www.google.com/" "Mozilla/5.0 (Macintosh; Intel Mac OS X 14.6; rv:131.0) Gecko/20100101 Firefox/131.0"
82.148.16.210 - - [29/Dec/2025:03:13:15 +0300] "POST /wp-cron.php?doing_wp_cron=1766967195.5860021114349365234375 HTTP/1.1" 200 31 "-" "WordPress/6.9-alpha-60450; https://levasheva.ru"
102.223.7.56 - - [29/Dec/2025:03:13:15 +0300] "POST /xmlrpc.php HTTP/2.0" 200 269 "-" "Mozilla/5.0 (Macintosh; Intel Mac OS X 10_11_6) AppleWebKit/604.4.7 (KHTML, like Gecko) Version/11.0.2 Safari/604.4.7"
82.148.16.210 - - [29/Dec/2025:03:21:25 +0300] "POST /wp-cron.php?doing_wp_cron=1766967684.9633209705352783203125 HTTP/1.1" 200 31 "-" "WordPress/6.9-alpha-60450; https://levasheva.ru"
216.73.216.89 - - [29/Dec/2025:03:21:25 +0300] "GET /?p=1641 HTTP/2.0" 301 0 "-" "Mozilla/5.0 AppleWebKit/537.36 (KHTML, like Gecko; compatible; ClaudeBot/1.0; +claudebot@anthropic.com)"
216.73.216.89 - - [29/Dec/2025:03:21:25 +0300] "GET /vystavka-krasota-yaponskoj-tushi/irina_levasheva_ulan_ude_01/ HTTP/2.0" 200 9886 "https://levasheva.ru/?p=1641" "Mozilla/5.0 AppleWebKit/537.36 (KHTML, like Gecko; compatible; ClaudeBot/1.0; +claudebot@anthropic.com)"
4.230.45.150 - - [29/Dec/2025:03:23:40 +0300] "GET /.well-known/rk2.php HTTP/1.1" 301 162 "https://duckduckgo.com/" "Mozilla/5.0 (iPhone; CPU iPhone OS 16_6_1 like Mac OS X) AppleWebKit/605.1.15 (KHTML, like Gecko) Version/16.6 Mobile/15E148 Safari/604.1"
82.148.16.210 - - [29/Dec/2025:03:23:41 +0300] "POST /wp-cron.php?doing_wp_cron=1766967821.3623869419097900390625 HTTP/1.1" 200 31 "-" "WordPress/6.9-alpha-60450; https://levasheva.ru"
4.230.45.150 - - [29/Dec/2025:03:23:41 +0300] "GET /.well-known/rk2.php HTTP/1.1" 404 31057 "https://duckduckgo.com/" "Mozilla/5.0 (iPhone; CPU iPhone OS 16_6_1 like Mac OS X) AppleWebKit/605.1.15 (KHTML, like Gecko) Version/16.6 Mobile/15E148 Safari/604.1"
4.230.45.150 - - [29/Dec/2025:03:23:41 +0300] "GET /ioxi-o.php HTTP/1.1" 301 162 "https://www.bing.com/" "Mozilla/5.0 (iPhone; CPU iPhone OS 17_1 like Mac OS X) AppleWebKit/605.1.15 (KHTML, like Gecko) CriOS/119.0.6045.109 Mobile/15E148 Safari/604.1"
4.230.45.150 - - [29/Dec/2025:03:23:42 +0300] "GET /ioxi-o.php HTTP/1.1" 404 31057 "https://www.bing.com/" "Mozilla/5.0 (iPhone; CPU iPhone OS 17_1 like Mac OS X) AppleWebKit/605.1.15 (KHTML, like Gecko) CriOS/119.0.6045.109 Mobile/15E148 Safari/604.1"
4.230.45.150 - - [29/Dec/2025:03:23:42 +0300] "GET /0x.php HTTP/1.1" 301 162 "https://www.google.co.uk/" "Mozilla/5.0 (iPhone; CPU iPhone OS 17_1_1 like Mac OS X) AppleWebKit/605.1.15 (KHTML, like Gecko) Version/17.1 Mobile/15E148 Safari/604.1"
4.230.45.150 - - [29/Dec/2025:03:23:43 +0300] "GET /0x.php HTTP/1.1" 404 31057 "https://www.google.co.uk/" "Mozilla/5.0 (iPhone; CPU iPhone OS 17_1_1 like Mac OS X) AppleWebKit/605.1.15 (KHTML, like Gecko) Version/17.1 Mobile/15E148 Safari/604.1"
4.230.45.150 - - [29/Dec/2025:03:23:43 +0300] "GET /222.php HTTP/1.1" 301 162 "https://www.google.com/" "Mozilla/5.0 (Linux; Android 14; Pixel 8 Pro) AppleWebKit/537.36 (KHTML, like Gecko) Chrome/119.0.0.0 Mobile Safari/537.36"
4.230.45.150 - - [29/Dec/2025:03:23:43 +0300] "GET /222.php HTTP/1.1" 404 31057 "https://www.google.com/" "Mozilla/5.0 (Linux; Android 14; Pixel 8 Pro) AppleWebKit/537.36 (KHTML, like Gecko) Chrome/119.0.0.0 Mobile Safari/537.36"
4.230.45.150 - - [29/Dec/2025:03:23:44 +0300] "GET /aa.php HTTP/1.1" 301 162 "https://www.google.co.uk/" "Mozilla/5.0 (Linux; Android 11; 21081111RG) AppleWebKit/537.36 (KHTML, like Gecko) Chrome/116.0.0.0 Mobile Safari/537.36"
4.230.45.150 - - [29/Dec/2025:03:23:44 +0300] "GET /aa.php HTTP/1.1" 404 31057 "https://www.google.co.uk/" "Mozilla/5.0 (Linux; Android 11; 21081111RG) AppleWebKit/537.36 (KHTML, like Gecko) Chrome/116.0.0.0 Mobile Safari/537.36"
4.230.45.150 - - [29/Dec/2025:03:23:45 +0300] "GET /abcd.php HTTP/1.1" 301 162 "https://www.google.de/" "Mozilla/5.0 (Linux; Android 13; SM-S908E) AppleWebKit/537.36 (KHTML, like Gecko) Chrome/116.0.0.0 Mobile Safari/537.36"
4.230.45.150 - - [29/Dec/2025:03:23:45 +0300] "GET /abcd.php HTTP/1.1" 404 31057 "https://www.google.de/" "Mozilla/5.0 (Linux; Android 13; SM-S908E) AppleWebKit/537.36 (KHTML, like Gecko) Chrome/116.0.0.0 Mobile Safari/537.36"
4.230.45.150 - - [29/Dec/2025:03:23:45 +0300] "GET /admin.php HTTP/1.1" 301 162 "https://www.google.fr/" "Mozilla/5.0 (iPad; CPU OS 16_7_2 like Mac OS X) AppleWebKit/605.1.15 (KHTML, like Gecko) Version/16.6 Mobile/15E148 Safari/604.1"
4.230.45.150 - - [29/Dec/2025:03:23:46 +0300] "GET /admin.php HTTP/1.1" 404 31057 "https://www.google.fr/" "Mozilla/5.0 (iPad; CPU OS 16_7_2 like Mac OS X) AppleWebKit/605.1.15 (KHTML, like Gecko) Version/16.6 Mobile/15E148 Safari/604.1"
4.230.45.150 - - [29/Dec/2025:03:23:46 +0300] "GET /adminfuns.php HTTP/1.1" 301 162 "https://www.google.com/" "Mozilla/5.0 (Linux; Android 12; 2201116SG) AppleWebKit/537.36 (KHTML, like Gecko) Chrome/116.0.0.0 Mobile Safari/537.36"
4.230.45.150 - - [29/Dec/2025:03:23:46 +0300] "GET /adminfuns.php HTTP/1.1" 404 31057 "https://www.google.com/" "Mozilla/5.0 (Linux; Android 12; 2201116SG) AppleWebKit/537.36 (KHTML, like Gecko) Chrome/116.0.0.0 Mobile Safari/537.36"
4.230.45.150 - - [29/Dec/2025:03:23:47 +0300] "GET /akc.php HTTP/1.1" 301 162 "https://www.google.co.uk/" "Mozilla/5.0 (Linux; Android 13; M2101K6G) AppleWebKit/537.36 (KHTML, like Gecko) Chrome/116.0.0.0 Mobile Safari/537.36"
4.230.45.150 - - [29/Dec/2025:03:23:47 +0300] "GET /akc.php HTTP/1.1" 404 31057 "https://www.google.co.uk/" "Mozilla/5.0 (Linux; Android 13; M2101K6G) AppleWebKit/537.36 (KHTML, like Gecko) Chrome/116.0.0.0 Mobile Safari/537.36"
4.230.45.150 - - [29/Dec/2025:03:23:48 +0300] "GET /buy.php HTTP/1.1" 301 162 "https://www.google.co.uk/" "Mozilla/5.0 (Linux; Android 12; 2201116SG) AppleWebKit/537.36 (KHTML, like Gecko) Chrome/116.0.0.0 Mobile Safari/537.36"
4.230.45.150 - - [29/Dec/2025:03:23:48 +0300] "GET /buy.php HTTP/1.1" 404 31057 "https://www.google.co.uk/" "Mozilla/5.0 (Linux; Android 12; 2201116SG) AppleWebKit/537.36 (KHTML, like Gecko) Chrome/116.0.0.0 Mobile Safari/537.36"
4.230.45.150 - - [29/Dec/2025:03:23:48 +0300] "GET /cong.php HTTP/1.1" 301 162 "https://www.yahoo.com/" "Mozilla/5.0 (Linux; Android 12; SM-A525F) AppleWebKit/537.36 (KHTML, like Gecko) Chrome/117.0.0.0 Mobile Safari/537.36"
4.230.45.150 - - [29/Dec/2025:03:23:49 +0300] "GET /cong.php HTTP/1.1" 404 31057 "https://www.yahoo.com/" "Mozilla/5.0 (Linux; Android 12; SM-A525F) AppleWebKit/537.36 (KHTML, like Gecko) Chrome/117.0.0.0 Mobile Safari/537.36"
4.230.45.150 - - [29/Dec/2025:03:23:49 +0300] "GET /css/classwithtostring.php HTTP/1.1" 301 162 "https://www.google.de/" "Mozilla/5.0 (iPhone; CPU iPhone OS 17_1_1 like Mac OS X) AppleWebKit/605.1.15 (KHTML, like Gecko) Version/17.1 Mobile/15E148 Safari/604.1"
4.230.45.150 - - [29/Dec/2025:03:23:50 +0300] "GET /css/classwithtostring.php HTTP/1.1" 404 31057 "https://www.google.de/" "Mozilla/5.0 (iPhone; CPU iPhone OS 17_1_1 like Mac OS X) AppleWebKit/605.1.15 (KHTML, like Gecko) Version/17.1 Mobile/15E148 Safari/604.1"
4.230.45.150 - - [29/Dec/2025:03:23:50 +0300] "GET /db.php HTTP/1.1" 301 162 "https://duckduckgo.com/" "Mozilla/5.0 (iPhone; CPU iPhone OS 16_6_1 like Mac OS X) AppleWebKit/605.1.15 (KHTML, like Gecko) Version/16.6 Mobile/15E148 Safari/604.1"
4.230.45.150 - - [29/Dec/2025:03:23:51 +0300] "GET /db.php HTTP/1.1" 404 31057 "https://duckduckgo.com/" "Mozilla/5.0 (iPhone; CPU iPhone OS 16_6_1 like Mac OS X) AppleWebKit/605.1.15 (KHTML, like Gecko) Version/16.6 Mobile/15E148 Safari/604.1"
4.230.45.150 - - [29/Dec/2025:03:23:51 +0300] "GET /dropdown.php HTTP/1.1" 301 162 "https://www.bing.com/" "Mozilla/5.0 (Linux; Android 12; SM-A525F) AppleWebKit/537.36 (KHTML, like Gecko) Chrome/117.0.0.0 Mobile Safari/537.36"
4.230.45.150 - - [29/Dec/2025:03:23:51 +0300] "GET /dropdown.php HTTP/1.1" 404 31057 "https://www.bing.com/" "Mozilla/5.0 (Linux; Android 12; SM-A525F) AppleWebKit/537.36 (KHTML, like Gecko) Chrome/117.0.0.0 Mobile Safari/537.36"
4.230.45.150 - - [29/Dec/2025:03:23:52 +0300] "GET /file.php HTTP/1.1" 301 162 "https://www.google.co.uk/" "Mozilla/5.0 (Linux; Android 11; 21081111RG) AppleWebKit/537.36 (KHTML, like Gecko) Chrome/116.0.0.0 Mobile Safari/537.36"
4.230.45.150 - - [29/Dec/2025:03:23:52 +0300] "GET /file.php HTTP/1.1" 404 31057 "https://www.google.co.uk/" "Mozilla/5.0 (Linux; Android 11; 21081111RG) AppleWebKit/537.36 (KHTML, like Gecko) Chrome/116.0.0.0 Mobile Safari/537.36"
4.230.45.150 - - [29/Dec/2025:03:23:53 +0300] "GET /goods.php HTTP/1.1" 301 162 "https://www.google.de/" "Mozilla/5.0 (Linux; Android 13; SM-S908E) AppleWebKit/537.36 (KHTML, like Gecko) Chrome/116.0.0.0 Mobile Safari/537.36"
4.230.45.150 - - [29/Dec/2025:03:23:53 +0300] "GET /goods.php HTTP/1.1" 404 31057 "https://www.google.de/" "Mozilla/5.0 (Linux; Android 13; SM-S908E) AppleWebKit/537.36 (KHTML, like Gecko) Chrome/116.0.0.0 Mobile Safari/537.36"
4.230.45.150 - - [29/Dec/2025:03:23:53 +0300] "GET /hplfuns.php HTTP/1.1" 301 162 "https://duckduckgo.com/" "Mozilla/5.0 (Linux; Android 14; Pixel 8 Pro) AppleWebKit/537.36 (KHTML, like Gecko) Chrome/119.0.0.0 Mobile Safari/537.36"
4.230.45.150 - - [29/Dec/2025:03:23:54 +0300] "GET /hplfuns.php HTTP/1.1" 404 31057 "https://duckduckgo.com/" "Mozilla/5.0 (Linux; Android 14; Pixel 8 Pro) AppleWebKit/537.36 (KHTML, like Gecko) Chrome/119.0.0.0 Mobile Safari/537.36"
4.230.45.150 - - [29/Dec/2025:03:23:54 +0300] "GET /htaccess.php HTTP/1.1" 301 162 "https://duckduckgo.com/" "Mozilla/5.0 (iPhone; CPU iPhone OS 17_0_3 like Mac OS X) AppleWebKit/605.1.15 (KHTML, like Gecko) Version/17.0.1 Mobile/15E148 Safari/604.1"
4.230.45.150 - - [29/Dec/2025:03:23:55 +0300] "GET /htaccess.php HTTP/1.1" 404 31057 "https://duckduckgo.com/" "Mozilla/5.0 (iPhone; CPU iPhone OS 17_0_3 like Mac OS X) AppleWebKit/605.1.15 (KHTML, like Gecko) Version/17.0.1 Mobile/15E148 Safari/604.1"
4.230.45.150 - - [29/Dec/2025:03:23:55 +0300] "GET /images/wso.php HTTP/1.1" 301 162 "https://www.google.fr/" "Mozilla/5.0 (iPhone; CPU iPhone OS 16_6_1 like Mac OS X) AppleWebKit/605.1.15 (KHTML, like Gecko) Version/16.6 Mobile/15E148 Safari/604.1"
4.230.45.150 - - [29/Dec/2025:03:23:56 +0300] "GET /images/wso.php HTTP/1.1" 404 31057 "https://www.google.fr/" "Mozilla/5.0 (iPhone; CPU iPhone OS 16_6_1 like Mac OS X) AppleWebKit/605.1.15 (KHTML, like Gecko) Version/16.6 Mobile/15E148 Safari/604.1"
4.230.45.150 - - [29/Dec/2025:03:23:56 +0300] "GET /index/function.php HTTP/1.1" 301 162 "https://www.bing.com/" "Mozilla/5.0 (Linux; Android 11; CPH2251) AppleWebKit/537.36 (KHTML, like Gecko) Chrome/116.0.0.0 Mobile Safari/537.36"
4.230.45.150 - - [29/Dec/2025:03:23:56 +0300] "GET /index/function.php HTTP/1.1" 404 31057 "https://www.bing.com/" "Mozilla/5.0 (Linux; Android 11; CPH2251) AppleWebKit/537.36 (KHTML, like Gecko) Chrome/116.0.0.0 Mobile Safari/537.36"
4.230.45.150 - - [29/Dec/2025:03:23:57 +0300] "GET /info.php HTTP/1.1" 301 162 "https://www.google.com/" "Mozilla/5.0 (iPad; CPU OS 17_0_3 like Mac OS X) AppleWebKit/605.1.15 (KHTML, like Gecko) Version/17.0.1 Mobile/15E148 Safari/604.1"
4.230.45.150 - - [29/Dec/2025:03:23:57 +0300] "GET /info.php HTTP/1.1" 200 82685 "https://www.google.com/" "Mozilla/5.0 (iPad; CPU OS 17_0_3 like Mac OS X) AppleWebKit/605.1.15 (KHTML, like Gecko) Version/17.0.1 Mobile/15E148 Safari/604.1"
4.230.45.150 - - [29/Dec/2025:03:23:58 +0300] "GET /profile.php HTTP/1.1" 301 162 "https://www.google.fr/" "Mozilla/5.0 (iPhone; CPU iPhone OS 15_7_9 like Mac OS X) AppleWebKit/605.1.15 (KHTML, like Gecko) Version/15.6.5 Mobile/15E148 Safari/604.1"
4.230.45.150 - - [29/Dec/2025:03:23:58 +0300] "GET /profile.php HTTP/1.1" 404 31057 "https://www.google.fr/" "Mozilla/5.0 (iPhone; CPU iPhone OS 15_7_9 like Mac OS X) AppleWebKit/605.1.15 (KHTML, like Gecko) Version/15.6.5 Mobile/15E148 Safari/604.1"
4.230.45.150 - - [29/Dec/2025:03:23:58 +0300] "GET /sx.php HTTP/1.1" 301 162 "https://duckduckgo.com/" "Mozilla/5.0 (Linux; Android 14; Pixel 8 Pro) AppleWebKit/537.36 (KHTML, like Gecko) Chrome/119.0.0.0 Mobile Safari/537.36"
4.230.45.150 - - [29/Dec/2025:03:23:59 +0300] "GET /sx.php HTTP/1.1" 404 31057 "https://duckduckgo.com/" "Mozilla/5.0 (Linux; Android 14; Pixel 8 Pro) AppleWebKit/537.36 (KHTML, like Gecko) Chrome/119.0.0.0 Mobile Safari/537.36"
4.230.45.150 - - [29/Dec/2025:03:23:59 +0300] "GET /wp-admin/css/colors/blue/index.php HTTP/1.1" 301 162 "https://duckduckgo.com/" "Mozilla/5.0 (Linux; Android 12; V2134) AppleWebKit/537.36 (KHTML, like Gecko) Chrome/116.0.0.0 Mobile Safari/537.36"
4.230.45.150 - - [29/Dec/2025:03:23:59 +0300] "GET /wp-admin/css/colors/blue/index.php HTTP/1.1" 301 5 "https://duckduckgo.com/" "Mozilla/5.0 (Linux; Android 12; V2134) AppleWebKit/537.36 (KHTML, like Gecko) Chrome/116.0.0.0 Mobile Safari/537.36"
4.230.45.150 - - [29/Dec/2025:03:24:00 +0300] "GET /wp-admin/css/colors/blue/ HTTP/1.1" 302 138 "https://duckduckgo.com/" "Mozilla/5.0 (Linux; Android 12; V2134) AppleWebKit/537.36 (KHTML, like Gecko) Chrome/116.0.0.0 Mobile Safari/537.36"
4.230.45.150 - - [29/Dec/2025:03:24:00 +0300] "GET /wp-admin/css/colors/blue/404 HTTP/1.1" 404 33138 "https://duckduckgo.com/" "Mozilla/5.0 (Linux; Android 12; V2134) AppleWebKit/537.36 (KHTML, like Gecko) Chrome/116.0.0.0 Mobile Safari/537.36"
4.230.45.150 - - [29/Dec/2025:03:24:00 +0300] "GET /wp-admin/images/admin.php HTTP/1.1" 301 162 "https://www.google.com/" "Mozilla/5.0 (iPhone; CPU iPhone OS 16_0 like Mac OS X) AppleWebKit/605.1.15 (KHTML, like Gecko) FxiOS/118.0 Mobile/15E148 Safari/605.1.15"
4.230.45.150 - - [29/Dec/2025:03:24:01 +0300] "GET /wp-admin/images/admin.php HTTP/1.1" 404 33138 "https://www.google.com/" "Mozilla/5.0 (iPhone; CPU iPhone OS 16_0 like Mac OS X) AppleWebKit/605.1.15 (KHTML, like Gecko) FxiOS/118.0 Mobile/15E148 Safari/605.1.15"
