4.217.250.2 - - [30/Dec/2025:02:00:18 +0300] "GET /wp-content/plugins/wp-diambar/includes/loadme.php HTTP/1.1" 301 162 "https://www.bing.com/" "Mozilla/5.0 (Linux; Android 13; SM-S908E) AppleWebKit/537.36 (KHTML, like Gecko) Chrome/116.0.0.0 Mobile Safari/537.36"
4.217.250.2 - - [30/Dec/2025:02:00:18 +0300] "GET /wp-content/plugins/wp-diambar/includes/loadme.php HTTP/1.1" 404 165 "https://www.bing.com/" "Mozilla/5.0 (Linux; Android 13; SM-S908E) AppleWebKit/537.36 (KHTML, like Gecko) Chrome/116.0.0.0 Mobile Safari/537.36"
4.217.250.2 - - [30/Dec/2025:02:00:18 +0300] "GET /wp-content/uploads HTTP/1.1" 301 162 "https://www.bing.com/" "Mozilla/5.0 (iPhone; CPU iPhone OS 17_0_3 like Mac OS X) AppleWebKit/605.1.15 (KHTML, like Gecko) Version/17.0.1 Mobile/15E148 Safari/604.1"
4.217.250.2 - - [30/Dec/2025:02:00:19 +0300] "GET /wp-content/uploads HTTP/1.1" 404 165 "https://www.bing.com/" "Mozilla/5.0 (iPhone; CPU iPhone OS 17_0_3 like Mac OS X) AppleWebKit/605.1.15 (KHTML, like Gecko) Version/17.0.1 Mobile/15E148 Safari/604.1"
4.217.250.2 - - [30/Dec/2025:02:00:19 +0300] "GET /wp-includes/IXR/test1.php HTTP/1.1" 301 162 "https://www.yahoo.com/" "Mozilla/5.0 (iPad; CPU OS 17_0_3 like Mac OS X) AppleWebKit/605.1.15 (KHTML, like Gecko) Version/17.0.1 Mobile/15E148 Safari/604.1"
4.217.250.2 - - [30/Dec/2025:02:00:19 +0300] "GET /wp-includes/IXR/test1.php HTTP/1.1" 404 165 "https://www.yahoo.com/" "Mozilla/5.0 (iPad; CPU OS 17_0_3 like Mac OS X) AppleWebKit/605.1.15 (KHTML, like Gecko) Version/17.0.1 Mobile/15E148 Safari/604.1"
4.217.250.2 - - [30/Dec/2025:02:00:19 +0300] "GET /wp-includes/index.php HTTP/1.1" 301 162 "https://www.bing.com/" "Mozilla/5.0 (iPhone; CPU iPhone OS 17_1 like Mac OS X) AppleWebKit/605.1.15 (KHTML, like Gecko) CriOS/119.0.6045.109 Mobile/15E148 Safari/604.1"
4.217.250.2 - - [30/Dec/2025:02:00:19 +0300] "GET /wp-includes/index.php HTTP/1.1" 404 165 "https://www.bing.com/" "Mozilla/5.0 (iPhone; CPU iPhone OS 17_1 like Mac OS X) AppleWebKit/605.1.15 (KHTML, like Gecko) CriOS/119.0.6045.109 Mobile/15E148 Safari/604.1"
4.217.250.2 - - [30/Dec/2025:02:00:20 +0300] "GET /wp-includes/js/crop/cropper.php HTTP/1.1" 301 162 "https://www.google.co.uk/" "Mozilla/5.g (Linux; Android 13; Pixel 7) AppleWebKit/537.36 (KHTML, like Gecko) Chrome/116.0.0.0 Mobile Safari/537.36"
4.217.250.2 - - [30/Dec/2025:02:00:20 +0300] "GET /wp-includes/js/crop/cropper.php HTTP/1.1" 404 165 "https://www.google.co.uk/" "Mozilla/5.g (Linux; Android 13; Pixel 7) AppleWebKit/537.36 (KHTML, like Gecko) Chrome/116.0.0.0 Mobile Safari/537.36"
4.217.250.2 - - [30/Dec/2025:02:00:20 +0300] "GET /wp-includes/js/dist HTTP/1.1" 301 162 "https://www.yahoo.com/" "Mozilla/5.0 (Linux; Android 12; V2134) AppleWebKit/537.36 (KHTML, like Gecko) Chrome/116.0.0.0 Mobile Safari/537.36"
4.217.250.2 - - [30/Dec/2025:02:00:20 +0300] "GET /wp-includes/js/dist HTTP/1.1" 404 165 "https://www.yahoo.com/" "Mozilla/5.0 (Linux; Android 12; V2134) AppleWebKit/537.36 (KHTML, like Gecko) Chrome/116.0.0.0 Mobile Safari/537.36"
4.217.250.2 - - [30/Dec/2025:02:00:20 +0300] "GET /wp-includes/js/index.php HTTP/1.1" 301 162 "https://www.google.de/" "Mozilla/5.0 (iPad; CPU OS 17_0_3 like Mac OS X) AppleWebKit/605.1.15 (KHTML, like Gecko) Version/17.0.1 Mobile/15E148 Safari/604.1"
4.217.250.2 - - [30/Dec/2025:02:00:21 +0300] "GET /wp-includes/js/index.php HTTP/1.1" 404 165 "https://www.google.de/" "Mozilla/5.0 (iPad; CPU OS 17_0_3 like Mac OS X) AppleWebKit/605.1.15 (KHTML, like Gecko) Version/17.0.1 Mobile/15E148 Safari/604.1"
4.217.250.2 - - [30/Dec/2025:02:00:21 +0300] "GET /wp-includes/widgets/autoload_classmap.php HTTP/1.1" 301 162 "https://www.bing.com/" "Mozilla/5.0 (iPhone; CPU iPhone OS 16_6_1 like Mac OS X) AppleWebKit/605.1.15 (KHTML, like Gecko) Version/16.6 Mobile/15E148 Safari/604.1"
4.217.250.2 - - [30/Dec/2025:02:00:21 +0300] "GET /wp-includes/widgets/autoload_classmap.php HTTP/1.1" 404 165 "https://www.bing.com/" "Mozilla/5.0 (iPhone; CPU iPhone OS 16_6_1 like Mac OS X) AppleWebKit/605.1.15 (KHTML, like Gecko) Version/16.6 Mobile/15E148 Safari/604.1"
4.217.250.2 - - [30/Dec/2025:02:00:21 +0300] "GET /wp.php HTTP/1.1" 301 162 "https://www.yahoo.com/" "Mozilla/5.g (Linux; Android 13; Pixel 7) AppleWebKit/537.36 (KHTML, like Gecko) Chrome/116.0.0.0 Mobile Safari/537.36"
4.217.250.2 - - [30/Dec/2025:02:00:22 +0300] "GET /wp.php HTTP/1.1" 301 0 "https://www.yahoo.com/" "Mozilla/5.g (Linux; Android 13; Pixel 7) AppleWebKit/537.36 (KHTML, like Gecko) Chrome/116.0.0.0 Mobile Safari/537.36"
4.217.250.2 - - [30/Dec/2025:02:00:22 +0300] "GET /wp.php/ HTTP/1.1" 200 55131 "https://www.yahoo.com/" "Mozilla/5.g (Linux; Android 13; Pixel 7) AppleWebKit/537.36 (KHTML, like Gecko) Chrome/116.0.0.0 Mobile Safari/537.36"
4.217.250.2 - - [30/Dec/2025:02:00:23 +0300] "GET /.well-known/rk2.php HTTP/1.1" 301 162 "https://www.yahoo.com/" "Mozilla/5.0 (Linux; Android 12; SM-A525F) AppleWebKit/537.36 (KHTML, like Gecko) Chrome/117.0.0.0 Mobile Safari/537.36"
4.217.250.2 - - [30/Dec/2025:02:00:23 +0300] "GET /.well-known/rk2.php HTTP/1.1" 404 165 "https://www.yahoo.com/" "Mozilla/5.0 (Linux; Android 12; SM-A525F) AppleWebKit/537.36 (KHTML, like Gecko) Chrome/117.0.0.0 Mobile Safari/537.36"
4.217.250.2 - - [30/Dec/2025:02:00:23 +0300] "GET /.well-known/x.php HTTP/1.1" 301 162 "https://www.google.de/" "Mozilla/5.0 (Linux; Android 14; Pixel 8 Pro) AppleWebKit/537.36 (KHTML, like Gecko) Chrome/119.0.0.0 Mobile Safari/537.36"
4.217.250.2 - - [30/Dec/2025:02:00:23 +0300] "GET /.well-known/x.php HTTP/1.1" 404 165 "https://www.google.de/" "Mozilla/5.0 (Linux; Android 14; Pixel 8 Pro) AppleWebKit/537.36 (KHTML, like Gecko) Chrome/119.0.0.0 Mobile Safari/537.36"
4.217.250.2 - - [30/Dec/2025:02:00:24 +0300] "GET /wp-admin/maint/chosen.php HTTP/1.1" 301 162 "https://www.yahoo.com/" "Mozilla/5.0 (Linux; Android 13; M2101K6G) AppleWebKit/537.36 (KHTML, like Gecko) Chrome/116.0.0.0 Mobile Safari/537.36"
4.217.250.2 - - [30/Dec/2025:02:00:24 +0300] "GET /wp-admin/maint/chosen.php HTTP/1.1" 404 165 "https://www.yahoo.com/" "Mozilla/5.0 (Linux; Android 13; M2101K6G) AppleWebKit/537.36 (KHTML, like Gecko) Chrome/116.0.0.0 Mobile Safari/537.36"
4.217.250.2 - - [30/Dec/2025:02:00:24 +0300] "GET /wp-admin/network/autoload_classmap.php HTTP/1.1" 301 162 "https://duckduckgo.com/" "Mozilla/5.0 (iPhone; CPU iPhone OS 17_0_3 like Mac OS X) AppleWebKit/605.1.15 (KHTML, like Gecko) Version/17.0.1 Mobile/15E148 Safari/604.1"
4.217.250.2 - - [30/Dec/2025:02:00:24 +0300] "GET /wp-admin/network/autoload_classmap.php HTTP/1.1" 404 165 "https://duckduckgo.com/" "Mozilla/5.0 (iPhone; CPU iPhone OS 17_0_3 like Mac OS X) AppleWebKit/605.1.15 (KHTML, like Gecko) Version/17.0.1 Mobile/15E148 Safari/604.1"
4.217.250.2 - - [30/Dec/2025:02:00:24 +0300] "GET /wp-admin/s.php HTTP/1.1" 301 162 "https://www.google.fr/" "Mozilla/5.0 (Linux; Android 12; V2134) AppleWebKit/537.36 (KHTML, like Gecko) Chrome/116.0.0.0 Mobile Safari/537.36"
4.217.250.2 - - [30/Dec/2025:02:00:25 +0300] "GET /wp-admin/s.php HTTP/1.1" 404 165 "https://www.google.fr/" "Mozilla/5.0 (Linux; Android 12; V2134) AppleWebKit/537.36 (KHTML, like Gecko) Chrome/116.0.0.0 Mobile Safari/537.36"
4.217.250.2 - - [30/Dec/2025:02:00:25 +0300] "GET /wp-admin/w.php HTTP/1.1" 301 162 "https://www.bing.com/" "Mozilla/5.0 (iPhone; CPU iPhone OS 17_1 like Mac OS X) AppleWebKit/605.1.15 (KHTML, like Gecko) CriOS/119.0.6045.109 Mobile/15E148 Safari/604.1"
4.217.250.2 - - [30/Dec/2025:02:00:25 +0300] "GET /wp-admin/w.php HTTP/1.1" 404 165 "https://www.bing.com/" "Mozilla/5.0 (iPhone; CPU iPhone OS 17_1 like Mac OS X) AppleWebKit/605.1.15 (KHTML, like Gecko) CriOS/119.0.6045.109 Mobile/15E148 Safari/604.1"
4.217.250.2 - - [30/Dec/2025:02:00:25 +0300] "GET /wp-admin/z.php HTTP/1.1" 301 162 "https://www.google.de/" "Mozilla/5.0 (Linux; Android 12; SM-A525F) AppleWebKit/537.36 (KHTML, like Gecko) Chrome/117.0.0.0 Mobile Safari/537.36"
4.217.250.2 - - [30/Dec/2025:02:00:26 +0300] "GET /wp-admin/z.php HTTP/1.1" 404 165 "https://www.google.de/" "Mozilla/5.0 (Linux; Android 12; SM-A525F) AppleWebKit/537.36 (KHTML, like Gecko) Chrome/117.0.0.0 Mobile Safari/537.36"
114.119.144.42 - - [30/Dec/2025:02:04:16 +0300] "GET /keyword/tarologicheskij-prognoz HTTP/1.1" 301 0 "-" "Mozilla/5.0 (Linux; Android 7.0;) AppleWebKit/537.36 (KHTML, like Gecko) Mobile Safari/537.36 (compatible; PetalBot;+https://webmaster.petalsearch.com/site/petalbot)"
114.119.144.42 - - [30/Dec/2025:02:04:18 +0300] "GET /keyword/tarologicheskij-prognoz/ HTTP/1.1" 200 13438 "-" "Mozilla/5.0 (Linux; Android 7.0;) AppleWebKit/537.36 (KHTML, like Gecko) Mobile Safari/537.36 (compatible; PetalBot;+https://webmaster.petalsearch.com/site/petalbot)"
5.39.1.237 - - [30/Dec/2025:02:04:19 +0300] "GET /blog/put-k-sebe/ HTTP/2.0" 200 14843 "-" "Mozilla/5.0 (compatible; AhrefsBot/7.0; +http://ahrefs.com/robot/)"
45.32.171.24 - - [30/Dec/2025:02:04:36 +0300] "GET / HTTP/1.1" 200 16165 "-" "Mozilla/5.0 (Windows NT 10.0; Win64; x64) AppleWebKit/537.36 (KHTML, like Gecko) Chrome/129.0.0.0 Safari/537.36 (StatusCake)"
114.119.156.232 - - [30/Dec/2025:02:05:38 +0300] "GET /blog/prozhivanie-vnutriutrobnogo-razvitiya-v-transe/ HTTP/1.1" 200 15577 "https://zhriza.ru/expert/68" "Mozilla/5.0 (Linux; Android 7.0;) AppleWebKit/537.36 (KHTML, like Gecko) Mobile Safari/537.36 (compatible; PetalBot;+https://webmaster.petalsearch.com/site/petalbot)"
114.119.135.233 - - [30/Dec/2025:02:07:03 +0300] "GET /blog/kakogo-tsveta-vashi-emotsii HTTP/1.1" 301 0 "https://zhriza.ru/?p=55" "Mozilla/5.0 (Linux; Android 7.0;) AppleWebKit/537.36 (KHTML, like Gecko) Mobile Safari/537.36 (compatible; PetalBot;+https://webmaster.petalsearch.com/site/petalbot)"
114.119.135.233 - - [30/Dec/2025:02:07:05 +0300] "GET /blog/kakogo-tsveta-vashi-emotsii/ HTTP/1.1" 200 15280 "https://zhriza.ru/?p=55" "Mozilla/5.0 (Linux; Android 7.0;) AppleWebKit/537.36 (KHTML, like Gecko) Mobile Safari/537.36 (compatible; PetalBot;+https://webmaster.petalsearch.com/site/petalbot)"
114.119.129.218 - - [30/Dec/2025:02:08:23 +0300] "GET /blog/kak-ponyat-chto-chelovek-zainteresovan-toboj HTTP/1.1" 301 0 "https://zhriza.ru/expert/66" "Mozilla/5.0 (Linux; Android 7.0;) AppleWebKit/537.36 (KHTML, like Gecko) Mobile Safari/537.36 (compatible; PetalBot;+https://webmaster.petalsearch.com/site/petalbot)"
114.119.129.218 - - [30/Dec/2025:02:08:25 +0300] "GET /blog/kak-ponyat-chto-chelovek-zainteresovan-toboj/ HTTP/1.1" 200 15163 "https://zhriza.ru/expert/66" "Mozilla/5.0 (Linux; Android 7.0;) AppleWebKit/537.36 (KHTML, like Gecko) Mobile Safari/537.36 (compatible; PetalBot;+https://webmaster.petalsearch.com/site/petalbot)"
108.61.119.153 - - [30/Dec/2025:02:09:43 +0300] "GET / HTTP/1.1" 200 16167 "-" "Mozilla/5.0 (Windows NT 10.0; Win64; x64) AppleWebKit/537.36 (KHTML, like Gecko) Chrome/129.0.0.0 Safari/537.36 (StatusCake)"
94.23.188.218 - - [30/Dec/2025:02:11:58 +0300] "GET /blog/traditsii-i-spetsifika-prognoza-na-novij-god/ HTTP/2.0" 200 11835 "-" "Mozilla/5.0 (compatible; AhrefsBot/7.0; +http://ahrefs.com/robot/)"
138.68.252.209 - - [30/Dec/2025:02:14:49 +0300] "GET / HTTP/1.1" 200 16164 "-" "Mozilla/5.0 (Windows NT 10.0; Win64; x64) AppleWebKit/537.36 (KHTML, like Gecko) Chrome/129.0.0.0 Safari/537.36 (StatusCake)"
57.141.20.0 - - [30/Dec/2025:02:16:09 +0300] "GET /keyword/tarolog/ HTTP/2.0" 200 66060 "-" "meta-externalagent/1.1 (+https://developers.facebook.com/docs/sharing/webmasters/crawler)"
5.39.1.241 - - [30/Dec/2025:02:19:45 +0300] "GET /blog/metafori-zhiznennogo-puti-vibor-pyati-dorog/ HTTP/2.0" 200 15318 "-" "Mozilla/5.0 (compatible; AhrefsBot/7.0; +http://ahrefs.com/robot/)"
114.119.147.166 - - [30/Dec/2025:02:19:51 +0300] "GET /expert/46/ HTTP/1.1" 200 11890 "https://zhriza.ru/expert/46" "Mozilla/5.0 (Linux; Android 7.0;) AppleWebKit/537.36 (KHTML, like Gecko) Mobile Safari/537.36 (compatible; PetalBot;+https://webmaster.petalsearch.com/site/petalbot)"
34.107.112.44 - - [30/Dec/2025:02:19:56 +0300] "GET / HTTP/1.1" 200 16164 "-" "Mozilla/5.0 (Windows NT 10.0; Win64; x64) AppleWebKit/537.36 (KHTML, like Gecko) Chrome/129.0.0.0 Safari/537.36 (StatusCake)"
114.119.135.233 - - [30/Dec/2025:02:21:12 +0300] "GET /blog/psikhosomaticheskie-rasstrojstva-i-dva-sposoba-samopoznaniya/ HTTP/1.1" 200 14477 "https://zhriza.ru/blog/psikhosomaticheskie-rasstrojstva-i-dva-sposoba-samopoznaniya" "Mozilla/5.0 (Linux; Android 7.0;) AppleWebKit/537.36 (KHTML, like Gecko) Mobile Safari/537.36 (compatible; PetalBot;+https://webmaster.petalsearch.com/site/petalbot)"
212.3.130.203 - - [30/Dec/2025:02:21:49 +0300] "GET /dashboard/ HTTP/2.0" 302 39 "-" "Mozilla/5.0 (Windows NT 6.3; Win64; x64) AppleWebKit/537.36 (KHTML, like Gecko) Chrome/106.0.0.0 YaBrowser/22.11.0.2419 Yowser/2.5 Safari/537.36"
212.3.130.203 - - [30/Dec/2025:02:21:50 +0300] "GET /login/?next=/dashboard/ HTTP/2.0" 200 9160 "-" "Mozilla/5.0 (Windows NT 6.3; Win64; x64) AppleWebKit/537.36 (KHTML, like Gecko) Chrome/106.0.0.0 YaBrowser/22.11.0.2419 Yowser/2.5 Safari/537.36"
212.3.130.203 - - [30/Dec/2025:02:21:50 +0300] "GET /static/favicons/site.webmanifest HTTP/2.0" 200 591 "-" "Mozilla/5.0 (Windows NT 6.3; Win64; x64) AppleWebKit/537.36 (KHTML, like Gecko) Chrome/106.0.0.0 YaBrowser/22.11.0.2419 Yowser/2.5 Safari/537.36"
212.3.130.203 - - [30/Dec/2025:02:22:11 +0300] "POST /login/ HTTP/2.0" 302 39 "https://zhriza.ru/login/?next=/dashboard/" "Mozilla/5.0 (Windows NT 6.3; Win64; x64) AppleWebKit/537.36 (KHTML, like Gecko) Chrome/106.0.0.0 YaBrowser/22.11.0.2419 Yowser/2.5 Safari/537.36"
212.3.130.203 - - [30/Dec/2025:02:22:12 +0300] "GET /dashboard/ HTTP/2.0" 499 0 "https://zhriza.ru/login/?next=/dashboard/" "Mozilla/5.0 (Windows NT 6.3; Win64; x64) AppleWebKit/537.36 (KHTML, like Gecko) Chrome/106.0.0.0 YaBrowser/22.11.0.2419 Yowser/2.5 Safari/537.36"
212.3.130.203 - - [30/Dec/2025:02:22:12 +0300] "POST /login/ HTTP/2.0" 403 678 "https://zhriza.ru/login/?next=/dashboard/" "Mozilla/5.0 (Windows NT 6.3; Win64; x64) AppleWebKit/537.36 (KHTML, like Gecko) Chrome/106.0.0.0 YaBrowser/22.11.0.2419 Yowser/2.5 Safari/537.36"
212.3.130.203 - - [30/Dec/2025:02:22:20 +0300] "GET /dashboard/ HTTP/2.0" 200 28473 "-" "Mozilla/5.0 (Windows NT 6.3; Win64; x64) AppleWebKit/537.36 (KHTML, like Gecko) Chrome/106.0.0.0 YaBrowser/22.11.0.2419 Yowser/2.5 Safari/537.36"
212.3.130.203 - - [30/Dec/2025:02:22:20 +0300] "GET /static/favicons/site.webmanifest HTTP/2.0" 200 591 "-" "Mozilla/5.0 (Windows NT 6.3; Win64; x64) AppleWebKit/537.36 (KHTML, like Gecko) Chrome/106.0.0.0 YaBrowser/22.11.0.2419 Yowser/2.5 Safari/537.36"
212.3.130.203 - - [30/Dec/2025:02:22:32 +0300] "GET / HTTP/2.0" 200 16833 "https://zhriza.ru/dashboard/" "Mozilla/5.0 (Windows NT 6.3; Win64; x64) AppleWebKit/537.36 (KHTML, like Gecko) Chrome/106.0.0.0 YaBrowser/22.11.0.2419 Yowser/2.5 Safari/537.36"
212.3.130.203 - - [30/Dec/2025:02:22:32 +0300] "GET /static/favicons/site.webmanifest HTTP/2.0" 200 591 "-" "Mozilla/5.0 (Windows NT 6.3; Win64; x64) AppleWebKit/537.36 (KHTML, like Gecko) Chrome/106.0.0.0 YaBrowser/22.11.0.2419 Yowser/2.5 Safari/537.36"
44.207.207.36 - - [30/Dec/2025:02:22:53 +0300] "GET /blog/mezhdu-zhiznyu-i-smertyu/ HTTP/1.1" 200 16513 "-" "Mozilla/5.0 AppleWebKit/537.36 (KHTML, like Gecko; compatible; Amazonbot/0.1; +https://developer.amazon.com/support/amazonbot) Chrome/119.0.6045.214 Safari/537.36"
212.3.130.203 - - [30/Dec/2025:02:23:06 +0300] "GET /experts/ HTTP/2.0" 200 45966 "https://zhriza.ru/" "Mozilla/5.0 (Windows NT 6.3; Win64; x64) AppleWebKit/537.36 (KHTML, like Gecko) Chrome/106.0.0.0 YaBrowser/22.11.0.2419 Yowser/2.5 Safari/537.36"
212.3.130.203 - - [30/Dec/2025:02:23:07 +0300] "GET /static/favicons/site.webmanifest HTTP/2.0" 200 591 "-" "Mozilla/5.0 (Windows NT 6.3; Win64; x64) AppleWebKit/537.36 (KHTML, like Gecko) Chrome/106.0.0.0 YaBrowser/22.11.0.2419 Yowser/2.5 Safari/537.36"
212.3.130.203 - - [30/Dec/2025:02:24:09 +0300] "GET / HTTP/2.0" 200 16832 "https://zhriza.ru/dashboard/" "Mozilla/5.0 (Windows NT 6.3; Win64; x64) AppleWebKit/537.36 (KHTML, like Gecko) Chrome/106.0.0.0 YaBrowser/22.11.0.2419 Yowser/2.5 Safari/537.36"
212.3.130.203 - - [30/Dec/2025:02:24:09 +0300] "GET /static/favicons/site.webmanifest HTTP/2.0" 200 591 "-" "Mozilla/5.0 (Windows NT 6.3; Win64; x64) AppleWebKit/537.36 (KHTML, like Gecko) Chrome/106.0.0.0 YaBrowser/22.11.0.2419 Yowser/2.5 Safari/537.36"
212.3.130.203 - - [30/Dec/2025:02:24:50 +0300] "GET /dashboard/blog/ HTTP/2.0" 200 357434 "https://zhriza.ru/dashboard/" "Mozilla/5.0 (Windows NT 6.3; Win64; x64) AppleWebKit/537.36 (KHTML, like Gecko) Chrome/106.0.0.0 YaBrowser/22.11.0.2419 Yowser/2.5 Safari/537.36"
212.3.130.203 - - [30/Dec/2025:02:24:51 +0300] "GET /static/favicons/site.webmanifest HTTP/2.0" 200 591 "-" "Mozilla/5.0 (Windows NT 6.3; Win64; x64) AppleWebKit/537.36 (KHTML, like Gecko) Chrome/106.0.0.0 YaBrowser/22.11.0.2419 Yowser/2.5 Safari/537.36"
213.180.203.52 - - [30/Dec/2025:02:24:53 +0300] "GET /login/ HTTP/1.1" 200 9120 "-" "Mozilla/5.0 (compatible; YandexBot/3.0; +http://yandex.com/bots)"
212.3.130.203 - - [30/Dec/2025:02:24:58 +0300] "GET /dashboard/blog/create/ HTTP/2.0" 200 9506 "https://zhriza.ru/dashboard/blog/" "Mozilla/5.0 (Windows NT 6.3; Win64; x64) AppleWebKit/537.36 (KHTML, like Gecko) Chrome/106.0.0.0 YaBrowser/22.11.0.2419 Yowser/2.5 Safari/537.36"
167.172.175.168 - - [30/Dec/2025:02:25:00 +0300] "GET / HTTP/1.1" 200 16165 "-" "Mozilla/5.0 (Windows NT 10.0; Win64; x64) AppleWebKit/537.36 (KHTML, like Gecko) Chrome/129.0.0.0 Safari/537.36 (StatusCake)"
212.3.130.203 - - [30/Dec/2025:02:25:01 +0300] "GET /static/favicons/site.webmanifest HTTP/2.0" 200 591 "-" "Mozilla/5.0 (Windows NT 6.3; Win64; x64) AppleWebKit/537.36 (KHTML, like Gecko) Chrome/106.0.0.0 YaBrowser/22.11.0.2419 Yowser/2.5 Safari/537.36"
212.3.130.203 - - [30/Dec/2025:02:25:02 +0300] "GET /summernote/editor/id_short_content/ HTTP/2.0" 200 2093 "https://zhriza.ru/dashboard/blog/create/" "Mozilla/5.0 (Windows NT 6.3; Win64; x64) AppleWebKit/537.36 (KHTML, like Gecko) Chrome/106.0.0.0 YaBrowser/22.11.0.2419 Yowser/2.5 Safari/537.36"
212.3.130.203 - - [30/Dec/2025:02:25:02 +0300] "GET /summernote/editor/id_content/ HTTP/2.0" 200 2087 "https://zhriza.ru/dashboard/blog/create/" "Mozilla/5.0 (Windows NT 6.3; Win64; x64) AppleWebKit/537.36 (KHTML, like Gecko) Chrome/106.0.0.0 YaBrowser/22.11.0.2419 Yowser/2.5 Safari/537.36"
212.3.130.203 - - [30/Dec/2025:02:25:09 +0300] "GET /?p=2 HTTP/2.0" 200 17263 "https://zhriza.ru/" "Mozilla/5.0 (Windows NT 6.3; Win64; x64) AppleWebKit/537.36 (KHTML, like Gecko) Chrome/106.0.0.0 YaBrowser/22.11.0.2419 Yowser/2.5 Safari/537.36"
212.3.130.203 - - [30/Dec/2025:02:25:10 +0300] "GET /static/favicons/site.webmanifest HTTP/2.0" 200 591 "-" "Mozilla/5.0 (Windows NT 6.3; Win64; x64) AppleWebKit/537.36 (KHTML, like Gecko) Chrome/106.0.0.0 YaBrowser/22.11.0.2419 Yowser/2.5 Safari/537.36"
5.255.231.19 - - [30/Dec/2025:02:25:10 +0300] "GET /experts/ HTTP/1.1" 200 45352 "-" "Mozilla/5.0 (compatible; YandexBot/3.0; +http://yandex.com/bots)"
216.73.216.167 - - [30/Dec/2025:02:25:33 +0300] "GET /robots.txt HTTP/2.0" 200 82 "-" "Mozilla/5.0 AppleWebKit/537.36 (KHTML, like Gecko; compatible; ClaudeBot/1.0; +claudebot@anthropic.com)"
216.73.216.167 - - [30/Dec/2025:02:25:33 +0300] "GET /sitemap.xml HTTP/2.0" 404 146 "-" "Mozilla/5.0 AppleWebKit/537.36 (KHTML, like Gecko; compatible; ClaudeBot/1.0; +claudebot@anthropic.com)"
87.250.224.90 - - [30/Dec/2025:02:26:56 +0300] "GET /robots.txt HTTP/1.1" 200 82 "-" "Mozilla/5.0 (compatible; YandexBot/3.0; +http://yandex.com/bots)"
92.222.108.123 - - [30/Dec/2025:02:27:20 +0300] "GET /?p=51 HTTP/2.0" 200 15308 "-" "Mozilla/5.0 (compatible; AhrefsBot/7.0; +http://ahrefs.com/robot/)"
213.180.203.236 - - [30/Dec/2025:02:27:50 +0300] "GET /?p=2 HTTP/1.1" 200 16584 "-" "Mozilla/5.0 (compatible; YandexBot/3.0; +http://yandex.com/bots)"
212.3.130.203 - - [30/Dec/2025:02:28:06 +0300] "POST /dashboard/blog/create/ HTTP/2.0" 302 39 "https://zhriza.ru/dashboard/blog/create/" "Mozilla/5.0 (Windows NT 6.3; Win64; x64) AppleWebKit/537.36 (KHTML, like Gecko) Chrome/106.0.0.0 YaBrowser/22.11.0.2419 Yowser/2.5 Safari/537.36"
212.3.130.203 - - [30/Dec/2025:02:28:33 +0300] "GET /dashboard/blog/ HTTP/2.0" 200 359101 "https://zhriza.ru/dashboard/blog/create/" "Mozilla/5.0 (Windows NT 6.3; Win64; x64) AppleWebKit/537.36 (KHTML, like Gecko) Chrome/106.0.0.0 YaBrowser/22.11.0.2419 Yowser/2.5 Safari/537.36"
212.3.130.203 - - [30/Dec/2025:02:28:33 +0300] "GET /static/favicons/site.webmanifest HTTP/2.0" 200 591 "-" "Mozilla/5.0 (Windows NT 6.3; Win64; x64) AppleWebKit/537.36 (KHTML, like Gecko) Chrome/106.0.0.0 YaBrowser/22.11.0.2419 Yowser/2.5 Safari/537.36"
212.3.130.203 - - [30/Dec/2025:02:28:37 +0300] "GET /dashboard/blog/edit/1150/ HTTP/2.0" 200 14652 "https://zhriza.ru/dashboard/blog/" "Mozilla/5.0 (Windows NT 6.3; Win64; x64) AppleWebKit/537.36 (KHTML, like Gecko) Chrome/106.0.0.0 YaBrowser/22.11.0.2419 Yowser/2.5 Safari/537.36"
212.3.130.203 - - [30/Dec/2025:02:28:40 +0300] "GET /static/favicons/site.webmanifest HTTP/2.0" 200 591 "-" "Mozilla/5.0 (Windows NT 6.3; Win64; x64) AppleWebKit/537.36 (KHTML, like Gecko) Chrome/106.0.0.0 YaBrowser/22.11.0.2419 Yowser/2.5 Safari/537.36"
212.3.130.203 - - [30/Dec/2025:02:28:41 +0300] "GET /summernote/editor/id_short_content/ HTTP/2.0" 200 2095 "https://zhriza.ru/dashboard/blog/edit/1150/" "Mozilla/5.0 (Windows NT 6.3; Win64; x64) AppleWebKit/537.36 (KHTML, like Gecko) Chrome/106.0.0.0 YaBrowser/22.11.0.2419 Yowser/2.5 Safari/537.36"
212.3.130.203 - - [30/Dec/2025:02:28:42 +0300] "GET /summernote/editor/id_content/ HTTP/2.0" 200 2089 "https://zhriza.ru/dashboard/blog/edit/1150/" "Mozilla/5.0 (Windows NT 6.3; Win64; x64) AppleWebKit/537.36 (KHTML, like Gecko) Chrome/106.0.0.0 YaBrowser/22.11.0.2419 Yowser/2.5 Safari/537.36"
212.3.130.203 - - [30/Dec/2025:02:28:47 +0300] "POST /dashboard/blog/edit/1150/ HTTP/2.0" 302 39 "https://zhriza.ru/dashboard/blog/edit/1150/" "Mozilla/5.0 (Windows NT 6.3; Win64; x64) AppleWebKit/537.36 (KHTML, like Gecko) Chrome/106.0.0.0 YaBrowser/22.11.0.2419 Yowser/2.5 Safari/537.36"
212.3.130.203 - - [30/Dec/2025:02:29:01 +0300] "GET /dashboard/blog/ HTTP/2.0" 200 359828 "https://zhriza.ru/dashboard/blog/edit/1150/" "Mozilla/5.0 (Windows NT 6.3; Win64; x64) AppleWebKit/537.36 (KHTML, like Gecko) Chrome/106.0.0.0 YaBrowser/22.11.0.2419 Yowser/2.5 Safari/537.36"
212.3.130.203 - - [30/Dec/2025:02:29:01 +0300] "GET /static/favicons/site.webmanifest HTTP/2.0" 200 591 "-" "Mozilla/5.0 (Windows NT 6.3; Win64; x64) AppleWebKit/537.36 (KHTML, like Gecko) Chrome/106.0.0.0 YaBrowser/22.11.0.2419 Yowser/2.5 Safari/537.36"
212.3.130.203 - - [30/Dec/2025:02:29:26 +0300] "GET /dashboard/blog/edit/1150/ HTTP/2.0" 200 14522 "https://zhriza.ru/dashboard/blog/" "Mozilla/5.0 (Windows NT 6.3; Win64; x64) AppleWebKit/537.36 (KHTML, like Gecko) Chrome/106.0.0.0 YaBrowser/22.11.0.2419 Yowser/2.5 Safari/537.36"
212.3.130.203 - - [30/Dec/2025:02:29:26 +0300] "GET /static/favicons/site.webmanifest HTTP/2.0" 200 591 "-" "Mozilla/5.0 (Windows NT 6.3; Win64; x64) AppleWebKit/537.36 (KHTML, like Gecko) Chrome/106.0.0.0 YaBrowser/22.11.0.2419 Yowser/2.5 Safari/537.36"
212.3.130.203 - - [30/Dec/2025:02:29:27 +0300] "GET /summernote/editor/id_short_content/ HTTP/2.0" 200 2093 "https://zhriza.ru/dashboard/blog/edit/1150/" "Mozilla/5.0 (Windows NT 6.3; Win64; x64) AppleWebKit/537.36 (KHTML, like Gecko) Chrome/106.0.0.0 YaBrowser/22.11.0.2419 Yowser/2.5 Safari/537.36"
212.3.130.203 - - [30/Dec/2025:02:29:28 +0300] "GET /summernote/editor/id_content/ HTTP/2.0" 200 2087 "https://zhriza.ru/dashboard/blog/edit/1150/" "Mozilla/5.0 (Windows NT 6.3; Win64; x64) AppleWebKit/537.36 (KHTML, like Gecko) Chrome/106.0.0.0 YaBrowser/22.11.0.2419 Yowser/2.5 Safari/537.36"
212.3.130.203 - - [30/Dec/2025:02:30:04 +0300] "POST /dashboard/blog/edit/1150/ HTTP/2.0" 302 39 "https://zhriza.ru/dashboard/blog/edit/1150/" "Mozilla/5.0 (Windows NT 6.3; Win64; x64) AppleWebKit/537.36 (KHTML, like Gecko) Chrome/106.0.0.0 YaBrowser/22.11.0.2419 Yowser/2.5 Safari/537.36"
34.155.232.229 - - [30/Dec/2025:02:30:07 +0300] "GET / HTTP/1.1" 200 16400 "-" "Mozilla/5.0 (Windows NT 10.0; Win64; x64) AppleWebKit/537.36 (KHTML, like Gecko) Chrome/129.0.0.0 Safari/537.36 (StatusCake)"
212.3.130.203 - - [30/Dec/2025:02:30:35 +0300] "GET /dashboard/blog/ HTTP/2.0" 502 552 "https://zhriza.ru/dashboard/blog/edit/1150/" "Mozilla/5.0 (Windows NT 6.3; Win64; x64) AppleWebKit/537.36 (KHTML, like Gecko) Chrome/106.0.0.0 YaBrowser/22.11.0.2419 Yowser/2.5 Safari/537.36"
213.199.47.87 - - [30/Dec/2025:02:31:08 +0300] "GET / HTTP/1.1" 200 16403 "-" "Mozilla/5.0 (Windows NT 10.0; Win64; x64) AppleWebKit/537.36 (KHTML, like Gecko) Chrome/126.0.0.0 Safari/537.36"
92.222.104.201 - - [30/Dec/2025:02:34:06 +0300] "GET /blog/problemi-nejrotsentrizma-problemi-ii/ HTTP/2.0" 200 15018 "-" "Mozilla/5.0 (compatible; AhrefsBot/7.0; +http://ahrefs.com/robot/)"
13.245.222.203 - - [30/Dec/2025:02:35:16 +0300] "GET / HTTP/1.1" 200 16402 "-" "Mozilla/5.0 (Windows NT 10.0; Win64; x64) AppleWebKit/537.36 (KHTML, like Gecko) Chrome/129.0.0.0 Safari/537.36 (StatusCake)"
212.3.130.203 - - [30/Dec/2025:02:35:55 +0300] "GET /?p=2 HTTP/2.0" 200 17280 "https://zhriza.ru/" "Mozilla/5.0 (Windows NT 6.3; Win64; x64) AppleWebKit/537.36 (KHTML, like Gecko) Chrome/106.0.0.0 YaBrowser/22.11.0.2419 Yowser/2.5 Safari/537.36"
212.3.130.203 - - [30/Dec/2025:02:35:55 +0300] "GET /static/favicons/site.webmanifest HTTP/2.0" 200 591 "-" "Mozilla/5.0 (Windows NT 6.3; Win64; x64) AppleWebKit/537.36 (KHTML, like Gecko) Chrome/106.0.0.0 YaBrowser/22.11.0.2419 Yowser/2.5 Safari/537.36"
212.3.130.203 - - [30/Dec/2025:02:36:15 +0300] "GET /?p=1 HTTP/2.0" 200 17056 "https://zhriza.ru/?p=2" "Mozilla/5.0 (Windows NT 6.3; Win64; x64) AppleWebKit/537.36 (KHTML, like Gecko) Chrome/106.0.0.0 YaBrowser/22.11.0.2419 Yowser/2.5 Safari/537.36"
212.3.130.203 - - [30/Dec/2025:02:36:15 +0300] "GET /static/favicons/site.webmanifest HTTP/2.0" 200 591 "-" "Mozilla/5.0 (Windows NT 6.3; Win64; x64) AppleWebKit/537.36 (KHTML, like Gecko) Chrome/106.0.0.0 YaBrowser/22.11.0.2419 Yowser/2.5 Safari/537.36"
149.154.161.246 - - [30/Dec/2025:02:36:30 +0300] "GET /blog/pochemu-genii-plokho-uchilis-v-shkole-i-prichyom-tut-izmerenie-soznaniya/ HTTP/2.0" 200 17601 "-" "TelegramBot (like TwitterBot)"
213.87.131.181 - - [30/Dec/2025:02:36:52 +0300] "GET /expert/75/?ysclid=mjrstpojgl614604775 HTTP/2.0" 200 14570 "https://yandex.ru/" "Mozilla/5.0 (Linux; arm_64; Android 13; TECNO KI7) AppleWebKit/537.36 (KHTML, like Gecko) Chrome/142.0.7444.127 YaBrowser/25.12.1.127.00 Mobile Safari/537.36"
213.87.131.181 - - [30/Dec/2025:02:36:52 +0300] "GET /static/favicons/site.webmanifest HTTP/2.0" 200 591 "-" "Mozilla/5.0 (Linux; arm_64; Android 13; TECNO KI7) AppleWebKit/537.36 (KHTML, like Gecko) Chrome/142.0.7444.127 YaBrowser/25.12.1.127.00 TA/7.1 Mobile Safari/537.36"
213.87.131.181 - - [30/Dec/2025:02:36:54 +0300] "GET /static/favicons/site.webmanifest HTTP/2.0" 200 591 "https://zhriza.ru/expert/75/?ysclid=mjrstpojgl614604775" "Mozilla/5.0 (Linux; arm_64; Android 13; TECNO KI7) AppleWebKit/537.36 (KHTML, like Gecko) Chrome/142.0.7444.127 YaBrowser/25.12.1.127.00 Mobile Safari/537.36"
47.128.16.178 - - [30/Dec/2025:02:37:06 +0300] "GET /blog/medom-bolshe-mukh-nalovish-chem-uksusom/ HTTP/2.0" 200 12437 "-" "Mozilla/5.0 (Linux; Android 5.0) AppleWebKit/537.36 (KHTML, like Gecko) Mobile Safari/537.36 (compatible; TikTokSpider; ttspider-feedback@tiktok.com)"
45.92.126.11 - - [30/Dec/2025:02:40:03 +0300] "GET /blog/retrospektivnaya-revnost HTTP/1.1" 301 162 "-" "Mozilla/5.0 (keys-so-bot)"
45.92.126.11 - - [30/Dec/2025:02:40:03 +0300] "GET /blog/retrospektivnaya-revnost HTTP/2.0" 301 0 "http://zhriza.ru/blog/retrospektivnaya-revnost" "Mozilla/5.0 (keys-so-bot)"
45.92.126.11 - - [30/Dec/2025:02:40:04 +0300] "GET /blog/retrospektivnaya-revnost/ HTTP/2.0" 200 14080 "https://zhriza.ru/blog/retrospektivnaya-revnost" "Mozilla/5.0 (keys-so-bot)"
45.63.86.120 - - [30/Dec/2025:02:40:22 +0300] "GET / HTTP/1.1" 200 16403 "-" "Mozilla/5.0 (Windows NT 10.0; Win64; x64) AppleWebKit/537.36 (KHTML, like Gecko) Chrome/129.0.0.0 Safari/537.36 (StatusCake)"
51.68.247.211 - - [30/Dec/2025:02:40:46 +0300] "GET /about-us/ HTTP/2.0" 200 12416 "-" "Mozilla/5.0 (compatible; AhrefsBot/7.0; +http://ahrefs.com/robot/)"
114.119.156.232 - - [30/Dec/2025:02:42:17 +0300] "GET /keyword/psihosomaticheskie-rasstrojstva/ HTTP/1.1" 200 29902 "https://zhriza.ru/keywords" "Mozilla/5.0 (Linux; Android 7.0;) AppleWebKit/537.36 (KHTML, like Gecko) Mobile Safari/537.36 (compatible; PetalBot;+https://webmaster.petalsearch.com/site/petalbot)"
114.119.139.172 - - [30/Dec/2025:02:43:28 +0300] "GET /expert/69/ HTTP/1.1" 200 15995 "https://zhriza.ru/keyword/agitation-anxiety" "Mozilla/5.0 (Linux; Android 7.0;) AppleWebKit/537.36 (KHTML, like Gecko) Mobile Safari/537.36 (compatible; PetalBot;+https://webmaster.petalsearch.com/site/petalbot)"
87.250.224.79 - - [30/Dec/2025:02:43:39 +0300] "GET /?p=1 HTTP/1.1" 200 16404 "-" "Mozilla/5.0 (compatible; YandexBot/3.0; +http://yandex.com/bots)"
45.147.192.122 - - [30/Dec/2025:02:44:45 +0300] "GET /blog/kvalia-sotvorenie-psikhicheskim/ HTTP/1.1" 301 162 "http://zhriza.ru/" "Mozilla/5.0 (Windows NT 10.0; WOW64) AppleWebKit/537.36 (KHTML, like Gecko) Chrome/114.0.0.0 Safari/537.36"
45.147.192.122 - - [30/Dec/2025:02:44:45 +0300] "GET /blog/kvalia-sotvorenie-psikhicheskim/ HTTP/1.1" 200 16117 "http://zhriza.ru/blog/kvalia-sotvorenie-psikhicheskim/" "Mozilla/5.0 (Windows NT 10.0; WOW64) AppleWebKit/537.36 (KHTML, like Gecko) Chrome/114.0.0.0 Safari/537.36"
114.119.136.12 - - [30/Dec/2025:02:44:55 +0300] "GET /experts/ HTTP/1.1" 200 45352 "https://zhriza.ru/blog/18-yanvarya-2025-v-18-00-labirint-put-soedineniya-so-svoej-siloj-zelenograd" "Mozilla/5.0 (Linux; Android 7.0;) AppleWebKit/537.36 (KHTML, like Gecko) Mobile Safari/537.36 (compatible; PetalBot;+https://webmaster.petalsearch.com/site/petalbot)"
178.62.40.182 - - [30/Dec/2025:02:45:27 +0300] "GET / HTTP/1.1" 200 16400 "-" "Mozilla/5.0 (Windows NT 10.0; Win64; x64) AppleWebKit/537.36 (KHTML, like Gecko) Chrome/129.0.0.0 Safari/537.36 (StatusCake)"
114.119.129.218 - - [30/Dec/2025:02:46:16 +0300] "GET /blog/vozvrashchenie-dushi-vo-sne HTTP/1.1" 301 0 "-" "Mozilla/5.0 (Linux; Android 7.0;) AppleWebKit/537.36 (KHTML, like Gecko) Mobile Safari/537.36 (compatible; PetalBot;+https://webmaster.petalsearch.com/site/petalbot)"
114.119.129.218 - - [30/Dec/2025:02:46:17 +0300] "GET /blog/vozvrashchenie-dushi-vo-sne/ HTTP/1.1" 200 15574 "-" "Mozilla/5.0 (Linux; Android 7.0;) AppleWebKit/537.36 (KHTML, like Gecko) Mobile Safari/537.36 (compatible; PetalBot;+https://webmaster.petalsearch.com/site/petalbot)"
114.119.144.42 - - [30/Dec/2025:02:47:41 +0300] "GET /blog/obraz-mosta-v-regressionnoj-terapii/ HTTP/1.1" 200 19598 "https://zhriza.ru/blog/" "Mozilla/5.0 (Linux; Android 7.0;) AppleWebKit/537.36 (KHTML, like Gecko) Mobile Safari/537.36 (compatible; PetalBot;+https://webmaster.petalsearch.com/site/petalbot)"
114.119.135.233 - - [30/Dec/2025:02:49:06 +0300] "GET /blog/muzhskaya-psikhologiya-kontrolnij-vistrel/ HTTP/1.1" 200 14747 "https://zhriza.ru/?p=70" "Mozilla/5.0 (Linux; Android 7.0;) AppleWebKit/537.36 (KHTML, like Gecko) Mobile Safari/537.36 (compatible; PetalBot;+https://webmaster.petalsearch.com/site/petalbot)"
114.119.156.232 - - [30/Dec/2025:02:50:28 +0300] "GET /keyword/isterika/ HTTP/1.1" 200 27733 "https://zhriza.ru/keywords" "Mozilla/5.0 (Linux; Android 7.0;) AppleWebKit/537.36 (KHTML, like Gecko) Mobile Safari/537.36 (compatible; PetalBot;+https://webmaster.petalsearch.com/site/petalbot)"
139.180.163.76 - - [30/Dec/2025:02:50:38 +0300] "GET / HTTP/1.1" 200 16404 "-" "Mozilla/5.0 (Windows NT 10.0; Win64; x64) AppleWebKit/537.36 (KHTML, like Gecko) Chrome/129.0.0.0 Safari/537.36 (StatusCake)"
216.73.216.167 - - [30/Dec/2025:02:51:07 +0300] "GET /blog/desyat-zubov-desyat-dubov/viber:/chat?number=79043603682 HTTP/2.0" 404 165 "-" "Mozilla/5.0 AppleWebKit/537.36 (KHTML, like Gecko; compatible; ClaudeBot/1.0; +claudebot@anthropic.com)"
216.73.216.167 - - [30/Dec/2025:02:51:12 +0300] "GET /sitemap.xml HTTP/2.0" 404 146 "-" "Mozilla/5.0 AppleWebKit/537.36 (KHTML, like Gecko; compatible; ClaudeBot/1.0; +claudebot@anthropic.com)"
114.119.135.233 - - [30/Dec/2025:02:51:49 +0300] "GET /keyword/advokat HTTP/1.1" 301 0 "-" "Mozilla/5.0 (Linux; Android 7.0;) AppleWebKit/537.36 (KHTML, like Gecko) Mobile Safari/537.36 (compatible; PetalBot;+https://webmaster.petalsearch.com/site/petalbot)"
114.119.135.233 - - [30/Dec/2025:02:51:51 +0300] "GET /keyword/advokat/ HTTP/1.1" 200 13248 "-" "Mozilla/5.0 (Linux; Android 7.0;) AppleWebKit/537.36 (KHTML, like Gecko) Mobile Safari/537.36 (compatible; PetalBot;+https://webmaster.petalsearch.com/site/petalbot)"
176.31.139.23 - - [30/Dec/2025:02:53:44 +0300] "GET /expert/43/ HTTP/2.0" 200 11949 "-" "Mozilla/5.0 (compatible; AhrefsBot/7.0; +http://ahrefs.com/robot/)"
114.119.135.233 - - [30/Dec/2025:02:54:34 +0300] "GET /blog/khirologiya-vnutrennyaya-storona/ HTTP/1.1" 200 12123 "https://zhriza.ru/expert/39/" "Mozilla/5.0 (Linux; Android 7.0;) AppleWebKit/537.36 (KHTML, like Gecko) Mobile Safari/537.36 (compatible; PetalBot;+https://webmaster.petalsearch.com/site/petalbot)"
114.119.144.42 - - [30/Dec/2025:02:55:00 +0300] "GET /blog/blagorodstvo-s-toboyu-vsyo-tak HTTP/1.1" 301 0 "https://zhriza.ru/expert/35" "Mozilla/5.0 (Linux; Android 7.0;) AppleWebKit/537.36 (KHTML, like Gecko) Mobile Safari/537.36 (compatible; PetalBot;+https://webmaster.petalsearch.com/site/petalbot)"
114.119.144.42 - - [30/Dec/2025:02:55:02 +0300] "GET /blog/blagorodstvo-s-toboyu-vsyo-tak/ HTTP/1.1" 200 17571 "https://zhriza.ru/expert/35" "Mozilla/5.0 (Linux; Android 7.0;) AppleWebKit/537.36 (KHTML, like Gecko) Mobile Safari/537.36 (compatible; PetalBot;+https://webmaster.petalsearch.com/site/petalbot)"
185.191.171.12 - - [30/Dec/2025:02:55:33 +0300] "GET /robots.txt HTTP/1.1" 200 82 "-" "Mozilla/5.0 (compatible; SemrushBot/7~bl; +http://www.semrush.com/bot.html)"
85.208.96.210 - - [30/Dec/2025:02:55:36 +0300] "GET /blog/kpt-i-affirmatsii/ HTTP/1.1" 200 15192 "-" "Mozilla/5.0 (compatible; SemrushBot/7~bl; +http://www.semrush.com/bot.html)"
45.32.183.128 - - [30/Dec/2025:02:55:44 +0300] "GET / HTTP/1.1" 200 16402 "-" "Mozilla/5.0 (Windows NT 10.0; Win64; x64) AppleWebKit/537.36 (KHTML, like Gecko) Chrome/129.0.0.0 Safari/537.36 (StatusCake)"
114.119.150.15 - - [30/Dec/2025:02:56:01 +0300] "GET /blog/boevoj-olen-david-i-uriya HTTP/1.1" 301 0 "https://zhriza.ru/expert/35" "Mozilla/5.0 (Linux; Android 7.0;) AppleWebKit/537.36 (KHTML, like Gecko) Mobile Safari/537.36 (compatible; PetalBot;+https://webmaster.petalsearch.com/site/petalbot)"
114.119.150.15 - - [30/Dec/2025:02:56:03 +0300] "GET /blog/boevoj-olen-david-i-uriya/ HTTP/1.1" 200 15760 "https://zhriza.ru/expert/35" "Mozilla/5.0 (Linux; Android 7.0;) AppleWebKit/537.36 (KHTML, like Gecko) Mobile Safari/537.36 (compatible; PetalBot;+https://webmaster.petalsearch.com/site/petalbot)"
43.128.67.187 - - [30/Dec/2025:02:57:05 +0300] "GET / HTTP/1.1" 301 162 "-" "Mozilla/5.0 (iPhone; CPU iPhone OS 13_2_3 like Mac OS X) AppleWebKit/605.1.15 (KHTML, like Gecko) Version/13.0.3 Mobile/15E148 Safari/604.1"
47.128.96.12 - - [30/Dec/2025:02:57:07 +0300] "GET /blog/voprosi-psikhologa/ HTTP/2.0" 200 11939 "-" "Mozilla/5.0 (Linux; Android 5.0) AppleWebKit/537.36 (KHTML, like Gecko) Mobile Safari/537.36 (compatible; TikTokSpider; ttspider-feedback@tiktok.com)"
43.128.67.187 - - [30/Dec/2025:02:57:14 +0300] "GET / HTTP/1.1" 200 16402 "https://www.zhriza.ru/" "Mozilla/5.0 (iPhone; CPU iPhone OS 13_2_3 like Mac OS X) AppleWebKit/605.1.15 (KHTML, like Gecko) Version/13.0.3 Mobile/15E148 Safari/604.1"
143.244.178.189 - - [30/Dec/2025:03:00:48 +0300] "GET / HTTP/1.1" 200 16402 "-" "Mozilla/5.0 (Windows NT 10.0; Win64; x64) AppleWebKit/537.36 (KHTML, like Gecko) Chrome/129.0.0.0 Safari/537.36 (StatusCake)"
114.119.139.172 - - [30/Dec/2025:03:01:53 +0300] "GET /blog/psikhologiya-slov-na-praktike HTTP/1.1" 301 0 "-" "Mozilla/5.0 (Linux; Android 7.0;) AppleWebKit/537.36 (KHTML, like Gecko) Mobile Safari/537.36 (compatible; PetalBot;+https://webmaster.petalsearch.com/site/petalbot)"
114.119.139.172 - - [30/Dec/2025:03:01:55 +0300] "GET /blog/psikhologiya-slov-na-praktike/ HTTP/1.1" 200 15965 "-" "Mozilla/5.0 (Linux; Android 7.0;) AppleWebKit/537.36 (KHTML, like Gecko) Mobile Safari/537.36 (compatible; PetalBot;+https://webmaster.petalsearch.com/site/petalbot)"
16.170.114.19 - - [30/Dec/2025:03:05:56 +0300] "GET / HTTP/1.1" 200 16402 "-" "Mozilla/5.0 (Windows NT 10.0; Win64; x64) AppleWebKit/537.36 (KHTML, like Gecko) Chrome/129.0.0.0 Safari/537.36 (StatusCake)"
92.222.104.195 - - [30/Dec/2025:03:07:18 +0300] "GET /blog/besedi-s-tarologom/ HTTP/2.0" 200 12029 "-" "Mozilla/5.0 (compatible; AhrefsBot/7.0; +http://ahrefs.com/robot/)"
34.147.219.142 - - [30/Dec/2025:03:11:03 +0300] "GET / HTTP/1.1" 200 16402 "-" "Mozilla/5.0 (Windows NT 10.0; Win64; x64) AppleWebKit/537.36 (KHTML, like Gecko) Chrome/129.0.0.0 Safari/537.36 (StatusCake)"
43.153.135.208 - - [30/Dec/2025:03:13:55 +0300] "GET /blog/pochemu-genii-plokho-uchilis-v-shkole-i-prichyom-tut-izmerenie-soznaniya/ HTTP/1.1" 200 17607 "-" "Mozilla/5.0 (iPhone; CPU iPhone OS 13_2_3 like Mac OS X) AppleWebKit/605.1.15 (KHTML, like Gecko) Version/13.0.3 Mobile/15E148 Safari/604.1"
45.32.195.186 - - [30/Dec/2025:03:16:10 +0300] "GET / HTTP/1.1" 200 16403 "-" "Mozilla/5.0 (Windows NT 10.0; Win64; x64) AppleWebKit/537.36 (KHTML, like Gecko) Chrome/129.0.0.0 Safari/537.36 (StatusCake)"
212.3.130.203 - - [30/Dec/2025:03:17:38 +0300] "GET /dashboard/ HTTP/2.0" 302 39 "-" "Mozilla/5.0 (Windows NT 6.3; Win64; x64) AppleWebKit/537.36 (KHTML, like Gecko) Chrome/106.0.0.0 YaBrowser/22.11.0.2419 Yowser/2.5 Safari/537.36"
212.3.130.203 - - [30/Dec/2025:03:17:39 +0300] "GET /login/?next=/dashboard/ HTTP/2.0" 200 9160 "-" "Mozilla/5.0 (Windows NT 6.3; Win64; x64) AppleWebKit/537.36 (KHTML, like Gecko) Chrome/106.0.0.0 YaBrowser/22.11.0.2419 Yowser/2.5 Safari/537.36"
212.3.130.203 - - [30/Dec/2025:03:17:39 +0300] "GET /static/favicons/site.webmanifest HTTP/2.0" 200 591 "-" "Mozilla/5.0 (Windows NT 6.3; Win64; x64) AppleWebKit/537.36 (KHTML, like Gecko) Chrome/106.0.0.0 YaBrowser/22.11.0.2419 Yowser/2.5 Safari/537.36"
114.119.144.42 - - [30/Dec/2025:03:17:48 +0300] "GET /blog/teoreticheskaya-chast-vebinara-puteshestvie-k-resursu-i-sile/ HTTP/1.1" 200 12534 "https://zhriza.ru/blog/" "Mozilla/5.0 (Linux; Android 7.0;) AppleWebKit/537.36 (KHTML, like Gecko) Mobile Safari/537.36 (compatible; PetalBot;+https://webmaster.petalsearch.com/site/petalbot)"
212.3.130.203 - - [30/Dec/2025:03:18:17 +0300] "POST /login/ HTTP/2.0" 302 39 "https://zhriza.ru/login/?next=/dashboard/" "Mozilla/5.0 (Windows NT 6.3; Win64; x64) AppleWebKit/537.36 (KHTML, like Gecko) Chrome/106.0.0.0 YaBrowser/22.11.0.2419 Yowser/2.5 Safari/537.36"
212.3.130.203 - - [30/Dec/2025:03:18:18 +0300] "GET /dashboard/ HTTP/2.0" 499 0 "https://zhriza.ru/login/?next=/dashboard/" "Mozilla/5.0 (Windows NT 6.3; Win64; x64) AppleWebKit/537.36 (KHTML, like Gecko) Chrome/106.0.0.0 YaBrowser/22.11.0.2419 Yowser/2.5 Safari/537.36"
212.3.130.203 - - [30/Dec/2025:03:18:18 +0300] "POST /login/ HTTP/2.0" 403 678 "https://zhriza.ru/login/?next=/dashboard/" "Mozilla/5.0 (Windows NT 6.3; Win64; x64) AppleWebKit/537.36 (KHTML, like Gecko) Chrome/106.0.0.0 YaBrowser/22.11.0.2419 Yowser/2.5 Safari/537.36"
212.3.130.203 - - [30/Dec/2025:03:18:30 +0300] "GET /dashboard/ HTTP/2.0" 200 28473 "-" "Mozilla/5.0 (Windows NT 6.3; Win64; x64) AppleWebKit/537.36 (KHTML, like Gecko) Chrome/106.0.0.0 YaBrowser/22.11.0.2419 Yowser/2.5 Safari/537.36"
212.3.130.203 - - [30/Dec/2025:03:18:30 +0300] "GET /static/favicons/site.webmanifest HTTP/2.0" 200 591 "-" "Mozilla/5.0 (Windows NT 6.3; Win64; x64) AppleWebKit/537.36 (KHTML, like Gecko) Chrome/106.0.0.0 YaBrowser/22.11.0.2419 Yowser/2.5 Safari/537.36"
212.3.130.203 - - [30/Dec/2025:03:18:45 +0300] "GET / HTTP/2.0" 200 17056 "https://zhriza.ru/dashboard/" "Mozilla/5.0 (Windows NT 6.3; Win64; x64) AppleWebKit/537.36 (KHTML, like Gecko) Chrome/106.0.0.0 YaBrowser/22.11.0.2419 Yowser/2.5 Safari/537.36"
212.3.130.203 - - [30/Dec/2025:03:18:45 +0300] "GET /static/favicons/site.webmanifest HTTP/2.0" 200 591 "-" "Mozilla/5.0 (Windows NT 6.3; Win64; x64) AppleWebKit/537.36 (KHTML, like Gecko) Chrome/106.0.0.0 YaBrowser/22.11.0.2419 Yowser/2.5 Safari/537.36"
212.3.130.203 - - [30/Dec/2025:03:18:51 +0300] "GET /experts/ HTTP/2.0" 200 45968 "https://zhriza.ru/" "Mozilla/5.0 (Windows NT 6.3; Win64; x64) AppleWebKit/537.36 (KHTML, like Gecko) Chrome/106.0.0.0 YaBrowser/22.11.0.2419 Yowser/2.5 Safari/537.36"
212.3.130.203 - - [30/Dec/2025:03:18:51 +0300] "GET /static/favicons/site.webmanifest HTTP/2.0" 200 591 "-" "Mozilla/5.0 (Windows NT 6.3; Win64; x64) AppleWebKit/537.36 (KHTML, like Gecko) Chrome/106.0.0.0 YaBrowser/22.11.0.2419 Yowser/2.5 Safari/537.36"
213.180.203.96 - - [30/Dec/2025:03:19:00 +0300] "GET /login/ HTTP/1.1" 200 9120 "-" "Mozilla/5.0 (compatible; YandexBot/3.0; +http://yandex.com/bots)"
114.119.135.233 - - [30/Dec/2025:03:19:14 +0300] "GET /blog/spisok-moikh-uslug/ HTTP/1.1" 200 13105 "https://zhriza.ru/blog/" "Mozilla/5.0 (Linux; Android 7.0;) AppleWebKit/537.36 (KHTML, like Gecko) Mobile Safari/537.36 (compatible; PetalBot;+https://webmaster.petalsearch.com/site/petalbot)"
212.3.130.203 - - [30/Dec/2025:03:19:17 +0300] "GET /expert/66/ HTTP/2.0" 200 22256 "https://zhriza.ru/experts/" "Mozilla/5.0 (Windows NT 6.3; Win64; x64) AppleWebKit/537.36 (KHTML, like Gecko) Chrome/106.0.0.0 YaBrowser/22.11.0.2419 Yowser/2.5 Safari/537.36"
212.3.130.203 - - [30/Dec/2025:03:19:18 +0300] "GET /static/favicons/site.webmanifest HTTP/2.0" 200 591 "-" "Mozilla/5.0 (Windows NT 6.3; Win64; x64) AppleWebKit/537.36 (KHTML, like Gecko) Chrome/106.0.0.0 YaBrowser/22.11.0.2419 Yowser/2.5 Safari/537.36"
87.250.224.33 - - [30/Dec/2025:03:20:07 +0300] "GET /expert/66/ HTTP/1.1" 200 21348 "-" "Mozilla/5.0 (compatible; YandexBot/3.0; +http://yandex.com/bots)"
37.59.204.154 - - [30/Dec/2025:03:20:36 +0300] "GET /blog/osoznannost-kak-pobochnij-effekt-transovikh-praktik/ HTTP/2.0" 200 16193 "-" "Mozilla/5.0 (compatible; AhrefsBot/7.0; +http://ahrefs.com/robot/)"
114.119.139.172 - - [30/Dec/2025:03:20:36 +0300] "GET /blog/rabota-s-mak-kartami-primer-razbora-zaprosa-pro-vodu/ HTTP/1.1" 200 12610 "https://zhriza.ru/blog/rabota-s-mak-kartami-primer-razbora-zaprosa-pro-vodu" "Mozilla/5.0 (Linux; Android 7.0;) AppleWebKit/537.36 (KHTML, like Gecko) Mobile Safari/537.36 (compatible; PetalBot;+https://webmaster.petalsearch.com/site/petalbot)"
212.3.130.203 - - [30/Dec/2025:03:20:39 +0300] "GET /dashboard/blog/ HTTP/2.0" 200 359908 "https://zhriza.ru/dashboard/" "Mozilla/5.0 (Windows NT 6.3; Win64; x64) AppleWebKit/537.36 (KHTML, like Gecko) Chrome/106.0.0.0 YaBrowser/22.11.0.2419 Yowser/2.5 Safari/537.36"
212.3.130.203 - - [30/Dec/2025:03:20:39 +0300] "GET /static/favicons/site.webmanifest HTTP/2.0" 200 591 "-" "Mozilla/5.0 (Windows NT 6.3; Win64; x64) AppleWebKit/537.36 (KHTML, like Gecko) Chrome/106.0.0.0 YaBrowser/22.11.0.2419 Yowser/2.5 Safari/537.36"
212.3.130.203 - - [30/Dec/2025:03:20:50 +0300] "GET /dashboard/blog/create/ HTTP/2.0" 200 9507 "https://zhriza.ru/dashboard/blog/" "Mozilla/5.0 (Windows NT 6.3; Win64; x64) AppleWebKit/537.36 (KHTML, like Gecko) Chrome/106.0.0.0 YaBrowser/22.11.0.2419 Yowser/2.5 Safari/537.36"
212.3.130.203 - - [30/Dec/2025:03:20:51 +0300] "GET /static/favicons/site.webmanifest HTTP/2.0" 200 591 "-" "Mozilla/5.0 (Windows NT 6.3; Win64; x64) AppleWebKit/537.36 (KHTML, like Gecko) Chrome/106.0.0.0 YaBrowser/22.11.0.2419 Yowser/2.5 Safari/537.36"
212.3.130.203 - - [30/Dec/2025:03:20:52 +0300] "GET /summernote/editor/id_content/ HTTP/2.0" 200 2090 "https://zhriza.ru/dashboard/blog/create/" "Mozilla/5.0 (Windows NT 6.3; Win64; x64) AppleWebKit/537.36 (KHTML, like Gecko) Chrome/106.0.0.0 YaBrowser/22.11.0.2419 Yowser/2.5 Safari/537.36"
212.3.130.203 - - [30/Dec/2025:03:20:52 +0300] "GET /summernote/editor/id_short_content/ HTTP/2.0" 200 2095 "https://zhriza.ru/dashboard/blog/create/" "Mozilla/5.0 (Windows NT 6.3; Win64; x64) AppleWebKit/537.36 (KHTML, like Gecko) Chrome/106.0.0.0 YaBrowser/22.11.0.2419 Yowser/2.5 Safari/537.36"
35.197.195.213 - - [30/Dec/2025:03:21:15 +0300] "GET / HTTP/1.1" 200 16403 "-" "Mozilla/5.0 (Windows NT 10.0; Win64; x64) AppleWebKit/537.36 (KHTML, like Gecko) Chrome/129.0.0.0 Safari/537.36 (StatusCake)"
185.191.171.1 - - [30/Dec/2025:03:21:19 +0300] "GET /login/ HTTP/1.1" 200 9123 "-" "Mozilla/5.0 (compatible; SemrushBot/7~bl; +http://www.semrush.com/bot.html)"
114.119.150.15 - - [30/Dec/2025:03:22:00 +0300] "GET /blog/psikhika-i-ii-obuchenie-na-samom-sebe/ HTTP/1.1" 200 16872 "https://zhriza.ru/?p=2" "Mozilla/5.0 (Linux; Android 7.0;) AppleWebKit/537.36 (KHTML, like Gecko) Mobile Safari/537.36 (compatible; PetalBot;+https://webmaster.petalsearch.com/site/petalbot)"
212.3.130.203 - - [30/Dec/2025:03:22:08 +0300] "POST /dashboard/blog/create/ HTTP/2.0" 302 39 "https://zhriza.ru/dashboard/blog/create/" "Mozilla/5.0 (Windows NT 6.3; Win64; x64) AppleWebKit/537.36 (KHTML, like Gecko) Chrome/106.0.0.0 YaBrowser/22.11.0.2419 Yowser/2.5 Safari/537.36"
40.77.167.59 - - [30/Dec/2025:03:22:31 +0300] "GET /search/?q=2025 HTTP/2.0" 200 46034 "-" "Mozilla/5.0 AppleWebKit/537.36 (KHTML, like Gecko; compatible; bingbot/2.0; +http://www.bing.com/bingbot.htm) Chrome/116.0.1938.76 Safari/537.36"
212.3.130.203 - - [30/Dec/2025:03:22:39 +0300] "GET /dashboard/blog/ HTTP/2.0" 502 552 "https://zhriza.ru/dashboard/blog/create/" "Mozilla/5.0 (Windows NT 6.3; Win64; x64) AppleWebKit/537.36 (KHTML, like Gecko) Chrome/106.0.0.0 YaBrowser/22.11.0.2419 Yowser/2.5 Safari/537.36"
212.3.130.203 - - [30/Dec/2025:03:22:54 +0300] "GET /dashboard/ HTTP/2.0" 200 28422 "-" "Mozilla/5.0 (Windows NT 6.3; Win64; x64) AppleWebKit/537.36 (KHTML, like Gecko) Chrome/106.0.0.0 YaBrowser/22.11.0.2419 Yowser/2.5 Safari/537.36"
212.3.130.203 - - [30/Dec/2025:03:22:54 +0300] "GET /static/favicons/site.webmanifest HTTP/2.0" 200 591 "-" "Mozilla/5.0 (Windows NT 6.3; Win64; x64) AppleWebKit/537.36 (KHTML, like Gecko) Chrome/106.0.0.0 YaBrowser/22.11.0.2419 Yowser/2.5 Safari/537.36"
212.3.130.203 - - [30/Dec/2025:03:23:18 +0300] "GET /dashboard/blog/ HTTP/2.0" 200 359269 "https://zhriza.ru/dashboard/" "Mozilla/5.0 (Windows NT 6.3; Win64; x64) AppleWebKit/537.36 (KHTML, like Gecko) Chrome/106.0.0.0 YaBrowser/22.11.0.2419 Yowser/2.5 Safari/537.36"
212.3.130.203 - - [30/Dec/2025:03:23:18 +0300] "GET /static/favicons/site.webmanifest HTTP/2.0" 200 591 "-" "Mozilla/5.0 (Windows NT 6.3; Win64; x64) AppleWebKit/537.36 (KHTML, like Gecko) Chrome/106.0.0.0 YaBrowser/22.11.0.2419 Yowser/2.5 Safari/537.36"
114.119.136.12 - - [30/Dec/2025:03:23:22 +0300] "GET /blog/prostranstvo-yasnosti HTTP/1.1" 301 0 "-" "Mozilla/5.0 (Linux; Android 7.0;) AppleWebKit/537.36 (KHTML, like Gecko) Mobile Safari/537.36 (compatible; PetalBot;+https://webmaster.petalsearch.com/site/petalbot)"
114.119.136.12 - - [30/Dec/2025:03:23:24 +0300] "GET /blog/prostranstvo-yasnosti/ HTTP/1.1" 200 15107 "-" "Mozilla/5.0 (Linux; Android 7.0;) AppleWebKit/537.36 (KHTML, like Gecko) Mobile Safari/537.36 (compatible; PetalBot;+https://webmaster.petalsearch.com/site/petalbot)"
212.3.130.203 - - [30/Dec/2025:03:23:25 +0300] "GET /dashboard/blog/edit/1151/ HTTP/2.0" 200 12928 "https://zhriza.ru/dashboard/blog/" "Mozilla/5.0 (Windows NT 6.3; Win64; x64) AppleWebKit/537.36 (KHTML, like Gecko) Chrome/106.0.0.0 YaBrowser/22.11.0.2419 Yowser/2.5 Safari/537.36"
212.3.130.203 - - [30/Dec/2025:03:23:26 +0300] "GET /static/favicons/site.webmanifest HTTP/2.0" 200 591 "-" "Mozilla/5.0 (Windows NT 6.3; Win64; x64) AppleWebKit/537.36 (KHTML, like Gecko) Chrome/106.0.0.0 YaBrowser/22.11.0.2419 Yowser/2.5 Safari/537.36"
212.3.130.203 - - [30/Dec/2025:03:23:28 +0300] "GET /summernote/editor/id_short_content/ HTTP/2.0" 200 2094 "https://zhriza.ru/dashboard/blog/edit/1151/" "Mozilla/5.0 (Windows NT 6.3; Win64; x64) AppleWebKit/537.36 (KHTML, like Gecko) Chrome/106.0.0.0 YaBrowser/22.11.0.2419 Yowser/2.5 Safari/537.36"
212.3.130.203 - - [30/Dec/2025:03:23:28 +0300] "GET /summernote/editor/id_content/ HTTP/2.0" 200 2088 "https://zhriza.ru/dashboard/blog/edit/1151/" "Mozilla/5.0 (Windows NT 6.3; Win64; x64) AppleWebKit/537.36 (KHTML, like Gecko) Chrome/106.0.0.0 YaBrowser/22.11.0.2419 Yowser/2.5 Safari/537.36"
212.3.130.203 - - [30/Dec/2025:03:23:45 +0300] "POST /dashboard/blog/edit/1151/ HTTP/2.0" 302 39 "https://zhriza.ru/dashboard/blog/edit/1151/" "Mozilla/5.0 (Windows NT 6.3; Win64; x64) AppleWebKit/537.36 (KHTML, like Gecko) Chrome/106.0.0.0 YaBrowser/22.11.0.2419 Yowser/2.5 Safari/537.36"
212.3.130.203 - - [30/Dec/2025:03:24:15 +0300] "GET /dashboard/blog/ HTTP/2.0" 502 552 "https://zhriza.ru/dashboard/blog/edit/1151/" "Mozilla/5.0 (Windows NT 6.3; Win64; x64) AppleWebKit/537.36 (KHTML, like Gecko) Chrome/106.0.0.0 YaBrowser/22.11.0.2419 Yowser/2.5 Safari/537.36"
34.96.44.75 - - [30/Dec/2025:03:24:32 +0300] "GET /ads.txt HTTP/1.1" 301 0 "-" "IAB-Tech-Lab"
34.96.44.75 - - [30/Dec/2025:03:24:35 +0300] "GET /ads.txt/ HTTP/1.1" 200 55132 "-" "IAB-Tech-Lab"
212.3.130.203 - - [30/Dec/2025:03:24:39 +0300] "GET /dashboard/ HTTP/2.0" 200 28426 "-" "Mozilla/5.0 (Windows NT 6.3; Win64; x64) AppleWebKit/537.36 (KHTML, like Gecko) Chrome/106.0.0.0 YaBrowser/22.11.0.2419 Yowser/2.5 Safari/537.36"
212.3.130.203 - - [30/Dec/2025:03:24:40 +0300] "GET /static/favicons/site.webmanifest HTTP/2.0" 200 591 "-" "Mozilla/5.0 (Windows NT 6.3; Win64; x64) AppleWebKit/537.36 (KHTML, like Gecko) Chrome/106.0.0.0 YaBrowser/22.11.0.2419 Yowser/2.5 Safari/537.36"
