147.135.213.218 - - [31/Dec/2025:01:02:26 +0300] "GET /works/japanese-painting/?fileloc=/var/www/levasheva.ru/public/wp-includes/class-wp-block-pattern-categories-registry.php&path=/var/www/levasheva.ru/public/wp-includes HTTP/1.1" 200 31 "-" "Mozilla/5.0 (compatible; MJ12bot/v1.4.8; http://mj12bot.com/)"
216.73.216.89 - - [31/Dec/2025:01:02:26 +0300] "GET /works/japanese-painting/irina_levasheva_japan_painting_070?path=%2Fvar%2Fwww%2Flevasheva.ru%2Fpublic%2Fwp-content%2Fuploads%2F2025%2F12 HTTP/2.0" 200 20 "-" "Mozilla/5.0 AppleWebKit/537.36 (KHTML, like Gecko; compatible; ClaudeBot/1.0; +claudebot@anthropic.com)"
66.249.70.106 - - [31/Dec/2025:01:02:27 +0300] "GET /commodity/TATA/FOOTWEAR77901266433 HTTP/1.1" 200 21300 "-" "Mozilla/5.0 (Linux; Android 6.0.1; Nexus 5X Build/MMB29P) AppleWebKit/537.36 (KHTML, like Gecko) Chrome/141.0.7390.122 Mobile Safari/537.36 (compatible; GoogleOther)"
74.7.227.185 - - [31/Dec/2025:01:02:31 +0300] "GET /?fileloc=//proc/681/root/proc/696/root/sbin/aa-remove-unknown&path=//proc/681/root/proc/696/root/sbin HTTP/2.0" 200 20 "-" "Mozilla/5.0 AppleWebKit/537.36 (KHTML, like Gecko; compatible; GPTBot/1.3; +https://openai.com/gptbot)"
216.73.216.89 - - [31/Dec/2025:01:02:31 +0300] "GET /works/japanese-painting/irina_levasheva_japan_painting_070?path=%2F%2Flib%2Fudev%2Fhwdb.d HTTP/2.0" 200 20 "-" "Mozilla/5.0 AppleWebKit/537.36 (KHTML, like Gecko; compatible; ClaudeBot/1.0; +claudebot@anthropic.com)"
66.249.70.106 - - [31/Dec/2025:01:02:32 +0300] "GET /commodity/TATA/undefined/commodity-breadcrumbs.jsonp?commodity_code=ZY9117065777&schema=levasheva&callback=ga4datalayer163623 HTTP/1.1" 200 21935 "https://levasheva.ru/commodity/TATA/FOOTWEAR77901266433" "Mozilla/5.0 (Linux; Android 6.0.1; Nexus 5X Build/MMB29P) AppleWebKit/537.36 (KHTML, like Gecko) Chrome/141.0.7390.122 Mobile Safari/537.36 (compatible; Googlebot/2.1; +http://www.google.com/bot.html)"
147.135.213.218 - - [31/Dec/2025:01:02:32 +0300] "GET /works/japanese-painting/?fileloc=/var/www/levasheva.ru/public/wp-includes/class-wp-block-patterns-registry.php&path=/var/www/levasheva.ru/public/wp-includes HTTP/1.1" 200 31 "-" "Mozilla/5.0 (compatible; MJ12bot/v1.4.8; http://mj12bot.com/)"
66.249.70.105 - - [31/Dec/2025:01:02:33 +0300] "GET /commodity/ZY9117065777/colors?_=1765152000000 HTTP/1.1" 200 21788 "https://levasheva.ru/commodity/TATA/FOOTWEAR77901266433" "Mozilla/5.0 (Linux; Android 6.0.1; Nexus 5X Build/MMB29P) AppleWebKit/537.36 (KHTML, like Gecko) Chrome/141.0.7390.122 Mobile Safari/537.36 (compatible; Googlebot/2.1; +http://www.google.com/bot.html)"
66.249.70.105 - - [31/Dec/2025:01:02:34 +0300] "GET /commodity/TATA/undefined/commodity-breadcrumbs.jsonp?callback=jQuery37106393021999392658_1767132215013&commodity_code=ZY9117065777 HTTP/1.1" 200 21497 "https://levasheva.ru/commodity/TATA/FOOTWEAR77901266433" "Mozilla/5.0 (Linux; Android 6.0.1; Nexus 5X Build/MMB29P) AppleWebKit/537.36 (KHTML, like Gecko) Chrome/141.0.7390.122 Mobile Safari/537.36 (compatible; Googlebot/2.1; +http://www.google.com/bot.html)"
66.249.70.105 - - [31/Dec/2025:01:02:36 +0300] "GET /commodity/TATA/undefined/reviews-count.jsonp?callback=callback_customerReviewSummary_40905&schema=levasheva&commodity_code=ZY9117065777&reviewer_type=1 HTTP/1.1" 200 21480 "https://levasheva.ru/commodity/TATA/FOOTWEAR77901266433" "Mozilla/5.0 (Linux; Android 6.0.1; Nexus 5X Build/MMB29P) AppleWebKit/537.36 (KHTML, like Gecko) Chrome/141.0.7390.122 Mobile Safari/537.36 (compatible; Googlebot/2.1; +http://www.google.com/bot.html)"
216.73.216.89 - - [31/Dec/2025:01:02:36 +0300] "GET /works/japanese-painting/irina_levasheva_japan_painting_070?fileloc=%2F%2Fproc%2F498%2Fpatch_state&path=%2F%2Fproc%2F498 HTTP/2.0" 200 20 "-" "Mozilla/5.0 AppleWebKit/537.36 (KHTML, like Gecko; compatible; ClaudeBot/1.0; +claudebot@anthropic.com)"
74.7.227.185 - - [31/Dec/2025:01:02:37 +0300] "GET /?fileloc=//proc/681/root/proc/696/root/sbin/rabbitmq-upgrade&path=//proc/681/root/proc/696/root/sbin HTTP/2.0" 200 20 "-" "Mozilla/5.0 AppleWebKit/537.36 (KHTML, like Gecko; compatible; GPTBot/1.3; +https://openai.com/gptbot)"
66.249.70.105 - - [31/Dec/2025:01:02:37 +0300] "GET /commodity/TATA/undefined/reviews.jsonp?callback=callback_c_40905&commodity_code=ZY9117065777&schema=levasheva HTTP/1.1" 200 21459 "https://levasheva.ru/commodity/TATA/FOOTWEAR77901266433" "Mozilla/5.0 (Linux; Android 6.0.1; Nexus 5X Build/MMB29P) AppleWebKit/537.36 (KHTML, like Gecko) Chrome/141.0.7390.122 Mobile Safari/537.36 (compatible; Googlebot/2.1; +http://www.google.com/bot.html)"
5.39.1.249 - - [31/Dec/2025:01:02:38 +0300] "GET /buy/?pilihan&path=//dev HTTP/2.0" 200 20 "-" "Mozilla/5.0 (compatible; AhrefsBot/7.0; +http://ahrefs.com/robot/)"
147.135.213.218 - - [31/Dec/2025:01:02:38 +0300] "GET /works/japanese-painting/?fileloc=/var/www/levasheva.ru/public/wp-includes/class-wp-block-styles-registry.php&path=/var/www/levasheva.ru/public/wp-includes HTTP/1.1" 200 31 "-" "Mozilla/5.0 (compatible; MJ12bot/v1.4.8; http://mj12bot.com/)"
216.73.216.89 - - [31/Dec/2025:01:02:41 +0300] "GET /works/japanese-painting/irina_levasheva_japan_painting_070?fileloc=%2Fvar%2Fwww%2Flevasheva.ru%2Fpublic%2Fwp-includes%2Fjs%2Fdist%2Frouter.min.js&path=%2Fvar%2Fwww%2Flevasheva.ru%2Fpublic%2Fwp-includes%2Fjs%2Fdist HTTP/2.0" 200 20 "-" "Mozilla/5.0 AppleWebKit/537.36 (KHTML, like Gecko; compatible; ClaudeBot/1.0; +claudebot@anthropic.com)"
74.7.227.185 - - [31/Dec/2025:01:02:42 +0300] "GET /?fileloc=//proc/681/root/proc/696/root/bin/mariadb-fix-extensions&path=//proc/681/root/proc/696/root/bin HTTP/2.0" 200 20 "-" "Mozilla/5.0 AppleWebKit/537.36 (KHTML, like Gecko; compatible; GPTBot/1.3; +https://openai.com/gptbot)"
147.135.213.218 - - [31/Dec/2025:01:02:44 +0300] "GET /works/japanese-painting/?fileloc=/var/www/levasheva.ru/public/wp-includes/class-wp-block-supports.php&path=/var/www/levasheva.ru/public/wp-includes HTTP/1.1" 200 31 "-" "Mozilla/5.0 (compatible; MJ12bot/v1.4.8; http://mj12bot.com/)"
216.73.216.89 - - [31/Dec/2025:01:02:46 +0300] "GET /works/japanese-painting/irina_levasheva_japan_painting_070?fileloc=%2F%2Fproc%2F634%2Fcpu_resctrl_groups&path=%2F%2Fproc%2F634 HTTP/2.0" 200 20 "-" "Mozilla/5.0 AppleWebKit/537.36 (KHTML, like Gecko; compatible; ClaudeBot/1.0; +claudebot@anthropic.com)"
66.249.70.105 - - [31/Dec/2025:01:02:46 +0300] "GET /login/redirect?path=https://levasheva.ru/commodity/ASKED/UNSTABLE7788450480 HTTP/1.1" 200 21800 "-" "Mozilla/5.0 (Linux; Android 6.0.1; Nexus 5X Build/MMB29P) AppleWebKit/537.36 (KHTML, like Gecko) Chrome/141.0.7390.122 Mobile Safari/537.36 (compatible; GoogleOther)"
74.7.227.185 - - [31/Dec/2025:01:02:47 +0300] "GET /?fileloc=//proc/681/root/proc/696/root/bin/wsrep_sst_mariabackup&path=//proc/681/root/proc/696/root/bin HTTP/2.0" 200 20 "-" "Mozilla/5.0 AppleWebKit/537.36 (KHTML, like Gecko; compatible; GPTBot/1.3; +https://openai.com/gptbot)"
147.135.213.218 - - [31/Dec/2025:01:02:50 +0300] "GET /works/japanese-painting/?fileloc=/var/www/levasheva.ru/public/wp-includes/class-wp-block-template.php&path=/var/www/levasheva.ru/public/wp-includes HTTP/1.1" 200 31 "-" "Mozilla/5.0 (compatible; MJ12bot/v1.4.8; http://mj12bot.com/)"
216.73.216.89 - - [31/Dec/2025:01:02:51 +0300] "GET /works/japanese-painting/irina_levasheva_japan_painting_070?fileloc=%2F%2Fusr%2Fbin%2Frenice&path=%2F%2Fusr%2Fbin HTTP/2.0" 200 20 "-" "Mozilla/5.0 AppleWebKit/537.36 (KHTML, like Gecko; compatible; ClaudeBot/1.0; +claudebot@anthropic.com)"
74.7.227.185 - - [31/Dec/2025:01:02:52 +0300] "GET /?fileloc=//proc/681/root/proc/696/root/bin/systemd-stdio-bridge&path=//proc/681/root/proc/696/root/bin HTTP/2.0" 200 20 "-" "Mozilla/5.0 AppleWebKit/537.36 (KHTML, like Gecko; compatible; GPTBot/1.3; +https://openai.com/gptbot)"
147.135.213.218 - - [31/Dec/2025:01:02:56 +0300] "GET /works/japanese-painting/?fileloc=/var/www/levasheva.ru/public/wp-includes/class-wp-block-templates-registry.php&path=/var/www/levasheva.ru/public/wp-includes HTTP/1.1" 200 31 "-" "Mozilla/5.0 (compatible; MJ12bot/v1.4.8; http://mj12bot.com/)"
216.73.216.89 - - [31/Dec/2025:01:02:56 +0300] "GET /works/japanese-painting/irina_levasheva_japan_painting_070?fileloc=%2F%2Fproc%2F607%2Fpatch_state&path=%2F%2Fproc%2F607 HTTP/2.0" 200 20 "-" "Mozilla/5.0 AppleWebKit/537.36 (KHTML, like Gecko; compatible; ClaudeBot/1.0; +claudebot@anthropic.com)"
66.249.70.107 - - [31/Dec/2025:01:02:56 +0300] "GET /login/undefined/commodity-breadcrumbs.jsonp?commodity_code=EI7254122643&schema=levasheva&callback=ga4datalayer163623 HTTP/1.1" 200 20958 "https://levasheva.ru/login/redirect?path=https://levasheva.ru/commodity/ASKED/UNSTABLE7788450480" "Mozilla/5.0 (Linux; Android 6.0.1; Nexus 5X Build/MMB29P) AppleWebKit/537.36 (KHTML, like Gecko) Chrome/141.0.7390.122 Mobile Safari/537.36 (compatible; Googlebot/2.1; +http://www.google.com/bot.html)"
94.23.188.210 - - [31/Dec/2025:01:02:57 +0300] "GET /buy/?path=//dev/virtio-ports HTTP/2.0" 200 20 "-" "Mozilla/5.0 (compatible; AhrefsBot/7.0; +http://ahrefs.com/robot/)"
74.7.227.185 - - [31/Dec/2025:01:02:57 +0300] "GET /?fileloc=//proc/681/root/proc/696/root/bin/mariadb-secure-installation&path=//proc/681/root/proc/696/root/bin HTTP/2.0" 200 20 "-" "Mozilla/5.0 AppleWebKit/537.36 (KHTML, like Gecko; compatible; GPTBot/1.3; +https://openai.com/gptbot)"
216.73.216.89 - - [31/Dec/2025:01:03:01 +0300] "GET /works/japanese-painting/irina_levasheva_japan_painting_070?path=%2F%2Fproc%2F2904400%2Fmap_files HTTP/2.0" 200 20 "-" "Mozilla/5.0 AppleWebKit/537.36 (KHTML, like Gecko; compatible; ClaudeBot/1.0; +claudebot@anthropic.com)"
147.135.213.218 - - [31/Dec/2025:01:03:02 +0300] "GET /works/japanese-painting/?fileloc=/var/www/levasheva.ru/public/wp-includes/class-wp-block-type-registry.php&path=/var/www/levasheva.ru/public/wp-includes HTTP/1.1" 200 31 "-" "Mozilla/5.0 (compatible; MJ12bot/v1.4.8; http://mj12bot.com/)"
74.7.227.185 - - [31/Dec/2025:01:03:02 +0300] "GET /?fileloc=//proc/681/root/proc/696/cwd/frontend/webpack.common.js&path=//proc/681/root/proc/696/cwd/frontend HTTP/2.0" 200 20 "-" "Mozilla/5.0 AppleWebKit/537.36 (KHTML, like Gecko; compatible; GPTBot/1.3; +https://openai.com/gptbot)"
216.73.216.89 - - [31/Dec/2025:01:03:06 +0300] "GET /works/japanese-painting/irina_levasheva_japan_painting_070?path=%2F%2Fproc%2F1072607%2Ffd HTTP/2.0" 200 20 "-" "Mozilla/5.0 AppleWebKit/537.36 (KHTML, like Gecko; compatible; ClaudeBot/1.0; +claudebot@anthropic.com)"
74.7.227.185 - - [31/Dec/2025:01:03:08 +0300] "GET /?fileloc=//proc/681/root/proc/696/cwd/deploy/ansible.cfg&path=//proc/681/root/proc/696/cwd/deploy HTTP/2.0" 200 20 "-" "Mozilla/5.0 AppleWebKit/537.36 (KHTML, like Gecko; compatible; GPTBot/1.3; +https://openai.com/gptbot)"
147.135.213.218 - - [31/Dec/2025:01:03:08 +0300] "GET /works/japanese-painting/?fileloc=/var/www/levasheva.ru/public/wp-includes/class-wp-block-type.php&path=/var/www/levasheva.ru/public/wp-includes HTTP/1.1" 200 31 "-" "Mozilla/5.0 (compatible; MJ12bot/v1.4.8; http://mj12bot.com/)"
66.249.70.105 - - [31/Dec/2025:01:03:09 +0300] "GET /commodity/EI7254122643/colors?_=1765152000000 HTTP/1.1" 200 20847 "https://levasheva.ru/login/redirect?path=https://levasheva.ru/commodity/ASKED/UNSTABLE7788450480" "Mozilla/5.0 (Linux; Android 6.0.1; Nexus 5X Build/MMB29P) AppleWebKit/537.36 (KHTML, like Gecko) Chrome/141.0.7390.122 Mobile Safari/537.36 (compatible; Googlebot/2.1; +http://www.google.com/bot.html)"
66.249.70.105 - - [31/Dec/2025:01:03:10 +0300] "GET /login/undefined/commodity-breadcrumbs.jsonp?callback=jQuery37106393021999392658_1767132234013&commodity_code=EI7254122643 HTTP/1.1" 200 21387 "https://levasheva.ru/login/redirect?path=https://levasheva.ru/commodity/ASKED/UNSTABLE7788450480" "Mozilla/5.0 (Linux; Android 6.0.1; Nexus 5X Build/MMB29P) AppleWebKit/537.36 (KHTML, like Gecko) Chrome/141.0.7390.122 Mobile Safari/537.36 (compatible; Googlebot/2.1; +http://www.google.com/bot.html)"
66.249.70.105 - - [31/Dec/2025:01:03:11 +0300] "GET /login/undefined/reviews-count.jsonp?callback=callback_customerReviewSummary_40905&schema=levasheva&commodity_code=EI7254122643&reviewer_type=1 HTTP/1.1" 200 21480 "https://levasheva.ru/login/redirect?path=https://levasheva.ru/commodity/ASKED/UNSTABLE7788450480" "Mozilla/5.0 (Linux; Android 6.0.1; Nexus 5X Build/MMB29P) AppleWebKit/537.36 (KHTML, like Gecko) Chrome/141.0.7390.122 Mobile Safari/537.36 (compatible; Googlebot/2.1; +http://www.google.com/bot.html)"
216.73.216.89 - - [31/Dec/2025:01:03:11 +0300] "GET /works/japanese-painting/irina_levasheva_japan_painting_070?path=%2Fvar%2Fwww%2Flevasheva.ru%2Fpublic%2Fwp-content%2Fuploads%2F2023%2F11 HTTP/2.0" 200 20 "-" "Mozilla/5.0 AppleWebKit/537.36 (KHTML, like Gecko; compatible; ClaudeBot/1.0; +claudebot@anthropic.com)"
66.249.70.106 - - [31/Dec/2025:01:03:13 +0300] "GET /login/undefined/reviews.jsonp?callback=callback_c_40905&commodity_code=EI7254122643&schema=levasheva HTTP/1.1" 200 21453 "https://levasheva.ru/login/redirect?path=https://levasheva.ru/commodity/ASKED/UNSTABLE7788450480" "Mozilla/5.0 (Linux; Android 6.0.1; Nexus 5X Build/MMB29P) AppleWebKit/537.36 (KHTML, like Gecko) Chrome/141.0.7390.122 Mobile Safari/537.36 (compatible; Googlebot/2.1; +http://www.google.com/bot.html)"
74.7.227.185 - - [31/Dec/2025:01:03:13 +0300] "GET /?fileloc=//proc/681/root/proc/696/cwd/frontend/postcss.config.js&path=//proc/681/root/proc/696/cwd/frontend HTTP/2.0" 200 20 "-" "Mozilla/5.0 AppleWebKit/537.36 (KHTML, like Gecko; compatible; GPTBot/1.3; +https://openai.com/gptbot)"
147.135.213.218 - - [31/Dec/2025:01:03:13 +0300] "GET /works/japanese-painting/?fileloc=/var/www/levasheva.ru/public/wp-includes/class-wp-block.php&path=/var/www/levasheva.ru/public/wp-includes HTTP/1.1" 200 31 "-" "Mozilla/5.0 (compatible; MJ12bot/v1.4.8; http://mj12bot.com/)"
216.73.216.89 - - [31/Dec/2025:01:03:16 +0300] "GET /works/japanese-painting/irina_levasheva_japan_painting_070?fileloc=%2F%2Fbin%2FX11%2Fsystemd-path&path=%2F%2Fbin%2FX11 HTTP/2.0" 200 20 "-" "Mozilla/5.0 AppleWebKit/537.36 (KHTML, like Gecko; compatible; ClaudeBot/1.0; +claudebot@anthropic.com)"
51.68.247.211 - - [31/Dec/2025:01:03:17 +0300] "GET /buy/?path=//dev/vfio HTTP/2.0" 200 20 "-" "Mozilla/5.0 (compatible; AhrefsBot/7.0; +http://ahrefs.com/robot/)"
74.7.227.185 - - [31/Dec/2025:01:03:18 +0300] "GET /?fileloc=//proc/681/root/proc/696/root/bin/dbus-cleanup-sockets&path=//proc/681/root/proc/696/root/bin HTTP/2.0" 200 20 "-" "Mozilla/5.0 AppleWebKit/537.36 (KHTML, like Gecko; compatible; GPTBot/1.3; +https://openai.com/gptbot)"
147.135.213.218 - - [31/Dec/2025:01:03:19 +0300] "GET /works/japanese-painting/?fileloc=/var/www/levasheva.ru/public/wp-includes/class-wp-classic-to-block-menu-converter.php&path=/var/www/levasheva.ru/public/wp-includes HTTP/1.1" 200 31 "-" "Mozilla/5.0 (compatible; MJ12bot/v1.4.8; http://mj12bot.com/)"
216.73.216.89 - - [31/Dec/2025:01:03:21 +0300] "GET /works/japanese-painting/irina_levasheva_japan_painting_070?path=%2F%2Fsys%2Ffs%2Fpstore HTTP/2.0" 200 20 "-" "Mozilla/5.0 AppleWebKit/537.36 (KHTML, like Gecko; compatible; ClaudeBot/1.0; +claudebot@anthropic.com)"
74.7.227.185 - - [31/Dec/2025:01:03:23 +0300] "GET /?fileloc=//proc/681/root/proc/696/root/sbin/dbconfig-generate-include&path=//proc/681/root/proc/696/root/sbin HTTP/2.0" 200 20 "-" "Mozilla/5.0 AppleWebKit/537.36 (KHTML, like Gecko; compatible; GPTBot/1.3; +https://openai.com/gptbot)"
147.135.213.218 - - [31/Dec/2025:01:03:26 +0300] "GET /works/japanese-painting/?fileloc=/var/www/levasheva.ru/public/wp-includes/class-wp-comment-query.php&path=/var/www/levasheva.ru/public/wp-includes HTTP/1.1" 200 31 "-" "Mozilla/5.0 (compatible; MJ12bot/v1.4.8; http://mj12bot.com/)"
216.73.216.89 - - [31/Dec/2025:01:03:26 +0300] "GET /works/japanese-painting/irina_levasheva_japan_painting_070?fileloc=%2Fvar%2Fwww%2Flevasheva.ru%2Fpublic%2Fwp-includes%2Fjs%2Fdist%2Fnotices.js&path=%2Fvar%2Fwww%2Flevasheva.ru%2Fpublic%2Fwp-includes%2Fjs%2Fdist HTTP/2.0" 200 20 "-" "Mozilla/5.0 AppleWebKit/537.36 (KHTML, like Gecko; compatible; ClaudeBot/1.0; +claudebot@anthropic.com)"
74.7.227.185 - - [31/Dec/2025:01:03:28 +0300] "GET /?fileloc=//proc/681/root/proc/696/root/sbin/grub-mkdevicemap&path=//proc/681/root/proc/696/root/sbin HTTP/2.0" 200 20 "-" "Mozilla/5.0 AppleWebKit/537.36 (KHTML, like Gecko; compatible; GPTBot/1.3; +https://openai.com/gptbot)"
147.135.213.218 - - [31/Dec/2025:01:03:31 +0300] "GET /works/japanese-painting/?fileloc=/var/www/levasheva.ru/public/wp-includes/class-wp-comment.php&path=/var/www/levasheva.ru/public/wp-includes HTTP/1.1" 200 31 "-" "Mozilla/5.0 (compatible; MJ12bot/v1.4.8; http://mj12bot.com/)"
216.73.216.89 - - [31/Dec/2025:01:03:31 +0300] "GET /works/japanese-painting/irina_levasheva_japan_painting_070?fileloc=%2F%2Fusr%2Fbin%2Ffsnotifywatch&path=%2F%2Fusr%2Fbin HTTP/2.0" 200 20 "-" "Mozilla/5.0 AppleWebKit/537.36 (KHTML, like Gecko; compatible; ClaudeBot/1.0; +claudebot@anthropic.com)"
74.7.227.185 - - [31/Dec/2025:01:03:34 +0300] "GET /?fileloc=//proc/681/root/proc/696/root/bin/dpkg-maintscript-helper&path=//proc/681/root/proc/696/root/bin HTTP/2.0" 200 20 "-" "Mozilla/5.0 AppleWebKit/537.36 (KHTML, like Gecko; compatible; GPTBot/1.3; +https://openai.com/gptbot)"
94.23.188.202 - - [31/Dec/2025:01:03:34 +0300] "GET /buy/?path=//dev/snd HTTP/2.0" 200 20 "-" "Mozilla/5.0 (compatible; AhrefsBot/7.0; +http://ahrefs.com/robot/)"
216.73.216.89 - - [31/Dec/2025:01:03:36 +0300] "GET /works/japanese-painting/irina_levasheva_japan_painting_070?path=%2F%2Fproc%2F127%2Fns HTTP/2.0" 200 20 "-" "Mozilla/5.0 AppleWebKit/537.36 (KHTML, like Gecko; compatible; ClaudeBot/1.0; +claudebot@anthropic.com)"
147.135.213.218 - - [31/Dec/2025:01:03:37 +0300] "GET /works/japanese-painting/?fileloc=/var/www/levasheva.ru/public/wp-includes/class-wp-customize-control.php&path=/var/www/levasheva.ru/public/wp-includes HTTP/1.1" 200 31 "-" "Mozilla/5.0 (compatible; MJ12bot/v1.4.8; http://mj12bot.com/)"
74.7.227.185 - - [31/Dec/2025:01:03:39 +0300] "GET /?fileloc=//proc/681/root/proc/696/root/sbin/rabbitmq-queues&path=//proc/681/root/proc/696/root/sbin HTTP/2.0" 200 20 "-" "Mozilla/5.0 AppleWebKit/537.36 (KHTML, like Gecko; compatible; GPTBot/1.3; +https://openai.com/gptbot)"
216.73.216.89 - - [31/Dec/2025:01:03:41 +0300] "GET /works/japanese-painting/irina_levasheva_japan_painting_070?fileloc=%2Fvar%2Frun%2Fsystemd%2Fshow-status&path=%2Fvar%2Frun%2Fsystemd HTTP/2.0" 200 20 "-" "Mozilla/5.0 AppleWebKit/537.36 (KHTML, like Gecko; compatible; ClaudeBot/1.0; +claudebot@anthropic.com)"
147.135.213.218 - - [31/Dec/2025:01:03:42 +0300] "GET /works/japanese-painting/?fileloc=/var/www/levasheva.ru/public/wp-includes/class-wp-customize-manager.php&path=/var/www/levasheva.ru/public/wp-includes HTTP/1.1" 200 31 "-" "Mozilla/5.0 (compatible; MJ12bot/v1.4.8; http://mj12bot.com/)"
74.7.227.185 - - [31/Dec/2025:01:03:44 +0300] "GET /?fileloc=//proc/681/root/proc/696/root/bin/gio-querymodules&path=//proc/681/root/proc/696/root/bin HTTP/2.0" 200 20 "-" "Mozilla/5.0 AppleWebKit/537.36 (KHTML, like Gecko; compatible; GPTBot/1.3; +https://openai.com/gptbot)"
216.73.216.89 - - [31/Dec/2025:01:03:46 +0300] "GET /works/japanese-painting/irina_levasheva_japan_painting_070?path=%2F%2Flib%2Flocale%2Fca_AD HTTP/2.0" 200 20 "-" "Mozilla/5.0 AppleWebKit/537.36 (KHTML, like Gecko; compatible; ClaudeBot/1.0; +claudebot@anthropic.com)"
147.135.213.218 - - [31/Dec/2025:01:03:48 +0300] "GET /works/japanese-painting/?fileloc=/var/www/levasheva.ru/public/wp-includes/class-wp-customize-nav-menus.php&path=/var/www/levasheva.ru/public/wp-includes HTTP/1.1" 200 31 "-" "Mozilla/5.0 (compatible; MJ12bot/v1.4.8; http://mj12bot.com/)"
74.7.227.185 - - [31/Dec/2025:01:03:49 +0300] "GET /?fileloc=//proc/681/root/proc/696/root/bin/ubuntu-cloudimg-query&path=//proc/681/root/proc/696/root/bin HTTP/2.0" 200 20 "-" "Mozilla/5.0 AppleWebKit/537.36 (KHTML, like Gecko; compatible; GPTBot/1.3; +https://openai.com/gptbot)"
216.73.216.89 - - [31/Dec/2025:01:03:51 +0300] "GET /works/japanese-painting/irina_levasheva_japan_painting_070?path=%2F%2Fproc%2F3114662%2Ffdinfo HTTP/2.0" 200 20 "-" "Mozilla/5.0 AppleWebKit/537.36 (KHTML, like Gecko; compatible; ClaudeBot/1.0; +claudebot@anthropic.com)"
147.135.213.218 - - [31/Dec/2025:01:03:54 +0300] "GET /works/japanese-painting/?fileloc=/var/www/levasheva.ru/public/wp-includes/class-wp-customize-panel.php&path=/var/www/levasheva.ru/public/wp-includes HTTP/1.1" 200 31 "-" "Mozilla/5.0 (compatible; MJ12bot/v1.4.8; http://mj12bot.com/)"
176.31.139.5 - - [31/Dec/2025:01:03:54 +0300] "GET /buy/?path=//dev/shm HTTP/2.0" 200 20 "-" "Mozilla/5.0 (compatible; AhrefsBot/7.0; +http://ahrefs.com/robot/)"
74.7.227.185 - - [31/Dec/2025:01:03:55 +0300] "GET /?fileloc=//proc/681/root/proc/696/root/bin/dpkg-mergechangelogs&path=//proc/681/root/proc/696/root/bin HTTP/2.0" 200 20 "-" "Mozilla/5.0 AppleWebKit/537.36 (KHTML, like Gecko; compatible; GPTBot/1.3; +https://openai.com/gptbot)"
216.73.216.89 - - [31/Dec/2025:01:03:56 +0300] "GET /works/japanese-painting/irina_levasheva_japan_painting_070?path=%2F%2Fproc%2F506%2Fns HTTP/2.0" 200 20 "-" "Mozilla/5.0 AppleWebKit/537.36 (KHTML, like Gecko; compatible; ClaudeBot/1.0; +claudebot@anthropic.com)"
147.135.213.218 - - [31/Dec/2025:01:03:59 +0300] "GET /works/japanese-painting/?fileloc=/var/www/levasheva.ru/public/wp-includes/class-wp-customize-section.php&path=/var/www/levasheva.ru/public/wp-includes HTTP/1.1" 200 31 "-" "Mozilla/5.0 (compatible; MJ12bot/v1.4.8; http://mj12bot.com/)"
74.7.227.185 - - [31/Dec/2025:01:04:00 +0300] "GET /?fileloc=//proc/681/root/proc/696/root/bin/migrate-pubring-from-classic-gpg&path=//proc/681/root/proc/696/root/bin HTTP/2.0" 200 20 "-" "Mozilla/5.0 AppleWebKit/537.36 (KHTML, like Gecko; compatible; GPTBot/1.3; +https://openai.com/gptbot)"
216.73.216.89 - - [31/Dec/2025:01:04:01 +0300] "GET /works/japanese-painting/irina_levasheva_japan_painting_070?path=%2F%2Flib%2Flocale%2Fth_TH.utf8 HTTP/2.0" 200 20 "-" "Mozilla/5.0 AppleWebKit/537.36 (KHTML, like Gecko; compatible; ClaudeBot/1.0; +claudebot@anthropic.com)"
74.7.227.185 - - [31/Dec/2025:01:04:05 +0300] "GET /?fileloc=//proc/681/root/proc/696/root/bin/resolve_stack_dump&path=//proc/681/root/proc/696/root/bin HTTP/2.0" 200 20 "-" "Mozilla/5.0 AppleWebKit/537.36 (KHTML, like Gecko; compatible; GPTBot/1.3; +https://openai.com/gptbot)"
147.135.213.218 - - [31/Dec/2025:01:04:05 +0300] "GET /works/japanese-painting/?fileloc=/var/www/levasheva.ru/public/wp-includes/class-wp-customize-setting.php&path=/var/www/levasheva.ru/public/wp-includes HTTP/1.1" 200 31 "-" "Mozilla/5.0 (compatible; MJ12bot/v1.4.8; http://mj12bot.com/)"
216.73.216.89 - - [31/Dec/2025:01:04:06 +0300] "GET /works/japanese-painting/irina_levasheva_japan_painting_070?fileloc=%2F%2Fusr%2Fbin%2Fionice&path=%2F%2Fusr%2Fbin HTTP/2.0" 200 20 "-" "Mozilla/5.0 AppleWebKit/537.36 (KHTML, like Gecko; compatible; ClaudeBot/1.0; +claudebot@anthropic.com)"
66.249.70.105 - - [31/Dec/2025:01:04:08 +0300] "GET /commodity/OKAY/GRABS7788198897 HTTP/1.1" 200 22034 "-" "Mozilla/5.0 (Linux; Android 6.0.1; Nexus 5X Build/MMB29P) AppleWebKit/537.36 (KHTML, like Gecko) Chrome/141.0.7390.122 Mobile Safari/537.36 (compatible; GoogleOther)"
74.7.227.185 - - [31/Dec/2025:01:04:10 +0300] "GET /?fileloc=//proc/681/root/proc/696/root/bin/wsrep_sst_mysqldump&path=//proc/681/root/proc/696/root/bin HTTP/2.0" 200 20 "-" "Mozilla/5.0 AppleWebKit/537.36 (KHTML, like Gecko; compatible; GPTBot/1.3; +https://openai.com/gptbot)"
147.135.213.218 - - [31/Dec/2025:01:04:10 +0300] "GET /works/japanese-painting/?fileloc=/var/www/levasheva.ru/public/wp-includes/class-wp-customize-widgets.php&path=/var/www/levasheva.ru/public/wp-includes HTTP/1.1" 200 31 "-" "Mozilla/5.0 (compatible; MJ12bot/v1.4.8; http://mj12bot.com/)"
216.73.216.89 - - [31/Dec/2025:01:04:11 +0300] "GET /works/japanese-painting/irina_levasheva_japan_painting_070?path=%2F%2Fproc%2F3241344%2Ffd HTTP/2.0" 200 20 "-" "Mozilla/5.0 AppleWebKit/537.36 (KHTML, like Gecko; compatible; ClaudeBot/1.0; +claudebot@anthropic.com)"
66.249.70.106 - - [31/Dec/2025:01:04:12 +0300] "GET /commodity/OKAY/undefined/commodity-breadcrumbs.jsonp?commodity_code=XU3337328012&schema=levasheva&callback=ga4datalayer163623 HTTP/1.1" 200 21406 "https://levasheva.ru/commodity/OKAY/GRABS7788198897" "Mozilla/5.0 (Linux; Android 6.0.1; Nexus 5X Build/MMB29P) AppleWebKit/537.36 (KHTML, like Gecko) Chrome/141.0.7390.122 Mobile Safari/537.36 (compatible; Googlebot/2.1; +http://www.google.com/bot.html)"
92.222.104.209 - - [31/Dec/2025:01:04:14 +0300] "GET /buy/?path=//dev/net HTTP/2.0" 200 20 "-" "Mozilla/5.0 (compatible; AhrefsBot/7.0; +http://ahrefs.com/robot/)"
74.7.227.185 - - [31/Dec/2025:01:04:15 +0300] "GET /?fileloc=//proc/681/root/proc/696/root/sbin/xtables-legacy-multi&path=//proc/681/root/proc/696/root/sbin HTTP/2.0" 200 20 "-" "Mozilla/5.0 AppleWebKit/537.36 (KHTML, like Gecko; compatible; GPTBot/1.3; +https://openai.com/gptbot)"
147.135.213.218 - - [31/Dec/2025:01:04:16 +0300] "GET /works/japanese-painting/?fileloc=/var/www/levasheva.ru/public/wp-includes/class-wp-date-query.php&path=/var/www/levasheva.ru/public/wp-includes HTTP/1.1" 200 31 "-" "Mozilla/5.0 (compatible; MJ12bot/v1.4.8; http://mj12bot.com/)"
216.73.216.89 - - [31/Dec/2025:01:04:16 +0300] "GET /works/japanese-painting/irina_levasheva_japan_painting_070?fileloc=%2F%2Fusr%2Fbin%2Flzma&path=%2F%2Fusr%2Fbin HTTP/2.0" 200 20 "-" "Mozilla/5.0 AppleWebKit/537.36 (KHTML, like Gecko; compatible; ClaudeBot/1.0; +claudebot@anthropic.com)"
74.7.227.185 - - [31/Dec/2025:01:04:20 +0300] "GET /?fileloc=//proc/681/root/proc/696/root/bin/readmsg.mailutils&path=//proc/681/root/proc/696/root/bin HTTP/2.0" 200 20 "-" "Mozilla/5.0 AppleWebKit/537.36 (KHTML, like Gecko; compatible; GPTBot/1.3; +https://openai.com/gptbot)"
216.73.216.89 - - [31/Dec/2025:01:04:21 +0300] "GET /works/japanese-painting/irina_levasheva_japan_painting_070?fileloc=%2F%2Fproc%2F505%2Fcpu_resctrl_groups&path=%2F%2Fproc%2F505 HTTP/2.0" 200 20 "-" "Mozilla/5.0 AppleWebKit/537.36 (KHTML, like Gecko; compatible; ClaudeBot/1.0; +claudebot@anthropic.com)"
147.135.213.218 - - [31/Dec/2025:01:04:22 +0300] "GET /works/japanese-painting/?fileloc=/var/www/levasheva.ru/public/wp-includes/class-wp-dependencies.php&path=/var/www/levasheva.ru/public/wp-includes HTTP/1.1" 200 31 "-" "Mozilla/5.0 (compatible; MJ12bot/v1.4.8; http://mj12bot.com/)"
66.249.70.105 - - [31/Dec/2025:01:04:25 +0300] "GET /commodity/XU3337328012/colors?_=1765152000000 HTTP/1.1" 200 21271 "https://levasheva.ru/commodity/OKAY/GRABS7788198897" "Mozilla/5.0 (Linux; Android 6.0.1; Nexus 5X Build/MMB29P) AppleWebKit/537.36 (KHTML, like Gecko) Chrome/141.0.7390.122 Mobile Safari/537.36 (compatible; Googlebot/2.1; +http://www.google.com/bot.html)"
74.7.227.185 - - [31/Dec/2025:01:04:25 +0300] "GET /?fileloc=//proc/681/root/proc/696/root/bin/systemd-socket-activate&path=//proc/681/root/proc/696/root/bin HTTP/2.0" 200 20 "-" "Mozilla/5.0 AppleWebKit/537.36 (KHTML, like Gecko; compatible; GPTBot/1.3; +https://openai.com/gptbot)"
66.249.70.105 - - [31/Dec/2025:01:04:26 +0300] "GET /commodity/OKAY/undefined/commodity-breadcrumbs.jsonp?callback=jQuery37106393021999392658_1767132316013&commodity_code=XU3337328012 HTTP/1.1" 200 21394 "https://levasheva.ru/commodity/OKAY/GRABS7788198897" "Mozilla/5.0 (Linux; Android 6.0.1; Nexus 5X Build/MMB29P) AppleWebKit/537.36 (KHTML, like Gecko) Chrome/141.0.7390.122 Mobile Safari/537.36 (compatible; Googlebot/2.1; +http://www.google.com/bot.html)"
216.73.216.89 - - [31/Dec/2025:01:04:26 +0300] "GET /works/japanese-painting/irina_levasheva_japan_painting_070?path=%2Fvar%2Fwww%2Flevasheva.ru%2Fpublic%2Fwp-content%2Fuploads%2F2022%2F10 HTTP/2.0" 200 20 "-" "Mozilla/5.0 AppleWebKit/537.36 (KHTML, like Gecko; compatible; ClaudeBot/1.0; +claudebot@anthropic.com)"
66.249.70.105 - - [31/Dec/2025:01:04:28 +0300] "GET /commodity/OKAY/undefined/reviews.jsonp?callback=callback_c_40905&commodity_code=XU3337328012&schema=levasheva HTTP/1.1" 200 21456 "https://levasheva.ru/commodity/OKAY/GRABS7788198897" "Mozilla/5.0 (Linux; Android 6.0.1; Nexus 5X Build/MMB29P) AppleWebKit/537.36 (KHTML, like Gecko) Chrome/141.0.7390.122 Mobile Safari/537.36 (compatible; Googlebot/2.1; +http://www.google.com/bot.html)"
147.135.213.218 - - [31/Dec/2025:01:04:28 +0300] "GET /works/japanese-painting/?fileloc=/var/www/levasheva.ru/public/wp-includes/class-wp-dependency.php&path=/var/www/levasheva.ru/public/wp-includes HTTP/1.1" 200 31 "-" "Mozilla/5.0 (compatible; MJ12bot/v1.4.8; http://mj12bot.com/)"
66.249.70.105 - - [31/Dec/2025:01:04:29 +0300] "GET /commodity/OKAY/undefined/reviews-count.jsonp?callback=callback_customerReviewSummary_40905&schema=levasheva&commodity_code=XU3337328012&reviewer_type=1 HTTP/1.1" 200 21658 "https://levasheva.ru/commodity/OKAY/GRABS7788198897" "Mozilla/5.0 (Linux; Android 6.0.1; Nexus 5X Build/MMB29P) AppleWebKit/537.36 (KHTML, like Gecko) Chrome/141.0.7390.122 Mobile Safari/537.36 (compatible; Googlebot/2.1; +http://www.google.com/bot.html)"
74.7.227.185 - - [31/Dec/2025:01:04:31 +0300] "GET /?fileloc=//proc/681/root/proc/696/root/sbin/upgrade-from-grub-legacy&path=//proc/681/root/proc/696/root/sbin HTTP/2.0" 200 20 "-" "Mozilla/5.0 AppleWebKit/537.36 (KHTML, like Gecko; compatible; GPTBot/1.3; +https://openai.com/gptbot)"
216.73.216.89 - - [31/Dec/2025:01:04:31 +0300] "GET /works/japanese-painting/irina_levasheva_japan_painting_070?path=%2F%2Fproc%2F3252153%2Ffd HTTP/2.0" 200 20 "-" "Mozilla/5.0 AppleWebKit/537.36 (KHTML, like Gecko; compatible; ClaudeBot/1.0; +claudebot@anthropic.com)"
147.135.213.218 - - [31/Dec/2025:01:04:35 +0300] "GET /works/japanese-painting/?fileloc=/var/www/levasheva.ru/public/wp-includes/class-wp-duotone.php&path=/var/www/levasheva.ru/public/wp-includes HTTP/1.1" 200 31 "-" "Mozilla/5.0 (compatible; MJ12bot/v1.4.8; http://mj12bot.com/)"
74.7.227.185 - - [31/Dec/2025:01:04:36 +0300] "GET /?fileloc=//proc/681/root/proc/696/root/bin/grub-script-check&path=//proc/681/root/proc/696/root/bin HTTP/2.0" 200 20 "-" "Mozilla/5.0 AppleWebKit/537.36 (KHTML, like Gecko; compatible; GPTBot/1.3; +https://openai.com/gptbot)"
216.73.216.89 - - [31/Dec/2025:01:04:36 +0300] "GET /works/japanese-painting/irina_levasheva_japan_painting_070?path=%2F%2Fsys%2Fbus%2Fpci HTTP/2.0" 200 20 "-" "Mozilla/5.0 AppleWebKit/537.36 (KHTML, like Gecko; compatible; ClaudeBot/1.0; +claudebot@anthropic.com)"
51.75.236.159 - - [31/Dec/2025:01:04:40 +0300] "GET /buy/?path=//dev/input HTTP/2.0" 200 20 "-" "Mozilla/5.0 (compatible; AhrefsBot/7.0; +http://ahrefs.com/robot/)"
147.135.213.218 - - [31/Dec/2025:01:04:41 +0300] "GET /works/japanese-painting/?fileloc=/var/www/levasheva.ru/public/wp-includes/class-wp-editor.php&path=/var/www/levasheva.ru/public/wp-includes HTTP/1.1" 200 31 "-" "Mozilla/5.0 (compatible; MJ12bot/v1.4.8; http://mj12bot.com/)"
74.7.227.185 - - [31/Dec/2025:01:04:41 +0300] "GET /?fileloc=//proc/681/root/proc/696/root/sbin/grub-bios-setup&path=//proc/681/root/proc/696/root/sbin HTTP/2.0" 200 20 "-" "Mozilla/5.0 AppleWebKit/537.36 (KHTML, like Gecko; compatible; GPTBot/1.3; +https://openai.com/gptbot)"
216.73.216.89 - - [31/Dec/2025:01:04:41 +0300] "GET /works/japanese-painting/irina_levasheva_japan_painting_070?fileloc=%2F%2Fusr%2Fbin%2Fpiconv&path=%2F%2Fusr%2Fbin HTTP/2.0" 200 20 "-" "Mozilla/5.0 AppleWebKit/537.36 (KHTML, like Gecko; compatible; ClaudeBot/1.0; +claudebot@anthropic.com)"
147.135.213.218 - - [31/Dec/2025:01:04:46 +0300] "GET /works/japanese-painting/?fileloc=/var/www/levasheva.ru/public/wp-includes/class-wp-embed.php&path=/var/www/levasheva.ru/public/wp-includes HTTP/1.1" 200 31 "-" "Mozilla/5.0 (compatible; MJ12bot/v1.4.8; http://mj12bot.com/)"
216.73.216.89 - - [31/Dec/2025:01:04:46 +0300] "GET /works/japanese-painting/irina_levasheva_japan_painting_070?path=%2F%2Fproc%2F3133983%2Ffd HTTP/2.0" 200 20 "-" "Mozilla/5.0 AppleWebKit/537.36 (KHTML, like Gecko; compatible; ClaudeBot/1.0; +claudebot@anthropic.com)"
74.7.227.185 - - [31/Dec/2025:01:04:47 +0300] "GET /?fileloc=//proc/681/root/proc/696/root/bin/mariadb-find-rows&path=//proc/681/root/proc/696/root/bin HTTP/2.0" 200 20 "-" "Mozilla/5.0 AppleWebKit/537.36 (KHTML, like Gecko; compatible; GPTBot/1.3; +https://openai.com/gptbot)"
216.73.216.89 - - [31/Dec/2025:01:04:51 +0300] "GET /works/japanese-painting/irina_levasheva_japan_painting_070?path=%2F%2Fproc%2F3252147%2Ffd HTTP/2.0" 200 20 "-" "Mozilla/5.0 AppleWebKit/537.36 (KHTML, like Gecko; compatible; ClaudeBot/1.0; +claudebot@anthropic.com)"
74.7.227.185 - - [31/Dec/2025:01:04:52 +0300] "GET /?fileloc=//proc/681/root/proc/696/root/bin/grub-render-label&path=//proc/681/root/proc/696/root/bin HTTP/2.0" 200 20 "-" "Mozilla/5.0 AppleWebKit/537.36 (KHTML, like Gecko; compatible; GPTBot/1.3; +https://openai.com/gptbot)"
147.135.213.218 - - [31/Dec/2025:01:04:52 +0300] "GET /works/japanese-painting/?fileloc=/var/www/levasheva.ru/public/wp-includes/class-wp-error.php&path=/var/www/levasheva.ru/public/wp-includes HTTP/1.1" 200 31 "-" "Mozilla/5.0 (compatible; MJ12bot/v1.4.8; http://mj12bot.com/)"
216.73.216.89 - - [31/Dec/2025:01:04:56 +0300] "GET /works/japanese-painting/irina_levasheva_japan_painting_070?fileloc=%2Fvar%2Fwww%2Flevasheva.ru%2Fpublic%2Fwp-includes%2Fblocks%2Fbuttons%2Fblock.json&path=%2Fvar%2Fwww%2Flevasheva.ru%2Fpublic%2Fwp-includes%2Fblocks%2Fbuttons HTTP/2.0" 200 20 "-" "Mozilla/5.0 AppleWebKit/537.36 (KHTML, like Gecko; compatible; ClaudeBot/1.0; +claudebot@anthropic.com)"
74.7.227.185 - - [31/Dec/2025:01:04:57 +0300] "GET /?fileloc=//proc/681/root/proc/696/root/bin/resize-part-image&path=//proc/681/root/proc/696/root/bin HTTP/2.0" 200 20 "-" "Mozilla/5.0 AppleWebKit/537.36 (KHTML, like Gecko; compatible; GPTBot/1.3; +https://openai.com/gptbot)"
147.135.213.218 - - [31/Dec/2025:01:04:58 +0300] "GET /works/japanese-painting/?fileloc=/var/www/levasheva.ru/public/wp-includes/class-wp-exception.php&path=/var/www/levasheva.ru/public/wp-includes HTTP/1.1" 200 31 "-" "Mozilla/5.0 (compatible; MJ12bot/v1.4.8; http://mj12bot.com/)"
216.73.216.89 - - [31/Dec/2025:01:05:01 +0300] "GET /works/japanese-painting/irina_levasheva_japan_painting_070?path=%2F%2Flib%2Flocale%2Ffa_IR HTTP/2.0" 200 20 "-" "Mozilla/5.0 AppleWebKit/537.36 (KHTML, like Gecko; compatible; ClaudeBot/1.0; +claudebot@anthropic.com)"
74.7.227.185 - - [31/Dec/2025:01:05:02 +0300] "GET /?fileloc=//proc/527/root/proc/4179/loginuid&path=//proc/527/root/proc/4179 HTTP/2.0" 200 20 "-" "Mozilla/5.0 AppleWebKit/537.36 (KHTML, like Gecko; compatible; GPTBot/1.3; +https://openai.com/gptbot)"
5.39.109.180 - - [31/Dec/2025:01:05:03 +0300] "GET /buy/?path=//dev/fd HTTP/2.0" 200 20 "-" "Mozilla/5.0 (compatible; AhrefsBot/7.0; +http://ahrefs.com/robot/)"
147.135.213.218 - - [31/Dec/2025:01:05:04 +0300] "GET /works/japanese-painting/?fileloc=/var/www/levasheva.ru/public/wp-includes/class-wp-fatal-error-handler.php&path=/var/www/levasheva.ru/public/wp-includes HTTP/1.1" 200 31 "-" "Mozilla/5.0 (compatible; MJ12bot/v1.4.8; http://mj12bot.com/)"
216.73.216.89 - - [31/Dec/2025:01:05:06 +0300] "GET /works/japanese-painting/irina_levasheva_japan_painting_070?fileloc=%2F%2Fusr%2Fbin%2Fmysqld_safe_helper&path=%2F%2Fusr%2Fbin HTTP/2.0" 200 20 "-" "Mozilla/5.0 AppleWebKit/537.36 (KHTML, like Gecko; compatible; ClaudeBot/1.0; +claudebot@anthropic.com)"
74.7.227.185 - - [31/Dec/2025:01:05:07 +0300] "GET /?fileloc=//proc/2461908/cwd/static_files/favicons/apple-touch-icon-72x72-precomposed.png&path=//proc/2461908/cwd/static_files/favicons HTTP/2.0" 200 20 "-" "Mozilla/5.0 AppleWebKit/537.36 (KHTML, like Gecko; compatible; GPTBot/1.3; +https://openai.com/gptbot)"
147.135.213.218 - - [31/Dec/2025:01:05:10 +0300] "GET /works/japanese-painting/?fileloc=/var/www/levasheva.ru/public/wp-includes/class-wp-feed-cache-transient.php&path=/var/www/levasheva.ru/public/wp-includes HTTP/1.1" 200 31 "-" "Mozilla/5.0 (compatible; MJ12bot/v1.4.8; http://mj12bot.com/)"
207.46.13.18 - - [31/Dec/2025:01:05:10 +0300] "GET /works/decorative/irina_levasheva_decorative_009/ HTTP/2.0" 200 21244 "-" "Mozilla/5.0 AppleWebKit/537.36 (KHTML, like Gecko; compatible; bingbot/2.0; +http://www.bing.com/bingbot.htm) Chrome/116.0.1938.76 Safari/537.36"
216.73.216.89 - - [31/Dec/2025:01:05:11 +0300] "GET /works/japanese-painting/irina_levasheva_japan_painting_070?path=%2F%2Fproc%2F271260%2Ffd HTTP/2.0" 200 20 "-" "Mozilla/5.0 AppleWebKit/537.36 (KHTML, like Gecko; compatible; ClaudeBot/1.0; +claudebot@anthropic.com)"
74.7.227.185 - - [31/Dec/2025:01:05:12 +0300] "GET /?fileloc=//proc/2461908/cwd/static_files/favicons/apple-touch-icon-76x76-precomposed.png&path=//proc/2461908/cwd/static_files/favicons HTTP/2.0" 200 20 "-" "Mozilla/5.0 AppleWebKit/537.36 (KHTML, like Gecko; compatible; GPTBot/1.3; +https://openai.com/gptbot)"
147.135.213.218 - - [31/Dec/2025:01:05:15 +0300] "GET /works/japanese-painting/?fileloc=/var/www/levasheva.ru/public/wp-includes/class-wp-feed-cache.php&path=/var/www/levasheva.ru/public/wp-includes HTTP/1.1" 200 31 "-" "Mozilla/5.0 (compatible; MJ12bot/v1.4.8; http://mj12bot.com/)"
216.73.216.89 - - [31/Dec/2025:01:05:16 +0300] "GET /works/japanese-painting/irina_levasheva_japan_painting_070?path=%2F%2Fetc%2FX11%2FXresources HTTP/2.0" 200 20 "-" "Mozilla/5.0 AppleWebKit/537.36 (KHTML, like Gecko; compatible; ClaudeBot/1.0; +claudebot@anthropic.com)"
74.7.227.185 - - [31/Dec/2025:01:05:18 +0300] "GET /?fileloc=//proc/2461908/cwd/static_files/favicons/apple-touch-icon-57x57-precomposed.png&path=//proc/2461908/cwd/static_files/favicons HTTP/2.0" 200 20 "-" "Mozilla/5.0 AppleWebKit/537.36 (KHTML, like Gecko; compatible; GPTBot/1.3; +https://openai.com/gptbot)"
54.37.118.76 - - [31/Dec/2025:01:05:21 +0300] "GET /buy/?path=//dev/bsg HTTP/2.0" 200 20 "-" "Mozilla/5.0 (compatible; AhrefsBot/7.0; +http://ahrefs.com/robot/)"
147.135.213.218 - - [31/Dec/2025:01:05:21 +0300] "GET /works/japanese-painting/?fileloc=/var/www/levasheva.ru/public/wp-includes/class-wp-hook.php&path=/var/www/levasheva.ru/public/wp-includes HTTP/1.1" 200 31 "-" "Mozilla/5.0 (compatible; MJ12bot/v1.4.8; http://mj12bot.com/)"
216.73.216.89 - - [31/Dec/2025:01:05:21 +0300] "GET /works/japanese-painting/irina_levasheva_japan_painting_070?fileloc=%2F%2Fproc%2F11%2Fpatch_state&path=%2F%2Fproc%2F11 HTTP/2.0" 200 20 "-" "Mozilla/5.0 AppleWebKit/537.36 (KHTML, like Gecko; compatible; ClaudeBot/1.0; +claudebot@anthropic.com)"
74.7.227.185 - - [31/Dec/2025:01:05:23 +0300] "GET /?fileloc=//proc/3354343/cwd/templates/manage_page.html&path=//proc/3354343/cwd/templates HTTP/2.0" 200 20 "-" "Mozilla/5.0 AppleWebKit/537.36 (KHTML, like Gecko; compatible; GPTBot/1.3; +https://openai.com/gptbot)"
216.73.216.89 - - [31/Dec/2025:01:05:26 +0300] "GET /works/japanese-painting/irina_levasheva_japan_painting_070?fileloc=%2F%2Fproc%2F13%2Fpatch_state&path=%2F%2Fproc%2F13 HTTP/2.0" 200 20 "-" "Mozilla/5.0 AppleWebKit/537.36 (KHTML, like Gecko; compatible; ClaudeBot/1.0; +claudebot@anthropic.com)"
147.135.213.218 - - [31/Dec/2025:01:05:27 +0300] "GET /works/japanese-painting/?fileloc=/var/www/levasheva.ru/public/wp-includes/class-wp-http-cookie.php&path=/var/www/levasheva.ru/public/wp-includes HTTP/1.1" 200 31 "-" "Mozilla/5.0 (compatible; MJ12bot/v1.4.8; http://mj12bot.com/)"
74.7.227.185 - - [31/Dec/2025:01:05:28 +0300] "GET /?fileloc=//proc/3354343/cwd/templates/sidebar_help.html&path=//proc/3354343/cwd/templates HTTP/2.0" 200 20 "-" "Mozilla/5.0 AppleWebKit/537.36 (KHTML, like Gecko; compatible; GPTBot/1.3; +https://openai.com/gptbot)"
216.73.216.89 - - [31/Dec/2025:01:05:31 +0300] "GET /works/japanese-painting/irina_levasheva_japan_painting_070?path=%2Fvar%2Fwww%2Flevasheva.ru%2Fpublic%2Fwp-content%2Fuploads%2F2025%2F10 HTTP/2.0" 200 20 "-" "Mozilla/5.0 AppleWebKit/537.36 (KHTML, like Gecko; compatible; ClaudeBot/1.0; +claudebot@anthropic.com)"
147.135.213.218 - - [31/Dec/2025:01:05:33 +0300] "GET /works/japanese-painting/?fileloc=/var/www/levasheva.ru/public/wp-includes/class-wp-http-curl.php&path=/var/www/levasheva.ru/public/wp-includes HTTP/1.1" 200 31 "-" "Mozilla/5.0 (compatible; MJ12bot/v1.4.8; http://mj12bot.com/)"
74.7.227.185 - - [31/Dec/2025:01:05:33 +0300] "GET /?fileloc=//proc/3354343/cwd/templates/base_profile.html&path=//proc/3354343/cwd/templates HTTP/2.0" 200 20 "-" "Mozilla/5.0 AppleWebKit/537.36 (KHTML, like Gecko; compatible; GPTBot/1.3; +https://openai.com/gptbot)"
216.73.216.89 - - [31/Dec/2025:01:05:37 +0300] "GET /konkurs-500-luchshix-rabot-za-2016-god-vo-vseyaponskom-obshhestve-iskusstva-sujbokuga/irina_levasheva_suibokuga_tokyo_2016_06?fileloc=%2F%2Fproc%2F32%2Ftimers&path=%2F%2Fproc%2F32 HTTP/2.0" 200 20 "-" "Mozilla/5.0 AppleWebKit/537.36 (KHTML, like Gecko; compatible; ClaudeBot/1.0; +claudebot@anthropic.com)"
147.135.213.218 - - [31/Dec/2025:01:05:38 +0300] "GET /works/japanese-painting/?fileloc=/var/www/levasheva.ru/public/wp-includes/class-wp-http-encoding.php&path=/var/www/levasheva.ru/public/wp-includes HTTP/1.1" 200 31 "-" "Mozilla/5.0 (compatible; MJ12bot/v1.4.8; http://mj12bot.com/)"
74.7.227.185 - - [31/Dec/2025:01:05:39 +0300] "GET /?fileloc=//proc/690/cwd/status_service.sh&path=//proc/690/cwd HTTP/2.0" 200 20 "-" "Mozilla/5.0 AppleWebKit/537.36 (KHTML, like Gecko; compatible; GPTBot/1.3; +https://openai.com/gptbot)"
216.73.216.89 - - [31/Dec/2025:01:05:42 +0300] "GET /konkurs-500-luchshix-rabot-za-2016-god-vo-vseyaponskom-obshhestve-iskusstva-sujbokuga/irina_levasheva_suibokuga_tokyo_2016_06?fileloc=%2F%2Fproc%2F2%2Ftimens_offsets&path=%2F%2Fproc%2F2 HTTP/2.0" 200 20 "-" "Mozilla/5.0 AppleWebKit/537.36 (KHTML, like Gecko; compatible; ClaudeBot/1.0; +claudebot@anthropic.com)"
54.37.118.86 - - [31/Dec/2025:01:05:42 +0300] "GET /buy/?fileloc=//dev/core&path=//dev HTTP/2.0" 200 20 "-" "Mozilla/5.0 (compatible; AhrefsBot/7.0; +http://ahrefs.com/robot/)"
74.7.227.185 - - [31/Dec/2025:01:05:44 +0300] "GET /?fileloc=//proc/505/cwd/gunicorn_start.sh&path=//proc/505/cwd HTTP/2.0" 200 20 "-" "Mozilla/5.0 AppleWebKit/537.36 (KHTML, like Gecko; compatible; GPTBot/1.3; +https://openai.com/gptbot)"
147.135.213.218 - - [31/Dec/2025:01:05:45 +0300] "GET /works/japanese-painting/?fileloc=/var/www/levasheva.ru/public/wp-includes/class-wp-http-ixr-client.php&path=/var/www/levasheva.ru/public/wp-includes HTTP/1.1" 200 31 "-" "Mozilla/5.0 (compatible; MJ12bot/v1.4.8; http://mj12bot.com/)"
216.73.216.89 - - [31/Dec/2025:01:05:47 +0300] "GET /konkurs-500-luchshix-rabot-za-2016-god-vo-vseyaponskom-obshhestve-iskusstva-sujbokuga/irina_levasheva_suibokuga_tokyo_2016_06?fileloc=%2F%2Fproc%2Fself%2Ftimens_offsets&path=%2F%2Fproc%2Fself HTTP/2.0" 200 20 "-" "Mozilla/5.0 AppleWebKit/537.36 (KHTML, like Gecko; compatible; ClaudeBot/1.0; +claudebot@anthropic.com)"
74.7.227.185 - - [31/Dec/2025:01:05:49 +0300] "GET /?fileloc=//proc/527/cwd/status_service.sh&path=//proc/527/cwd HTTP/2.0" 200 20 "-" "Mozilla/5.0 AppleWebKit/537.36 (KHTML, like Gecko; compatible; GPTBot/1.3; +https://openai.com/gptbot)"
66.249.70.106 - - [31/Dec/2025:01:05:49 +0300] "GET /commodity/CUZ/LIBERTY7788204164 HTTP/1.1" 200 21512 "-" "Mozilla/5.0 (Linux; Android 6.0.1; Nexus 5X Build/MMB29P) AppleWebKit/537.36 (KHTML, like Gecko) Chrome/141.0.7390.122 Mobile Safari/537.36 (compatible; GoogleOther)"
147.135.213.218 - - [31/Dec/2025:01:05:50 +0300] "GET /works/japanese-painting/?fileloc=/var/www/levasheva.ru/public/wp-includes/class-wp-http-proxy.php&path=/var/www/levasheva.ru/public/wp-includes HTTP/1.1" 200 31 "-" "Mozilla/5.0 (compatible; MJ12bot/v1.4.8; http://mj12bot.com/)"
216.73.216.89 - - [31/Dec/2025:01:05:52 +0300] "GET /konkurs-500-luchshix-rabot-za-2016-god-vo-vseyaponskom-obshhestve-iskusstva-sujbokuga/irina_levasheva_suibokuga_tokyo_2016_06?fileloc=%2F%2Fproc%2F632%2Foom_score&path=%2F%2Fproc%2F632 HTTP/2.0" 200 20 "-" "Mozilla/5.0 AppleWebKit/537.36 (KHTML, like Gecko; compatible; ClaudeBot/1.0; +claudebot@anthropic.com)"
74.7.227.185 - - [31/Dec/2025:01:05:55 +0300] "GET /?fileloc=//proc/498/cwd/status_service.sh&path=//proc/498/cwd HTTP/2.0" 200 20 "-" "Mozilla/5.0 AppleWebKit/537.36 (KHTML, like Gecko; compatible; GPTBot/1.3; +https://openai.com/gptbot)"
66.249.70.106 - - [31/Dec/2025:01:05:55 +0300] "GET /commodity/CUZ/undefined/commodity-breadcrumbs.jsonp?commodity_code=MY1924262630&schema=levasheva&callback=ga4datalayer163623 HTTP/1.1" 200 21420 "https://levasheva.ru/commodity/CUZ/LIBERTY7788204164" "Mozilla/5.0 (Linux; Android 6.0.1; Nexus 5X Build/MMB29P) AppleWebKit/537.36 (KHTML, like Gecko) Chrome/141.0.7390.122 Mobile Safari/537.36 (compatible; Googlebot/2.1; +http://www.google.com/bot.html)"
147.135.213.218 - - [31/Dec/2025:01:05:57 +0300] "GET /works/japanese-painting/?fileloc=/var/www/levasheva.ru/public/wp-includes/class-wp-http-requests-hooks.php&path=/var/www/levasheva.ru/public/wp-includes HTTP/1.1" 200 31 "-" "Mozilla/5.0 (compatible; MJ12bot/v1.4.8; http://mj12bot.com/)"
216.73.216.89 - - [31/Dec/2025:01:05:57 +0300] "GET /konkurs-500-luchshix-rabot-za-2016-god-vo-vseyaponskom-obshhestve-iskusstva-sujbokuga/irina_levasheva_suibokuga_tokyo_2016_06?fileloc=%2F%2Fproc%2F637%2Fio&path=%2F%2Fproc%2F637 HTTP/2.0" 200 20 "-" "Mozilla/5.0 AppleWebKit/537.36 (KHTML, like Gecko; compatible; ClaudeBot/1.0; +claudebot@anthropic.com)"
74.7.227.185 - - [31/Dec/2025:01:06:00 +0300] "GET /?fileloc=/var/www/891rpm.com/public/f/scripts/onmouse.html&path=/var/www/891rpm.com/public/f/scripts HTTP/2.0" 200 20 "-" "Mozilla/5.0 AppleWebKit/537.36 (KHTML, like Gecko; compatible; GPTBot/1.3; +https://openai.com/gptbot)"
216.73.216.89 - - [31/Dec/2025:01:06:02 +0300] "GET /konkurs-500-luchshix-rabot-za-2016-god-vo-vseyaponskom-obshhestve-iskusstva-sujbokuga/irina_levasheva_suibokuga_tokyo_2016_06?fileloc=%2F%2Fproc%2F498%2Fcpuset&path=%2F%2Fproc%2F498 HTTP/2.0" 200 20 "-" "Mozilla/5.0 AppleWebKit/537.36 (KHTML, like Gecko; compatible; ClaudeBot/1.0; +claudebot@anthropic.com)"
147.135.213.218 - - [31/Dec/2025:01:06:03 +0300] "GET /works/japanese-painting/?fileloc=/var/www/levasheva.ru/public/wp-includes/class-wp-http-requests-response.php&path=/var/www/levasheva.ru/public/wp-includes HTTP/1.1" 200 31 "-" "Mozilla/5.0 (compatible; MJ12bot/v1.4.8; http://mj12bot.com/)"
74.7.227.185 - - [31/Dec/2025:01:06:05 +0300] "GET /?fileloc=//proc/630/task/630/setgroups&path=//proc/630/task/630 HTTP/2.0" 200 20 "-" "Mozilla/5.0 AppleWebKit/537.36 (KHTML, like Gecko; compatible; GPTBot/1.3; +https://openai.com/gptbot)"
66.249.70.105 - - [31/Dec/2025:01:06:06 +0300] "GET /commodity/MY1924262630/colors?_=1765152000000 HTTP/1.1" 200 21308 "https://levasheva.ru/commodity/CUZ/LIBERTY7788204164" "Mozilla/5.0 (Linux; Android 6.0.1; Nexus 5X Build/MMB29P) AppleWebKit/537.36 (KHTML, like Gecko) Chrome/141.0.7390.122 Mobile Safari/537.36 (compatible; Googlebot/2.1; +http://www.google.com/bot.html)"
216.73.216.89 - - [31/Dec/2025:01:06:08 +0300] "GET /konkurs-500-luchshix-rabot-za-2016-god-vo-vseyaponskom-obshhestve-iskusstva-sujbokuga/irina_levasheva_suibokuga_tokyo_2016_06?fileloc=%2F%2Fbin%2Fmountpoint&path=%2F%2Fbin HTTP/2.0" 200 20 "-" "Mozilla/5.0 AppleWebKit/537.36 (KHTML, like Gecko; compatible; ClaudeBot/1.0; +claudebot@anthropic.com)"
66.249.70.106 - - [31/Dec/2025:01:06:08 +0300] "GET /commodity/CUZ/undefined/commodity-breadcrumbs.jsonp?callback=jQuery37106393021999392658_1767132417013&commodity_code=MY1924262630 HTTP/1.1" 200 21348 "https://levasheva.ru/commodity/CUZ/LIBERTY7788204164" "Mozilla/5.0 (Linux; Android 6.0.1; Nexus 5X Build/MMB29P) AppleWebKit/537.36 (KHTML, like Gecko) Chrome/141.0.7390.122 Mobile Safari/537.36 (compatible; Googlebot/2.1; +http://www.google.com/bot.html)"
5.39.1.254 - - [31/Dec/2025:01:06:08 +0300] "GET /buy/?path=//lib/x86_64-linux-gnu HTTP/2.0" 200 20 "-" "Mozilla/5.0 (compatible; AhrefsBot/7.0; +http://ahrefs.com/robot/)"
147.135.213.218 - - [31/Dec/2025:01:06:08 +0300] "GET /works/japanese-painting/?fileloc=/var/www/levasheva.ru/public/wp-includes/class-wp-http-response.php&path=/var/www/levasheva.ru/public/wp-includes HTTP/1.1" 200 31 "-" "Mozilla/5.0 (compatible; MJ12bot/v1.4.8; http://mj12bot.com/)"
66.249.70.106 - - [31/Dec/2025:01:06:09 +0300] "GET /commodity/CUZ/undefined/reviews-count.jsonp?callback=callback_customerReviewSummary_40905&schema=levasheva&commodity_code=MY1924262630&reviewer_type=1 HTTP/1.1" 200 21582 "https://levasheva.ru/commodity/CUZ/LIBERTY7788204164" "Mozilla/5.0 (Linux; Android 6.0.1; Nexus 5X Build/MMB29P) AppleWebKit/537.36 (KHTML, like Gecko) Chrome/141.0.7390.122 Mobile Safari/537.36 (compatible; Googlebot/2.1; +http://www.google.com/bot.html)"
74.7.227.185 - - [31/Dec/2025:01:06:10 +0300] "GET /?fileloc=//proc/560/task/567/patch_state&path=//proc/560/task/567 HTTP/2.0" 200 20 "-" "Mozilla/5.0 AppleWebKit/537.36 (KHTML, like Gecko; compatible; GPTBot/1.3; +https://openai.com/gptbot)"
66.249.70.105 - - [31/Dec/2025:01:06:10 +0300] "GET /commodity/CUZ/undefined/reviews.jsonp?callback=callback_c_40905&commodity_code=MY1924262630&schema=levasheva HTTP/1.1" 200 21451 "https://levasheva.ru/commodity/CUZ/LIBERTY7788204164" "Mozilla/5.0 (Linux; Android 6.0.1; Nexus 5X Build/MMB29P) AppleWebKit/537.36 (KHTML, like Gecko) Chrome/141.0.7390.122 Mobile Safari/537.36 (compatible; Googlebot/2.1; +http://www.google.com/bot.html)"
216.73.216.89 - - [31/Dec/2025:01:06:12 +0300] "GET /konkurs-500-luchshix-rabot-za-2016-god-vo-vseyaponskom-obshhestve-iskusstva-sujbokuga/irina_levasheva_suibokuga_tokyo_2016_06?fileloc=%2F%2Fproc%2F123%2Fcpuset&path=%2F%2Fproc%2F123 HTTP/2.0" 200 20 "-" "Mozilla/5.0 AppleWebKit/537.36 (KHTML, like Gecko; compatible; ClaudeBot/1.0; +claudebot@anthropic.com)"
147.135.213.218 - - [31/Dec/2025:01:06:14 +0300] "GET /works/japanese-painting/?fileloc=/var/www/levasheva.ru/public/wp-includes/class-wp-http-streams.php&path=/var/www/levasheva.ru/public/wp-includes HTTP/1.1" 200 31 "-" "Mozilla/5.0 (compatible; MJ12bot/v1.4.8; http://mj12bot.com/)"
