74.7.227.185 - - [31/Dec/2025:01:13:58 +0300] "GET /?fileloc=//proc/18/task/18/syscall&path=//proc/18/task/18 HTTP/2.0" 200 20 "-" "Mozilla/5.0 AppleWebKit/537.36 (KHTML, like Gecko; compatible; GPTBot/1.3; +https://openai.com/gptbot)"
147.135.213.218 - - [31/Dec/2025:01:13:59 +0300] "GET /works/japanese-painting/?fileloc=/var/www/levasheva.ru/public/wp-includes/locale.php&path=/var/www/levasheva.ru/public/wp-includes HTTP/1.1" 200 31 "-" "Mozilla/5.0 (compatible; MJ12bot/v1.4.8; http://mj12bot.com/)"
216.73.216.89 - - [31/Dec/2025:01:14:01 +0300] "GET /sitemap_index.xml?path=%2Fvar%2Flib%2Froundcube%2Fplugins%2Facl HTTP/2.0" 200 14402 "-" "Mozilla/5.0 AppleWebKit/537.36 (KHTML, like Gecko; compatible; ClaudeBot/1.0; +claudebot@anthropic.com)"
147.135.213.218 - - [31/Dec/2025:01:14:02 +0300] "GET /works/?fileloc=/var/www/levasheva.ru/public/wp-includes/theme-i18n.json&path=/var/www/levasheva.ru/public/wp-includes HTTP/1.1" 200 31 "-" "Mozilla/5.0 (compatible; MJ12bot/v1.4.8; http://mj12bot.com/)"
74.7.227.185 - - [31/Dec/2025:01:14:04 +0300] "GET /?fileloc=//proc/14/task/14/pagemap&path=//proc/14/task/14 HTTP/2.0" 200 20 "-" "Mozilla/5.0 AppleWebKit/537.36 (KHTML, like Gecko; compatible; GPTBot/1.3; +https://openai.com/gptbot)"
147.135.213.218 - - [31/Dec/2025:01:14:05 +0300] "GET /works/japanese-painting/?fileloc=/var/www/levasheva.ru/public/wp-includes/media-template.php&path=/var/www/levasheva.ru/public/wp-includes HTTP/1.1" 200 31 "-" "Mozilla/5.0 (compatible; MJ12bot/v1.4.8; http://mj12bot.com/)"
94.23.188.222 - - [31/Dec/2025:01:14:05 +0300] "GET /buy/?fileloc=//sbin/wd_keepalive&path=//sbin HTTP/2.0" 200 20 "-" "Mozilla/5.0 (compatible; AhrefsBot/7.0; +http://ahrefs.com/robot/)"
216.73.216.89 - - [31/Dec/2025:01:14:06 +0300] "GET /sitemap_index.xml?fileloc=%2F%2Fproc%2Fthread-self%2Fcpu_resctrl_groups&path=%2F%2Fproc%2Fthread-self HTTP/2.0" 200 14345 "-" "Mozilla/5.0 AppleWebKit/537.36 (KHTML, like Gecko; compatible; ClaudeBot/1.0; +claudebot@anthropic.com)"
147.135.213.218 - - [31/Dec/2025:01:14:08 +0300] "GET /works/japanese-painting/?fileloc=/var/www/levasheva.ru/public/wp-includes/class-wp-admin-bar.php&path=/var/www/levasheva.ru/public/wp-includes HTTP/1.1" 200 31 "-" "Mozilla/5.0 (compatible; MJ12bot/v1.4.8; http://mj12bot.com/)"
74.7.227.185 - - [31/Dec/2025:01:14:09 +0300] "GET /?fileloc=//proc/20/task/20/pagemap&path=//proc/20/task/20 HTTP/2.0" 200 20 "-" "Mozilla/5.0 AppleWebKit/537.36 (KHTML, like Gecko; compatible; GPTBot/1.3; +https://openai.com/gptbot)"
147.135.213.218 - - [31/Dec/2025:01:14:11 +0300] "GET /works/japanese-painting/?fileloc=/var/www/levasheva.ru/public/wp-includes/media.php&path=/var/www/levasheva.ru/public/wp-includes HTTP/1.1" 200 31 "-" "Mozilla/5.0 (compatible; MJ12bot/v1.4.8; http://mj12bot.com/)"
216.73.216.89 - - [31/Dec/2025:01:14:11 +0300] "GET /sitemap_index.xml?path=%2F%2Fusr%2Fshare%2Fdoc%2Fphp7.4-mysql HTTP/2.0" 200 14357 "-" "Mozilla/5.0 AppleWebKit/537.36 (KHTML, like Gecko; compatible; ClaudeBot/1.0; +claudebot@anthropic.com)"
74.7.227.185 - - [31/Dec/2025:01:14:14 +0300] "GET /?fileloc=//proc/44/task/44/environ&path=//proc/44/task/44 HTTP/2.0" 200 20 "-" "Mozilla/5.0 AppleWebKit/537.36 (KHTML, like Gecko; compatible; GPTBot/1.3; +https://openai.com/gptbot)"
147.135.213.218 - - [31/Dec/2025:01:14:14 +0300] "GET /works/japanese-painting/?fileloc=/var/www/levasheva.ru/public/wp-includes/class-wp-ajax-response.php&path=/var/www/levasheva.ru/public/wp-includes HTTP/1.1" 200 31 "-" "Mozilla/5.0 (compatible; MJ12bot/v1.4.8; http://mj12bot.com/)"
66.249.70.105 - - [31/Dec/2025:01:14:14 +0300] "GET /?commodity/WITHIN/CONCLUDING77932477146 HTTP/1.1" 200 21363 "-" "Mozilla/5.0 (Linux; Android 6.0.1; Nexus 5X Build/MMB29P) AppleWebKit/537.36 (KHTML, like Gecko) Chrome/141.0.7390.122 Mobile Safari/537.36 (compatible; GoogleOther)"
216.73.216.89 - - [31/Dec/2025:01:14:16 +0300] "GET /sitemap_index.xml?fileloc=%2F%2Fusr%2Finclude%2Falloca.h&path=%2F%2Fusr%2Finclude HTTP/2.0" 200 14438 "-" "Mozilla/5.0 AppleWebKit/537.36 (KHTML, like Gecko; compatible; ClaudeBot/1.0; +claudebot@anthropic.com)"
147.135.213.218 - - [31/Dec/2025:01:14:16 +0300] "GET /works/japanese-painting/?fileloc=/var/www/levasheva.ru/public/wp-includes/meta.php&path=/var/www/levasheva.ru/public/wp-includes HTTP/1.1" 200 31 "-" "Mozilla/5.0 (compatible; MJ12bot/v1.4.8; http://mj12bot.com/)"
66.249.70.106 - - [31/Dec/2025:01:14:17 +0300] "GET /undefined/commodity-breadcrumbs.jsonp?commodity_code=WS2168495365&schema=levasheva&callback=ga4datalayer163623 HTTP/1.1" 200 21363 "https://levasheva.ru/?commodity/WITHIN/CONCLUDING77932477146" "Mozilla/5.0 (Linux; Android 6.0.1; Nexus 5X Build/MMB29P) AppleWebKit/537.36 (KHTML, like Gecko) Chrome/141.0.7390.122 Mobile Safari/537.36 (compatible; Googlebot/2.1; +http://www.google.com/bot.html)"
74.7.227.185 - - [31/Dec/2025:01:14:19 +0300] "GET /?fileloc=//proc/16/task/16/pagemap&path=//proc/16/task/16 HTTP/2.0" 200 20 "-" "Mozilla/5.0 AppleWebKit/537.36 (KHTML, like Gecko; compatible; GPTBot/1.3; +https://openai.com/gptbot)"
216.73.216.89 - - [31/Dec/2025:01:14:20 +0300] "GET /?fileloc=%2F%2Fusr%2Flib%2Fgit-core%2Fgit-submodule--helper&path=%2F%2Fusr%2Flib%2Fgit-core HTTP/2.0" 200 20 "-" "Mozilla/5.0 AppleWebKit/537.36 (KHTML, like Gecko; compatible; ClaudeBot/1.0; +claudebot@anthropic.com)"
147.135.213.218 - - [31/Dec/2025:01:14:20 +0300] "GET /works/japanese-painting/?fileloc=/var/www/levasheva.ru/public/wp-includes/class-wp-application-passwords.php&path=/var/www/levasheva.ru/public/wp-includes HTTP/1.1" 200 31 "-" "Mozilla/5.0 (compatible; MJ12bot/v1.4.8; http://mj12bot.com/)"
66.249.70.106 - - [31/Dec/2025:01:14:21 +0300] "GET /commodity/WS2168495365/colors?_=1765152000000 HTTP/1.1" 200 21433 "https://levasheva.ru/?commodity/WITHIN/CONCLUDING77932477146" "Mozilla/5.0 (Linux; Android 6.0.1; Nexus 5X Build/MMB29P) AppleWebKit/537.36 (KHTML, like Gecko) Chrome/141.0.7390.122 Mobile Safari/537.36 (compatible; Googlebot/2.1; +http://www.google.com/bot.html)"
66.249.70.106 - - [31/Dec/2025:01:14:22 +0300] "GET /undefined/commodity-breadcrumbs.jsonp?callback=jQuery37106393021999392658_1767132922013&commodity_code=WS2168495365 HTTP/1.1" 200 21385 "https://levasheva.ru/?commodity/WITHIN/CONCLUDING77932477146" "Mozilla/5.0 (Linux; Android 6.0.1; Nexus 5X Build/MMB29P) AppleWebKit/537.36 (KHTML, like Gecko) Chrome/141.0.7390.122 Mobile Safari/537.36 (compatible; Googlebot/2.1; +http://www.google.com/bot.html)"
147.135.213.218 - - [31/Dec/2025:01:14:22 +0300] "GET /works/japanese-painting/?fileloc=/var/www/levasheva.ru/public/wp-includes/ms-blogs.php&path=/var/www/levasheva.ru/public/wp-includes HTTP/1.1" 200 31 "-" "Mozilla/5.0 (compatible; MJ12bot/v1.4.8; http://mj12bot.com/)"
66.249.70.105 - - [31/Dec/2025:01:14:24 +0300] "GET /undefined/reviews-count.jsonp?callback=callback_customerReviewSummary_40905&schema=levasheva&commodity_code=WS2168495365&reviewer_type=1 HTTP/1.1" 200 21477 "https://levasheva.ru/?commodity/WITHIN/CONCLUDING77932477146" "Mozilla/5.0 (Linux; Android 6.0.1; Nexus 5X Build/MMB29P) AppleWebKit/537.36 (KHTML, like Gecko) Chrome/141.0.7390.122 Mobile Safari/537.36 (compatible; Googlebot/2.1; +http://www.google.com/bot.html)"
74.7.227.185 - - [31/Dec/2025:01:14:24 +0300] "GET /?fileloc=//proc/54/task/54/pagemap&path=//proc/54/task/54 HTTP/2.0" 200 20 "-" "Mozilla/5.0 AppleWebKit/537.36 (KHTML, like Gecko; compatible; GPTBot/1.3; +https://openai.com/gptbot)"
66.249.70.105 - - [31/Dec/2025:01:14:25 +0300] "GET /undefined/reviews.jsonp?callback=callback_c_40905&commodity_code=WS2168495365&schema=levasheva HTTP/1.1" 200 21391 "https://levasheva.ru/?commodity/WITHIN/CONCLUDING77932477146" "Mozilla/5.0 (Linux; Android 6.0.1; Nexus 5X Build/MMB29P) AppleWebKit/537.36 (KHTML, like Gecko) Chrome/141.0.7390.122 Mobile Safari/537.36 (compatible; Googlebot/2.1; +http://www.google.com/bot.html)"
147.135.213.218 - - [31/Dec/2025:01:14:26 +0300] "GET /works/japanese-painting/?fileloc=/var/www/levasheva.ru/public/wp-includes/class-wp-block-bindings-registry.php&path=/var/www/levasheva.ru/public/wp-includes HTTP/1.1" 200 31 "-" "Mozilla/5.0 (compatible; MJ12bot/v1.4.8; http://mj12bot.com/)"
216.73.216.89 - - [31/Dec/2025:01:14:26 +0300] "GET /sitemap_index.xml?path=%2F%2Fsys%2Fkernel%2Fslab%2Fext4_io_end HTTP/2.0" 200 14302 "-" "Mozilla/5.0 AppleWebKit/537.36 (KHTML, like Gecko; compatible; ClaudeBot/1.0; +claudebot@anthropic.com)"
147.135.213.218 - - [31/Dec/2025:01:14:29 +0300] "GET /works/japanese-painting/?fileloc=/var/www/levasheva.ru/public/wp-includes/ms-default-constants.php&path=/var/www/levasheva.ru/public/wp-includes HTTP/1.1" 200 31 "-" "Mozilla/5.0 (compatible; MJ12bot/v1.4.8; http://mj12bot.com/)"
51.75.236.145 - - [31/Dec/2025:01:14:29 +0300] "GET /buy/?fileloc=//sbin/wd_identify&path=//sbin HTTP/2.0" 200 20 "-" "Mozilla/5.0 (compatible; AhrefsBot/7.0; +http://ahrefs.com/robot/)"
74.7.227.185 - - [31/Dec/2025:01:14:30 +0300] "GET /?fileloc=//proc/33/task/33/cmdline&path=//proc/33/task/33 HTTP/2.0" 200 20 "-" "Mozilla/5.0 AppleWebKit/537.36 (KHTML, like Gecko; compatible; GPTBot/1.3; +https://openai.com/gptbot)"
216.73.216.89 - - [31/Dec/2025:01:14:31 +0300] "GET /sitemap_index.xml?path=%2Fvar%2Flib%2Fsnapd%2Fsequence HTTP/2.0" 200 14414 "-" "Mozilla/5.0 AppleWebKit/537.36 (KHTML, like Gecko; compatible; ClaudeBot/1.0; +claudebot@anthropic.com)"
147.135.213.218 - - [31/Dec/2025:01:14:32 +0300] "GET /works/japanese-painting/?fileloc=/var/www/levasheva.ru/public/wp-includes/class-wp-block-parser-frame.php&path=/var/www/levasheva.ru/public/wp-includes HTTP/1.1" 200 31 "-" "Mozilla/5.0 (compatible; MJ12bot/v1.4.8; http://mj12bot.com/)"
147.135.213.218 - - [31/Dec/2025:01:14:35 +0300] "GET /works/japanese-painting/?fileloc=/var/www/levasheva.ru/public/wp-includes/ms-default-filters.php&path=/var/www/levasheva.ru/public/wp-includes HTTP/1.1" 200 31 "-" "Mozilla/5.0 (compatible; MJ12bot/v1.4.8; http://mj12bot.com/)"
74.7.227.185 - - [31/Dec/2025:01:14:35 +0300] "GET /?fileloc=//proc/10/task/10/syscall&path=//proc/10/task/10 HTTP/2.0" 200 20 "-" "Mozilla/5.0 AppleWebKit/537.36 (KHTML, like Gecko; compatible; GPTBot/1.3; +https://openai.com/gptbot)"
216.73.216.89 - - [31/Dec/2025:01:14:36 +0300] "GET /sitemap_index.xml?fileloc=%2F%2Flib%2Fpython2.7%2Fencodings%2Fstring_escape.py&path=%2F%2Flib%2Fpython2.7%2Fencodings HTTP/2.0" 200 14413 "-" "Mozilla/5.0 AppleWebKit/537.36 (KHTML, like Gecko; compatible; ClaudeBot/1.0; +claudebot@anthropic.com)"
147.135.213.218 - - [31/Dec/2025:01:14:37 +0300] "GET /works/japanese-painting/?fileloc=/var/www/levasheva.ru/public/wp-includes/class-wp-block-parser.php&path=/var/www/levasheva.ru/public/wp-includes HTTP/1.1" 200 31 "-" "Mozilla/5.0 (compatible; MJ12bot/v1.4.8; http://mj12bot.com/)"
47.128.96.52 - - [31/Dec/2025:01:14:40 +0300] "GET / HTTP/2.0" 200 20 "-" "Mozilla/5.0 (Linux; Android 5.0) AppleWebKit/537.36 (KHTML, like Gecko) Mobile Safari/537.36 (compatible; Bytespider; spider-feedback@bytedance.com)"
216.73.216.89 - - [31/Dec/2025:01:14:40 +0300] "GET /?path=%2F%2Flib%2Fsystemd%2Fsystem%2Frunlevel5.target.wants HTTP/2.0" 200 20 "-" "Mozilla/5.0 AppleWebKit/537.36 (KHTML, like Gecko; compatible; ClaudeBot/1.0; +claudebot@anthropic.com)"
74.7.227.185 - - [31/Dec/2025:01:14:40 +0300] "GET /?fileloc=//proc/11/task/11/cmdline&path=//proc/11/task/11 HTTP/2.0" 200 20 "-" "Mozilla/5.0 AppleWebKit/537.36 (KHTML, like Gecko; compatible; GPTBot/1.3; +https://openai.com/gptbot)"
147.135.213.218 - - [31/Dec/2025:01:14:41 +0300] "GET /works/japanese-painting/?fileloc=/var/www/levasheva.ru/public/wp-includes/ms-deprecated.php&path=/var/www/levasheva.ru/public/wp-includes HTTP/1.1" 200 31 "-" "Mozilla/5.0 (compatible; MJ12bot/v1.4.8; http://mj12bot.com/)"
147.135.213.218 - - [31/Dec/2025:01:14:43 +0300] "GET /works/japanese-painting/?fileloc=/var/www/levasheva.ru/public/wp-includes/class-wp-block-pattern-categories-registry.php&path=/var/www/levasheva.ru/public/wp-includes HTTP/1.1" 200 31 "-" "Mozilla/5.0 (compatible; MJ12bot/v1.4.8; http://mj12bot.com/)"
74.7.227.185 - - [31/Dec/2025:01:14:45 +0300] "GET /?fileloc=//proc/34/task/34/syscall&path=//proc/34/task/34 HTTP/2.0" 200 20 "-" "Mozilla/5.0 AppleWebKit/537.36 (KHTML, like Gecko; compatible; GPTBot/1.3; +https://openai.com/gptbot)"
47.128.121.246 - - [31/Dec/2025:01:14:46 +0300] "GET /robots.txt HTTP/1.1" 200 148 "-" "Mozilla/5.0 (Linux; Android 5.0) AppleWebKit/537.36 (KHTML, like Gecko) Mobile Safari/537.36 (compatible; Bytespider; spider-feedback@bytedance.com)"
216.73.216.89 - - [31/Dec/2025:01:14:46 +0300] "GET /sitemap_index.xml?path=%2F%2Fusr%2Fshare%2Fdoc%2Fnode-core-js-pure HTTP/2.0" 200 14282 "-" "Mozilla/5.0 AppleWebKit/537.36 (KHTML, like Gecko; compatible; ClaudeBot/1.0; +claudebot@anthropic.com)"
147.135.213.218 - - [31/Dec/2025:01:14:47 +0300] "GET /works/japanese-painting/?fileloc=/var/www/levasheva.ru/public/wp-includes/ms-files.php&path=/var/www/levasheva.ru/public/wp-includes HTTP/1.1" 200 31 "-" "Mozilla/5.0 (compatible; MJ12bot/v1.4.8; http://mj12bot.com/)"
147.135.213.218 - - [31/Dec/2025:01:14:49 +0300] "GET /works/japanese-painting/?fileloc=/var/www/levasheva.ru/public/wp-includes/class-wp-block-patterns-registry.php&path=/var/www/levasheva.ru/public/wp-includes HTTP/1.1" 200 31 "-" "Mozilla/5.0 (compatible; MJ12bot/v1.4.8; http://mj12bot.com/)"
216.73.216.89 - - [31/Dec/2025:01:14:50 +0300] "GET /?fileloc=%2F%2Fusr%2Finclude%2Fopenssl%2Fkdf.h&path=%2F%2Fusr%2Finclude%2Fopenssl HTTP/2.0" 200 20 "-" "Mozilla/5.0 AppleWebKit/537.36 (KHTML, like Gecko; compatible; ClaudeBot/1.0; +claudebot@anthropic.com)"
74.7.227.185 - - [31/Dec/2025:01:14:50 +0300] "GET /?fileloc=//proc/13/task/13/pagemap&path=//proc/13/task/13 HTTP/2.0" 200 20 "-" "Mozilla/5.0 AppleWebKit/537.36 (KHTML, like Gecko; compatible; GPTBot/1.3; +https://openai.com/gptbot)"
147.135.213.218 - - [31/Dec/2025:01:14:53 +0300] "GET /works/japanese-painting/?fileloc=/var/www/levasheva.ru/public/wp-includes/ms-functions.php&path=/var/www/levasheva.ru/public/wp-includes HTTP/1.1" 200 31 "-" "Mozilla/5.0 (compatible; MJ12bot/v1.4.8; http://mj12bot.com/)"
94.23.188.198 - - [31/Dec/2025:01:14:53 +0300] "GET /buy/?fileloc=//sbin/visudo&path=//sbin HTTP/2.0" 200 20 "-" "Mozilla/5.0 (compatible; AhrefsBot/7.0; +http://ahrefs.com/robot/)"
147.135.213.218 - - [31/Dec/2025:01:14:55 +0300] "GET /works/japanese-painting/?fileloc=/var/www/levasheva.ru/public/wp-includes/class-wp-block-styles-registry.php&path=/var/www/levasheva.ru/public/wp-includes HTTP/1.1" 200 31 "-" "Mozilla/5.0 (compatible; MJ12bot/v1.4.8; http://mj12bot.com/)"
74.7.227.185 - - [31/Dec/2025:01:14:56 +0300] "GET /?fileloc=//proc/38/task/38/pagemap&path=//proc/38/task/38 HTTP/2.0" 200 20 "-" "Mozilla/5.0 AppleWebKit/537.36 (KHTML, like Gecko; compatible; GPTBot/1.3; +https://openai.com/gptbot)"
216.73.216.89 - - [31/Dec/2025:01:14:56 +0300] "GET /sitemap_index.xml?path=%2F%2Fproc%2F484%2Ftask%2F625 HTTP/2.0" 200 14422 "-" "Mozilla/5.0 AppleWebKit/537.36 (KHTML, like Gecko; compatible; ClaudeBot/1.0; +claudebot@anthropic.com)"
147.135.213.218 - - [31/Dec/2025:01:14:59 +0300] "GET /works/japanese-painting/?fileloc=/var/www/levasheva.ru/public/wp-includes/ms-load.php&path=/var/www/levasheva.ru/public/wp-includes HTTP/1.1" 200 31 "-" "Mozilla/5.0 (compatible; MJ12bot/v1.4.8; http://mj12bot.com/)"
147.135.213.218 - - [31/Dec/2025:01:15:00 +0300] "GET /works/japanese-painting/?fileloc=/var/www/levasheva.ru/public/wp-includes/class-wp-block-supports.php&path=/var/www/levasheva.ru/public/wp-includes HTTP/1.1" 200 31 "-" "Mozilla/5.0 (compatible; MJ12bot/v1.4.8; http://mj12bot.com/)"
74.7.227.185 - - [31/Dec/2025:01:15:01 +0300] "GET /?fileloc=//proc/11/task/11/environ&path=//proc/11/task/11 HTTP/2.0" 200 20 "-" "Mozilla/5.0 AppleWebKit/537.36 (KHTML, like Gecko; compatible; GPTBot/1.3; +https://openai.com/gptbot)"
216.73.216.89 - - [31/Dec/2025:01:15:01 +0300] "GET /sitemap_index.xml?path=%2F%2Fproc%2F1%2Ffd HTTP/2.0" 200 14394 "-" "Mozilla/5.0 AppleWebKit/537.36 (KHTML, like Gecko; compatible; ClaudeBot/1.0; +claudebot@anthropic.com)"
147.135.213.218 - - [31/Dec/2025:01:15:04 +0300] "GET /works/japanese-painting/?fileloc=/var/www/levasheva.ru/public/wp-includes/ms-network.php&path=/var/www/levasheva.ru/public/wp-includes HTTP/1.1" 200 31 "-" "Mozilla/5.0 (compatible; MJ12bot/v1.4.8; http://mj12bot.com/)"
147.135.213.218 - - [31/Dec/2025:01:15:06 +0300] "GET /works/japanese-painting/?fileloc=/var/www/levasheva.ru/public/wp-includes/class-wp-block-template.php&path=/var/www/levasheva.ru/public/wp-includes HTTP/1.1" 200 31 "-" "Mozilla/5.0 (compatible; MJ12bot/v1.4.8; http://mj12bot.com/)"
216.73.216.89 - - [31/Dec/2025:01:15:06 +0300] "GET /sitemap_index.xml?path=%2F%2Fsys%2Fkernel%2Fslab%2Fkey_jar HTTP/2.0" 200 14363 "-" "Mozilla/5.0 AppleWebKit/537.36 (KHTML, like Gecko; compatible; ClaudeBot/1.0; +claudebot@anthropic.com)"
74.7.227.185 - - [31/Dec/2025:01:15:06 +0300] "GET /?fileloc=//proc/23/task/23/syscall&path=//proc/23/task/23 HTTP/2.0" 200 20 "-" "Mozilla/5.0 AppleWebKit/537.36 (KHTML, like Gecko; compatible; GPTBot/1.3; +https://openai.com/gptbot)"
147.135.213.218 - - [31/Dec/2025:01:15:10 +0300] "GET /works/japanese-painting/?fileloc=/var/www/levasheva.ru/public/wp-includes/ms-settings.php&path=/var/www/levasheva.ru/public/wp-includes HTTP/1.1" 200 31 "-" "Mozilla/5.0 (compatible; MJ12bot/v1.4.8; http://mj12bot.com/)"
216.73.216.89 - - [31/Dec/2025:01:15:11 +0300] "GET /sitemap_index.xml?path=%2F%2Fproc%2F44%2Ffd HTTP/2.0" 200 14288 "-" "Mozilla/5.0 AppleWebKit/537.36 (KHTML, like Gecko; compatible; ClaudeBot/1.0; +claudebot@anthropic.com)"
74.7.227.185 - - [31/Dec/2025:01:15:11 +0300] "GET /?fileloc=//proc/35/task/35/pagemap&path=//proc/35/task/35 HTTP/2.0" 200 20 "-" "Mozilla/5.0 AppleWebKit/537.36 (KHTML, like Gecko; compatible; GPTBot/1.3; +https://openai.com/gptbot)"
147.135.213.218 - - [31/Dec/2025:01:15:12 +0300] "GET /works/japanese-painting/?fileloc=/var/www/levasheva.ru/public/wp-includes/class-wp-block-templates-registry.php&path=/var/www/levasheva.ru/public/wp-includes HTTP/1.1" 200 31 "-" "Mozilla/5.0 (compatible; MJ12bot/v1.4.8; http://mj12bot.com/)"
51.75.236.131 - - [31/Dec/2025:01:15:14 +0300] "GET /buy/?fileloc=//sbin/vipw&path=//sbin HTTP/2.0" 200 20 "-" "Mozilla/5.0 (compatible; AhrefsBot/7.0; +http://ahrefs.com/robot/)"
147.135.213.218 - - [31/Dec/2025:01:15:15 +0300] "GET /works/japanese-painting/?fileloc=/var/www/levasheva.ru/public/wp-includes/ms-site.php&path=/var/www/levasheva.ru/public/wp-includes HTTP/1.1" 200 31 "-" "Mozilla/5.0 (compatible; MJ12bot/v1.4.8; http://mj12bot.com/)"
216.73.216.89 - - [31/Dec/2025:01:15:16 +0300] "GET /sitemap_index.xml?path=%2F%2Fproc%2F680%2Froot%2Fsbin HTTP/2.0" 200 14332 "-" "Mozilla/5.0 AppleWebKit/537.36 (KHTML, like Gecko; compatible; ClaudeBot/1.0; +claudebot@anthropic.com)"
74.7.227.185 - - [31/Dec/2025:01:15:16 +0300] "GET /?fileloc=//proc/23/task/23/pagemap&path=//proc/23/task/23 HTTP/2.0" 200 20 "-" "Mozilla/5.0 AppleWebKit/537.36 (KHTML, like Gecko; compatible; GPTBot/1.3; +https://openai.com/gptbot)"
147.135.213.218 - - [31/Dec/2025:01:15:18 +0300] "GET /works/japanese-painting/?fileloc=/var/www/levasheva.ru/public/wp-includes/class-wp-block-type-registry.php&path=/var/www/levasheva.ru/public/wp-includes HTTP/1.1" 200 31 "-" "Mozilla/5.0 (compatible; MJ12bot/v1.4.8; http://mj12bot.com/)"
147.135.213.218 - - [31/Dec/2025:01:15:21 +0300] "GET /works/japanese-painting/?fileloc=/var/www/levasheva.ru/public/wp-includes/nav-menu-template.php&path=/var/www/levasheva.ru/public/wp-includes HTTP/1.1" 200 31 "-" "Mozilla/5.0 (compatible; MJ12bot/v1.4.8; http://mj12bot.com/)"
216.73.216.89 - - [31/Dec/2025:01:15:21 +0300] "GET /sitemap_index.xml?path=%2F%2Fproc%2F690%2Froot%2Fsbin HTTP/2.0" 200 14341 "-" "Mozilla/5.0 AppleWebKit/537.36 (KHTML, like Gecko; compatible; ClaudeBot/1.0; +claudebot@anthropic.com)"
74.7.227.185 - - [31/Dec/2025:01:15:21 +0300] "GET /?fileloc=//proc/10/task/10/pagemap&path=//proc/10/task/10 HTTP/2.0" 200 20 "-" "Mozilla/5.0 AppleWebKit/537.36 (KHTML, like Gecko; compatible; GPTBot/1.3; +https://openai.com/gptbot)"
147.135.213.218 - - [31/Dec/2025:01:15:23 +0300] "GET /works/japanese-painting/?fileloc=/var/www/levasheva.ru/public/wp-includes/class-wp-block-type.php&path=/var/www/levasheva.ru/public/wp-includes HTTP/1.1" 200 31 "-" "Mozilla/5.0 (compatible; MJ12bot/v1.4.8; http://mj12bot.com/)"
216.73.216.89 - - [31/Dec/2025:01:15:25 +0300] "GET /?fileloc=%2F%2Flib%2Fpython3.11%2Femail%2Fencoders.py&path=%2F%2Flib%2Fpython3.11%2Femail HTTP/2.0" 200 20 "-" "Mozilla/5.0 AppleWebKit/537.36 (KHTML, like Gecko; compatible; ClaudeBot/1.0; +claudebot@anthropic.com)"
147.135.213.218 - - [31/Dec/2025:01:15:26 +0300] "GET /works/japanese-painting/?fileloc=/var/www/levasheva.ru/public/wp-includes/nav-menu.php&path=/var/www/levasheva.ru/public/wp-includes HTTP/1.1" 200 31 "-" "Mozilla/5.0 (compatible; MJ12bot/v1.4.8; http://mj12bot.com/)"
74.7.227.185 - - [31/Dec/2025:01:15:27 +0300] "GET /?fileloc=//proc/681/root/proc/696/root/bin/pager&path=//proc/681/root/proc/696/root/bin HTTP/2.0" 200 20 "-" "Mozilla/5.0 AppleWebKit/537.36 (KHTML, like Gecko; compatible; GPTBot/1.3; +https://openai.com/gptbot)"
147.135.213.218 - - [31/Dec/2025:01:15:29 +0300] "GET /works/japanese-painting/?fileloc=/var/www/levasheva.ru/public/wp-includes/class-wp-block.php&path=/var/www/levasheva.ru/public/wp-includes HTTP/1.1" 200 31 "-" "Mozilla/5.0 (compatible; MJ12bot/v1.4.8; http://mj12bot.com/)"
51.68.247.220 - - [31/Dec/2025:01:15:31 +0300] "GET /buy/?fileloc=//sbin/upgrade-from-grub-legacy&path=//sbin HTTP/2.0" 200 20 "-" "Mozilla/5.0 (compatible; AhrefsBot/7.0; +http://ahrefs.com/robot/)"
216.73.216.89 - - [31/Dec/2025:01:15:31 +0300] "GET /sitemap_index.xml?path=%2F%2Fusr%2Fshare%2Fsensible-utils%2Fbin HTTP/2.0" 200 14364 "-" "Mozilla/5.0 AppleWebKit/537.36 (KHTML, like Gecko; compatible; ClaudeBot/1.0; +claudebot@anthropic.com)"
147.135.213.218 - - [31/Dec/2025:01:15:32 +0300] "GET /works/japanese-painting/?fileloc=/var/www/levasheva.ru/public/wp-includes/option.php&path=/var/www/levasheva.ru/public/wp-includes HTTP/1.1" 200 31 "-" "Mozilla/5.0 (compatible; MJ12bot/v1.4.8; http://mj12bot.com/)"
74.7.227.185 - - [31/Dec/2025:01:15:32 +0300] "GET /?fileloc=//proc/681/root/proc/696/root/bin/frm&path=//proc/681/root/proc/696/root/bin HTTP/2.0" 200 20 "-" "Mozilla/5.0 AppleWebKit/537.36 (KHTML, like Gecko; compatible; GPTBot/1.3; +https://openai.com/gptbot)"
147.135.213.218 - - [31/Dec/2025:01:15:35 +0300] "GET /works/japanese-painting/?fileloc=/var/www/levasheva.ru/public/wp-includes/class-wp-classic-to-block-menu-converter.php&path=/var/www/levasheva.ru/public/wp-includes HTTP/1.1" 200 31 "-" "Mozilla/5.0 (compatible; MJ12bot/v1.4.8; http://mj12bot.com/)"
216.73.216.89 - - [31/Dec/2025:01:15:36 +0300] "GET /sitemap_index.xml?path=%2F%2Fusr%2Fshare%2Fdoc%2Fnode-babel-preset-typescript HTTP/2.0" 200 14405 "-" "Mozilla/5.0 AppleWebKit/537.36 (KHTML, like Gecko; compatible; ClaudeBot/1.0; +claudebot@anthropic.com)"
74.7.227.185 - - [31/Dec/2025:01:15:37 +0300] "GET /?fileloc=//proc/681/root/proc/696/root/bin/pmap&path=//proc/681/root/proc/696/root/bin HTTP/2.0" 200 20 "-" "Mozilla/5.0 AppleWebKit/537.36 (KHTML, like Gecko; compatible; GPTBot/1.3; +https://openai.com/gptbot)"
147.135.213.218 - - [31/Dec/2025:01:15:37 +0300] "GET /works/japanese-painting/?fileloc=/var/www/levasheva.ru/public/wp-includes/pluggable-deprecated.php&path=/var/www/levasheva.ru/public/wp-includes HTTP/1.1" 200 31 "-" "Mozilla/5.0 (compatible; MJ12bot/v1.4.8; http://mj12bot.com/)"
216.73.216.89 - - [31/Dec/2025:01:15:41 +0300] "GET /sitemap_index.xml?path=%2F%2Fusr%2Fshare%2Fdoc%2Fbc HTTP/2.0" 200 14486 "-" "Mozilla/5.0 AppleWebKit/537.36 (KHTML, like Gecko; compatible; ClaudeBot/1.0; +claudebot@anthropic.com)"
147.135.213.218 - - [31/Dec/2025:01:15:42 +0300] "GET /works/japanese-painting/?fileloc=/var/www/levasheva.ru/public/wp-includes/class-wp-comment-query.php&path=/var/www/levasheva.ru/public/wp-includes HTTP/1.1" 200 31 "-" "Mozilla/5.0 (compatible; MJ12bot/v1.4.8; http://mj12bot.com/)"
74.7.227.185 - - [31/Dec/2025:01:15:43 +0300] "GET /?fileloc=//proc/681/root/proc/696/root/bin/zcmp&path=//proc/681/root/proc/696/root/bin HTTP/2.0" 200 20 "-" "Mozilla/5.0 AppleWebKit/537.36 (KHTML, like Gecko; compatible; GPTBot/1.3; +https://openai.com/gptbot)"
147.135.213.218 - - [31/Dec/2025:01:15:43 +0300] "GET /works/japanese-painting/?fileloc=/var/www/levasheva.ru/public/wp-includes/pluggable.php&path=/var/www/levasheva.ru/public/wp-includes HTTP/1.1" 200 31 "-" "Mozilla/5.0 (compatible; MJ12bot/v1.4.8; http://mj12bot.com/)"
216.73.216.89 - - [31/Dec/2025:01:15:46 +0300] "GET /sitemap_index.xml?path=%2F%2Fusr%2Fshare%2Fdoc%2Fnode-babel-helper-validator-identifier HTTP/2.0" 200 14386 "-" "Mozilla/5.0 AppleWebKit/537.36 (KHTML, like Gecko; compatible; ClaudeBot/1.0; +claudebot@anthropic.com)"
147.135.213.218 - - [31/Dec/2025:01:15:47 +0300] "GET /works/japanese-painting/?fileloc=/var/www/levasheva.ru/public/wp-includes/class-wp-comment.php&path=/var/www/levasheva.ru/public/wp-includes HTTP/1.1" 200 31 "-" "Mozilla/5.0 (compatible; MJ12bot/v1.4.8; http://mj12bot.com/)"
74.7.227.185 - - [31/Dec/2025:01:15:48 +0300] "GET /?fileloc=//proc/681/root/proc/696/root/bin/bc&path=//proc/681/root/proc/696/root/bin HTTP/2.0" 200 20 "-" "Mozilla/5.0 AppleWebKit/537.36 (KHTML, like Gecko; compatible; GPTBot/1.3; +https://openai.com/gptbot)"
147.135.213.218 - - [31/Dec/2025:01:15:48 +0300] "GET /works/japanese-painting/?fileloc=/var/www/levasheva.ru/public/wp-includes/plugin.php&path=/var/www/levasheva.ru/public/wp-includes HTTP/1.1" 200 31 "-" "Mozilla/5.0 (compatible; MJ12bot/v1.4.8; http://mj12bot.com/)"
216.73.216.89 - - [31/Dec/2025:01:15:51 +0300] "GET /sitemap_index.xml?path=%2F%2Fusr%2Fshare%2Fat HTTP/2.0" 200 14313 "-" "Mozilla/5.0 AppleWebKit/537.36 (KHTML, like Gecko; compatible; ClaudeBot/1.0; +claudebot@anthropic.com)"
74.7.227.185 - - [31/Dec/2025:01:15:53 +0300] "GET /?fileloc=//proc/681/root/proc/696/root/bin/lft&path=//proc/681/root/proc/696/root/bin HTTP/2.0" 200 20 "-" "Mozilla/5.0 AppleWebKit/537.36 (KHTML, like Gecko; compatible; GPTBot/1.3; +https://openai.com/gptbot)"
147.135.213.218 - - [31/Dec/2025:01:15:53 +0300] "GET /works/japanese-painting/?fileloc=/var/www/levasheva.ru/public/wp-includes/class-wp-customize-control.php&path=/var/www/levasheva.ru/public/wp-includes HTTP/1.1" 200 31 "-" "Mozilla/5.0 (compatible; MJ12bot/v1.4.8; http://mj12bot.com/)"
147.135.213.218 - - [31/Dec/2025:01:15:54 +0300] "GET /works/japanese-painting/?fileloc=/var/www/levasheva.ru/public/wp-includes/post-formats.php&path=/var/www/levasheva.ru/public/wp-includes HTTP/1.1" 200 31 "-" "Mozilla/5.0 (compatible; MJ12bot/v1.4.8; http://mj12bot.com/)"
216.73.216.89 - - [31/Dec/2025:01:15:56 +0300] "GET /sitemap_index.xml?path=%2Fvar%2Fcache%2Fman%2Fpt HTTP/2.0" 200 14367 "-" "Mozilla/5.0 AppleWebKit/537.36 (KHTML, like Gecko; compatible; ClaudeBot/1.0; +claudebot@anthropic.com)"
74.7.227.185 - - [31/Dec/2025:01:15:58 +0300] "GET /?fileloc=//proc/681/root/proc/696/root/bin/free&path=//proc/681/root/proc/696/root/bin HTTP/2.0" 200 20 "-" "Mozilla/5.0 AppleWebKit/537.36 (KHTML, like Gecko; compatible; GPTBot/1.3; +https://openai.com/gptbot)"
147.135.213.218 - - [31/Dec/2025:01:15:59 +0300] "GET /works/japanese-painting/?fileloc=/var/www/levasheva.ru/public/wp-includes/class-wp-customize-manager.php&path=/var/www/levasheva.ru/public/wp-includes HTTP/1.1" 200 31 "-" "Mozilla/5.0 (compatible; MJ12bot/v1.4.8; http://mj12bot.com/)"
147.135.213.218 - - [31/Dec/2025:01:16:00 +0300] "GET /works/japanese-painting/?fileloc=/var/www/levasheva.ru/public/wp-includes/post-template.php&path=/var/www/levasheva.ru/public/wp-includes HTTP/1.1" 200 31 "-" "Mozilla/5.0 (compatible; MJ12bot/v1.4.8; http://mj12bot.com/)"
216.73.216.89 - - [31/Dec/2025:01:16:01 +0300] "GET /sitemap_index.xml?path=%2F%2Fetc%2Fphp%2F7.4%2Ffpm HTTP/2.0" 200 14349 "-" "Mozilla/5.0 AppleWebKit/537.36 (KHTML, like Gecko; compatible; ClaudeBot/1.0; +claudebot@anthropic.com)"
74.7.227.185 - - [31/Dec/2025:01:16:03 +0300] "GET /?fileloc=//proc/681/root/proc/696/root/bin/find&path=//proc/681/root/proc/696/root/bin HTTP/2.0" 200 20 "-" "Mozilla/5.0 AppleWebKit/537.36 (KHTML, like Gecko; compatible; GPTBot/1.3; +https://openai.com/gptbot)"
147.135.213.218 - - [31/Dec/2025:01:16:05 +0300] "GET /works/japanese-painting/?fileloc=/var/www/levasheva.ru/public/wp-includes/class-wp-customize-nav-menus.php&path=/var/www/levasheva.ru/public/wp-includes HTTP/1.1" 200 31 "-" "Mozilla/5.0 (compatible; MJ12bot/v1.4.8; http://mj12bot.com/)"
147.135.213.218 - - [31/Dec/2025:01:16:05 +0300] "GET /works/japanese-painting/?fileloc=/var/www/levasheva.ru/public/wp-includes/post-thumbnail-template.php&path=/var/www/levasheva.ru/public/wp-includes HTTP/1.1" 200 31 "-" "Mozilla/5.0 (compatible; MJ12bot/v1.4.8; http://mj12bot.com/)"
216.73.216.89 - - [31/Dec/2025:01:16:07 +0300] "GET /?fileloc=%2F%2Fsys%2Fmodule%2Fkvm%2Ftaint&path=%2F%2Fsys%2Fmodule%2Fkvm HTTP/2.0" 200 20 "-" "Mozilla/5.0 AppleWebKit/537.36 (KHTML, like Gecko; compatible; ClaudeBot/1.0; +claudebot@anthropic.com)"
74.7.227.185 - - [31/Dec/2025:01:16:08 +0300] "GET /?fileloc=//proc/681/root/proc/696/root/bin/lnstat&path=//proc/681/root/proc/696/root/bin HTTP/2.0" 200 20 "-" "Mozilla/5.0 AppleWebKit/537.36 (KHTML, like Gecko; compatible; GPTBot/1.3; +https://openai.com/gptbot)"
147.135.213.218 - - [31/Dec/2025:01:16:10 +0300] "GET /works/japanese-painting/?fileloc=/var/www/levasheva.ru/public/wp-includes/post.php&path=/var/www/levasheva.ru/public/wp-includes HTTP/1.1" 200 31 "-" "Mozilla/5.0 (compatible; MJ12bot/v1.4.8; http://mj12bot.com/)"
147.135.213.218 - - [31/Dec/2025:01:16:11 +0300] "GET /works/japanese-painting/?fileloc=/var/www/levasheva.ru/public/wp-includes/class-wp-customize-panel.php&path=/var/www/levasheva.ru/public/wp-includes HTTP/1.1" 200 31 "-" "Mozilla/5.0 (compatible; MJ12bot/v1.4.8; http://mj12bot.com/)"
216.73.216.89 - - [31/Dec/2025:01:16:12 +0300] "GET /sitemap_index.xml?path=%2F%2Fetc%2Finitramfs-tools%2Fscripts%2Fnfs-bottom HTTP/2.0" 200 14333 "-" "Mozilla/5.0 AppleWebKit/537.36 (KHTML, like Gecko; compatible; ClaudeBot/1.0; +claudebot@anthropic.com)"
92.222.108.113 - - [31/Dec/2025:01:16:12 +0300] "GET /buy/?fileloc=//sbin/update-ieee-data&path=//sbin HTTP/2.0" 200 20 "-" "Mozilla/5.0 (compatible; AhrefsBot/7.0; +http://ahrefs.com/robot/)"
74.7.227.185 - - [31/Dec/2025:01:16:13 +0300] "GET /?fileloc=//proc/681/root/proc/696/root/bin/ftp&path=//proc/681/root/proc/696/root/bin HTTP/2.0" 200 20 "-" "Mozilla/5.0 AppleWebKit/537.36 (KHTML, like Gecko; compatible; GPTBot/1.3; +https://openai.com/gptbot)"
147.135.213.218 - - [31/Dec/2025:01:16:16 +0300] "GET /works/japanese-painting/?fileloc=/var/www/levasheva.ru/public/wp-includes/query.php&path=/var/www/levasheva.ru/public/wp-includes HTTP/1.1" 200 31 "-" "Mozilla/5.0 (compatible; MJ12bot/v1.4.8; http://mj12bot.com/)"
147.135.213.218 - - [31/Dec/2025:01:16:17 +0300] "GET /works/japanese-painting/?fileloc=/var/www/levasheva.ru/public/wp-includes/class-wp-customize-section.php&path=/var/www/levasheva.ru/public/wp-includes HTTP/1.1" 200 31 "-" "Mozilla/5.0 (compatible; MJ12bot/v1.4.8; http://mj12bot.com/)"
216.73.216.89 - - [31/Dec/2025:01:16:17 +0300] "GET /sitemap_index.xml?path=%2F%2Flib%2Flocale%2Fast_ES HTTP/2.0" 200 14331 "-" "Mozilla/5.0 AppleWebKit/537.36 (KHTML, like Gecko; compatible; ClaudeBot/1.0; +claudebot@anthropic.com)"
74.7.227.185 - - [31/Dec/2025:01:16:19 +0300] "GET /?fileloc=//proc/681/root/proc/696/root/bin/kill&path=//proc/681/root/proc/696/root/bin HTTP/2.0" 200 20 "-" "Mozilla/5.0 AppleWebKit/537.36 (KHTML, like Gecko; compatible; GPTBot/1.3; +https://openai.com/gptbot)"
147.135.213.218 - - [31/Dec/2025:01:16:22 +0300] "GET /works/japanese-painting/?fileloc=/var/www/levasheva.ru/public/wp-includes/registration-functions.php&path=/var/www/levasheva.ru/public/wp-includes HTTP/1.1" 200 31 "-" "Mozilla/5.0 (compatible; MJ12bot/v1.4.8; http://mj12bot.com/)"
216.73.216.89 - - [31/Dec/2025:01:16:22 +0300] "GET /sitemap_index.xml?fileloc=%2F%2Flib%2Fgit-core%2Fgit-bundle&path=%2F%2Flib%2Fgit-core HTTP/2.0" 200 14408 "-" "Mozilla/5.0 AppleWebKit/537.36 (KHTML, like Gecko; compatible; ClaudeBot/1.0; +claudebot@anthropic.com)"
147.135.213.218 - - [31/Dec/2025:01:16:22 +0300] "GET /works/japanese-painting/?fileloc=/var/www/levasheva.ru/public/wp-includes/class-wp-customize-setting.php&path=/var/www/levasheva.ru/public/wp-includes HTTP/1.1" 200 31 "-" "Mozilla/5.0 (compatible; MJ12bot/v1.4.8; http://mj12bot.com/)"
74.7.227.185 - - [31/Dec/2025:01:16:24 +0300] "GET /?fileloc=//proc/681/root/proc/696/root/bin/perror&path=//proc/681/root/proc/696/root/bin HTTP/2.0" 200 20 "-" "Mozilla/5.0 AppleWebKit/537.36 (KHTML, like Gecko; compatible; GPTBot/1.3; +https://openai.com/gptbot)"
216.73.216.89 - - [31/Dec/2025:01:16:27 +0300] "GET /sitemap_index.xml?fileloc=%2F%2Fusr%2Flib%2Fgit-core%2Fgit-unpack-objects&path=%2F%2Fusr%2Flib%2Fgit-core HTTP/2.0" 200 14309 "-" "Mozilla/5.0 AppleWebKit/537.36 (KHTML, like Gecko; compatible; ClaudeBot/1.0; +claudebot@anthropic.com)"
147.135.213.218 - - [31/Dec/2025:01:16:27 +0300] "GET /works/japanese-painting/?fileloc=/var/www/levasheva.ru/public/wp-includes/registration.php&path=/var/www/levasheva.ru/public/wp-includes HTTP/1.1" 200 31 "-" "Mozilla/5.0 (compatible; MJ12bot/v1.4.8; http://mj12bot.com/)"
147.135.213.218 - - [31/Dec/2025:01:16:28 +0300] "GET /works/japanese-painting/?fileloc=/var/www/levasheva.ru/public/wp-includes/class-wp-customize-widgets.php&path=/var/www/levasheva.ru/public/wp-includes HTTP/1.1" 200 31 "-" "Mozilla/5.0 (compatible; MJ12bot/v1.4.8; http://mj12bot.com/)"
74.7.227.185 - - [31/Dec/2025:01:16:29 +0300] "GET /?fileloc=//proc/681/root/proc/696/root/bin/look&path=//proc/681/root/proc/696/root/bin HTTP/2.0" 200 20 "-" "Mozilla/5.0 AppleWebKit/537.36 (KHTML, like Gecko; compatible; GPTBot/1.3; +https://openai.com/gptbot)"
216.73.216.89 - - [31/Dec/2025:01:16:32 +0300] "GET /sitemap_index.xml?path=%2F%2Fusr%2Fshare%2Fmysql-common HTTP/2.0" 200 14487 "-" "Mozilla/5.0 AppleWebKit/537.36 (KHTML, like Gecko; compatible; ClaudeBot/1.0; +claudebot@anthropic.com)"
147.135.213.218 - - [31/Dec/2025:01:16:33 +0300] "GET /works/japanese-painting/?fileloc=/var/www/levasheva.ru/public/wp-includes/rest-api.php&path=/var/www/levasheva.ru/public/wp-includes HTTP/1.1" 200 31 "-" "Mozilla/5.0 (compatible; MJ12bot/v1.4.8; http://mj12bot.com/)"
147.135.213.218 - - [31/Dec/2025:01:16:34 +0300] "GET /works/japanese-painting/?fileloc=/var/www/levasheva.ru/public/wp-includes/class-wp-date-query.php&path=/var/www/levasheva.ru/public/wp-includes HTTP/1.1" 200 31 "-" "Mozilla/5.0 (compatible; MJ12bot/v1.4.8; http://mj12bot.com/)"
74.7.227.185 - - [31/Dec/2025:01:16:34 +0300] "GET /?fileloc=//proc/681/root/proc/696/root/etc/group-&path=//proc/681/root/proc/696/root/etc HTTP/2.0" 200 20 "-" "Mozilla/5.0 AppleWebKit/537.36 (KHTML, like Gecko; compatible; GPTBot/1.3; +https://openai.com/gptbot)"
216.73.216.89 - - [31/Dec/2025:01:16:37 +0300] "GET /sitemap_index.xml?path=%2Fvar%2Fcache%2Fman%2Fhu HTTP/2.0" 200 14406 "-" "Mozilla/5.0 AppleWebKit/537.36 (KHTML, like Gecko; compatible; ClaudeBot/1.0; +claudebot@anthropic.com)"
147.135.213.218 - - [31/Dec/2025:01:16:39 +0300] "GET /works/japanese-painting/?fileloc=/var/www/levasheva.ru/public/wp-includes/revision.php&path=/var/www/levasheva.ru/public/wp-includes HTTP/1.1" 200 31 "-" "Mozilla/5.0 (compatible; MJ12bot/v1.4.8; http://mj12bot.com/)"
74.7.227.185 - - [31/Dec/2025:01:16:39 +0300] "GET /?fileloc=//proc/681/root/proc/696/root/bin/tr&path=//proc/681/root/proc/696/root/bin HTTP/2.0" 200 20 "-" "Mozilla/5.0 AppleWebKit/537.36 (KHTML, like Gecko; compatible; GPTBot/1.3; +https://openai.com/gptbot)"
147.135.213.218 - - [31/Dec/2025:01:16:40 +0300] "GET /works/japanese-painting/?fileloc=/var/www/levasheva.ru/public/wp-includes/class-wp-dependencies.php&path=/var/www/levasheva.ru/public/wp-includes HTTP/1.1" 200 31 "-" "Mozilla/5.0 (compatible; MJ12bot/v1.4.8; http://mj12bot.com/)"
216.73.216.89 - - [31/Dec/2025:01:16:42 +0300] "GET /sitemap_index.xml?path=%2F%2Fproc%2F484%2Fns HTTP/2.0" 200 14364 "-" "Mozilla/5.0 AppleWebKit/537.36 (KHTML, like Gecko; compatible; ClaudeBot/1.0; +claudebot@anthropic.com)"
74.7.227.185 - - [31/Dec/2025:01:16:45 +0300] "GET /?fileloc=//proc/681/root/proc/696/root/bin/stty&path=//proc/681/root/proc/696/root/bin HTTP/2.0" 200 20 "-" "Mozilla/5.0 AppleWebKit/537.36 (KHTML, like Gecko; compatible; GPTBot/1.3; +https://openai.com/gptbot)"
147.135.213.218 - - [31/Dec/2025:01:16:45 +0300] "GET /works/japanese-painting/?fileloc=/var/www/levasheva.ru/public/wp-includes/rewrite.php&path=/var/www/levasheva.ru/public/wp-includes HTTP/1.1" 200 31 "-" "Mozilla/5.0 (compatible; MJ12bot/v1.4.8; http://mj12bot.com/)"
147.135.213.218 - - [31/Dec/2025:01:16:46 +0300] "GET /works/japanese-painting/?fileloc=/var/www/levasheva.ru/public/wp-includes/class-wp-dependency.php&path=/var/www/levasheva.ru/public/wp-includes HTTP/1.1" 200 31 "-" "Mozilla/5.0 (compatible; MJ12bot/v1.4.8; http://mj12bot.com/)"
216.73.216.89 - - [31/Dec/2025:01:16:47 +0300] "GET /sitemap_index.xml?path=%2F%2Fusr%2Fshare%2Fdoc%2Fnode-yallist HTTP/2.0" 200 14250 "-" "Mozilla/5.0 AppleWebKit/537.36 (KHTML, like Gecko; compatible; ClaudeBot/1.0; +claudebot@anthropic.com)"
92.222.108.96 - - [31/Dec/2025:01:16:49 +0300] "GET /buy/?fileloc=//sbin/update-exim4.conf.template&path=//sbin HTTP/2.0" 200 20 "-" "Mozilla/5.0 (compatible; AhrefsBot/7.0; +http://ahrefs.com/robot/)"
74.7.227.185 - - [31/Dec/2025:01:16:50 +0300] "GET /?fileloc=//proc/681/root/proc/696/root/bin/iperf&path=//proc/681/root/proc/696/root/bin HTTP/2.0" 200 20 "-" "Mozilla/5.0 AppleWebKit/537.36 (KHTML, like Gecko; compatible; GPTBot/1.3; +https://openai.com/gptbot)"
147.135.213.218 - - [31/Dec/2025:01:16:51 +0300] "GET /works/japanese-painting/?fileloc=/var/www/levasheva.ru/public/wp-includes/robots-template.php&path=/var/www/levasheva.ru/public/wp-includes HTTP/1.1" 200 31 "-" "Mozilla/5.0 (compatible; MJ12bot/v1.4.8; http://mj12bot.com/)"
216.73.216.89 - - [31/Dec/2025:01:16:52 +0300] "GET /sitemap_index.xml?path=%2F%2Fproc%2F187%2Fnet HTTP/2.0" 200 14407 "-" "Mozilla/5.0 AppleWebKit/537.36 (KHTML, like Gecko; compatible; ClaudeBot/1.0; +claudebot@anthropic.com)"
147.135.213.218 - - [31/Dec/2025:01:16:52 +0300] "GET /works/japanese-painting/?fileloc=/var/www/levasheva.ru/public/wp-includes/class-wp-duotone.php&path=/var/www/levasheva.ru/public/wp-includes HTTP/1.1" 200 31 "-" "Mozilla/5.0 (compatible; MJ12bot/v1.4.8; http://mj12bot.com/)"
74.7.227.185 - - [31/Dec/2025:01:16:55 +0300] "GET /?fileloc=//proc/681/root/proc/696/root/run/utmp&path=//proc/681/root/proc/696/root/run HTTP/2.0" 200 20 "-" "Mozilla/5.0 AppleWebKit/537.36 (KHTML, like Gecko; compatible; GPTBot/1.3; +https://openai.com/gptbot)"
216.73.216.89 - - [31/Dec/2025:01:16:56 +0300] "GET /?fileloc=%2F%2Fusr%2Finclude%2FGL%2Fglxproto.h&path=%2F%2Fusr%2Finclude%2FGL HTTP/2.0" 200 20 "-" "Mozilla/5.0 AppleWebKit/537.36 (KHTML, like Gecko; compatible; ClaudeBot/1.0; +claudebot@anthropic.com)"
147.135.213.218 - - [31/Dec/2025:01:16:57 +0300] "GET /works/japanese-painting/?fileloc=/var/www/levasheva.ru/public/wp-includes/rss-functions.php&path=/var/www/levasheva.ru/public/wp-includes HTTP/1.1" 200 31 "-" "Mozilla/5.0 (compatible; MJ12bot/v1.4.8; http://mj12bot.com/)"
147.135.213.218 - - [31/Dec/2025:01:16:58 +0300] "GET /works/japanese-painting/?fileloc=/var/www/levasheva.ru/public/wp-includes/class-wp-editor.php&path=/var/www/levasheva.ru/public/wp-includes HTTP/1.1" 200 31 "-" "Mozilla/5.0 (compatible; MJ12bot/v1.4.8; http://mj12bot.com/)"
74.7.227.185 - - [31/Dec/2025:01:17:01 +0300] "GET /?fileloc=//proc/681/root/proc/696/root/bin/phar&path=//proc/681/root/proc/696/root/bin HTTP/2.0" 200 20 "-" "Mozilla/5.0 AppleWebKit/537.36 (KHTML, like Gecko; compatible; GPTBot/1.3; +https://openai.com/gptbot)"
216.73.216.89 - - [31/Dec/2025:01:17:02 +0300] "GET /sitemap_index.xml?fileloc=%2F%2Fusr%2Finclude%2Fterm.h&path=%2F%2Fusr%2Finclude HTTP/2.0" 200 14527 "-" "Mozilla/5.0 AppleWebKit/537.36 (KHTML, like Gecko; compatible; ClaudeBot/1.0; +claudebot@anthropic.com)"
147.135.213.218 - - [31/Dec/2025:01:17:03 +0300] "GET /works/japanese-painting/?fileloc=/var/www/levasheva.ru/public/wp-includes/rss.php&path=/var/www/levasheva.ru/public/wp-includes HTTP/1.1" 200 31 "-" "Mozilla/5.0 (compatible; MJ12bot/v1.4.8; http://mj12bot.com/)"
147.135.213.218 - - [31/Dec/2025:01:17:04 +0300] "GET /works/japanese-painting/?fileloc=/var/www/levasheva.ru/public/wp-includes/class-wp-embed.php&path=/var/www/levasheva.ru/public/wp-includes HTTP/1.1" 200 31 "-" "Mozilla/5.0 (compatible; MJ12bot/v1.4.8; http://mj12bot.com/)"
216.73.216.89 - - [31/Dec/2025:01:17:06 +0300] "GET /?fileloc=%2F%2Fsys%2Fkernel%2Fbtf%2Fintel_rapl_common&path=%2F%2Fsys%2Fkernel%2Fbtf HTTP/2.0" 200 20 "-" "Mozilla/5.0 AppleWebKit/537.36 (KHTML, like Gecko; compatible; ClaudeBot/1.0; +claudebot@anthropic.com)"
74.7.227.185 - - [31/Dec/2025:01:17:06 +0300] "GET /?fileloc=//proc/681/root/proc/696/root/bin/ipcrm&path=//proc/681/root/proc/696/root/bin HTTP/2.0" 200 20 "-" "Mozilla/5.0 AppleWebKit/537.36 (KHTML, like Gecko; compatible; GPTBot/1.3; +https://openai.com/gptbot)"
147.135.213.218 - - [31/Dec/2025:01:17:09 +0300] "GET /works/japanese-painting/?fileloc=/var/www/levasheva.ru/public/wp-includes/class-wp-error.php&path=/var/www/levasheva.ru/public/wp-includes HTTP/1.1" 200 31 "-" "Mozilla/5.0 (compatible; MJ12bot/v1.4.8; http://mj12bot.com/)"
147.135.213.218 - - [31/Dec/2025:01:17:10 +0300] "GET /works/japanese-painting/?fileloc=/var/www/levasheva.ru/public/wp-includes/script-loader.php&path=/var/www/levasheva.ru/public/wp-includes HTTP/1.1" 200 31 "-" "Mozilla/5.0 (compatible; MJ12bot/v1.4.8; http://mj12bot.com/)"
216.73.216.89 - - [31/Dec/2025:01:17:11 +0300] "GET /?fileloc=%2F%2Fusr%2Finclude%2Fasm-generic%2Fsockios.h&path=%2F%2Fusr%2Finclude%2Fasm-generic HTTP/2.0" 200 20 "-" "Mozilla/5.0 AppleWebKit/537.36 (KHTML, like Gecko; compatible; ClaudeBot/1.0; +claudebot@anthropic.com)"
74.7.227.185 - - [31/Dec/2025:01:17:11 +0300] "GET /?fileloc=//proc/681/root/proc/696/root/bin/ls&path=//proc/681/root/proc/696/root/bin HTTP/2.0" 200 20 "-" "Mozilla/5.0 AppleWebKit/537.36 (KHTML, like Gecko; compatible; GPTBot/1.3; +https://openai.com/gptbot)"
147.135.213.218 - - [31/Dec/2025:01:17:15 +0300] "GET /works/japanese-painting/?fileloc=/var/www/levasheva.ru/public/wp-includes/class-wp-exception.php&path=/var/www/levasheva.ru/public/wp-includes HTTP/1.1" 200 31 "-" "Mozilla/5.0 (compatible; MJ12bot/v1.4.8; http://mj12bot.com/)"
147.135.213.218 - - [31/Dec/2025:01:17:15 +0300] "GET /works/japanese-painting/?fileloc=/var/www/levasheva.ru/public/wp-includes/script-modules.php&path=/var/www/levasheva.ru/public/wp-includes HTTP/1.1" 200 31 "-" "Mozilla/5.0 (compatible; MJ12bot/v1.4.8; http://mj12bot.com/)"
66.249.70.107 - - [31/Dec/2025:01:17:16 +0300] "GET /commodity/ACT/RIDERS77901128910 HTTP/1.1" 200 21108 "-" "Mozilla/5.0 (Linux; Android 6.0.1; Nexus 5X Build/MMB29P) AppleWebKit/537.36 (KHTML, like Gecko) Chrome/141.0.7390.122 Mobile Safari/537.36 (compatible; GoogleOther)"
74.7.227.185 - - [31/Dec/2025:01:17:17 +0300] "GET /?fileloc=//proc/681/root/proc/696/root/bin/col&path=//proc/681/root/proc/696/root/bin HTTP/2.0" 200 20 "-" "Mozilla/5.0 AppleWebKit/537.36 (KHTML, like Gecko; compatible; GPTBot/1.3; +https://openai.com/gptbot)"
216.73.216.89 - - [31/Dec/2025:01:17:17 +0300] "GET /sitemap_index.xml?path=%2F%2Fusr%2Fshare%2Fdoc%2Fnode-babel-plugin-transform-proto-to-assign HTTP/2.0" 200 14298 "-" "Mozilla/5.0 AppleWebKit/537.36 (KHTML, like Gecko; compatible; ClaudeBot/1.0; +claudebot@anthropic.com)"
216.73.216.89 - - [31/Dec/2025:01:17:21 +0300] "GET /?fileloc=%2F%2Fsys%2Fmodule%2Fcrc16%2Finitstate&path=%2F%2Fsys%2Fmodule%2Fcrc16 HTTP/2.0" 200 20 "-" "Mozilla/5.0 AppleWebKit/537.36 (KHTML, like Gecko; compatible; ClaudeBot/1.0; +claudebot@anthropic.com)"
147.135.213.218 - - [31/Dec/2025:01:17:21 +0300] "GET /works/japanese-painting/?fileloc=/var/www/levasheva.ru/public/wp-includes/class-wp-fatal-error-handler.php&path=/var/www/levasheva.ru/public/wp-includes HTTP/1.1" 200 31 "-" "Mozilla/5.0 (compatible; MJ12bot/v1.4.8; http://mj12bot.com/)"
147.135.213.218 - - [31/Dec/2025:01:17:21 +0300] "GET /works/japanese-painting/?fileloc=/var/www/levasheva.ru/public/wp-includes/session.php&path=/var/www/levasheva.ru/public/wp-includes HTTP/1.1" 200 31 "-" "Mozilla/5.0 (compatible; MJ12bot/v1.4.8; http://mj12bot.com/)"
66.249.70.106 - - [31/Dec/2025:01:17:22 +0300] "GET /commodity/ACT/undefined/commodity-breadcrumbs.jsonp?commodity_code=QG3256912298&schema=levasheva&callback=ga4datalayer163623 HTTP/1.1" 200 21225 "https://levasheva.ru/commodity/ACT/RIDERS77901128910" "Mozilla/5.0 (Linux; Android 6.0.1; Nexus 5X Build/MMB29P) AppleWebKit/537.36 (KHTML, like Gecko) Chrome/141.0.7390.122 Mobile Safari/537.36 (compatible; Googlebot/2.1; +http://www.google.com/bot.html)"
74.7.227.185 - - [31/Dec/2025:01:17:22 +0300] "GET /?fileloc=//proc/681/root/proc/696/root/bin/split&path=//proc/681/root/proc/696/root/bin HTTP/2.0" 200 20 "-" "Mozilla/5.0 AppleWebKit/537.36 (KHTML, like Gecko; compatible; GPTBot/1.3; +https://openai.com/gptbot)"
66.249.70.106 - - [31/Dec/2025:01:17:23 +0300] "GET /commodity/CIGAR/ERS77922354550 HTTP/1.1" 200 21794 "-" "Mozilla/5.0 (Linux; Android 6.0.1; Nexus 5X Build/MMB29P) AppleWebKit/537.36 (KHTML, like Gecko) Chrome/141.0.7390.122 Mobile Safari/537.36 (compatible; GoogleOther)"
216.73.216.89 - - [31/Dec/2025:01:17:26 +0300] "GET /?fileloc=%2F%2Fusr%2Finclude%2Fx86_64-linux-gnu%2Fieee754.h&path=%2F%2Fusr%2Finclude%2Fx86_64-linux-gnu HTTP/2.0" 200 20 "-" "Mozilla/5.0 AppleWebKit/537.36 (KHTML, like Gecko; compatible; ClaudeBot/1.0; +claudebot@anthropic.com)"
66.249.70.105 - - [31/Dec/2025:01:17:26 +0300] "GET /commodity/CIGAR/undefined/commodity-breadcrumbs.jsonp?commodity_code=QG1860096309&schema=levasheva&callback=ga4datalayer163623 HTTP/1.1" 200 21959 "https://levasheva.ru/commodity/CIGAR/ERS77922354550" "Mozilla/5.0 (Linux; Android 6.0.1; Nexus 5X Build/MMB29P) AppleWebKit/537.36 (KHTML, like Gecko) Chrome/141.0.7390.122 Mobile Safari/537.36 (compatible; Googlebot/2.1; +http://www.google.com/bot.html)"
147.135.213.218 - - [31/Dec/2025:01:17:27 +0300] "GET /works/japanese-painting/?fileloc=/var/www/levasheva.ru/public/wp-includes/class-wp-feed-cache-transient.php&path=/var/www/levasheva.ru/public/wp-includes HTTP/1.1" 200 31 "-" "Mozilla/5.0 (compatible; MJ12bot/v1.4.8; http://mj12bot.com/)"
74.7.227.185 - - [31/Dec/2025:01:17:27 +0300] "GET /?fileloc=//proc/681/root/proc/696/root/bin/cut&path=//proc/681/root/proc/696/root/bin HTTP/2.0" 200 20 "-" "Mozilla/5.0 AppleWebKit/537.36 (KHTML, like Gecko; compatible; GPTBot/1.3; +https://openai.com/gptbot)"
66.249.70.105 - - [31/Dec/2025:01:17:27 +0300] "GET /commodity/QG3256912298/colors?_=1765152000000 HTTP/1.1" 200 21007 "https://levasheva.ru/commodity/ACT/RIDERS77901128910" "Mozilla/5.0 (Linux; Android 6.0.1; Nexus 5X Build/MMB29P) AppleWebKit/537.36 (KHTML, like Gecko) Chrome/141.0.7390.122 Mobile Safari/537.36 (compatible; Googlebot/2.1; +http://www.google.com/bot.html)"
147.135.213.218 - - [31/Dec/2025:01:17:28 +0300] "GET /works/japanese-painting/?fileloc=/var/www/levasheva.ru/public/wp-includes/shortcodes.php&path=/var/www/levasheva.ru/public/wp-includes HTTP/1.1" 200 31 "-" "Mozilla/5.0 (compatible; MJ12bot/v1.4.8; http://mj12bot.com/)"
66.249.70.105 - - [31/Dec/2025:01:17:29 +0300] "GET /commodity/ACT/undefined/commodity-breadcrumbs.jsonp?callback=jQuery37106393021999392658_1767133104013&commodity_code=QG3256912298 HTTP/1.1" 200 21372 "https://levasheva.ru/commodity/ACT/RIDERS77901128910" "Mozilla/5.0 (Linux; Android 6.0.1; Nexus 5X Build/MMB29P) AppleWebKit/537.36 (KHTML, like Gecko) Chrome/141.0.7390.122 Mobile Safari/537.36 (compatible; Googlebot/2.1; +http://www.google.com/bot.html)"
5.39.109.186 - - [31/Dec/2025:01:17:29 +0300] "GET /buy/?fileloc=//sbin/update-ca-certificates&path=//sbin HTTP/2.0" 200 20 "-" "Mozilla/5.0 (compatible; AhrefsBot/7.0; +http://ahrefs.com/robot/)"
66.249.70.105 - - [31/Dec/2025:01:17:30 +0300] "GET /commodity/ACT/undefined/reviews-count.jsonp?callback=callback_customerReviewSummary_40905&schema=levasheva&commodity_code=QG3256912298&reviewer_type=1 HTTP/1.1" 200 21567 "https://levasheva.ru/commodity/ACT/RIDERS77901128910" "Mozilla/5.0 (Linux; Android 6.0.1; Nexus 5X Build/MMB29P) AppleWebKit/537.36 (KHTML, like Gecko) Chrome/141.0.7390.122 Mobile Safari/537.36 (compatible; Googlebot/2.1; +http://www.google.com/bot.html)"
216.73.216.89 - - [31/Dec/2025:01:17:31 +0300] "GET /?fileloc=%2F%2Fsys%2Fmodule%2Flibata%2Finitstate&path=%2F%2Fsys%2Fmodule%2Flibata HTTP/2.0" 200 20 "-" "Mozilla/5.0 AppleWebKit/537.36 (KHTML, like Gecko; compatible; ClaudeBot/1.0; +claudebot@anthropic.com)"
66.249.70.105 - - [31/Dec/2025:01:17:32 +0300] "GET /commodity/ACT/undefined/reviews.jsonp?callback=callback_c_40905&commodity_code=QG3256912298&schema=levasheva HTTP/1.1" 200 21540 "https://levasheva.ru/commodity/ACT/RIDERS77901128910" "Mozilla/5.0 (Linux; Android 6.0.1; Nexus 5X Build/MMB29P) AppleWebKit/537.36 (KHTML, like Gecko) Chrome/141.0.7390.122 Mobile Safari/537.36 (compatible; Googlebot/2.1; +http://www.google.com/bot.html)"
74.7.227.185 - - [31/Dec/2025:01:17:32 +0300] "GET /?fileloc=//proc/681/root/proc/696/root/bin/rnano&path=//proc/681/root/proc/696/root/bin HTTP/2.0" 200 20 "-" "Mozilla/5.0 AppleWebKit/537.36 (KHTML, like Gecko; compatible; GPTBot/1.3; +https://openai.com/gptbot)"
