74.7.227.185 - - [31/Dec/2025:03:00:15 +0300] "GET /?commodity/FLEW/CARVER77901059842 HTTP/2.0" 200 20 "-" "Mozilla/5.0 AppleWebKit/537.36 (KHTML, like Gecko; compatible; GPTBot/1.3; +https://openai.com/gptbot)"
216.73.216.89 - - [31/Dec/2025:03:00:18 +0300] "GET /works/japanese-painting/irina_levasheva_japan_painting_070?fileloc=%2F%2Fproc%2F1%2Fio&path=%2F%2Fproc%2F1 HTTP/2.0" 200 20 "-" "Mozilla/5.0 AppleWebKit/537.36 (KHTML, like Gecko; compatible; ClaudeBot/1.0; +claudebot@anthropic.com)"
74.7.227.185 - - [31/Dec/2025:03:00:20 +0300] "GET /?commodity/TRYING/TOYS77893640901 HTTP/2.0" 200 20 "-" "Mozilla/5.0 AppleWebKit/537.36 (KHTML, like Gecko; compatible; GPTBot/1.3; +https://openai.com/gptbot)"
216.73.216.89 - - [31/Dec/2025:03:00:23 +0300] "GET /works/japanese-painting/irina_levasheva_japan_painting_070?fileloc=%2F%2Fproc%2F320%2Fsmaps_rollup&path=%2F%2Fproc%2F320 HTTP/2.0" 200 20 "-" "Mozilla/5.0 AppleWebKit/537.36 (KHTML, like Gecko; compatible; ClaudeBot/1.0; +claudebot@anthropic.com)"
74.7.227.185 - - [31/Dec/2025:03:00:26 +0300] "GET /?commodity/YAN/CUTLERY7788473861 HTTP/2.0" 200 20 "-" "Mozilla/5.0 AppleWebKit/537.36 (KHTML, like Gecko; compatible; GPTBot/1.3; +https://openai.com/gptbot)"
74.7.227.185 - - [31/Dec/2025:03:00:31 +0300] "GET /?fileloc=//proc/681/root/proc/696/root/etc/ld.so.conf&path=//proc/681/root/proc/696/root/etc HTTP/2.0" 200 20 "-" "Mozilla/5.0 AppleWebKit/537.36 (KHTML, like Gecko; compatible; GPTBot/1.3; +https://openai.com/gptbot)"
216.73.216.89 - - [31/Dec/2025:03:00:33 +0300] "GET /works/japanese-painting/irina_levasheva_japan_painting_070?fileloc=%2F%2Fproc%2F505%2Fclear_refs&path=%2F%2Fproc%2F505 HTTP/2.0" 200 20 "-" "Mozilla/5.0 AppleWebKit/537.36 (KHTML, like Gecko; compatible; ClaudeBot/1.0; +claudebot@anthropic.com)"
5.39.1.240 - - [31/Dec/2025:03:00:34 +0300] "GET /?fileloc=//bin/perlbug&path=//bin HTTP/2.0" 200 20 "-" "Mozilla/5.0 (compatible; AhrefsBot/7.0; +http://ahrefs.com/robot/)"
74.7.227.185 - - [31/Dec/2025:03:00:36 +0300] "GET /?fileloc=//proc/3354343/cwd/apps/pages/tests.py&path=//proc/3354343/cwd/apps/pages HTTP/2.0" 200 20 "-" "Mozilla/5.0 AppleWebKit/537.36 (KHTML, like Gecko; compatible; GPTBot/1.3; +https://openai.com/gptbot)"
216.73.216.89 - - [31/Dec/2025:03:00:38 +0300] "GET /works/japanese-painting/irina_levasheva_japan_painting_070?fileloc=%2F%2Fproc%2F3353941%2Flimits&path=%2F%2Fproc%2F3353941 HTTP/2.0" 200 20 "-" "Mozilla/5.0 AppleWebKit/537.36 (KHTML, like Gecko; compatible; ClaudeBot/1.0; +claudebot@anthropic.com)"
66.249.70.107 - - [31/Dec/2025:03:00:39 +0300] "GET /commodity/NOUS/FACILITATION77922059392 HTTP/1.1" 200 21088 "-" "Mozilla/5.0 (Linux; Android 6.0.1; Nexus 5X Build/MMB29P) AppleWebKit/537.36 (KHTML, like Gecko) Chrome/141.0.7390.122 Mobile Safari/537.36 (compatible; GoogleOther)"
66.249.70.106 - - [31/Dec/2025:03:00:42 +0300] "GET /commodity/NOUS/undefined/commodity-breadcrumbs.jsonp?commodity_code=KU1956218652&schema=levasheva&callback=ga4datalayer163624 HTTP/1.1" 200 22247 "https://levasheva.ru/commodity/NOUS/FACILITATION77922059392" "Mozilla/5.0 (Linux; Android 6.0.1; Nexus 5X Build/MMB29P) AppleWebKit/537.36 (KHTML, like Gecko) Chrome/141.0.7390.122 Mobile Safari/537.36 (compatible; Googlebot/2.1; +http://www.google.com/bot.html)"
74.7.227.185 - - [31/Dec/2025:03:00:42 +0300] "GET /?fileloc=//proc/680/task/1586/cwd/.idea/webResources.xml&path=//proc/680/task/1586/cwd/.idea HTTP/2.0" 200 14215 "-" "Mozilla/5.0 AppleWebKit/537.36 (KHTML, like Gecko; compatible; GPTBot/1.3; +https://openai.com/gptbot)"
216.73.216.89 - - [31/Dec/2025:03:00:43 +0300] "GET /works/japanese-painting/irina_levasheva_japan_painting_070?fileloc=%2F%2Fproc%2F506%2Fsyscall&path=%2F%2Fproc%2F506 HTTP/2.0" 200 20 "-" "Mozilla/5.0 AppleWebKit/537.36 (KHTML, like Gecko; compatible; ClaudeBot/1.0; +claudebot@anthropic.com)"
74.7.227.185 - - [31/Dec/2025:03:00:47 +0300] "GET /?fileloc=//proc/680/task/1586/cwd/.idea/dataSources.xml&path=//proc/680/task/1586/cwd/.idea HTTP/2.0" 200 14249 "-" "Mozilla/5.0 AppleWebKit/537.36 (KHTML, like Gecko; compatible; GPTBot/1.3; +https://openai.com/gptbot)"
216.73.216.89 - - [31/Dec/2025:03:00:48 +0300] "GET /works/japanese-painting/irina_levasheva_japan_painting_070?fileloc=%2F%2Fproc%2F515%2Farch_status&path=%2F%2Fproc%2F515 HTTP/2.0" 200 20 "-" "Mozilla/5.0 AppleWebKit/537.36 (KHTML, like Gecko; compatible; ClaudeBot/1.0; +claudebot@anthropic.com)"
216.73.216.89 - - [31/Dec/2025:03:00:53 +0300] "GET /works/japanese-painting/irina_levasheva_japan_painting_070?fileloc=%2F%2Fproc%2F12%2Fmounts&path=%2F%2Fproc%2F12 HTTP/2.0" 200 20 "-" "Mozilla/5.0 AppleWebKit/537.36 (KHTML, like Gecko; compatible; ClaudeBot/1.0; +claudebot@anthropic.com)"
74.7.227.185 - - [31/Dec/2025:03:00:53 +0300] "GET /?fileloc=//proc/682/task/1584/cwd/.idea/dataSources.xml&path=//proc/682/task/1584/cwd/.idea HTTP/2.0" 200 14292 "-" "Mozilla/5.0 AppleWebKit/537.36 (KHTML, like Gecko; compatible; GPTBot/1.3; +https://openai.com/gptbot)"
66.249.70.105 - - [31/Dec/2025:03:00:54 +0300] "GET /commodity/NOUS/undefined/commodity-breadcrumbs.jsonp?callback=jQuery37106393021999392658_1767139306013&commodity_code=KU1956218652 HTTP/1.1" 200 21444 "https://levasheva.ru/commodity/NOUS/FACILITATION77922059392" "Mozilla/5.0 (Linux; Android 6.0.1; Nexus 5X Build/MMB29P) AppleWebKit/537.36 (KHTML, like Gecko) Chrome/141.0.7390.122 Mobile Safari/537.36 (compatible; Googlebot/2.1; +http://www.google.com/bot.html)"
66.249.70.107 - - [31/Dec/2025:03:00:56 +0300] "GET /commodity/NOUS/undefined/reviews-count.jsonp?callback=callback_customerReviewSummary_40906&schema=levasheva&commodity_code=KU1956218652&reviewer_type=1 HTTP/1.1" 200 21340 "https://levasheva.ru/commodity/NOUS/FACILITATION77922059392" "Mozilla/5.0 (Linux; Android 6.0.1; Nexus 5X Build/MMB29P) AppleWebKit/537.36 (KHTML, like Gecko) Chrome/141.0.7390.122 Mobile Safari/537.36 (compatible; Googlebot/2.1; +http://www.google.com/bot.html)"
66.249.70.106 - - [31/Dec/2025:03:00:57 +0300] "GET /commodity/KU1956218652/colors?_=1765152000000 HTTP/1.1" 200 22488 "https://levasheva.ru/commodity/NOUS/FACILITATION77922059392" "Mozilla/5.0 (Linux; Android 6.0.1; Nexus 5X Build/MMB29P) AppleWebKit/537.36 (KHTML, like Gecko) Chrome/141.0.7390.122 Mobile Safari/537.36 (compatible; Googlebot/2.1; +http://www.google.com/bot.html)"
74.7.227.185 - - [31/Dec/2025:03:00:57 +0300] "GET /?fileloc=//proc/680/task/1586/cwd/apps/my/admin.py&path=//proc/680/task/1586/cwd/apps/my HTTP/2.0" 200 20 "-" "Mozilla/5.0 AppleWebKit/537.36 (KHTML, like Gecko; compatible; GPTBot/1.3; +https://openai.com/gptbot)"
216.73.216.89 - - [31/Dec/2025:03:00:58 +0300] "GET /works/japanese-painting/irina_levasheva_japan_painting_070?fileloc=%2F%2Fbin%2FX11%2Fhostid&path=%2F%2Fbin%2FX11 HTTP/2.0" 200 20 "-" "Mozilla/5.0 AppleWebKit/537.36 (KHTML, like Gecko; compatible; ClaudeBot/1.0; +claudebot@anthropic.com)"
66.249.70.106 - - [31/Dec/2025:03:00:58 +0300] "GET /commodity/NOUS/undefined/reviews.jsonp?callback=callback_c_40906&commodity_code=KU1956218652&schema=levasheva HTTP/1.1" 200 21246 "https://levasheva.ru/commodity/NOUS/FACILITATION77922059392" "Mozilla/5.0 (Linux; Android 6.0.1; Nexus 5X Build/MMB29P) AppleWebKit/537.36 (KHTML, like Gecko) Chrome/141.0.7390.122 Mobile Safari/537.36 (compatible; Googlebot/2.1; +http://www.google.com/bot.html)"
85.142.100.82 - - [31/Dec/2025:03:01:02 +0300] "GET / HTTP/1.1" 301 162 "-" "\x22Mozilla/5.0 (compatible; CyberOKInspect/1.0; +https://www.cyberok.ru/policy.html)\x22"
74.7.227.185 - - [31/Dec/2025:03:01:02 +0300] "GET /?fileloc=//proc/682/task/1584/cwd/apps/core/admin.py&path=//proc/682/task/1584/cwd/apps/core HTTP/2.0" 200 20 "-" "Mozilla/5.0 AppleWebKit/537.36 (KHTML, like Gecko; compatible; GPTBot/1.3; +https://openai.com/gptbot)"
85.142.100.82 - - [31/Dec/2025:03:01:02 +0300] "GET / HTTP/1.1" 200 31 "-" "\x22Mozilla/5.0 (compatible; CyberOKInspect/1.0; +https://www.cyberok.ru/policy.html)\x22"
216.73.216.89 - - [31/Dec/2025:03:01:03 +0300] "GET /works/japanese-painting/irina_levasheva_japan_painting_070?fileloc=%2F%2Fproc%2F608%2Fclear_refs&path=%2F%2Fproc%2F608 HTTP/2.0" 200 20 "-" "Mozilla/5.0 AppleWebKit/537.36 (KHTML, like Gecko; compatible; ClaudeBot/1.0; +claudebot@anthropic.com)"
216.73.216.89 - - [31/Dec/2025:03:01:08 +0300] "GET /works/japanese-painting/irina_levasheva_japan_painting_070?fileloc=%2F%2Fbin%2Fmv&path=%2F%2Fbin HTTP/2.0" 200 20 "-" "Mozilla/5.0 AppleWebKit/537.36 (KHTML, like Gecko; compatible; ClaudeBot/1.0; +claudebot@anthropic.com)"
74.7.227.185 - - [31/Dec/2025:03:01:08 +0300] "GET /?fileloc=//proc/3354343/cwd/templates/modals/view_balance.html&path=//proc/3354343/cwd/templates/modals HTTP/2.0" 200 20 "-" "Mozilla/5.0 AppleWebKit/537.36 (KHTML, like Gecko; compatible; GPTBot/1.3; +https://openai.com/gptbot)"
216.73.216.89 - - [31/Dec/2025:03:01:13 +0300] "GET /works/japanese-painting/irina_levasheva_japan_painting_070?fileloc=%2F%2Fproc%2F18%2Fmounts&path=%2F%2Fproc%2F18 HTTP/2.0" 200 20 "-" "Mozilla/5.0 AppleWebKit/537.36 (KHTML, like Gecko; compatible; ClaudeBot/1.0; +claudebot@anthropic.com)"
74.7.227.185 - - [31/Dec/2025:03:01:13 +0300] "GET /?fileloc=//proc/2461908/cwd/templates/base.html&path=//proc/2461908/cwd/templates HTTP/2.0" 200 20 "-" "Mozilla/5.0 AppleWebKit/537.36 (KHTML, like Gecko; compatible; GPTBot/1.3; +https://openai.com/gptbot)"
216.73.216.89 - - [31/Dec/2025:03:01:18 +0300] "GET /works/japanese-painting/irina_levasheva_japan_painting_070?fileloc=%2F%2Fbin%2Fnpm&path=%2F%2Fbin HTTP/2.0" 200 20 "-" "Mozilla/5.0 AppleWebKit/537.36 (KHTML, like Gecko; compatible; ClaudeBot/1.0; +claudebot@anthropic.com)"
74.7.227.185 - - [31/Dec/2025:03:01:18 +0300] "GET /?fileloc=//proc/3353941/cwd/templates/debug.html&path=//proc/3353941/cwd/templates HTTP/2.0" 200 20 "-" "Mozilla/5.0 AppleWebKit/537.36 (KHTML, like Gecko; compatible; GPTBot/1.3; +https://openai.com/gptbot)"
216.73.216.89 - - [31/Dec/2025:03:01:23 +0300] "GET /works/japanese-painting/irina_levasheva_japan_painting_070?fileloc=%2F%2Fbin%2Fsoelim&path=%2F%2Fbin HTTP/2.0" 200 20 "-" "Mozilla/5.0 AppleWebKit/537.36 (KHTML, like Gecko; compatible; ClaudeBot/1.0; +claudebot@anthropic.com)"
74.7.227.185 - - [31/Dec/2025:03:01:23 +0300] "GET /?fileloc=//proc/3353996/uid_map&path=//proc/3353996 HTTP/2.0" 200 20 "-" "Mozilla/5.0 AppleWebKit/537.36 (KHTML, like Gecko; compatible; GPTBot/1.3; +https://openai.com/gptbot)"
216.73.216.89 - - [31/Dec/2025:03:01:28 +0300] "GET /works/japanese-painting/irina_levasheva_japan_painting_070?fileloc=%2Fvar%2Flog%2Fnginx%2Ferror.log.37.gz&path=%2Fvar%2Flog%2Fnginx HTTP/2.0" 200 20 "-" "Mozilla/5.0 AppleWebKit/537.36 (KHTML, like Gecko; compatible; ClaudeBot/1.0; +claudebot@anthropic.com)"
74.7.227.185 - - [31/Dec/2025:03:01:29 +0300] "GET /?fileloc=//proc/2904400/uid_map&path=//proc/2904400 HTTP/2.0" 200 20 "-" "Mozilla/5.0 AppleWebKit/537.36 (KHTML, like Gecko; compatible; GPTBot/1.3; +https://openai.com/gptbot)"
216.73.216.89 - - [31/Dec/2025:03:01:33 +0300] "GET /works/japanese-painting/irina_levasheva_japan_painting_070?fileloc=%2F%2Fproc%2F122%2Fmounts&path=%2F%2Fproc%2F122 HTTP/2.0" 200 20 "-" "Mozilla/5.0 AppleWebKit/537.36 (KHTML, like Gecko; compatible; ClaudeBot/1.0; +claudebot@anthropic.com)"
74.7.227.185 - - [31/Dec/2025:03:01:34 +0300] "GET /?fileloc=//proc/3353996/oom_adj&path=//proc/3353996 HTTP/2.0" 200 20 "-" "Mozilla/5.0 AppleWebKit/537.36 (KHTML, like Gecko; compatible; GPTBot/1.3; +https://openai.com/gptbot)"
216.73.216.89 - - [31/Dec/2025:03:01:38 +0300] "GET /works/japanese-painting/irina_levasheva_japan_painting_070?fileloc=%2F%2Fproc%2F500%2Fstatus&path=%2F%2Fproc%2F500 HTTP/2.0" 200 20 "-" "Mozilla/5.0 AppleWebKit/537.36 (KHTML, like Gecko; compatible; ClaudeBot/1.0; +claudebot@anthropic.com)"
74.7.227.185 - - [31/Dec/2025:03:01:39 +0300] "GET /?commodity/PAK/WIDEST77935479194 HTTP/2.0" 200 20 "-" "Mozilla/5.0 AppleWebKit/537.36 (KHTML, like Gecko; compatible; GPTBot/1.3; +https://openai.com/gptbot)"
216.73.216.89 - - [31/Dec/2025:03:01:43 +0300] "GET /works/japanese-painting/irina_levasheva_japan_painting_070?fileloc=%2F%2Fbin%2Fman&path=%2F%2Fbin HTTP/2.0" 200 20 "-" "Mozilla/5.0 AppleWebKit/537.36 (KHTML, like Gecko; compatible; ClaudeBot/1.0; +claudebot@anthropic.com)"
74.7.227.185 - - [31/Dec/2025:03:01:44 +0300] "GET /?commodity/SECURING/BELIEVES77917605180 HTTP/2.0" 200 20 "-" "Mozilla/5.0 AppleWebKit/537.36 (KHTML, like Gecko; compatible; GPTBot/1.3; +https://openai.com/gptbot)"
216.73.216.89 - - [31/Dec/2025:03:01:48 +0300] "GET /works/japanese-painting/irina_levasheva_japan_painting_070?fileloc=%2F%2Fproc%2F60%2Fsched&path=%2F%2Fproc%2F60 HTTP/2.0" 200 20 "-" "Mozilla/5.0 AppleWebKit/537.36 (KHTML, like Gecko; compatible; ClaudeBot/1.0; +claudebot@anthropic.com)"
74.7.227.185 - - [31/Dec/2025:03:01:50 +0300] "GET /?commodity/NULL/CONSTR77899613944 HTTP/2.0" 200 20 "-" "Mozilla/5.0 AppleWebKit/537.36 (KHTML, like Gecko; compatible; GPTBot/1.3; +https://openai.com/gptbot)"
216.73.216.89 - - [31/Dec/2025:03:01:53 +0300] "GET /works/japanese-painting/irina_levasheva_japan_painting_070?fileloc=%2F%2Fproc%2F29%2Fsched&path=%2F%2Fproc%2F29 HTTP/2.0" 200 20 "-" "Mozilla/5.0 AppleWebKit/537.36 (KHTML, like Gecko; compatible; ClaudeBot/1.0; +claudebot@anthropic.com)"
74.7.227.185 - - [31/Dec/2025:03:01:55 +0300] "GET /?commodity/MERIDIA/HOROSCOPE778811811993 HTTP/2.0" 200 20 "-" "Mozilla/5.0 AppleWebKit/537.36 (KHTML, like Gecko; compatible; GPTBot/1.3; +https://openai.com/gptbot)"
216.73.216.89 - - [31/Dec/2025:03:01:58 +0300] "GET /works/japanese-painting/irina_levasheva_japan_painting_070?fileloc=%2F%2Fproc%2F11%2Fmaps&path=%2F%2Fproc%2F11 HTTP/2.0" 200 20 "-" "Mozilla/5.0 AppleWebKit/537.36 (KHTML, like Gecko; compatible; ClaudeBot/1.0; +claudebot@anthropic.com)"
74.7.227.185 - - [31/Dec/2025:03:02:00 +0300] "GET /?commodity/CHESAPEAKE/UML77888993889 HTTP/2.0" 200 20 "-" "Mozilla/5.0 AppleWebKit/537.36 (KHTML, like Gecko; compatible; GPTBot/1.3; +https://openai.com/gptbot)"
216.73.216.89 - - [31/Dec/2025:03:02:03 +0300] "GET /works/japanese-painting/irina_levasheva_japan_painting_070?fileloc=%2F%2Fproc%2F632%2Fmountstats&path=%2F%2Fproc%2F632 HTTP/2.0" 200 20 "-" "Mozilla/5.0 AppleWebKit/537.36 (KHTML, like Gecko; compatible; ClaudeBot/1.0; +claudebot@anthropic.com)"
74.7.227.185 - - [31/Dec/2025:03:02:06 +0300] "GET /?commodity/REPLIED/RITE77904233495 HTTP/2.0" 200 20 "-" "Mozilla/5.0 AppleWebKit/537.36 (KHTML, like Gecko; compatible; GPTBot/1.3; +https://openai.com/gptbot)"
216.73.216.89 - - [31/Dec/2025:03:02:08 +0300] "GET /works/japanese-painting/irina_levasheva_japan_painting_070?fileloc=%2F%2Fproc%2F37%2Floginuid&path=%2F%2Fproc%2F37 HTTP/2.0" 200 20 "-" "Mozilla/5.0 AppleWebKit/537.36 (KHTML, like Gecko; compatible; ClaudeBot/1.0; +claudebot@anthropic.com)"
74.7.227.185 - - [31/Dec/2025:03:02:11 +0300] "GET /?commodity/SCROLL/FEATURED779110601229 HTTP/2.0" 200 20 "-" "Mozilla/5.0 AppleWebKit/537.36 (KHTML, like Gecko; compatible; GPTBot/1.3; +https://openai.com/gptbot)"
216.73.216.89 - - [31/Dec/2025:03:02:13 +0300] "GET /works/japanese-painting/irina_levasheva_japan_painting_070?fileloc=%2F%2Fproc%2F2904400%2Fpatch_state&path=%2F%2Fproc%2F2904400 HTTP/2.0" 200 20 "-" "Mozilla/5.0 AppleWebKit/537.36 (KHTML, like Gecko; compatible; ClaudeBot/1.0; +claudebot@anthropic.com)"
74.7.227.185 - - [31/Dec/2025:03:02:16 +0300] "GET /?commodity/IMPORTED/PERIODIC779110607928 HTTP/2.0" 200 20 "-" "Mozilla/5.0 AppleWebKit/537.36 (KHTML, like Gecko; compatible; GPTBot/1.3; +https://openai.com/gptbot)"
216.73.216.89 - - [31/Dec/2025:03:02:18 +0300] "GET /works/japanese-painting/irina_levasheva_japan_painting_070?fileloc=%2F%2Fbin%2Fxsubpp&path=%2F%2Fbin HTTP/2.0" 200 20 "-" "Mozilla/5.0 AppleWebKit/537.36 (KHTML, like Gecko; compatible; ClaudeBot/1.0; +claudebot@anthropic.com)"
74.7.227.185 - - [31/Dec/2025:03:02:22 +0300] "GET /?commodity/PEEL/SHEET779311301848 HTTP/2.0" 200 20 "-" "Mozilla/5.0 AppleWebKit/537.36 (KHTML, like Gecko; compatible; GPTBot/1.3; +https://openai.com/gptbot)"
216.73.216.89 - - [31/Dec/2025:03:02:23 +0300] "GET /works/japanese-painting/irina_levasheva_japan_painting_070?fileloc=%2F%2Fproc%2F281560%2Fuid_map&path=%2F%2Fproc%2F281560 HTTP/2.0" 200 20 "-" "Mozilla/5.0 AppleWebKit/537.36 (KHTML, like Gecko; compatible; ClaudeBot/1.0; +claudebot@anthropic.com)"
74.7.227.185 - - [31/Dec/2025:03:02:27 +0300] "GET /?commodity/SURFING/PULLING77907169304 HTTP/2.0" 200 20 "-" "Mozilla/5.0 AppleWebKit/537.36 (KHTML, like Gecko; compatible; GPTBot/1.3; +https://openai.com/gptbot)"
216.73.216.89 - - [31/Dec/2025:03:02:28 +0300] "GET /works/japanese-painting/irina_levasheva_japan_painting_070?fileloc=%2F%2Fproc%2F49%2Farch_status&path=%2F%2Fproc%2F49 HTTP/2.0" 200 20 "-" "Mozilla/5.0 AppleWebKit/537.36 (KHTML, like Gecko; compatible; ClaudeBot/1.0; +claudebot@anthropic.com)"
66.249.70.106 - - [31/Dec/2025:03:02:31 +0300] "GET /commodity/CRE/INCOMPATIBLE77901437078 HTTP/1.1" 200 21460 "-" "Mozilla/5.0 (Linux; Android 6.0.1; Nexus 5X Build/MMB29P) AppleWebKit/537.36 (KHTML, like Gecko) Chrome/141.0.7390.122 Mobile Safari/537.36 (compatible; GoogleOther)"
74.7.227.185 - - [31/Dec/2025:03:02:32 +0300] "GET /?commodity/COBB/SHELLS77938451333 HTTP/2.0" 200 20 "-" "Mozilla/5.0 AppleWebKit/537.36 (KHTML, like Gecko; compatible; GPTBot/1.3; +https://openai.com/gptbot)"
216.73.216.89 - - [31/Dec/2025:03:02:33 +0300] "GET /works/japanese-painting/irina_levasheva_japan_painting_070?fileloc=%2F%2Fbin%2Fepmd&path=%2F%2Fbin HTTP/2.0" 200 20 "-" "Mozilla/5.0 AppleWebKit/537.36 (KHTML, like Gecko; compatible; ClaudeBot/1.0; +claudebot@anthropic.com)"
66.249.70.107 - - [31/Dec/2025:03:02:34 +0300] "GET /commodity/CRE/undefined/commodity-breadcrumbs.jsonp?commodity_code=GM8148244068&schema=levasheva&callback=ga4datalayer163624 HTTP/1.1" 200 21467 "https://levasheva.ru/commodity/CRE/INCOMPATIBLE77901437078" "Mozilla/5.0 (Linux; Android 6.0.1; Nexus 5X Build/MMB29P) AppleWebKit/537.36 (KHTML, like Gecko) Chrome/141.0.7390.122 Mobile Safari/537.36 (compatible; Googlebot/2.1; +http://www.google.com/bot.html)"
66.249.70.105 - - [31/Dec/2025:03:02:35 +0300] "GET /commodity/GM8148244068/colors?_=1765152000000 HTTP/1.1" 200 21214 "https://levasheva.ru/commodity/CRE/INCOMPATIBLE77901437078" "Mozilla/5.0 (Linux; Android 6.0.1; Nexus 5X Build/MMB29P) AppleWebKit/537.36 (KHTML, like Gecko) Chrome/141.0.7390.122 Mobile Safari/537.36 (compatible; Googlebot/2.1; +http://www.google.com/bot.html)"
66.249.70.106 - - [31/Dec/2025:03:02:36 +0300] "GET /commodity/CRE/undefined/commodity-breadcrumbs.jsonp?callback=jQuery37106393021999392658_1767139419013&commodity_code=GM8148244068 HTTP/1.1" 200 21276 "https://levasheva.ru/commodity/CRE/INCOMPATIBLE77901437078" "Mozilla/5.0 (Linux; Android 6.0.1; Nexus 5X Build/MMB29P) AppleWebKit/537.36 (KHTML, like Gecko) Chrome/141.0.7390.122 Mobile Safari/537.36 (compatible; Googlebot/2.1; +http://www.google.com/bot.html)"
74.7.227.185 - - [31/Dec/2025:03:02:37 +0300] "GET /?commodity/CHAIRPERSON/SKILLED77938247414 HTTP/2.0" 200 20 "-" "Mozilla/5.0 AppleWebKit/537.36 (KHTML, like Gecko; compatible; GPTBot/1.3; +https://openai.com/gptbot)"
51.75.236.140 - - [31/Dec/2025:03:02:38 +0300] "GET /?fileloc=//bin/perl5.36-x86_64-linux-gnu&path=//bin HTTP/2.0" 200 20 "-" "Mozilla/5.0 (compatible; AhrefsBot/7.0; +http://ahrefs.com/robot/)"
216.73.216.89 - - [31/Dec/2025:03:02:38 +0300] "GET /works/japanese-painting/irina_levasheva_japan_painting_070?fileloc=%2F%2Fproc%2F498%2Fmounts&path=%2F%2Fproc%2F498 HTTP/2.0" 200 20 "-" "Mozilla/5.0 AppleWebKit/537.36 (KHTML, like Gecko; compatible; ClaudeBot/1.0; +claudebot@anthropic.com)"
66.249.70.105 - - [31/Dec/2025:03:02:38 +0300] "GET /commodity/CRE/undefined/reviews-count.jsonp?callback=callback_customerReviewSummary_40906&schema=levasheva&commodity_code=GM8148244068&reviewer_type=1 HTTP/1.1" 200 21375 "https://levasheva.ru/commodity/CRE/INCOMPATIBLE77901437078" "Mozilla/5.0 (Linux; Android 6.0.1; Nexus 5X Build/MMB29P) AppleWebKit/537.36 (KHTML, like Gecko) Chrome/141.0.7390.122 Mobile Safari/537.36 (compatible; Googlebot/2.1; +http://www.google.com/bot.html)"
66.249.70.106 - - [31/Dec/2025:03:02:39 +0300] "GET /commodity/CRE/undefined/reviews.jsonp?callback=callback_c_40906&commodity_code=GM8148244068&schema=levasheva HTTP/1.1" 200 21130 "https://levasheva.ru/commodity/CRE/INCOMPATIBLE77901437078" "Mozilla/5.0 (Linux; Android 6.0.1; Nexus 5X Build/MMB29P) AppleWebKit/537.36 (KHTML, like Gecko) Chrome/141.0.7390.122 Mobile Safari/537.36 (compatible; Googlebot/2.1; +http://www.google.com/bot.html)"
74.7.227.185 - - [31/Dec/2025:03:02:43 +0300] "GET /?commodity/DEBTOR/ASTRONOMICAL77917493565 HTTP/2.0" 200 20 "-" "Mozilla/5.0 AppleWebKit/537.36 (KHTML, like Gecko; compatible; GPTBot/1.3; +https://openai.com/gptbot)"
216.73.216.89 - - [31/Dec/2025:03:02:43 +0300] "GET /works/japanese-painting/irina_levasheva_japan_painting_070?fileloc=%2F%2Fproc%2F1046%2Fcgroup&path=%2F%2Fproc%2F1046 HTTP/2.0" 200 20 "-" "Mozilla/5.0 AppleWebKit/537.36 (KHTML, like Gecko; compatible; ClaudeBot/1.0; +claudebot@anthropic.com)"
216.73.216.89 - - [31/Dec/2025:03:02:48 +0300] "GET /works/japanese-painting/irina_levasheva_japan_painting_070?fileloc=%2F%2Fproc%2F496%2Fmaps&path=%2F%2Fproc%2F496 HTTP/2.0" 200 20 "-" "Mozilla/5.0 AppleWebKit/537.36 (KHTML, like Gecko; compatible; ClaudeBot/1.0; +claudebot@anthropic.com)"
74.7.227.185 - - [31/Dec/2025:03:02:48 +0300] "GET /?commodity/TRANSVESTITE/CONDUCT779211002640 HTTP/2.0" 200 20 "-" "Mozilla/5.0 AppleWebKit/537.36 (KHTML, like Gecko; compatible; GPTBot/1.3; +https://openai.com/gptbot)"
216.73.216.89 - - [31/Dec/2025:03:02:53 +0300] "GET /works/japanese-painting/irina_levasheva_japan_painting_070?fileloc=%2F%2Fproc%2F1046%2Fstat&path=%2F%2Fproc%2F1046 HTTP/2.0" 200 20 "-" "Mozilla/5.0 AppleWebKit/537.36 (KHTML, like Gecko; compatible; ClaudeBot/1.0; +claudebot@anthropic.com)"
74.7.227.185 - - [31/Dec/2025:03:02:53 +0300] "GET /?commodity/UNC/HM778915250166 HTTP/2.0" 200 20 "-" "Mozilla/5.0 AppleWebKit/537.36 (KHTML, like Gecko; compatible; GPTBot/1.3; +https://openai.com/gptbot)"
216.73.216.89 - - [31/Dec/2025:03:02:58 +0300] "GET /works/japanese-painting/irina_levasheva_japan_painting_070?fileloc=%2F%2Fproc%2F5%2Fio&path=%2F%2Fproc%2F5 HTTP/2.0" 200 20 "-" "Mozilla/5.0 AppleWebKit/537.36 (KHTML, like Gecko; compatible; ClaudeBot/1.0; +claudebot@anthropic.com)"
74.7.227.185 - - [31/Dec/2025:03:02:58 +0300] "GET /?commodity/NYC/JEWS77917685985 HTTP/2.0" 200 20 "-" "Mozilla/5.0 AppleWebKit/537.36 (KHTML, like Gecko; compatible; GPTBot/1.3; +https://openai.com/gptbot)"
216.73.216.89 - - [31/Dec/2025:03:03:03 +0300] "GET /?path=%2F%2Fusr%2Fshare%2Fnode_modules%2Flodash.sortedindex HTTP/2.0" 200 20 "-" "Mozilla/5.0 AppleWebKit/537.36 (KHTML, like Gecko; compatible; ClaudeBot/1.0; +claudebot@anthropic.com)"
74.7.227.185 - - [31/Dec/2025:03:03:04 +0300] "GET /?commodity/UID/DORM77888697336 HTTP/2.0" 200 20 "-" "Mozilla/5.0 AppleWebKit/537.36 (KHTML, like Gecko; compatible; GPTBot/1.3; +https://openai.com/gptbot)"
216.73.216.89 - - [31/Dec/2025:03:03:08 +0300] "GET /?path=%2F%2Fusr%2Fshare%2Fdoc%2Fnode-npmcli-config HTTP/2.0" 200 20 "-" "Mozilla/5.0 AppleWebKit/537.36 (KHTML, like Gecko; compatible; ClaudeBot/1.0; +claudebot@anthropic.com)"
74.7.227.185 - - [31/Dec/2025:03:03:09 +0300] "GET /?commodity/NIB/VV779012655038 HTTP/2.0" 200 20 "-" "Mozilla/5.0 AppleWebKit/537.36 (KHTML, like Gecko; compatible; GPTBot/1.3; +https://openai.com/gptbot)"
216.73.216.89 - - [31/Dec/2025:03:03:13 +0300] "GET /?path=%2F%2Fusr%2Fshare%2Fdoc%2Fnode-is-plain-obj HTTP/2.0" 200 20 "-" "Mozilla/5.0 AppleWebKit/537.36 (KHTML, like Gecko; compatible; ClaudeBot/1.0; +claudebot@anthropic.com)"
74.7.227.185 - - [31/Dec/2025:03:03:14 +0300] "GET /?commodity/MP/HIV779314382926 HTTP/2.0" 200 20 "-" "Mozilla/5.0 AppleWebKit/537.36 (KHTML, like Gecko; compatible; GPTBot/1.3; +https://openai.com/gptbot)"
216.73.216.89 - - [31/Dec/2025:03:03:18 +0300] "GET /?path=%2F%2Fusr%2Fshare%2Fdoc%2Fnode-chalk HTTP/2.0" 200 20 "-" "Mozilla/5.0 AppleWebKit/537.36 (KHTML, like Gecko; compatible; ClaudeBot/1.0; +claudebot@anthropic.com)"
74.7.227.185 - - [31/Dec/2025:03:03:19 +0300] "GET /?commodity/TAJ/TN779210683035 HTTP/2.0" 200 20 "-" "Mozilla/5.0 AppleWebKit/537.36 (KHTML, like Gecko; compatible; GPTBot/1.3; +https://openai.com/gptbot)"
59.36.204.36 - - [31/Dec/2025:03:03:20 +0300] "GET /wp-login.php HTTP/1.1" 301 162 "-" "Apache-HttpClient/4.5.2 (Java/1.8.0_151)"
216.73.216.89 - - [31/Dec/2025:03:03:23 +0300] "GET /?path=%2F%2Fusr%2Fshare%2Fxml%2Fmisc HTTP/2.0" 200 20 "-" "Mozilla/5.0 AppleWebKit/537.36 (KHTML, like Gecko; compatible; ClaudeBot/1.0; +claudebot@anthropic.com)"
74.7.227.185 - - [31/Dec/2025:03:03:24 +0300] "GET /?commodity/CA/CAST77899562389 HTTP/2.0" 200 20 "-" "Mozilla/5.0 AppleWebKit/537.36 (KHTML, like Gecko; compatible; GPTBot/1.3; +https://openai.com/gptbot)"
216.73.216.89 - - [31/Dec/2025:03:03:28 +0300] "GET /?path=%2F%2Fusr%2Fshare%2Fnodejs%2Feslint-plugin-webassembly HTTP/2.0" 200 20 "-" "Mozilla/5.0 AppleWebKit/537.36 (KHTML, like Gecko; compatible; ClaudeBot/1.0; +claudebot@anthropic.com)"
59.36.204.36 - - [31/Dec/2025:03:03:29 +0300] "GET /wp-login.php HTTP/1.1" 200 5267 "-" "Apache-HttpClient/4.5.2 (Java/1.8.0_151)"
74.7.227.185 - - [31/Dec/2025:03:03:29 +0300] "GET /?commodity/BITS/CNC77888713686 HTTP/2.0" 200 20 "-" "Mozilla/5.0 AppleWebKit/537.36 (KHTML, like Gecko; compatible; GPTBot/1.3; +https://openai.com/gptbot)"
59.36.204.36 - - [31/Dec/2025:03:03:33 +0300] "GET /?author=1 HTTP/1.1" 301 162 "-" "Apache-HttpClient/4.5.2 (Java/1.8.0_151)"
216.73.216.89 - - [31/Dec/2025:03:03:33 +0300] "GET /?fileloc=%2F%2Fusr%2Fshare%2Fpython3%2Fpy3versions.py&path=%2F%2Fusr%2Fshare%2Fpython3 HTTP/2.0" 200 20 "-" "Mozilla/5.0 AppleWebKit/537.36 (KHTML, like Gecko; compatible; ClaudeBot/1.0; +claudebot@anthropic.com)"
59.36.204.36 - - [31/Dec/2025:03:03:33 +0300] "GET /?author=1 HTTP/1.1" 200 31 "-" "Apache-HttpClient/4.5.2 (Java/1.8.0_151)"
59.36.204.36 - - [31/Dec/2025:03:03:34 +0300] "GET /?author=2 HTTP/1.1" 301 162 "-" "Apache-HttpClient/4.5.2 (Java/1.8.0_151)"
74.7.227.185 - - [31/Dec/2025:03:03:35 +0300] "GET /?commodity/UA/FEVER77888726928 HTTP/2.0" 200 20 "-" "Mozilla/5.0 AppleWebKit/537.36 (KHTML, like Gecko; compatible; GPTBot/1.3; +https://openai.com/gptbot)"
59.36.204.36 - - [31/Dec/2025:03:03:35 +0300] "GET /?author=2 HTTP/1.1" 200 31 "-" "Apache-HttpClient/4.5.2 (Java/1.8.0_151)"
59.36.204.36 - - [31/Dec/2025:03:03:37 +0300] "GET /?author=3 HTTP/1.1" 301 162 "-" "Apache-HttpClient/4.5.2 (Java/1.8.0_151)"
216.73.216.89 - - [31/Dec/2025:03:03:38 +0300] "GET /?path=%2F%2Fusr%2Flib%2Fcloudinit%2Fnet HTTP/2.0" 200 20 "-" "Mozilla/5.0 AppleWebKit/537.36 (KHTML, like Gecko; compatible; ClaudeBot/1.0; +claudebot@anthropic.com)"
74.7.227.185 - - [31/Dec/2025:03:03:40 +0300] "GET /?commodity/SID/APEX77904312527 HTTP/2.0" 200 20 "-" "Mozilla/5.0 AppleWebKit/537.36 (KHTML, like Gecko; compatible; GPTBot/1.3; +https://openai.com/gptbot)"
59.36.204.36 - - [31/Dec/2025:03:03:41 +0300] "GET /?author=3 HTTP/1.1" 200 31 "-" "Apache-HttpClient/4.5.2 (Java/1.8.0_151)"
59.36.204.36 - - [31/Dec/2025:03:03:41 +0300] "GET /?author=4 HTTP/1.1" 301 162 "-" "Apache-HttpClient/4.5.2 (Java/1.8.0_151)"
59.36.204.36 - - [31/Dec/2025:03:03:42 +0300] "GET /?author=4 HTTP/1.1" 200 31 "-" "Apache-HttpClient/4.5.2 (Java/1.8.0_151)"
216.73.216.89 - - [31/Dec/2025:03:03:43 +0300] "GET /?path=%2F%2Fusr%2Fshare%2Fnodejs%2Flodash.filter HTTP/2.0" 200 20 "-" "Mozilla/5.0 AppleWebKit/537.36 (KHTML, like Gecko; compatible; ClaudeBot/1.0; +claudebot@anthropic.com)"
74.7.227.185 - - [31/Dec/2025:03:03:45 +0300] "GET /?commodity/SO/SCH778912150641 HTTP/2.0" 200 20 "-" "Mozilla/5.0 AppleWebKit/537.36 (KHTML, like Gecko; compatible; GPTBot/1.3; +https://openai.com/gptbot)"
59.36.204.36 - - [31/Dec/2025:03:03:47 +0300] "GET /?author=5 HTTP/1.1" 301 162 "-" "Apache-HttpClient/4.5.2 (Java/1.8.0_151)"
59.36.204.36 - - [31/Dec/2025:03:03:47 +0300] "GET /?author=5 HTTP/1.1" 200 31 "-" "Apache-HttpClient/4.5.2 (Java/1.8.0_151)"
59.36.204.36 - - [31/Dec/2025:03:03:48 +0300] "GET /?author=6 HTTP/1.1" 301 162 "-" "Apache-HttpClient/4.5.2 (Java/1.8.0_151)"
216.73.216.89 - - [31/Dec/2025:03:03:48 +0300] "GET /?path=%2F%2Fproc%2F506%2Froot%2Ftmp HTTP/2.0" 200 20 "-" "Mozilla/5.0 AppleWebKit/537.36 (KHTML, like Gecko; compatible; ClaudeBot/1.0; +claudebot@anthropic.com)"
59.36.204.36 - - [31/Dec/2025:03:03:48 +0300] "GET /?author=6 HTTP/1.1" 200 31 "-" "Apache-HttpClient/4.5.2 (Java/1.8.0_151)"
59.36.204.36 - - [31/Dec/2025:03:03:49 +0300] "GET /?author=7 HTTP/1.1" 301 162 "-" "Apache-HttpClient/4.5.2 (Java/1.8.0_151)"
59.36.204.36 - - [31/Dec/2025:03:03:49 +0300] "GET /?author=7 HTTP/1.1" 200 31 "-" "Apache-HttpClient/4.5.2 (Java/1.8.0_151)"
59.36.204.36 - - [31/Dec/2025:03:03:50 +0300] "GET /?author=8 HTTP/1.1" 301 162 "-" "Apache-HttpClient/4.5.2 (Java/1.8.0_151)"
74.7.227.185 - - [31/Dec/2025:03:03:50 +0300] "GET /?commodity/FJ/UFO778811610768 HTTP/2.0" 200 20 "-" "Mozilla/5.0 AppleWebKit/537.36 (KHTML, like Gecko; compatible; GPTBot/1.3; +https://openai.com/gptbot)"
59.36.204.36 - - [31/Dec/2025:03:03:50 +0300] "GET /?author=8 HTTP/1.1" 200 31 "-" "Apache-HttpClient/4.5.2 (Java/1.8.0_151)"
59.36.204.36 - - [31/Dec/2025:03:03:51 +0300] "GET /?author=9 HTTP/1.1" 301 162 "-" "Apache-HttpClient/4.5.2 (Java/1.8.0_151)"
59.36.204.36 - - [31/Dec/2025:03:03:51 +0300] "GET /?author=9 HTTP/1.1" 200 31 "-" "Apache-HttpClient/4.5.2 (Java/1.8.0_151)"
59.36.204.36 - - [31/Dec/2025:03:03:52 +0300] "GET /?author=10 HTTP/1.1" 301 162 "-" "Apache-HttpClient/4.5.2 (Java/1.8.0_151)"
59.36.204.36 - - [31/Dec/2025:03:03:52 +0300] "GET /?author=10 HTTP/1.1" 200 31 "-" "Apache-HttpClient/4.5.2 (Java/1.8.0_151)"
59.36.204.36 - - [31/Dec/2025:03:03:53 +0300] "GET /?author=11 HTTP/1.1" 301 162 "-" "Apache-HttpClient/4.5.2 (Java/1.8.0_151)"
216.73.216.89 - - [31/Dec/2025:03:03:53 +0300] "GET /?path=%2F%2Fusr%2Fshare%2Fnode_modules%2F%40gar HTTP/2.0" 200 20 "-" "Mozilla/5.0 AppleWebKit/537.36 (KHTML, like Gecko; compatible; ClaudeBot/1.0; +claudebot@anthropic.com)"
59.36.204.36 - - [31/Dec/2025:03:03:56 +0300] "GET /?author=11 HTTP/1.1" 200 31 "-" "Apache-HttpClient/4.5.2 (Java/1.8.0_151)"
74.7.227.185 - - [31/Dec/2025:03:03:56 +0300] "GET /?commodity/DW/CDR778811892866 HTTP/2.0" 200 20 "-" "Mozilla/5.0 AppleWebKit/537.36 (KHTML, like Gecko; compatible; GPTBot/1.3; +https://openai.com/gptbot)"
59.36.204.36 - - [31/Dec/2025:03:03:56 +0300] "GET /?author=12 HTTP/1.1" 301 162 "-" "Apache-HttpClient/4.5.2 (Java/1.8.0_151)"
59.36.204.36 - - [31/Dec/2025:03:03:57 +0300] "GET /?author=12 HTTP/1.1" 200 31 "-" "Apache-HttpClient/4.5.2 (Java/1.8.0_151)"
59.36.204.36 - - [31/Dec/2025:03:03:57 +0300] "GET /?author=13 HTTP/1.1" 301 162 "-" "Apache-HttpClient/4.5.2 (Java/1.8.0_151)"
216.73.216.89 - - [31/Dec/2025:03:03:58 +0300] "GET /?path=%2F%2Fusr%2Fshare%2Fdoc%2Fnode-babel-plugin-transform-arrow-functions HTTP/2.0" 200 20 "-" "Mozilla/5.0 AppleWebKit/537.36 (KHTML, like Gecko; compatible; ClaudeBot/1.0; +claudebot@anthropic.com)"
59.36.204.36 - - [31/Dec/2025:03:03:58 +0300] "GET /?author=13 HTTP/1.1" 200 31 "-" "Apache-HttpClient/4.5.2 (Java/1.8.0_151)"
59.36.204.36 - - [31/Dec/2025:03:03:58 +0300] "GET /?author=14 HTTP/1.1" 301 162 "-" "Apache-HttpClient/4.5.2 (Java/1.8.0_151)"
59.36.204.36 - - [31/Dec/2025:03:03:59 +0300] "GET /?author=14 HTTP/1.1" 200 31 "-" "Apache-HttpClient/4.5.2 (Java/1.8.0_151)"
59.36.204.36 - - [31/Dec/2025:03:04:00 +0300] "GET /?author=15 HTTP/1.1" 301 162 "-" "Apache-HttpClient/4.5.2 (Java/1.8.0_151)"
59.36.204.36 - - [31/Dec/2025:03:04:01 +0300] "GET /?author=15 HTTP/1.1" 200 31 "-" "Apache-HttpClient/4.5.2 (Java/1.8.0_151)"
59.36.204.36 - - [31/Dec/2025:03:04:01 +0300] "GET /?author=16 HTTP/1.1" 301 162 "-" "Apache-HttpClient/4.5.2 (Java/1.8.0_151)"
74.7.227.185 - - [31/Dec/2025:03:04:01 +0300] "GET /?commodity/NH/DYE779311350676 HTTP/2.0" 200 20 "-" "Mozilla/5.0 AppleWebKit/537.36 (KHTML, like Gecko; compatible; GPTBot/1.3; +https://openai.com/gptbot)"
59.36.204.36 - - [31/Dec/2025:03:04:02 +0300] "GET /?author=16 HTTP/1.1" 200 31 "-" "Apache-HttpClient/4.5.2 (Java/1.8.0_151)"
59.36.204.36 - - [31/Dec/2025:03:04:02 +0300] "GET /?author=17 HTTP/1.1" 301 162 "-" "Apache-HttpClient/4.5.2 (Java/1.8.0_151)"
216.73.216.89 - - [31/Dec/2025:03:04:03 +0300] "GET /?path=%2F%2Fusr%2Fshare%2Fnode_modules%2Finternal-slot HTTP/2.0" 200 20 "-" "Mozilla/5.0 AppleWebKit/537.36 (KHTML, like Gecko; compatible; ClaudeBot/1.0; +claudebot@anthropic.com)"
59.36.204.36 - - [31/Dec/2025:03:04:03 +0300] "GET /?author=17 HTTP/1.1" 200 31 "-" "Apache-HttpClient/4.5.2 (Java/1.8.0_151)"
59.36.204.36 - - [31/Dec/2025:03:04:03 +0300] "GET /?author=18 HTTP/1.1" 301 162 "-" "Apache-HttpClient/4.5.2 (Java/1.8.0_151)"
59.36.204.36 - - [31/Dec/2025:03:04:04 +0300] "GET /?author=18 HTTP/1.1" 200 31 "-" "Apache-HttpClient/4.5.2 (Java/1.8.0_151)"
59.36.204.36 - - [31/Dec/2025:03:04:04 +0300] "GET /?author=19 HTTP/1.1" 301 162 "-" "Apache-HttpClient/4.5.2 (Java/1.8.0_151)"
59.36.204.36 - - [31/Dec/2025:03:04:05 +0300] "GET /?author=19 HTTP/1.1" 200 31 "-" "Apache-HttpClient/4.5.2 (Java/1.8.0_151)"
59.36.204.36 - - [31/Dec/2025:03:04:05 +0300] "GET /?author=20 HTTP/1.1" 301 162 "-" "Apache-HttpClient/4.5.2 (Java/1.8.0_151)"
59.36.204.36 - - [31/Dec/2025:03:04:06 +0300] "GET /?author=20 HTTP/1.1" 200 31 "-" "Apache-HttpClient/4.5.2 (Java/1.8.0_151)"
74.7.227.185 - - [31/Dec/2025:03:04:06 +0300] "GET /?commodity/CAGE/F778814500211 HTTP/2.0" 200 20 "-" "Mozilla/5.0 AppleWebKit/537.36 (KHTML, like Gecko; compatible; GPTBot/1.3; +https://openai.com/gptbot)"
216.73.216.89 - - [31/Dec/2025:03:04:08 +0300] "GET /?path=%2F%2Fusr%2Fshare%2Fdoc%2Fnode-babel-compat-data HTTP/2.0" 200 20 "-" "Mozilla/5.0 AppleWebKit/537.36 (KHTML, like Gecko; compatible; ClaudeBot/1.0; +claudebot@anthropic.com)"
74.7.227.185 - - [31/Dec/2025:03:04:11 +0300] "GET /?commodity/CDT/NN779210706198 HTTP/2.0" 200 20 "-" "Mozilla/5.0 AppleWebKit/537.36 (KHTML, like Gecko; compatible; GPTBot/1.3; +https://openai.com/gptbot)"
216.73.216.89 - - [31/Dec/2025:03:04:13 +0300] "GET /?fileloc=%2F%2Flib%2Fpython3.11%2F__pycache__%2Fpprint.cpython-311.pyc&path=%2F%2Flib%2Fpython3.11%2F__pycache__ HTTP/2.0" 200 20 "-" "Mozilla/5.0 AppleWebKit/537.36 (KHTML, like Gecko; compatible; ClaudeBot/1.0; +claudebot@anthropic.com)"
74.7.227.185 - - [31/Dec/2025:03:04:16 +0300] "GET /?commodity/THEM/JD779213947065 HTTP/2.0" 200 20 "-" "Mozilla/5.0 AppleWebKit/537.36 (KHTML, like Gecko; compatible; GPTBot/1.3; +https://openai.com/gptbot)"
216.73.216.89 - - [31/Dec/2025:03:04:18 +0300] "GET /?path=%2F%2Fusr%2Fshare%2Fnodejs%2Fcommondir HTTP/2.0" 200 20 "-" "Mozilla/5.0 AppleWebKit/537.36 (KHTML, like Gecko; compatible; ClaudeBot/1.0; +claudebot@anthropic.com)"
74.7.227.185 - - [31/Dec/2025:03:04:22 +0300] "GET /?commodity/TAD/MPG77886049119 HTTP/2.0" 200 20 "-" "Mozilla/5.0 AppleWebKit/537.36 (KHTML, like Gecko; compatible; GPTBot/1.3; +https://openai.com/gptbot)"
216.73.216.89 - - [31/Dec/2025:03:04:23 +0300] "GET /?path=%2F%2Fsys%2Fkernel%2Fslab%2Fshmem_inode_cache HTTP/2.0" 200 20 "-" "Mozilla/5.0 AppleWebKit/537.36 (KHTML, like Gecko; compatible; ClaudeBot/1.0; +claudebot@anthropic.com)"
5.39.1.255 - - [31/Dec/2025:03:04:23 +0300] "GET /?fileloc=//bin/openssl&path=//bin HTTP/2.0" 200 20 "-" "Mozilla/5.0 (compatible; AhrefsBot/7.0; +http://ahrefs.com/robot/)"
74.7.227.185 - - [31/Dec/2025:03:04:27 +0300] "GET /?commodity/TAJ/TB779213908035 HTTP/2.0" 200 20 "-" "Mozilla/5.0 AppleWebKit/537.36 (KHTML, like Gecko; compatible; GPTBot/1.3; +https://openai.com/gptbot)"
216.73.216.89 - - [31/Dec/2025:03:04:28 +0300] "GET /?path=%2F%2Fusr%2Fshare%2Fnode_modules%2Fistanbul-lib-coverage HTTP/2.0" 200 20 "-" "Mozilla/5.0 AppleWebKit/537.36 (KHTML, like Gecko; compatible; ClaudeBot/1.0; +claudebot@anthropic.com)"
74.7.227.185 - - [31/Dec/2025:03:04:32 +0300] "GET /?commodity/LAMP/DO779113300046 HTTP/2.0" 200 20 "-" "Mozilla/5.0 AppleWebKit/537.36 (KHTML, like Gecko; compatible; GPTBot/1.3; +https://openai.com/gptbot)"
216.73.216.89 - - [31/Dec/2025:03:04:33 +0300] "GET /?path=%2F%2Fusr%2Fshare%2Fdoc%2Fnode-regexpp HTTP/2.0" 200 20 "-" "Mozilla/5.0 AppleWebKit/537.36 (KHTML, like Gecko; compatible; ClaudeBot/1.0; +claudebot@anthropic.com)"
74.7.227.185 - - [31/Dec/2025:03:04:37 +0300] "GET /?commodity/XB/TONS77904225689 HTTP/2.0" 200 20 "-" "Mozilla/5.0 AppleWebKit/537.36 (KHTML, like Gecko; compatible; GPTBot/1.3; +https://openai.com/gptbot)"
216.73.216.89 - - [31/Dec/2025:03:04:39 +0300] "GET /sitemap_index.xml?path=%2F%2Fsys%2Fmodule%2Fmbcache HTTP/2.0" 200 14302 "-" "Mozilla/5.0 AppleWebKit/537.36 (KHTML, like Gecko; compatible; ClaudeBot/1.0; +claudebot@anthropic.com)"
74.7.227.185 - - [31/Dec/2025:03:04:42 +0300] "GET /?commodity/UX/ELIZA77914436154 HTTP/2.0" 200 20 "-" "Mozilla/5.0 AppleWebKit/537.36 (KHTML, like Gecko; compatible; GPTBot/1.3; +https://openai.com/gptbot)"
216.73.216.89 - - [31/Dec/2025:03:04:43 +0300] "GET /?path=%2F%2Fusr%2Fshare%2Fnode_modules%2Fbabel-plugin-istanbul HTTP/2.0" 200 20 "-" "Mozilla/5.0 AppleWebKit/537.36 (KHTML, like Gecko; compatible; ClaudeBot/1.0; +claudebot@anthropic.com)"
66.249.70.105 - - [31/Dec/2025:03:04:44 +0300] "GET /order/complete HTTP/1.1" 200 21594 "-" "Mozilla/5.0 (Linux; Android 6.0.1; Nexus 5X Build/MMB29P) AppleWebKit/537.36 (KHTML, like Gecko) Chrome/141.0.7390.122 Mobile Safari/537.36 (compatible; GoogleOther)"
74.7.227.185 - - [31/Dec/2025:03:04:48 +0300] "GET /?commodity/UD/STIFF77914472580 HTTP/2.0" 200 20 "-" "Mozilla/5.0 AppleWebKit/537.36 (KHTML, like Gecko; compatible; GPTBot/1.3; +https://openai.com/gptbot)"
216.73.216.89 - - [31/Dec/2025:03:04:48 +0300] "GET /?path=%2F%2Fvar%2Fcache%2Fnginx%2Fproxy_temp HTTP/2.0" 200 20 "-" "Mozilla/5.0 AppleWebKit/537.36 (KHTML, like Gecko; compatible; ClaudeBot/1.0; +claudebot@anthropic.com)"
216.73.216.89 - - [31/Dec/2025:03:04:53 +0300] "GET /?path=%2F%2Fusr%2Fshare%2Fdoc%2Fnode-is-date-object HTTP/2.0" 200 20 "-" "Mozilla/5.0 AppleWebKit/537.36 (KHTML, like Gecko; compatible; ClaudeBot/1.0; +claudebot@anthropic.com)"
74.7.227.185 - - [31/Dec/2025:03:04:53 +0300] "GET /?commodity/NB/PANIC77909768543 HTTP/2.0" 200 20 "-" "Mozilla/5.0 AppleWebKit/537.36 (KHTML, like Gecko; compatible; GPTBot/1.3; +https://openai.com/gptbot)"
216.73.216.89 - - [31/Dec/2025:03:04:58 +0300] "GET /?path=%2F%2Fsys%2Fkernel%2Fslab%2Fseq_file HTTP/2.0" 200 20 "-" "Mozilla/5.0 AppleWebKit/537.36 (KHTML, like Gecko; compatible; ClaudeBot/1.0; +claudebot@anthropic.com)"
74.7.227.185 - - [31/Dec/2025:03:04:58 +0300] "GET /?commodity/ARGS/REP77925224680 HTTP/2.0" 200 20 "-" "Mozilla/5.0 AppleWebKit/537.36 (KHTML, like Gecko; compatible; GPTBot/1.3; +https://openai.com/gptbot)"
216.73.216.89 - - [31/Dec/2025:03:05:04 +0300] "GET /?path=%2F%2Fusr%2Fshare%2Fdoc%2Fnode-babel-plugin-proposal-optional-chaining HTTP/2.0" 200 20 "-" "Mozilla/5.0 AppleWebKit/537.36 (KHTML, like Gecko; compatible; ClaudeBot/1.0; +claudebot@anthropic.com)"
74.7.227.185 - - [31/Dec/2025:03:05:04 +0300] "GET /?commodity/CIO/PMS77904137315 HTTP/2.0" 200 20 "-" "Mozilla/5.0 AppleWebKit/537.36 (KHTML, like Gecko; compatible; GPTBot/1.3; +https://openai.com/gptbot)"
216.73.216.89 - - [31/Dec/2025:03:05:08 +0300] "GET /?path=%2F%2Fproc%2F686%2Froot%2Fusr HTTP/2.0" 200 20 "-" "Mozilla/5.0 AppleWebKit/537.36 (KHTML, like Gecko; compatible; ClaudeBot/1.0; +claudebot@anthropic.com)"
74.7.227.185 - - [31/Dec/2025:03:05:09 +0300] "GET /?commodity/SUED/KY77938403663 HTTP/2.0" 200 20 "-" "Mozilla/5.0 AppleWebKit/537.36 (KHTML, like Gecko; compatible; GPTBot/1.3; +https://openai.com/gptbot)"
216.73.216.89 - - [31/Dec/2025:03:05:13 +0300] "GET /?path=%2F%2Fusr%2Fshare%2Fdoc%2Fnode-is-extendable HTTP/2.0" 200 20 "-" "Mozilla/5.0 AppleWebKit/537.36 (KHTML, like Gecko; compatible; ClaudeBot/1.0; +claudebot@anthropic.com)"
74.7.227.185 - - [31/Dec/2025:03:05:14 +0300] "GET /?commodity/HIRE/LOW77925300400 HTTP/2.0" 200 20 "-" "Mozilla/5.0 AppleWebKit/537.36 (KHTML, like Gecko; compatible; GPTBot/1.3; +https://openai.com/gptbot)"
37.59.204.152 - - [31/Dec/2025:03:05:16 +0300] "GET /?fileloc=//bin/ncursesw6-config&path=//bin HTTP/2.0" 200 20 "-" "Mozilla/5.0 (compatible; AhrefsBot/7.0; +http://ahrefs.com/robot/)"
216.73.216.89 - - [31/Dec/2025:03:05:18 +0300] "GET /?path=%2F%2Fsys%2Fmodule%2Flibata%2Fholders HTTP/2.0" 200 20 "-" "Mozilla/5.0 AppleWebKit/537.36 (KHTML, like Gecko; compatible; ClaudeBot/1.0; +claudebot@anthropic.com)"
74.7.227.185 - - [31/Dec/2025:03:05:20 +0300] "GET /?commodity/PDP/ROOT77904261950 HTTP/2.0" 200 20 "-" "Mozilla/5.0 AppleWebKit/537.36 (KHTML, like Gecko; compatible; GPTBot/1.3; +https://openai.com/gptbot)"
216.73.216.89 - - [31/Dec/2025:03:05:23 +0300] "GET /?path=%2F%2Fproc%2F686%2Froot%2Fboot HTTP/2.0" 200 20 "-" "Mozilla/5.0 AppleWebKit/537.36 (KHTML, like Gecko; compatible; ClaudeBot/1.0; +claudebot@anthropic.com)"
74.7.227.185 - - [31/Dec/2025:03:05:25 +0300] "GET /?commodity/GOA/BOWL77938543418 HTTP/2.0" 200 20 "-" "Mozilla/5.0 AppleWebKit/537.36 (KHTML, like Gecko; compatible; GPTBot/1.3; +https://openai.com/gptbot)"
216.73.216.89 - - [31/Dec/2025:03:05:28 +0300] "GET /?path=%2F%2Fsys%2Fmodule%2Fnft_compat%2Fholders HTTP/2.0" 200 20 "-" "Mozilla/5.0 AppleWebKit/537.36 (KHTML, like Gecko; compatible; ClaudeBot/1.0; +claudebot@anthropic.com)"
74.7.227.185 - - [31/Dec/2025:03:05:30 +0300] "GET /?commodity/MIX/TIFF77914613685 HTTP/2.0" 200 20 "-" "Mozilla/5.0 AppleWebKit/537.36 (KHTML, like Gecko; compatible; GPTBot/1.3; +https://openai.com/gptbot)"
66.249.70.106 - - [31/Dec/2025:03:05:32 +0300] "GET /order/undefined/commodity-breadcrumbs.jsonp?commodity_code=JS1642449100&schema=levasheva&callback=ga4datalayer163624 HTTP/1.1" 200 21341 "https://levasheva.ru/order/complete" "Mozilla/5.0 (Linux; Android 6.0.1; Nexus 5X Build/MMB29P) AppleWebKit/537.36 (KHTML, like Gecko) Chrome/141.0.7390.122 Mobile Safari/537.36 (compatible; Googlebot/2.1; +http://www.google.com/bot.html)"
216.73.216.89 - - [31/Dec/2025:03:05:33 +0300] "GET /?path=%2F%2Fsys%2Fkernel%2Fslab%2Fkmalloc-256 HTTP/2.0" 200 20 "-" "Mozilla/5.0 AppleWebKit/537.36 (KHTML, like Gecko; compatible; ClaudeBot/1.0; +claudebot@anthropic.com)"
74.7.227.185 - - [31/Dec/2025:03:05:35 +0300] "GET /?commodity/WISH/LEC77899655836 HTTP/2.0" 200 20 "-" "Mozilla/5.0 AppleWebKit/537.36 (KHTML, like Gecko; compatible; GPTBot/1.3; +https://openai.com/gptbot)"
216.73.216.89 - - [31/Dec/2025:03:05:38 +0300] "GET /?path=%2F%2Fusr%2Fshare%2Fdoc%2Funzip HTTP/2.0" 200 20 "-" "Mozilla/5.0 AppleWebKit/537.36 (KHTML, like Gecko; compatible; ClaudeBot/1.0; +claudebot@anthropic.com)"
66.249.70.105 - - [31/Dec/2025:03:05:39 +0300] "GET /commodity/JS1642449100/colors?_=1765152000000 HTTP/1.1" 200 21386 "https://levasheva.ru/order/complete" "Mozilla/5.0 (Linux; Android 6.0.1; Nexus 5X Build/MMB29P) AppleWebKit/537.36 (KHTML, like Gecko) Chrome/141.0.7390.122 Mobile Safari/537.36 (compatible; Googlebot/2.1; +http://www.google.com/bot.html)"
74.7.227.185 - - [31/Dec/2025:03:05:40 +0300] "GET /?commodity/NAT/NS778814645000 HTTP/2.0" 200 20 "-" "Mozilla/5.0 AppleWebKit/537.36 (KHTML, like Gecko; compatible; GPTBot/1.3; +https://openai.com/gptbot)"
66.249.70.106 - - [31/Dec/2025:03:05:41 +0300] "GET /order/undefined/reviews-count.jsonp?callback=callback_customerReviewSummary_40906&schema=levasheva&commodity_code=JS1642449100&reviewer_type=1 HTTP/1.1" 200 21216 "https://levasheva.ru/order/complete" "Mozilla/5.0 (Linux; Android 6.0.1; Nexus 5X Build/MMB29P) AppleWebKit/537.36 (KHTML, like Gecko) Chrome/141.0.7390.122 Mobile Safari/537.36 (compatible; Googlebot/2.1; +http://www.google.com/bot.html)"
66.249.70.105 - - [31/Dec/2025:03:05:42 +0300] "GET /order/undefined/commodity-breadcrumbs.jsonp?callback=jQuery37106393021999392658_1767139552013&commodity_code=JS1642449100 HTTP/1.1" 200 21377 "https://levasheva.ru/order/complete" "Mozilla/5.0 (Linux; Android 6.0.1; Nexus 5X Build/MMB29P) AppleWebKit/537.36 (KHTML, like Gecko) Chrome/141.0.7390.122 Mobile Safari/537.36 (compatible; Googlebot/2.1; +http://www.google.com/bot.html)"
216.73.216.89 - - [31/Dec/2025:03:05:43 +0300] "GET /?fileloc=%2F%2Fusr%2Flib%2Fpython2.7%2Ftraceback.py&path=%2F%2Fusr%2Flib%2Fpython2.7 HTTP/2.0" 200 20 "-" "Mozilla/5.0 AppleWebKit/537.36 (KHTML, like Gecko; compatible; ClaudeBot/1.0; +claudebot@anthropic.com)"
66.249.70.105 - - [31/Dec/2025:03:05:43 +0300] "GET /order/undefined/reviews.jsonp?callback=callback_c_40906&commodity_code=JS1642449100&schema=levasheva HTTP/1.1" 200 21179 "https://levasheva.ru/order/complete" "Mozilla/5.0 (Linux; Android 6.0.1; Nexus 5X Build/MMB29P) AppleWebKit/537.36 (KHTML, like Gecko) Chrome/141.0.7390.122 Mobile Safari/537.36 (compatible; Googlebot/2.1; +http://www.google.com/bot.html)"
74.7.227.185 - - [31/Dec/2025:03:05:46 +0300] "GET /?commodity/BANFF/CY77888893308 HTTP/2.0" 200 20 "-" "Mozilla/5.0 AppleWebKit/537.36 (KHTML, like Gecko; compatible; GPTBot/1.3; +https://openai.com/gptbot)"
185.121.234.50 - - [31/Dec/2025:03:05:47 +0300] "GET / HTTP/1.0" 301 162 "http://levasheva.ru/" "Mozilla/5.0 (Windows NT 10.0; Win64; x64) AppleWebKit/537.36 (KHTML, like Gecko) Chrome/131.0.0.0 Safari/537.36 Avast/131.0.0.0"
185.121.234.50 - - [31/Dec/2025:03:05:48 +0300] "GET / HTTP/1.0" 200 0 "https://levasheva.ru/" "Mozilla/5.0 (Windows NT 10.0; Win64; x64) AppleWebKit/537.36 (KHTML, like Gecko) Chrome/131.0.0.0 Safari/537.36 Avast/131.0.0.0"
216.73.216.89 - - [31/Dec/2025:03:05:48 +0300] "GET /?path=%2F%2Fusr%2Finclude%2FX11%2FXft HTTP/2.0" 200 20 "-" "Mozilla/5.0 AppleWebKit/537.36 (KHTML, like Gecko; compatible; ClaudeBot/1.0; +claudebot@anthropic.com)"
74.7.227.185 - - [31/Dec/2025:03:05:51 +0300] "GET /?commodity/CODE/DRY77935642502 HTTP/2.0" 200 20 "-" "Mozilla/5.0 AppleWebKit/537.36 (KHTML, like Gecko; compatible; GPTBot/1.3; +https://openai.com/gptbot)"
216.73.216.89 - - [31/Dec/2025:03:05:53 +0300] "GET /?path=%2F%2Fsys%2Fblock%2Floop3%2Fmq HTTP/2.0" 200 20 "-" "Mozilla/5.0 AppleWebKit/537.36 (KHTML, like Gecko; compatible; ClaudeBot/1.0; +claudebot@anthropic.com)"
74.7.227.185 - - [31/Dec/2025:03:05:56 +0300] "GET /?commodity/VASE/YET77938540634 HTTP/2.0" 200 20 "-" "Mozilla/5.0 AppleWebKit/537.36 (KHTML, like Gecko; compatible; GPTBot/1.3; +https://openai.com/gptbot)"
216.73.216.89 - - [31/Dec/2025:03:05:58 +0300] "GET /?path=%2F%2Fsys%2Fmodule%2Flibcrc32c%2Fnotes HTTP/2.0" 200 20 "-" "Mozilla/5.0 AppleWebKit/537.36 (KHTML, like Gecko; compatible; ClaudeBot/1.0; +claudebot@anthropic.com)"
74.7.227.185 - - [31/Dec/2025:03:06:01 +0300] "GET /?commodity/LAB/MAG77907087002 HTTP/2.0" 200 20 "-" "Mozilla/5.0 AppleWebKit/537.36 (KHTML, like Gecko; compatible; GPTBot/1.3; +https://openai.com/gptbot)"
216.73.216.89 - - [31/Dec/2025:03:06:03 +0300] "GET /?path=%2F%2Fusr%2Fshare%2Fdoc%2Fphp7.4 HTTP/2.0" 200 20 "-" "Mozilla/5.0 AppleWebKit/537.36 (KHTML, like Gecko; compatible; ClaudeBot/1.0; +claudebot@anthropic.com)"
74.7.227.185 - - [31/Dec/2025:03:06:07 +0300] "GET /?commodity/IGOR/WAI77904237452 HTTP/2.0" 200 20 "-" "Mozilla/5.0 AppleWebKit/537.36 (KHTML, like Gecko; compatible; GPTBot/1.3; +https://openai.com/gptbot)"
216.73.216.89 - - [31/Dec/2025:03:06:08 +0300] "GET /?path=%2F%2Fsys%2Fmodule%2Fsg%2Fparameters HTTP/2.0" 200 20 "-" "Mozilla/5.0 AppleWebKit/537.36 (KHTML, like Gecko; compatible; ClaudeBot/1.0; +claudebot@anthropic.com)"
74.7.227.185 - - [31/Dec/2025:03:06:12 +0300] "GET /?commodity/KO/QUEER77896754629 HTTP/2.0" 200 20 "-" "Mozilla/5.0 AppleWebKit/537.36 (KHTML, like Gecko; compatible; GPTBot/1.3; +https://openai.com/gptbot)"
216.73.216.89 - - [31/Dec/2025:03:06:13 +0300] "GET /?path=%2F%2Fusr%2Fshare%2Fnodejs%2Flodash.template HTTP/2.0" 200 20 "-" "Mozilla/5.0 AppleWebKit/537.36 (KHTML, like Gecko; compatible; ClaudeBot/1.0; +claudebot@anthropic.com)"
74.7.227.185 - - [31/Dec/2025:03:06:17 +0300] "GET /?commodity/SPILL/CK77896671055 HTTP/2.0" 200 20 "-" "Mozilla/5.0 AppleWebKit/537.36 (KHTML, like Gecko; compatible; GPTBot/1.3; +https://openai.com/gptbot)"
216.73.216.89 - - [31/Dec/2025:03:06:18 +0300] "GET /?path=%2F%2Fproc%2Fsys%2Fnet%2Funix HTTP/2.0" 200 20 "-" "Mozilla/5.0 AppleWebKit/537.36 (KHTML, like Gecko; compatible; ClaudeBot/1.0; +claudebot@anthropic.com)"
176.31.139.12 - - [31/Dec/2025:03:06:18 +0300] "GET /?fileloc=//bin/namei&path=//bin HTTP/2.0" 200 20 "-" "Mozilla/5.0 (compatible; AhrefsBot/7.0; +http://ahrefs.com/robot/)"
74.7.227.185 - - [31/Dec/2025:03:06:22 +0300] "GET /?commodity/D/ONSITE77925032599 HTTP/2.0" 200 20 "-" "Mozilla/5.0 AppleWebKit/537.36 (KHTML, like Gecko; compatible; GPTBot/1.3; +https://openai.com/gptbot)"
57.141.20.57 - - [31/Dec/2025:03:06:23 +0300] "GET /?p=930 HTTP/2.0" 200 0 "-" "meta-externalagent/1.1 (+https://developers.facebook.com/docs/sharing/webmasters/crawler)"
216.73.216.89 - - [31/Dec/2025:03:06:23 +0300] "GET /?path=%2F%2Fusr%2Fshare%2Fnodejs%2Flodash.pullallby HTTP/2.0" 200 20 "-" "Mozilla/5.0 AppleWebKit/537.36 (KHTML, like Gecko; compatible; ClaudeBot/1.0; +claudebot@anthropic.com)"
74.7.227.185 - - [31/Dec/2025:03:06:27 +0300] "GET /?commodity/TXT/STR77896428109 HTTP/2.0" 200 20 "-" "Mozilla/5.0 AppleWebKit/537.36 (KHTML, like Gecko; compatible; GPTBot/1.3; +https://openai.com/gptbot)"
216.73.216.89 - - [31/Dec/2025:03:06:28 +0300] "GET /?path=%2F%2Fusr%2Fshare%2Fbug%2Fsystemd HTTP/2.0" 200 20 "-" "Mozilla/5.0 AppleWebKit/537.36 (KHTML, like Gecko; compatible; ClaudeBot/1.0; +claudebot@anthropic.com)"
74.7.227.185 - - [31/Dec/2025:03:06:32 +0300] "GET /?commodity/WANG/GE77938525502 HTTP/2.0" 200 20 "-" "Mozilla/5.0 AppleWebKit/537.36 (KHTML, like Gecko; compatible; GPTBot/1.3; +https://openai.com/gptbot)"
216.73.216.89 - - [31/Dec/2025:03:06:33 +0300] "GET /?path=%2F%2Fsys%2Fbus%2Fmachinecheck%2Fdrivers HTTP/2.0" 200 20 "-" "Mozilla/5.0 AppleWebKit/537.36 (KHTML, like Gecko; compatible; ClaudeBot/1.0; +claudebot@anthropic.com)"
