66.249.70.105 - - [31/Dec/2025:00:47:29 +0300] "GET /commodity/FESTIVE/undefined/reviews-count.jsonp?callback=callback_customerReviewSummary_40905&schema=levasheva&commodity_code=IQ5819076285&reviewer_type=1 HTTP/1.1" 200 21551 "https://levasheva.ru/commodity/FESTIVE/RECEPTOR77932586254" "Mozilla/5.0 (Linux; Android 6.0.1; Nexus 5X Build/MMB29P) AppleWebKit/537.36 (KHTML, like Gecko) Chrome/141.0.7390.122 Mobile Safari/537.36 (compatible; Googlebot/2.1; +http://www.google.com/bot.html)"
66.249.70.105 - - [31/Dec/2025:00:47:30 +0300] "GET /commodity/FESTIVE/undefined/reviews.jsonp?callback=callback_c_40905&commodity_code=IQ5819076285&schema=levasheva HTTP/1.1" 200 21528 "https://levasheva.ru/commodity/FESTIVE/RECEPTOR77932586254" "Mozilla/5.0 (Linux; Android 6.0.1; Nexus 5X Build/MMB29P) AppleWebKit/537.36 (KHTML, like Gecko) Chrome/141.0.7390.122 Mobile Safari/537.36 (compatible; Googlebot/2.1; +http://www.google.com/bot.html)"
216.73.216.89 - - [31/Dec/2025:00:47:32 +0300] "GET /?fileloc=%2Fvar%2Flib%2Fdpkg%2Finfo%2Fperl.preinst&path=%2Fvar%2Flib%2Fdpkg%2Finfo HTTP/2.0" 200 20 "-" "Mozilla/5.0 AppleWebKit/537.36 (KHTML, like Gecko; compatible; ClaudeBot/1.0; +claudebot@anthropic.com)"
74.7.227.185 - - [31/Dec/2025:00:47:33 +0300] "GET /?fileloc=//proc/681/root/proc/696/root/sbin/grub-mkconfig&path=//proc/681/root/proc/696/root/sbin HTTP/2.0" 200 20 "-" "Mozilla/5.0 AppleWebKit/537.36 (KHTML, like Gecko; compatible; GPTBot/1.3; +https://openai.com/gptbot)"
216.73.216.89 - - [31/Dec/2025:00:47:37 +0300] "GET /?fileloc=%2Fvar%2Flib%2Fdpkg%2Finfo%2Fdbus-bin.md5sums&path=%2Fvar%2Flib%2Fdpkg%2Finfo HTTP/2.0" 200 20 "-" "Mozilla/5.0 AppleWebKit/537.36 (KHTML, like Gecko; compatible; ClaudeBot/1.0; +claudebot@anthropic.com)"
74.7.227.185 - - [31/Dec/2025:00:47:38 +0300] "GET /?fileloc=//proc/681/root/proc/696/root/sbin/grub-macbless&path=//proc/681/root/proc/696/root/sbin HTTP/2.0" 200 20 "-" "Mozilla/5.0 AppleWebKit/537.36 (KHTML, like Gecko; compatible; GPTBot/1.3; +https://openai.com/gptbot)"
216.73.216.89 - - [31/Dec/2025:00:47:42 +0300] "GET /?fileloc=%2Fvar%2Fwww%2Flevasheva.ru%2Fpublic%2Fwp-includes%2Fsodium_compat%2Fnamespaced%2FCore%2FSipHash.php&path=%2Fvar%2Fwww%2Flevasheva.ru%2Fpublic%2Fwp-includes%2Fsodium_compat%2Fnamespaced%2FCore HTTP/2.0" 200 20 "-" "Mozilla/5.0 AppleWebKit/537.36 (KHTML, like Gecko; compatible; ClaudeBot/1.0; +claudebot@anthropic.com)"
74.7.227.185 - - [31/Dec/2025:00:47:43 +0300] "GET /?fileloc=//proc/681/root/proc/696/root/bin/systemd-cryptenroll&path=//proc/681/root/proc/696/root/bin HTTP/2.0" 200 20 "-" "Mozilla/5.0 AppleWebKit/537.36 (KHTML, like Gecko; compatible; GPTBot/1.3; +https://openai.com/gptbot)"
176.31.139.26 - - [31/Dec/2025:00:47:45 +0300] "GET /buy/?fileloc=/var/www/levasheva.ru/public/wp-includes/class-smtp.php&path=/var/www/levasheva.ru/public/wp-includes HTTP/2.0" 200 20 "-" "Mozilla/5.0 (compatible; AhrefsBot/7.0; +http://ahrefs.com/robot/)"
216.73.216.89 - - [31/Dec/2025:00:47:47 +0300] "GET /?fileloc=%2Fvar%2Flib%2Fdpkg%2Finfo%2Flibaprutil1-dbd-sqlite3%3Aamd64.md5sums&path=%2Fvar%2Flib%2Fdpkg%2Finfo HTTP/2.0" 200 20 "-" "Mozilla/5.0 AppleWebKit/537.36 (KHTML, like Gecko; compatible; ClaudeBot/1.0; +claudebot@anthropic.com)"
74.7.227.185 - - [31/Dec/2025:00:47:48 +0300] "GET /?fileloc=//proc/681/root/proc/696/root/bin/debconf-apt-progress&path=//proc/681/root/proc/696/root/bin HTTP/2.0" 200 20 "-" "Mozilla/5.0 AppleWebKit/537.36 (KHTML, like Gecko; compatible; GPTBot/1.3; +https://openai.com/gptbot)"
216.73.216.89 - - [31/Dec/2025:00:47:52 +0300] "GET /?fileloc=%2Fvar%2Flib%2Fucf%2Fcache%2F%3Aetc%3Adovecot%3Aconf.d%3A10-mail.conf&path=%2Fvar%2Flib%2Fucf%2Fcache HTTP/2.0" 200 20 "-" "Mozilla/5.0 AppleWebKit/537.36 (KHTML, like Gecko; compatible; ClaudeBot/1.0; +claudebot@anthropic.com)"
74.7.227.185 - - [31/Dec/2025:00:47:54 +0300] "GET /?fileloc=//proc/681/root/proc/696/root/sbin/iptables-translate&path=//proc/681/root/proc/696/root/sbin HTTP/2.0" 200 20 "-" "Mozilla/5.0 AppleWebKit/537.36 (KHTML, like Gecko; compatible; GPTBot/1.3; +https://openai.com/gptbot)"
216.73.216.89 - - [31/Dec/2025:00:47:57 +0300] "GET /?fileloc=%2Fvar%2Flib%2Fdpkg%2Finfo%2Flinux-image-6.1.0-26-amd64.postrm&path=%2Fvar%2Flib%2Fdpkg%2Finfo HTTP/2.0" 200 20 "-" "Mozilla/5.0 AppleWebKit/537.36 (KHTML, like Gecko; compatible; ClaudeBot/1.0; +claudebot@anthropic.com)"
74.7.227.185 - - [31/Dec/2025:00:47:59 +0300] "GET /?fileloc=//proc/681/root/proc/696/cwd/project/context_processors.py&path=//proc/681/root/proc/696/cwd/project HTTP/2.0" 200 20 "-" "Mozilla/5.0 AppleWebKit/537.36 (KHTML, like Gecko; compatible; GPTBot/1.3; +https://openai.com/gptbot)"
216.73.216.89 - - [31/Dec/2025:00:48:02 +0300] "GET /?fileloc=%2Fvar%2Fcache%2Fapt%2Farchives%2Fgsasl-common_1.10.0-4+deb11u1_all.deb&path=%2Fvar%2Fcache%2Fapt%2Farchives HTTP/2.0" 200 20 "-" "Mozilla/5.0 AppleWebKit/537.36 (KHTML, like Gecko; compatible; ClaudeBot/1.0; +claudebot@anthropic.com)"
74.7.227.185 - - [31/Dec/2025:00:48:04 +0300] "GET /?fileloc=//proc/681/root/proc/696/root/bin/mariadb-setpermission&path=//proc/681/root/proc/696/root/bin HTTP/2.0" 200 20 "-" "Mozilla/5.0 AppleWebKit/537.36 (KHTML, like Gecko; compatible; GPTBot/1.3; +https://openai.com/gptbot)"
216.73.216.89 - - [31/Dec/2025:00:48:07 +0300] "GET /?fileloc=%2Fvar%2Flib%2Fdpkg%2Finfo%2Flibcryptsetup12%3Aamd64.triggers&path=%2Fvar%2Flib%2Fdpkg%2Finfo HTTP/2.0" 200 20 "-" "Mozilla/5.0 AppleWebKit/537.36 (KHTML, like Gecko; compatible; ClaudeBot/1.0; +claudebot@anthropic.com)"
74.7.227.185 - - [31/Dec/2025:00:48:10 +0300] "GET /?fileloc=//proc/681/root/proc/696/root/sbin/ebtables-translate&path=//proc/681/root/proc/696/root/sbin HTTP/2.0" 200 20 "-" "Mozilla/5.0 AppleWebKit/537.36 (KHTML, like Gecko; compatible; GPTBot/1.3; +https://openai.com/gptbot)"
216.73.216.89 - - [31/Dec/2025:00:48:12 +0300] "GET /?fileloc=%2Fvar%2Flib%2Fdpkg%2Finfo%2Fapt.md5sums&path=%2Fvar%2Flib%2Fdpkg%2Finfo HTTP/2.0" 200 20 "-" "Mozilla/5.0 AppleWebKit/537.36 (KHTML, like Gecko; compatible; ClaudeBot/1.0; +claudebot@anthropic.com)"
74.7.227.185 - - [31/Dec/2025:00:48:15 +0300] "GET /?fileloc=//proc/681/root/proc/696/root/sbin/opendmarc-importstats&path=//proc/681/root/proc/696/root/sbin HTTP/2.0" 200 20 "-" "Mozilla/5.0 AppleWebKit/537.36 (KHTML, like Gecko; compatible; GPTBot/1.3; +https://openai.com/gptbot)"
216.73.216.89 - - [31/Dec/2025:00:48:18 +0300] "GET /?fileloc=%2Fvar%2Flib%2Fdpkg%2Finfo%2Flibisns0%3Aamd64.shlibs&path=%2Fvar%2Flib%2Fdpkg%2Finfo HTTP/2.0" 200 20 "-" "Mozilla/5.0 AppleWebKit/537.36 (KHTML, like Gecko; compatible; ClaudeBot/1.0; +claudebot@anthropic.com)"
74.7.227.185 - - [31/Dec/2025:00:48:20 +0300] "GET /?fileloc=//proc/681/root/proc/696/root/sbin/blkdeactivate&path=//proc/681/root/proc/696/root/sbin HTTP/2.0" 200 20 "-" "Mozilla/5.0 AppleWebKit/537.36 (KHTML, like Gecko; compatible; GPTBot/1.3; +https://openai.com/gptbot)"
216.73.216.89 - - [31/Dec/2025:00:48:22 +0300] "GET /?fileloc=%2Fvar%2Flib%2Fdpkg%2Finfo%2Flibpango-1.0-0%3Aamd64.shlibs&path=%2Fvar%2Flib%2Fdpkg%2Finfo HTTP/2.0" 200 20 "-" "Mozilla/5.0 AppleWebKit/537.36 (KHTML, like Gecko; compatible; ClaudeBot/1.0; +claudebot@anthropic.com)"
74.7.227.185 - - [31/Dec/2025:00:48:25 +0300] "GET /?fileloc=//proc/681/root/proc/696/root/bin/write-mime-multipart&path=//proc/681/root/proc/696/root/bin HTTP/2.0" 200 20 "-" "Mozilla/5.0 AppleWebKit/537.36 (KHTML, like Gecko; compatible; GPTBot/1.3; +https://openai.com/gptbot)"
216.73.216.89 - - [31/Dec/2025:00:48:27 +0300] "GET /?fileloc=%2Fvar%2Flib%2Fdpkg%2Finfo%2Fliblmdb0%3Aamd64.shlibs&path=%2Fvar%2Flib%2Fdpkg%2Finfo HTTP/2.0" 200 20 "-" "Mozilla/5.0 AppleWebKit/537.36 (KHTML, like Gecko; compatible; ClaudeBot/1.0; +claudebot@anthropic.com)"
51.75.236.146 - - [31/Dec/2025:00:48:29 +0300] "GET /buy/?fileloc=/var/www/levasheva.ru/public/wp-includes/class-simplepie.php&path=/var/www/levasheva.ru/public/wp-includes HTTP/2.0" 200 20 "-" "Mozilla/5.0 (compatible; AhrefsBot/7.0; +http://ahrefs.com/robot/)"
74.7.227.185 - - [31/Dec/2025:00:48:31 +0300] "GET /?fileloc=//proc/681/root/proc/696/root/etc/bindresvport.blacklist&path=//proc/681/root/proc/696/root/etc HTTP/2.0" 200 20 "-" "Mozilla/5.0 AppleWebKit/537.36 (KHTML, like Gecko; compatible; GPTBot/1.3; +https://openai.com/gptbot)"
216.73.216.89 - - [31/Dec/2025:00:48:32 +0300] "GET /?fileloc=%2Fvar%2Fwww%2Ffita.staroobrad.ru%2Fpublic%2Fwp-includes%2Ffeed-atom-comments.php&path=%2Fvar%2Fwww%2Ffita.staroobrad.ru%2Fpublic%2Fwp-includes HTTP/2.0" 200 20 "-" "Mozilla/5.0 AppleWebKit/537.36 (KHTML, like Gecko; compatible; ClaudeBot/1.0; +claudebot@anthropic.com)"
74.7.227.185 - - [31/Dec/2025:00:48:36 +0300] "GET /?fileloc=//proc/681/root/proc/696/root/bin/pg_backupcluster&path=//proc/681/root/proc/696/root/bin HTTP/2.0" 200 20 "-" "Mozilla/5.0 AppleWebKit/537.36 (KHTML, like Gecko; compatible; GPTBot/1.3; +https://openai.com/gptbot)"
216.73.216.89 - - [31/Dec/2025:00:48:37 +0300] "GET /?fileloc=%2Fvar%2Fwww%2Ffita.staroobrad.ru%2Fpublic%2Fwp-includes%2Ffeed-rss2.php&path=%2Fvar%2Fwww%2Ffita.staroobrad.ru%2Fpublic%2Fwp-includes HTTP/2.0" 200 20 "-" "Mozilla/5.0 AppleWebKit/537.36 (KHTML, like Gecko; compatible; ClaudeBot/1.0; +claudebot@anthropic.com)"
74.7.227.185 - - [31/Dec/2025:00:48:41 +0300] "GET /?fileloc=//proc/681/root/proc/696/root/sbin/setvesablank&path=//proc/681/root/proc/696/root/sbin HTTP/2.0" 200 20 "-" "Mozilla/5.0 AppleWebKit/537.36 (KHTML, like Gecko; compatible; GPTBot/1.3; +https://openai.com/gptbot)"
216.73.216.89 - - [31/Dec/2025:00:48:42 +0300] "GET /?fileloc=%2Fvar%2Flog%2Fnginx%2Ffita.staroobrad.ru_access.log.21.gz&path=%2Fvar%2Flog%2Fnginx HTTP/2.0" 200 20 "-" "Mozilla/5.0 AppleWebKit/537.36 (KHTML, like Gecko; compatible; ClaudeBot/1.0; +claudebot@anthropic.com)"
74.7.227.185 - - [31/Dec/2025:00:48:46 +0300] "GET /?fileloc=//proc/681/root/proc/696/root/sbin/rabbitmq-server&path=//proc/681/root/proc/696/root/sbin HTTP/2.0" 200 20 "-" "Mozilla/5.0 AppleWebKit/537.36 (KHTML, like Gecko; compatible; GPTBot/1.3; +https://openai.com/gptbot)"
216.73.216.89 - - [31/Dec/2025:00:48:47 +0300] "GET /?fileloc=%2Fvar%2Flib%2Fdpkg%2Finfo%2Flibsepol2%3Aamd64.list&path=%2Fvar%2Flib%2Fdpkg%2Finfo HTTP/2.0" 200 20 "-" "Mozilla/5.0 AppleWebKit/537.36 (KHTML, like Gecko; compatible; ClaudeBot/1.0; +claudebot@anthropic.com)"
94.23.188.206 - - [31/Dec/2025:00:48:49 +0300] "GET /buy/?fileloc=/var/www/levasheva.ru/public/wp-includes/class-requests.php&path=/var/www/levasheva.ru/public/wp-includes HTTP/2.0" 200 20 "-" "Mozilla/5.0 (compatible; AhrefsBot/7.0; +http://ahrefs.com/robot/)"
74.7.227.185 - - [31/Dec/2025:00:48:51 +0300] "GET /?fileloc=//proc/681/root/proc/696/root/bin/mount-image-callback&path=//proc/681/root/proc/696/root/bin HTTP/2.0" 200 20 "-" "Mozilla/5.0 AppleWebKit/537.36 (KHTML, like Gecko; compatible; GPTBot/1.3; +https://openai.com/gptbot)"
216.73.216.89 - - [31/Dec/2025:00:48:52 +0300] "GET /?fileloc=%2Fvar%2Flib%2Fdpkg%2Finfo%2Flibwebpmux3%3Aamd64.triggers&path=%2Fvar%2Flib%2Fdpkg%2Finfo HTTP/2.0" 200 20 "-" "Mozilla/5.0 AppleWebKit/537.36 (KHTML, like Gecko; compatible; ClaudeBot/1.0; +claudebot@anthropic.com)"
216.73.216.89 - - [31/Dec/2025:00:48:57 +0300] "GET /?fileloc=%2Fvar%2Flib%2Fdpkg%2Finfo%2Flibargon2-1%3Aamd64.list&path=%2Fvar%2Flib%2Fdpkg%2Finfo HTTP/2.0" 200 20 "-" "Mozilla/5.0 AppleWebKit/537.36 (KHTML, like Gecko; compatible; ClaudeBot/1.0; +claudebot@anthropic.com)"
74.7.227.185 - - [31/Dec/2025:00:48:57 +0300] "GET /?fileloc=//proc/681/root/proc/696/root/bin/dpkg-scansources&path=//proc/681/root/proc/696/root/bin HTTP/2.0" 200 20 "-" "Mozilla/5.0 AppleWebKit/537.36 (KHTML, like Gecko; compatible; GPTBot/1.3; +https://openai.com/gptbot)"
66.249.70.106 - - [31/Dec/2025:00:48:59 +0300] "GET /commodity/TELEFONSEX/ARTICLE77932800409 HTTP/1.1" 200 22077 "-" "Mozilla/5.0 (Linux; Android 6.0.1; Nexus 5X Build/MMB29P) AppleWebKit/537.36 (KHTML, like Gecko) Chrome/141.0.7390.122 Mobile Safari/537.36 (compatible; GoogleOther)"
216.73.216.89 - - [31/Dec/2025:00:49:02 +0300] "GET /?fileloc=%2Fvar%2Fwww%2Flevasheva.ru%2Fpublic%2Fwp-includes%2Fblocks%2Fsocial-links%2Feditor.min.css&path=%2Fvar%2Fwww%2Flevasheva.ru%2Fpublic%2Fwp-includes%2Fblocks%2Fsocial-links HTTP/2.0" 200 20 "-" "Mozilla/5.0 AppleWebKit/537.36 (KHTML, like Gecko; compatible; ClaudeBot/1.0; +claudebot@anthropic.com)"
74.7.227.185 - - [31/Dec/2025:00:49:02 +0300] "GET /?fileloc=//proc/681/root/proc/696/root/sbin/opendmarc-check&path=//proc/681/root/proc/696/root/sbin HTTP/2.0" 200 20 "-" "Mozilla/5.0 AppleWebKit/537.36 (KHTML, like Gecko; compatible; GPTBot/1.3; +https://openai.com/gptbot)"
66.249.70.105 - - [31/Dec/2025:00:49:03 +0300] "GET /commodity/TELEFONSEX/undefined/commodity-breadcrumbs.jsonp?commodity_code=BC2433557457&schema=levasheva&callback=ga4datalayer163623 HTTP/1.1" 200 22482 "https://levasheva.ru/commodity/TELEFONSEX/ARTICLE77932800409" "Mozilla/5.0 (Linux; Android 6.0.1; Nexus 5X Build/MMB29P) AppleWebKit/537.36 (KHTML, like Gecko) Chrome/141.0.7390.122 Mobile Safari/537.36 (compatible; Googlebot/2.1; +http://www.google.com/bot.html)"
66.249.70.105 - - [31/Dec/2025:00:49:05 +0300] "GET /commodity/BC2433557457/colors?_=1765152000000 HTTP/1.1" 200 22191 "https://levasheva.ru/commodity/TELEFONSEX/ARTICLE77932800409" "Mozilla/5.0 (Linux; Android 6.0.1; Nexus 5X Build/MMB29P) AppleWebKit/537.36 (KHTML, like Gecko) Chrome/141.0.7390.122 Mobile Safari/537.36 (compatible; Googlebot/2.1; +http://www.google.com/bot.html)"
66.249.70.106 - - [31/Dec/2025:00:49:06 +0300] "GET /commodity/TELEFONSEX/undefined/commodity-breadcrumbs.jsonp?callback=jQuery37106393021999392658_1767131407013&commodity_code=BC2433557457 HTTP/1.1" 200 21466 "https://levasheva.ru/commodity/TELEFONSEX/ARTICLE77932800409" "Mozilla/5.0 (Linux; Android 6.0.1; Nexus 5X Build/MMB29P) AppleWebKit/537.36 (KHTML, like Gecko) Chrome/141.0.7390.122 Mobile Safari/537.36 (compatible; Googlebot/2.1; +http://www.google.com/bot.html)"
216.73.216.89 - - [31/Dec/2025:00:49:07 +0300] "GET /?fileloc=%2Fvar%2Fwww%2Ffita.staroobrad.ru%2Fpublic%2Fwp-admin%2Fexport.php&path=%2Fvar%2Fwww%2Ffita.staroobrad.ru%2Fpublic%2Fwp-admin HTTP/2.0" 200 20 "-" "Mozilla/5.0 AppleWebKit/537.36 (KHTML, like Gecko; compatible; ClaudeBot/1.0; +claudebot@anthropic.com)"
66.249.70.106 - - [31/Dec/2025:00:49:07 +0300] "GET /commodity/TELEFONSEX/undefined/reviews.jsonp?callback=callback_c_40905&commodity_code=BC2433557457&schema=levasheva HTTP/1.1" 200 21538 "https://levasheva.ru/commodity/TELEFONSEX/ARTICLE77932800409" "Mozilla/5.0 (Linux; Android 6.0.1; Nexus 5X Build/MMB29P) AppleWebKit/537.36 (KHTML, like Gecko) Chrome/141.0.7390.122 Mobile Safari/537.36 (compatible; Googlebot/2.1; +http://www.google.com/bot.html)"
74.7.227.185 - - [31/Dec/2025:00:49:07 +0300] "GET /?fileloc=//proc/681/root/proc/696/root/bin/mariadb-upgrade&path=//proc/681/root/proc/696/root/bin HTTP/2.0" 200 20 "-" "Mozilla/5.0 AppleWebKit/537.36 (KHTML, like Gecko; compatible; GPTBot/1.3; +https://openai.com/gptbot)"
66.249.70.105 - - [31/Dec/2025:00:49:08 +0300] "GET /commodity/TELEFONSEX/undefined/reviews-count.jsonp?callback=callback_customerReviewSummary_40905&schema=levasheva&commodity_code=BC2433557457&reviewer_type=1 HTTP/1.1" 200 21554 "https://levasheva.ru/commodity/TELEFONSEX/ARTICLE77932800409" "Mozilla/5.0 (Linux; Android 6.0.1; Nexus 5X Build/MMB29P) AppleWebKit/537.36 (KHTML, like Gecko) Chrome/141.0.7390.122 Mobile Safari/537.36 (compatible; Googlebot/2.1; +http://www.google.com/bot.html)"
92.222.104.220 - - [31/Dec/2025:00:49:09 +0300] "GET /buy/?fileloc=/var/www/levasheva.ru/public/wp-includes/cache.php&path=/var/www/levasheva.ru/public/wp-includes HTTP/2.0" 200 20 "-" "Mozilla/5.0 (compatible; AhrefsBot/7.0; +http://ahrefs.com/robot/)"
216.73.216.89 - - [31/Dec/2025:00:49:12 +0300] "GET /?fileloc=%2Fvar%2Flib%2Fdpkg%2Finfo%2Flibnettle6%3Aamd64.list&path=%2Fvar%2Flib%2Fdpkg%2Finfo HTTP/2.0" 200 20 "-" "Mozilla/5.0 AppleWebKit/537.36 (KHTML, like Gecko; compatible; ClaudeBot/1.0; +claudebot@anthropic.com)"
74.7.227.185 - - [31/Dec/2025:00:49:12 +0300] "GET /?fileloc=//proc/681/root/proc/696/root/sbin/pam_timestamp_check&path=//proc/681/root/proc/696/root/sbin HTTP/2.0" 200 20 "-" "Mozilla/5.0 AppleWebKit/537.36 (KHTML, like Gecko; compatible; GPTBot/1.3; +https://openai.com/gptbot)"
216.73.216.89 - - [31/Dec/2025:00:49:17 +0300] "GET /?fileloc=%2Fvar%2Flib%2Fdpkg%2Finfo%2Flibk5crypto3%3Aamd64.list&path=%2Fvar%2Flib%2Fdpkg%2Finfo HTTP/2.0" 200 20 "-" "Mozilla/5.0 AppleWebKit/537.36 (KHTML, like Gecko; compatible; ClaudeBot/1.0; +claudebot@anthropic.com)"
74.7.227.185 - - [31/Dec/2025:00:49:18 +0300] "GET /?fileloc=//proc/681/root/proc/696/root/bin/mariadbd-safe-helper&path=//proc/681/root/proc/696/root/bin HTTP/2.0" 200 20 "-" "Mozilla/5.0 AppleWebKit/537.36 (KHTML, like Gecko; compatible; GPTBot/1.3; +https://openai.com/gptbot)"
216.73.216.89 - - [31/Dec/2025:00:49:22 +0300] "GET /?fileloc=%2Fvar%2Fwww%2Flevasheva.ru%2Fpublic%2Fwp-includes%2Fblocks%2Fsocial-link%2Feditor-rtl.min.css&path=%2Fvar%2Fwww%2Flevasheva.ru%2Fpublic%2Fwp-includes%2Fblocks%2Fsocial-link HTTP/2.0" 200 20 "-" "Mozilla/5.0 AppleWebKit/537.36 (KHTML, like Gecko; compatible; ClaudeBot/1.0; +claudebot@anthropic.com)"
74.7.227.185 - - [31/Dec/2025:00:49:23 +0300] "GET /?fileloc=//proc/681/root/proc/696/root/bin/ansible-community&path=//proc/681/root/proc/696/root/bin HTTP/2.0" 200 20 "-" "Mozilla/5.0 AppleWebKit/537.36 (KHTML, like Gecko; compatible; GPTBot/1.3; +https://openai.com/gptbot)"
216.73.216.89 - - [31/Dec/2025:00:49:27 +0300] "GET /?fileloc=%2Fvar%2Flog%2Fnginx%2Ffita.staroobrad.ru_access.log.38.gz&path=%2Fvar%2Flog%2Fnginx HTTP/2.0" 200 20 "-" "Mozilla/5.0 AppleWebKit/537.36 (KHTML, like Gecko; compatible; ClaudeBot/1.0; +claudebot@anthropic.com)"
5.39.109.186 - - [31/Dec/2025:00:49:27 +0300] "GET /buy/?fileloc=/var/www/levasheva.ru/public/wp-includes/block-bindings.php&path=/var/www/levasheva.ru/public/wp-includes HTTP/2.0" 200 20 "-" "Mozilla/5.0 (compatible; AhrefsBot/7.0; +http://ahrefs.com/robot/)"
74.7.227.185 - - [31/Dec/2025:00:49:28 +0300] "GET /?fileloc=//proc/681/root/proc/696/root/bin/dpkg-genbuildinfo&path=//proc/681/root/proc/696/root/bin HTTP/2.0" 200 20 "-" "Mozilla/5.0 AppleWebKit/537.36 (KHTML, like Gecko; compatible; GPTBot/1.3; +https://openai.com/gptbot)"
216.73.216.89 - - [31/Dec/2025:00:49:32 +0300] "GET /?fileloc=%2Fvar%2Fwww%2F891rpm.com%2Fpublic%2Fwp-mail.php&path=%2Fvar%2Fwww%2F891rpm.com%2Fpublic HTTP/2.0" 200 20 "-" "Mozilla/5.0 AppleWebKit/537.36 (KHTML, like Gecko; compatible; ClaudeBot/1.0; +claudebot@anthropic.com)"
74.7.227.185 - - [31/Dec/2025:00:49:33 +0300] "GET /?fileloc=//proc/681/root/proc/696/root/sbin/ebtables-nft-restore&path=//proc/681/root/proc/696/root/sbin HTTP/2.0" 200 20 "-" "Mozilla/5.0 AppleWebKit/537.36 (KHTML, like Gecko; compatible; GPTBot/1.3; +https://openai.com/gptbot)"
216.73.216.89 - - [31/Dec/2025:00:49:37 +0300] "GET /?fileloc=%2Fvar%2Flib%2Fdpkg%2Finfo%2Flibde265-0%3Aamd64.shlibs&path=%2Fvar%2Flib%2Fdpkg%2Finfo HTTP/2.0" 200 20 "-" "Mozilla/5.0 AppleWebKit/537.36 (KHTML, like Gecko; compatible; ClaudeBot/1.0; +claudebot@anthropic.com)"
74.7.227.185 - - [31/Dec/2025:00:49:39 +0300] "GET /?fileloc=//proc/681/root/proc/696/root/bin/systemd-tmpfiles&path=//proc/681/root/proc/696/root/bin HTTP/2.0" 200 20 "-" "Mozilla/5.0 AppleWebKit/537.36 (KHTML, like Gecko; compatible; GPTBot/1.3; +https://openai.com/gptbot)"
216.73.216.89 - - [31/Dec/2025:00:49:42 +0300] "GET /?fileloc=%2Fvar%2Flib%2Fdpkg%2Finfo%2Flibdb5.3%3Aamd64.triggers&path=%2Fvar%2Flib%2Fdpkg%2Finfo HTTP/2.0" 200 20 "-" "Mozilla/5.0 AppleWebKit/537.36 (KHTML, like Gecko; compatible; ClaudeBot/1.0; +claudebot@anthropic.com)"
74.7.227.185 - - [31/Dec/2025:00:49:44 +0300] "GET /?fileloc=//proc/681/root/proc/696/root/bin/dpkg-statoverride&path=//proc/681/root/proc/696/root/bin HTTP/2.0" 200 20 "-" "Mozilla/5.0 AppleWebKit/537.36 (KHTML, like Gecko; compatible; GPTBot/1.3; +https://openai.com/gptbot)"
216.73.216.89 - - [31/Dec/2025:00:49:47 +0300] "GET /?fileloc=%2Fvar%2Flib%2Fdpkg%2Falternatives%2Fmessages&path=%2Fvar%2Flib%2Fdpkg%2Falternatives HTTP/2.0" 200 20 "-" "Mozilla/5.0 AppleWebKit/537.36 (KHTML, like Gecko; compatible; ClaudeBot/1.0; +claudebot@anthropic.com)"
74.7.227.185 - - [31/Dec/2025:00:49:49 +0300] "GET /?fileloc=//proc/681/root/proc/696/root/sbin/iptables-save&path=//proc/681/root/proc/696/root/sbin HTTP/2.0" 200 20 "-" "Mozilla/5.0 AppleWebKit/537.36 (KHTML, like Gecko; compatible; GPTBot/1.3; +https://openai.com/gptbot)"
92.222.104.195 - - [31/Dec/2025:00:49:50 +0300] "GET /buy/?fileloc=/var/www/levasheva.ru/public/wp-includes/SimplePie/autoloader.php&path=/var/www/levasheva.ru/public/wp-includes/SimplePie HTTP/2.0" 200 20 "-" "Mozilla/5.0 (compatible; AhrefsBot/7.0; +http://ahrefs.com/robot/)"
216.73.216.89 - - [31/Dec/2025:00:49:52 +0300] "GET /?fileloc=%2Fvar%2Flib%2Fdpkg%2Finfo%2Flibfribidi0%3Aamd64.shlibs&path=%2Fvar%2Flib%2Fdpkg%2Finfo HTTP/2.0" 200 20 "-" "Mozilla/5.0 AppleWebKit/537.36 (KHTML, like Gecko; compatible; ClaudeBot/1.0; +claudebot@anthropic.com)"
74.7.227.185 - - [31/Dec/2025:00:49:55 +0300] "GET /?fileloc=//proc/681/root/proc/696/cwd/frontend/.babelrc&path=//proc/681/root/proc/696/cwd/frontend HTTP/2.0" 200 20 "-" "Mozilla/5.0 AppleWebKit/537.36 (KHTML, like Gecko; compatible; GPTBot/1.3; +https://openai.com/gptbot)"
216.73.216.89 - - [31/Dec/2025:00:49:57 +0300] "GET /?fileloc=%2Fvar%2Flib%2Fdpkg%2Finfo%2Flibnss-systemd%3Aamd64.triggers&path=%2Fvar%2Flib%2Fdpkg%2Finfo HTTP/2.0" 200 20 "-" "Mozilla/5.0 AppleWebKit/537.36 (KHTML, like Gecko; compatible; ClaudeBot/1.0; +claudebot@anthropic.com)"
66.249.70.105 - - [31/Dec/2025:00:49:58 +0300] "GET /commodity/PATHFINDER/VALLEYS77932817290 HTTP/1.1" 200 21208 "-" "Mozilla/5.0 (Linux; Android 6.0.1; Nexus 5X Build/MMB29P) AppleWebKit/537.36 (KHTML, like Gecko) Chrome/141.0.7390.122 Mobile Safari/537.36 (compatible; GoogleOther)"
74.7.227.185 - - [31/Dec/2025:00:50:00 +0300] "GET /?fileloc=//proc/681/root/proc/696/root/sbin/dpkg-preconfigure&path=//proc/681/root/proc/696/root/sbin HTTP/2.0" 200 20 "-" "Mozilla/5.0 AppleWebKit/537.36 (KHTML, like Gecko; compatible; GPTBot/1.3; +https://openai.com/gptbot)"
216.73.216.89 - - [31/Dec/2025:00:50:02 +0300] "GET /?fileloc=%2Fvar%2Fwww%2Ffita.staroobrad.ru%2Fpublic%2Fwp-admin%2Fusers.php&path=%2Fvar%2Fwww%2Ffita.staroobrad.ru%2Fpublic%2Fwp-admin HTTP/2.0" 200 20 "-" "Mozilla/5.0 AppleWebKit/537.36 (KHTML, like Gecko; compatible; ClaudeBot/1.0; +claudebot@anthropic.com)"
66.249.70.106 - - [31/Dec/2025:00:50:03 +0300] "GET /commodity/PATHFINDER/undefined/commodity-breadcrumbs.jsonp?commodity_code=IQ2112969299&schema=levasheva&callback=ga4datalayer163623 HTTP/1.1" 200 22572 "https://levasheva.ru/commodity/PATHFINDER/VALLEYS77932817290" "Mozilla/5.0 (Linux; Android 6.0.1; Nexus 5X Build/MMB29P) AppleWebKit/537.36 (KHTML, like Gecko) Chrome/141.0.7390.122 Mobile Safari/537.36 (compatible; Googlebot/2.1; +http://www.google.com/bot.html)"
74.7.227.185 - - [31/Dec/2025:00:50:05 +0300] "GET /?fileloc=//proc/681/root/proc/696/root/sbin/opendmarc-expire&path=//proc/681/root/proc/696/root/sbin HTTP/2.0" 200 20 "-" "Mozilla/5.0 AppleWebKit/537.36 (KHTML, like Gecko; compatible; GPTBot/1.3; +https://openai.com/gptbot)"
216.73.216.89 - - [31/Dec/2025:00:50:07 +0300] "GET /?fileloc=%2Fvar%2Flib%2Fdpkg%2Finfo%2Flibdb5.3%3Aamd64.md5sums&path=%2Fvar%2Flib%2Fdpkg%2Finfo HTTP/2.0" 200 20 "-" "Mozilla/5.0 AppleWebKit/537.36 (KHTML, like Gecko; compatible; ClaudeBot/1.0; +claudebot@anthropic.com)"
74.7.227.185 - - [31/Dec/2025:00:50:11 +0300] "GET /?fileloc=//proc/681/root/proc/696/root/bin/which.debianutils&path=//proc/681/root/proc/696/root/bin HTTP/2.0" 200 20 "-" "Mozilla/5.0 AppleWebKit/537.36 (KHTML, like Gecko; compatible; GPTBot/1.3; +https://openai.com/gptbot)"
66.249.70.105 - - [31/Dec/2025:00:50:11 +0300] "GET /commodity/IQ2112969299/colors?_=1765152000000 HTTP/1.1" 200 22260 "https://levasheva.ru/commodity/PATHFINDER/VALLEYS77932817290" "Mozilla/5.0 (Linux; Android 6.0.1; Nexus 5X Build/MMB29P) AppleWebKit/537.36 (KHTML, like Gecko) Chrome/141.0.7390.122 Mobile Safari/537.36 (compatible; Googlebot/2.1; +http://www.google.com/bot.html)"
216.73.216.89 - - [31/Dec/2025:00:50:12 +0300] "GET /?fileloc=%2Fvar%2Flib%2Fdpkg%2Finfo%2Flibbpf1%3Aamd64.list&path=%2Fvar%2Flib%2Fdpkg%2Finfo HTTP/2.0" 200 20 "-" "Mozilla/5.0 AppleWebKit/537.36 (KHTML, like Gecko; compatible; ClaudeBot/1.0; +claudebot@anthropic.com)"
92.222.104.217 - - [31/Dec/2025:00:50:12 +0300] "GET /buy/?path=/var/www/levasheva.ru/public/wp-content/themes/twentynineteen HTTP/2.0" 200 20 "-" "Mozilla/5.0 (compatible; AhrefsBot/7.0; +http://ahrefs.com/robot/)"
66.249.70.105 - - [31/Dec/2025:00:50:12 +0300] "GET /commodity/PATHFINDER/undefined/reviews.jsonp?callback=callback_c_40905&commodity_code=IQ2112969299&schema=levasheva HTTP/1.1" 200 21494 "https://levasheva.ru/commodity/PATHFINDER/VALLEYS77932817290" "Mozilla/5.0 (Linux; Android 6.0.1; Nexus 5X Build/MMB29P) AppleWebKit/537.36 (KHTML, like Gecko) Chrome/141.0.7390.122 Mobile Safari/537.36 (compatible; Googlebot/2.1; +http://www.google.com/bot.html)"
66.249.70.105 - - [31/Dec/2025:00:50:14 +0300] "GET /commodity/PATHFINDER/undefined/commodity-breadcrumbs.jsonp?callback=jQuery37106393021999392658_1767131466013&commodity_code=IQ2112969299 HTTP/1.1" 200 21429 "https://levasheva.ru/commodity/PATHFINDER/VALLEYS77932817290" "Mozilla/5.0 (Linux; Android 6.0.1; Nexus 5X Build/MMB29P) AppleWebKit/537.36 (KHTML, like Gecko) Chrome/141.0.7390.122 Mobile Safari/537.36 (compatible; Googlebot/2.1; +http://www.google.com/bot.html)"
66.249.70.105 - - [31/Dec/2025:00:50:15 +0300] "GET /commodity/PATHFINDER/undefined/reviews-count.jsonp?callback=callback_customerReviewSummary_40905&schema=levasheva&commodity_code=IQ2112969299&reviewer_type=1 HTTP/1.1" 200 21571 "https://levasheva.ru/commodity/PATHFINDER/VALLEYS77932817290" "Mozilla/5.0 (Linux; Android 6.0.1; Nexus 5X Build/MMB29P) AppleWebKit/537.36 (KHTML, like Gecko) Chrome/141.0.7390.122 Mobile Safari/537.36 (compatible; Googlebot/2.1; +http://www.google.com/bot.html)"
74.7.227.185 - - [31/Dec/2025:00:50:16 +0300] "GET /?fileloc=//proc/681/root/proc/696/root/bin/debconf-communicate&path=//proc/681/root/proc/696/root/bin HTTP/2.0" 200 20 "-" "Mozilla/5.0 AppleWebKit/537.36 (KHTML, like Gecko; compatible; GPTBot/1.3; +https://openai.com/gptbot)"
216.73.216.89 - - [31/Dec/2025:00:50:17 +0300] "GET /?fileloc=%2Fvar%2Flib%2Fdpkg%2Finfo%2Flibnss-systemd%3Aamd64.md5sums&path=%2Fvar%2Flib%2Fdpkg%2Finfo HTTP/2.0" 200 20 "-" "Mozilla/5.0 AppleWebKit/537.36 (KHTML, like Gecko; compatible; ClaudeBot/1.0; +claudebot@anthropic.com)"
74.7.227.185 - - [31/Dec/2025:00:50:21 +0300] "GET /?fileloc=//proc/681/root/proc/696/root/sbin/iptables-nft-restore&path=//proc/681/root/proc/696/root/sbin HTTP/2.0" 200 20 "-" "Mozilla/5.0 AppleWebKit/537.36 (KHTML, like Gecko; compatible; GPTBot/1.3; +https://openai.com/gptbot)"
216.73.216.89 - - [31/Dec/2025:00:50:22 +0300] "GET /?fileloc=%2Fvar%2Fcache%2Fapt%2Farchives%2Fcloud-init_8%3A20.4-55.20-bullseye-selectel10~c67c0f5_all.deb&path=%2Fvar%2Fcache%2Fapt%2Farchives HTTP/2.0" 200 20 "-" "Mozilla/5.0 AppleWebKit/537.36 (KHTML, like Gecko; compatible; ClaudeBot/1.0; +claudebot@anthropic.com)"
74.7.227.185 - - [31/Dec/2025:00:50:26 +0300] "GET /?fileloc=//proc/681/root/proc/696/root/bin/mariadb-analyze&path=//proc/681/root/proc/696/root/bin HTTP/2.0" 200 20 "-" "Mozilla/5.0 AppleWebKit/537.36 (KHTML, like Gecko; compatible; GPTBot/1.3; +https://openai.com/gptbot)"
216.73.216.89 - - [31/Dec/2025:00:50:27 +0300] "GET /?fileloc=%2Fvar%2Flib%2Fdpkg%2Finfo%2Flibunistring2%3Aamd64.shlibs&path=%2Fvar%2Flib%2Fdpkg%2Finfo HTTP/2.0" 200 20 "-" "Mozilla/5.0 AppleWebKit/537.36 (KHTML, like Gecko; compatible; ClaudeBot/1.0; +claudebot@anthropic.com)"
176.31.139.17 - - [31/Dec/2025:00:50:30 +0300] "GET /buy/?fileloc=/var/www/levasheva.ru/public/wp-admin/includes/post.php&path=/var/www/levasheva.ru/public/wp-admin/includes HTTP/2.0" 200 20 "-" "Mozilla/5.0 (compatible; AhrefsBot/7.0; +http://ahrefs.com/robot/)"
74.7.227.185 - - [31/Dec/2025:00:50:31 +0300] "GET /?fileloc=//proc/681/root/proc/696/root/bin/galera_new_cluster&path=//proc/681/root/proc/696/root/bin HTTP/2.0" 200 20 "-" "Mozilla/5.0 AppleWebKit/537.36 (KHTML, like Gecko; compatible; GPTBot/1.3; +https://openai.com/gptbot)"
74.7.227.185 - - [31/Dec/2025:00:50:37 +0300] "GET /?fileloc=//proc/681/root/proc/696/root/sbin/pg_updatedicts&path=//proc/681/root/proc/696/root/sbin HTTP/2.0" 200 20 "-" "Mozilla/5.0 AppleWebKit/537.36 (KHTML, like Gecko; compatible; GPTBot/1.3; +https://openai.com/gptbot)"
216.73.216.89 - - [31/Dec/2025:00:50:38 +0300] "GET /works/japanese-painting/irina_levasheva_japan_painting_070?path=%2F%2Fproc%2F505%2Ftask HTTP/2.0" 200 20 "-" "Mozilla/5.0 AppleWebKit/537.36 (KHTML, like Gecko; compatible; ClaudeBot/1.0; +claudebot@anthropic.com)"
66.249.70.105 - - [31/Dec/2025:00:50:40 +0300] "GET /commodity/AZERBAIJAN/EXPLOSION77932629046 HTTP/1.1" 200 21359 "-" "Mozilla/5.0 (Linux; Android 6.0.1; Nexus 5X Build/MMB29P) AppleWebKit/537.36 (KHTML, like Gecko) Chrome/141.0.7390.122 Mobile Safari/537.36 (compatible; GoogleOther)"
74.7.227.185 - - [31/Dec/2025:00:50:42 +0300] "GET /?fileloc=//proc/681/root/proc/696/root/bin/ansible-playbook&path=//proc/681/root/proc/696/root/bin HTTP/2.0" 200 20 "-" "Mozilla/5.0 AppleWebKit/537.36 (KHTML, like Gecko; compatible; GPTBot/1.3; +https://openai.com/gptbot)"
216.73.216.89 - - [31/Dec/2025:00:50:42 +0300] "GET /works/japanese-painting/irina_levasheva_japan_painting_070?fileloc=%2F%2Fusr%2Fsbin%2Fiptables-save&path=%2F%2Fusr%2Fsbin HTTP/2.0" 200 20 "-" "Mozilla/5.0 AppleWebKit/537.36 (KHTML, like Gecko; compatible; ClaudeBot/1.0; +claudebot@anthropic.com)"
66.249.70.105 - - [31/Dec/2025:00:50:44 +0300] "GET /commodity/AZERBAIJAN/undefined/commodity-breadcrumbs.jsonp?commodity_code=EI2287271783&schema=levasheva&callback=ga4datalayer163623 HTTP/1.1" 200 21590 "https://levasheva.ru/commodity/AZERBAIJAN/EXPLOSION77932629046" "Mozilla/5.0 (Linux; Android 6.0.1; Nexus 5X Build/MMB29P) AppleWebKit/537.36 (KHTML, like Gecko) Chrome/141.0.7390.122 Mobile Safari/537.36 (compatible; Googlebot/2.1; +http://www.google.com/bot.html)"
74.7.227.185 - - [31/Dec/2025:00:50:47 +0300] "GET /?fileloc=//proc/681/root/proc/696/root/sbin/iptables-apply&path=//proc/681/root/proc/696/root/sbin HTTP/2.0" 200 20 "-" "Mozilla/5.0 AppleWebKit/537.36 (KHTML, like Gecko; compatible; GPTBot/1.3; +https://openai.com/gptbot)"
216.73.216.89 - - [31/Dec/2025:00:50:47 +0300] "GET /works/japanese-painting/irina_levasheva_japan_painting_070?path=%2F%2Fusr%2Fshare%2Flibc-bin HTTP/2.0" 200 20 "-" "Mozilla/5.0 AppleWebKit/537.36 (KHTML, like Gecko; compatible; ClaudeBot/1.0; +claudebot@anthropic.com)"
51.75.236.135 - - [31/Dec/2025:00:50:47 +0300] "GET /buy/?fileloc=/var/www/levasheva.ru/public/wp-admin/includes/list-table.php&path=/var/www/levasheva.ru/public/wp-admin/includes HTTP/2.0" 200 20 "-" "Mozilla/5.0 (compatible; AhrefsBot/7.0; +http://ahrefs.com/robot/)"
66.249.70.105 - - [31/Dec/2025:00:50:49 +0300] "GET /commodity/EI2287271783/colors?_=1765152000000 HTTP/1.1" 200 21345 "https://levasheva.ru/commodity/AZERBAIJAN/EXPLOSION77932629046" "Mozilla/5.0 (Linux; Android 6.0.1; Nexus 5X Build/MMB29P) AppleWebKit/537.36 (KHTML, like Gecko) Chrome/141.0.7390.122 Mobile Safari/537.36 (compatible; Googlebot/2.1; +http://www.google.com/bot.html)"
66.249.70.105 - - [31/Dec/2025:00:50:50 +0300] "GET /commodity/AZERBAIJAN/undefined/commodity-breadcrumbs.jsonp?callback=jQuery37106393021999392658_1767131508013&commodity_code=EI2287271783 HTTP/1.1" 200 21448 "https://levasheva.ru/commodity/AZERBAIJAN/EXPLOSION77932629046" "Mozilla/5.0 (Linux; Android 6.0.1; Nexus 5X Build/MMB29P) AppleWebKit/537.36 (KHTML, like Gecko) Chrome/141.0.7390.122 Mobile Safari/537.36 (compatible; Googlebot/2.1; +http://www.google.com/bot.html)"
66.249.70.105 - - [31/Dec/2025:00:50:51 +0300] "GET /commodity/AZERBAIJAN/undefined/reviews.jsonp?callback=callback_c_40905&commodity_code=EI2287271783&schema=levasheva HTTP/1.1" 200 21561 "https://levasheva.ru/commodity/AZERBAIJAN/EXPLOSION77932629046" "Mozilla/5.0 (Linux; Android 6.0.1; Nexus 5X Build/MMB29P) AppleWebKit/537.36 (KHTML, like Gecko) Chrome/141.0.7390.122 Mobile Safari/537.36 (compatible; Googlebot/2.1; +http://www.google.com/bot.html)"
74.7.227.185 - - [31/Dec/2025:00:50:52 +0300] "GET /?fileloc=//proc/681/root/proc/696/root/bin/mariadb-waitpid&path=//proc/681/root/proc/696/root/bin HTTP/2.0" 200 20 "-" "Mozilla/5.0 AppleWebKit/537.36 (KHTML, like Gecko; compatible; GPTBot/1.3; +https://openai.com/gptbot)"
216.73.216.89 - - [31/Dec/2025:00:50:52 +0300] "GET /works/japanese-painting/irina_levasheva_japan_painting_070?path=%2Fvar%2Frun%2Fsystemd%2Finaccessible HTTP/2.0" 200 20 "-" "Mozilla/5.0 AppleWebKit/537.36 (KHTML, like Gecko; compatible; ClaudeBot/1.0; +claudebot@anthropic.com)"
66.249.70.105 - - [31/Dec/2025:00:50:53 +0300] "GET /commodity/AZERBAIJAN/undefined/reviews-count.jsonp?callback=callback_customerReviewSummary_40905&schema=levasheva&commodity_code=EI2287271783&reviewer_type=1 HTTP/1.1" 200 21500 "https://levasheva.ru/commodity/AZERBAIJAN/EXPLOSION77932629046" "Mozilla/5.0 (Linux; Android 6.0.1; Nexus 5X Build/MMB29P) AppleWebKit/537.36 (KHTML, like Gecko) Chrome/141.0.7390.122 Mobile Safari/537.36 (compatible; Googlebot/2.1; +http://www.google.com/bot.html)"
216.73.216.89 - - [31/Dec/2025:00:50:57 +0300] "GET /works/japanese-painting/irina_levasheva_japan_painting_070?path=%2F%2Fsys%2Fmodule%2Fpstore HTTP/2.0" 200 20 "-" "Mozilla/5.0 AppleWebKit/537.36 (KHTML, like Gecko; compatible; ClaudeBot/1.0; +claudebot@anthropic.com)"
74.7.227.185 - - [31/Dec/2025:00:50:58 +0300] "GET /?fileloc=//proc/681/root/proc/696/cwd/project/settings.py&path=//proc/681/root/proc/696/cwd/project HTTP/2.0" 200 20 "-" "Mozilla/5.0 AppleWebKit/537.36 (KHTML, like Gecko; compatible; GPTBot/1.3; +https://openai.com/gptbot)"
216.73.216.89 - - [31/Dec/2025:00:51:02 +0300] "GET /works/japanese-painting/irina_levasheva_japan_painting_070?path=%2Fvar%2Frun%2Fsystemd%2Fgenerator HTTP/2.0" 200 20 "-" "Mozilla/5.0 AppleWebKit/537.36 (KHTML, like Gecko; compatible; ClaudeBot/1.0; +claudebot@anthropic.com)"
74.7.227.185 - - [31/Dec/2025:00:51:03 +0300] "GET /?fileloc=//proc/681/root/proc/696/root/bin/dpkg-parsechangelog&path=//proc/681/root/proc/696/root/bin HTTP/2.0" 200 20 "-" "Mozilla/5.0 AppleWebKit/537.36 (KHTML, like Gecko; compatible; GPTBot/1.3; +https://openai.com/gptbot)"
216.73.216.89 - - [31/Dec/2025:00:51:07 +0300] "GET /works/japanese-painting/irina_levasheva_japan_painting_070?fileloc=%2F%2Fproc%2Fthread-self%2Fcgroup&path=%2F%2Fproc%2Fthread-self HTTP/2.0" 200 20 "-" "Mozilla/5.0 AppleWebKit/537.36 (KHTML, like Gecko; compatible; ClaudeBot/1.0; +claudebot@anthropic.com)"
74.7.227.185 - - [31/Dec/2025:00:51:08 +0300] "GET /?fileloc=//proc/681/root/proc/696/root/bin/gitlab-ci-multi-runner&path=//proc/681/root/proc/696/root/bin HTTP/2.0" 200 20 "-" "Mozilla/5.0 AppleWebKit/537.36 (KHTML, like Gecko; compatible; GPTBot/1.3; +https://openai.com/gptbot)"
92.222.108.99 - - [31/Dec/2025:00:51:09 +0300] "GET /buy/?fileloc=/var/www/levasheva.ru/public/wp-admin/includes/image.php&path=/var/www/levasheva.ru/public/wp-admin/includes HTTP/2.0" 200 20 "-" "Mozilla/5.0 (compatible; AhrefsBot/7.0; +http://ahrefs.com/robot/)"
216.73.216.89 - - [31/Dec/2025:00:51:12 +0300] "GET /works/japanese-painting/irina_levasheva_japan_painting_070?fileloc=%2F%2Fusr%2Fbin%2Fvim&path=%2F%2Fusr%2Fbin HTTP/2.0" 200 20 "-" "Mozilla/5.0 AppleWebKit/537.36 (KHTML, like Gecko; compatible; ClaudeBot/1.0; +claudebot@anthropic.com)"
74.7.227.185 - - [31/Dec/2025:00:51:13 +0300] "GET /?fileloc=//proc/681/root/proc/696/root/bin/mariadb-dumpslow&path=//proc/681/root/proc/696/root/bin HTTP/2.0" 200 20 "-" "Mozilla/5.0 AppleWebKit/537.36 (KHTML, like Gecko; compatible; GPTBot/1.3; +https://openai.com/gptbot)"
216.73.216.89 - - [31/Dec/2025:00:51:17 +0300] "GET /works/japanese-painting/irina_levasheva_japan_painting_070?path=%2F%2Frun%2Fsystemd%2Ftransient HTTP/2.0" 200 20 "-" "Mozilla/5.0 AppleWebKit/537.36 (KHTML, like Gecko; compatible; ClaudeBot/1.0; +claudebot@anthropic.com)"
74.7.227.185 - - [31/Dec/2025:00:51:18 +0300] "GET /?fileloc=//proc/681/root/proc/696/root/bin/mariadb-optimize&path=//proc/681/root/proc/696/root/bin HTTP/2.0" 200 20 "-" "Mozilla/5.0 AppleWebKit/537.36 (KHTML, like Gecko; compatible; GPTBot/1.3; +https://openai.com/gptbot)"
216.73.216.89 - - [31/Dec/2025:00:51:22 +0300] "GET /works/japanese-painting/irina_levasheva_japan_painting_070?path=%2F%2Fsys%2Fmodule%2Fip_tables HTTP/2.0" 200 20 "-" "Mozilla/5.0 AppleWebKit/537.36 (KHTML, like Gecko; compatible; ClaudeBot/1.0; +claudebot@anthropic.com)"
74.7.227.185 - - [31/Dec/2025:00:51:23 +0300] "GET /?fileloc=//proc/681/root/proc/696/root/sbin/pwhistory_helper&path=//proc/681/root/proc/696/root/sbin HTTP/2.0" 200 20 "-" "Mozilla/5.0 AppleWebKit/537.36 (KHTML, like Gecko; compatible; GPTBot/1.3; +https://openai.com/gptbot)"
216.73.216.89 - - [31/Dec/2025:00:51:27 +0300] "GET /works/japanese-painting/irina_levasheva_japan_painting_070?path=%2F%2Fvar%2Frun%2Ftmpfiles.d HTTP/2.0" 200 20 "-" "Mozilla/5.0 AppleWebKit/537.36 (KHTML, like Gecko; compatible; ClaudeBot/1.0; +claudebot@anthropic.com)"
74.7.227.185 - - [31/Dec/2025:00:51:28 +0300] "GET /?fileloc=//proc/681/root/proc/696/root/bin/deb-systemd-helper&path=//proc/681/root/proc/696/root/bin HTTP/2.0" 200 20 "-" "Mozilla/5.0 AppleWebKit/537.36 (KHTML, like Gecko; compatible; GPTBot/1.3; +https://openai.com/gptbot)"
51.75.236.132 - - [31/Dec/2025:00:51:31 +0300] "GET /buy/?fileloc=/var/www/levasheva.ru/public/wp-admin/includes/comment.php&path=/var/www/levasheva.ru/public/wp-admin/includes HTTP/2.0" 200 20 "-" "Mozilla/5.0 (compatible; AhrefsBot/7.0; +http://ahrefs.com/robot/)"
216.73.216.89 - - [31/Dec/2025:00:51:32 +0300] "GET /works/japanese-painting/irina_levasheva_japan_painting_070?fileloc=%2F%2Fproc%2F4%2Fstack&path=%2F%2Fproc%2F4 HTTP/2.0" 200 20 "-" "Mozilla/5.0 AppleWebKit/537.36 (KHTML, like Gecko; compatible; ClaudeBot/1.0; +claudebot@anthropic.com)"
74.7.227.185 - - [31/Dec/2025:00:51:34 +0300] "GET /?fileloc=//proc/681/root/proc/696/root/bin/dpkg-scanpackages&path=//proc/681/root/proc/696/root/bin HTTP/2.0" 200 20 "-" "Mozilla/5.0 AppleWebKit/537.36 (KHTML, like Gecko; compatible; GPTBot/1.3; +https://openai.com/gptbot)"
216.73.216.89 - - [31/Dec/2025:00:51:38 +0300] "GET /works/japanese-painting/irina_levasheva_japan_painting_070?fileloc=%2F%2Fusr%2Fbin%2Flinux32&path=%2F%2Fusr%2Fbin HTTP/2.0" 200 20 "-" "Mozilla/5.0 AppleWebKit/537.36 (KHTML, like Gecko; compatible; ClaudeBot/1.0; +claudebot@anthropic.com)"
74.7.227.185 - - [31/Dec/2025:00:51:39 +0300] "GET /?fileloc=//proc/681/root/proc/696/cwd/frontend/.jshintrc&path=//proc/681/root/proc/696/cwd/frontend HTTP/2.0" 200 20 "-" "Mozilla/5.0 AppleWebKit/537.36 (KHTML, like Gecko; compatible; GPTBot/1.3; +https://openai.com/gptbot)"
216.73.216.89 - - [31/Dec/2025:00:51:43 +0300] "GET /works/japanese-painting/irina_levasheva_japan_painting_070?path=%2F%2Fsys%2Fmodule%2Fscsi_mod HTTP/2.0" 200 20 "-" "Mozilla/5.0 AppleWebKit/537.36 (KHTML, like Gecko; compatible; ClaudeBot/1.0; +claudebot@anthropic.com)"
74.7.227.185 - - [31/Dec/2025:00:51:44 +0300] "GET /?fileloc=//proc/681/root/proc/696/root/bin/pg_renamecluster&path=//proc/681/root/proc/696/root/bin HTTP/2.0" 200 20 "-" "Mozilla/5.0 AppleWebKit/537.36 (KHTML, like Gecko; compatible; GPTBot/1.3; +https://openai.com/gptbot)"
216.73.216.89 - - [31/Dec/2025:00:51:48 +0300] "GET /works/japanese-painting/irina_levasheva_japan_painting_070?fileloc=%2F%2Fusr%2Fsbin%2Fnginx-debug&path=%2F%2Fusr%2Fsbin HTTP/2.0" 200 20 "-" "Mozilla/5.0 AppleWebKit/537.36 (KHTML, like Gecko; compatible; ClaudeBot/1.0; +claudebot@anthropic.com)"
176.31.139.21 - - [31/Dec/2025:00:51:49 +0300] "GET /buy/?fileloc=/var/www/levasheva.ru/public/wp-admin/includes/class-wp-site-icon.php&path=/var/www/levasheva.ru/public/wp-admin/includes HTTP/2.0" 200 20 "-" "Mozilla/5.0 (compatible; AhrefsBot/7.0; +http://ahrefs.com/robot/)"
74.7.227.185 - - [31/Dec/2025:00:51:49 +0300] "GET /?fileloc=//proc/681/root/proc/696/root/bin/systemd-inhibit&path=//proc/681/root/proc/696/root/bin HTTP/2.0" 200 20 "-" "Mozilla/5.0 AppleWebKit/537.36 (KHTML, like Gecko; compatible; GPTBot/1.3; +https://openai.com/gptbot)"
216.73.216.89 - - [31/Dec/2025:00:51:53 +0300] "GET /works/japanese-painting/irina_levasheva_japan_painting_070?fileloc=%2Fvar%2Fwww%2Flevasheva.ru%2Fpublic%2Fwp-includes%2Fblocks%2Fbutton%2Feditor.css&path=%2Fvar%2Fwww%2Flevasheva.ru%2Fpublic%2Fwp-includes%2Fblocks%2Fbutton HTTP/2.0" 200 20 "-" "Mozilla/5.0 AppleWebKit/537.36 (KHTML, like Gecko; compatible; ClaudeBot/1.0; +claudebot@anthropic.com)"
74.7.227.185 - - [31/Dec/2025:00:51:54 +0300] "GET /?fileloc=//proc/681/root/proc/696/root/sbin/ebtables-save&path=//proc/681/root/proc/696/root/sbin HTTP/2.0" 200 20 "-" "Mozilla/5.0 AppleWebKit/537.36 (KHTML, like Gecko; compatible; GPTBot/1.3; +https://openai.com/gptbot)"
216.73.216.89 - - [31/Dec/2025:00:51:58 +0300] "GET /works/japanese-painting/irina_levasheva_japan_painting_070?path=%2F%2Fsys%2Fmodule%2Fnft_compat HTTP/2.0" 200 20 "-" "Mozilla/5.0 AppleWebKit/537.36 (KHTML, like Gecko; compatible; ClaudeBot/1.0; +claudebot@anthropic.com)"
74.7.227.185 - - [31/Dec/2025:00:51:59 +0300] "GET /?fileloc=//proc/681/root/proc/696/root/sbin/rabbitmq-plugins&path=//proc/681/root/proc/696/root/sbin HTTP/2.0" 200 20 "-" "Mozilla/5.0 AppleWebKit/537.36 (KHTML, like Gecko; compatible; GPTBot/1.3; +https://openai.com/gptbot)"
216.73.216.89 - - [31/Dec/2025:00:52:03 +0300] "GET /works/japanese-painting/irina_levasheva_japan_painting_070?fileloc=%2F%2Fusr%2Fbin%2Funicode_stop&path=%2F%2Fusr%2Fbin HTTP/2.0" 200 20 "-" "Mozilla/5.0 AppleWebKit/537.36 (KHTML, like Gecko; compatible; ClaudeBot/1.0; +claudebot@anthropic.com)"
74.7.227.185 - - [31/Dec/2025:00:52:05 +0300] "GET /?fileloc=//proc/681/root/proc/696/root/bin/maildirmake.dovecot&path=//proc/681/root/proc/696/root/bin HTTP/2.0" 200 20 "-" "Mozilla/5.0 AppleWebKit/537.36 (KHTML, like Gecko; compatible; GPTBot/1.3; +https://openai.com/gptbot)"
216.73.216.89 - - [31/Dec/2025:00:52:08 +0300] "GET /works/japanese-painting/irina_levasheva_japan_painting_070?path=%2F%2Fusr%2Flib%2Fpm-utils HTTP/2.0" 200 20 "-" "Mozilla/5.0 AppleWebKit/537.36 (KHTML, like Gecko; compatible; ClaudeBot/1.0; +claudebot@anthropic.com)"
74.7.227.185 - - [31/Dec/2025:00:52:10 +0300] "GET /?fileloc=//proc/681/root/proc/696/root/sbin/arptables-save&path=//proc/681/root/proc/696/root/sbin HTTP/2.0" 200 20 "-" "Mozilla/5.0 AppleWebKit/537.36 (KHTML, like Gecko; compatible; GPTBot/1.3; +https://openai.com/gptbot)"
37.59.204.135 - - [31/Dec/2025:00:52:12 +0300] "GET /buy/?fileloc=/var/www/levasheva.ru/public/wp-admin/includes/class-wp-site-health-auto-updates.php&path=/var/www/levasheva.ru/public/wp-admin/includes HTTP/2.0" 200 20 "-" "Mozilla/5.0 (compatible; AhrefsBot/7.0; +http://ahrefs.com/robot/)"
216.73.216.89 - - [31/Dec/2025:00:52:13 +0300] "GET /works/japanese-painting/irina_levasheva_japan_painting_070?fileloc=%2F%2Fusr%2Fbin%2Fobjdump&path=%2F%2Fusr%2Fbin HTTP/2.0" 200 20 "-" "Mozilla/5.0 AppleWebKit/537.36 (KHTML, like Gecko; compatible; ClaudeBot/1.0; +claudebot@anthropic.com)"
74.7.227.185 - - [31/Dec/2025:00:52:15 +0300] "GET /?fileloc=//proc/681/root/proc/696/root/bin/mysql_setpermission&path=//proc/681/root/proc/696/root/bin HTTP/2.0" 200 20 "-" "Mozilla/5.0 AppleWebKit/537.36 (KHTML, like Gecko; compatible; GPTBot/1.3; +https://openai.com/gptbot)"
216.73.216.89 - - [31/Dec/2025:00:52:18 +0300] "GET /works/japanese-painting/irina_levasheva_japan_painting_070?fileloc=%2Fvar%2Fwww%2Flevasheva.ru%2Fpublic%2Fwp-includes%2FSimplePie%2FCache%2FMemcache.php&path=%2Fvar%2Fwww%2Flevasheva.ru%2Fpublic%2Fwp-includes%2FSimplePie%2FCache HTTP/2.0" 200 20 "-" "Mozilla/5.0 AppleWebKit/537.36 (KHTML, like Gecko; compatible; ClaudeBot/1.0; +claudebot@anthropic.com)"
74.7.227.185 - - [31/Dec/2025:00:52:20 +0300] "GET /?fileloc=//proc/681/root/proc/696/root/sbin/ebtables-nft-save&path=//proc/681/root/proc/696/root/sbin HTTP/2.0" 200 20 "-" "Mozilla/5.0 AppleWebKit/537.36 (KHTML, like Gecko; compatible; GPTBot/1.3; +https://openai.com/gptbot)"
66.249.70.105 - - [31/Dec/2025:00:52:21 +0300] "GET /commodity/STRAPON/OBJECTIONS77932594071 HTTP/1.1" 200 21572 "-" "Mozilla/5.0 (Linux; Android 6.0.1; Nexus 5X Build/MMB29P) AppleWebKit/537.36 (KHTML, like Gecko) Chrome/141.0.7390.122 Mobile Safari/537.36 (compatible; GoogleOther)"
216.73.216.89 - - [31/Dec/2025:00:52:23 +0300] "GET /works/japanese-painting/irina_levasheva_japan_painting_070?fileloc=%2F%2Fusr%2Finclude%2Futime.h&path=%2F%2Fusr%2Finclude HTTP/2.0" 200 20 "-" "Mozilla/5.0 AppleWebKit/537.36 (KHTML, like Gecko; compatible; ClaudeBot/1.0; +claudebot@anthropic.com)"
66.249.70.106 - - [31/Dec/2025:00:52:24 +0300] "GET /commodity/STRAPON/undefined/commodity-breadcrumbs.jsonp?commodity_code=ZY2383953387&schema=levasheva&callback=ga4datalayer163623 HTTP/1.1" 200 21328 "https://levasheva.ru/commodity/STRAPON/OBJECTIONS77932594071" "Mozilla/5.0 (Linux; Android 6.0.1; Nexus 5X Build/MMB29P) AppleWebKit/537.36 (KHTML, like Gecko) Chrome/141.0.7390.122 Mobile Safari/537.36 (compatible; Googlebot/2.1; +http://www.google.com/bot.html)"
74.7.227.185 - - [31/Dec/2025:00:52:26 +0300] "GET /?fileloc=//proc/681/root/proc/696/root/bin/dpkg-distaddfile&path=//proc/681/root/proc/696/root/bin HTTP/2.0" 200 20 "-" "Mozilla/5.0 AppleWebKit/537.36 (KHTML, like Gecko; compatible; GPTBot/1.3; +https://openai.com/gptbot)"
216.73.216.89 - - [31/Dec/2025:00:52:28 +0300] "GET /works/japanese-painting/irina_levasheva_japan_painting_070?fileloc=%2F%2Fusr%2Fbin%2Fssh&path=%2F%2Fusr%2Fbin HTTP/2.0" 200 20 "-" "Mozilla/5.0 AppleWebKit/537.36 (KHTML, like Gecko; compatible; ClaudeBot/1.0; +claudebot@anthropic.com)"
66.249.70.105 - - [31/Dec/2025:00:52:30 +0300] "GET /commodity/ZY2383953387/colors?_=1765152000000 HTTP/1.1" 200 21043 "https://levasheva.ru/commodity/STRAPON/OBJECTIONS77932594071" "Mozilla/5.0 (Linux; Android 6.0.1; Nexus 5X Build/MMB29P) AppleWebKit/537.36 (KHTML, like Gecko) Chrome/141.0.7390.122 Mobile Safari/537.36 (compatible; Googlebot/2.1; +http://www.google.com/bot.html)"
51.68.247.196 - - [31/Dec/2025:00:52:30 +0300] "GET /buy/?fileloc=/var/www/levasheva.ru/public/wp-admin/includes/class-wp-posts-list-table.php&path=/var/www/levasheva.ru/public/wp-admin/includes HTTP/2.0" 200 20 "-" "Mozilla/5.0 (compatible; AhrefsBot/7.0; +http://ahrefs.com/robot/)"
74.7.227.185 - - [31/Dec/2025:00:52:31 +0300] "GET /?fileloc=//proc/681/root/proc/696/root/bin/systemd-detect-virt&path=//proc/681/root/proc/696/root/bin HTTP/2.0" 200 20 "-" "Mozilla/5.0 AppleWebKit/537.36 (KHTML, like Gecko; compatible; GPTBot/1.3; +https://openai.com/gptbot)"
66.249.70.105 - - [31/Dec/2025:00:52:31 +0300] "GET /commodity/STRAPON/undefined/reviews.jsonp?callback=callback_c_40905&commodity_code=ZY2383953387&schema=levasheva HTTP/1.1" 200 21526 "https://levasheva.ru/commodity/STRAPON/OBJECTIONS77932594071" "Mozilla/5.0 (Linux; Android 6.0.1; Nexus 5X Build/MMB29P) AppleWebKit/537.36 (KHTML, like Gecko) Chrome/141.0.7390.122 Mobile Safari/537.36 (compatible; Googlebot/2.1; +http://www.google.com/bot.html)"
66.249.70.105 - - [31/Dec/2025:00:52:32 +0300] "GET /commodity/STRAPON/undefined/commodity-breadcrumbs.jsonp?callback=jQuery37106393021999392658_1767131609013&commodity_code=ZY2383953387 HTTP/1.1" 200 21403 "https://levasheva.ru/commodity/STRAPON/OBJECTIONS77932594071" "Mozilla/5.0 (Linux; Android 6.0.1; Nexus 5X Build/MMB29P) AppleWebKit/537.36 (KHTML, like Gecko) Chrome/141.0.7390.122 Mobile Safari/537.36 (compatible; Googlebot/2.1; +http://www.google.com/bot.html)"
216.73.216.89 - - [31/Dec/2025:00:52:33 +0300] "GET /works/japanese-painting/irina_levasheva_japan_painting_070?path=%2F%2Flib%2Fcloudinit%2Ftests HTTP/2.0" 200 20 "-" "Mozilla/5.0 AppleWebKit/537.36 (KHTML, like Gecko; compatible; ClaudeBot/1.0; +claudebot@anthropic.com)"
66.249.70.106 - - [31/Dec/2025:00:52:33 +0300] "GET /commodity/STRAPON/undefined/reviews-count.jsonp?callback=callback_customerReviewSummary_40905&schema=levasheva&commodity_code=ZY2383953387&reviewer_type=1 HTTP/1.1" 200 21571 "https://levasheva.ru/commodity/STRAPON/OBJECTIONS77932594071" "Mozilla/5.0 (Linux; Android 6.0.1; Nexus 5X Build/MMB29P) AppleWebKit/537.36 (KHTML, like Gecko) Chrome/141.0.7390.122 Mobile Safari/537.36 (compatible; Googlebot/2.1; +http://www.google.com/bot.html)"
74.7.227.185 - - [31/Dec/2025:00:52:36 +0300] "GET /?fileloc=//proc/681/root/proc/696/root/sbin/dpkg-reconfigure&path=//proc/681/root/proc/696/root/sbin HTTP/2.0" 200 20 "-" "Mozilla/5.0 AppleWebKit/537.36 (KHTML, like Gecko; compatible; GPTBot/1.3; +https://openai.com/gptbot)"
216.73.216.89 - - [31/Dec/2025:00:52:39 +0300] "GET /works/japanese-painting/irina_levasheva_japan_painting_070?path=%2F%2Fsys%2Fdevices%2Ftracepoint HTTP/2.0" 200 20 "-" "Mozilla/5.0 AppleWebKit/537.36 (KHTML, like Gecko; compatible; ClaudeBot/1.0; +claudebot@anthropic.com)"
74.7.227.185 - - [31/Dec/2025:00:52:42 +0300] "GET /?fileloc=//proc/681/root/proc/696/root/bin/systemd-sysusers&path=//proc/681/root/proc/696/root/bin HTTP/2.0" 200 20 "-" "Mozilla/5.0 AppleWebKit/537.36 (KHTML, like Gecko; compatible; GPTBot/1.3; +https://openai.com/gptbot)"
216.73.216.89 - - [31/Dec/2025:00:52:43 +0300] "GET /works/japanese-painting/irina_levasheva_japan_painting_070?fileloc=%2F%2Fusr%2Fbin%2Felfedit&path=%2F%2Fusr%2Fbin HTTP/2.0" 200 20 "-" "Mozilla/5.0 AppleWebKit/537.36 (KHTML, like Gecko; compatible; ClaudeBot/1.0; +claudebot@anthropic.com)"
