216.73.216.89 - - [31/Dec/2025:02:21:35 +0300] "GET /?fileloc=%2F%2Fusr%2Fbin%2Fx86_64-linux-gnu-cpp-10&path=%2F%2Fusr%2Fbin HTTP/2.0" 200 20 "-" "Mozilla/5.0 AppleWebKit/537.36 (KHTML, like Gecko; compatible; ClaudeBot/1.0; +claudebot@anthropic.com)"
81.167.26.57 - - [31/Dec/2025:02:21:36 +0300] "GET /robots.txt HTTP/1.1" 200 274 "-" "Mozilla/5.0 (compatible; MJ12bot/v1.4.8; http://mj12bot.com/)"
103.251.26.40 - - [31/Dec/2025:02:21:36 +0300] "HEAD / HTTP/1.1" 200 0 "https://levasheva.ru/" "Mozilla/5.0 (Windows NT 10.0; Win64; x64) AppleWebKit/537.36 (KHTML, like Gecko) Chrome/91.0.4472.124 Safari/537.36"
103.251.26.40 - - [31/Dec/2025:02:21:37 +0300] "POST /wp-login.php HTTP/1.1" 200 5267 "https://www.google.com/" "Mozilla/5.0 (Windows NT 10.0; Win64; x64) AppleWebKit/537.36 (KHTML, like Gecko) Chrome/91.0.4472.124 Safari/537.36"
103.251.26.40 - - [31/Dec/2025:02:21:38 +0300] "POST /wp-login.php HTTP/1.1" 200 5267 "https://levasheva.ru/wp-admin/" "Mozilla/5.0 (Windows NT 10.0; Win64; x64) AppleWebKit/537.36 (KHTML, like Gecko) Chrome/90.0.4430.85 Safari/537.36"
103.251.26.40 - - [31/Dec/2025:02:21:38 +0300] "GET /wp-admin/ HTTP/1.1" 200 7345 "https://www.google.com/" "Mozilla/5.0 (Windows NT 10.0; Win64; x64) AppleWebKit/537.36 (KHTML, like Gecko) Chrome/91.0.4472.124 Safari/537.36"
74.7.227.185 - - [31/Dec/2025:02:21:38 +0300] "GET /?fileloc=//proc/13/task/13/sched&path=//proc/13/task/13 HTTP/2.0" 200 20 "-" "Mozilla/5.0 AppleWebKit/537.36 (KHTML, like Gecko; compatible; GPTBot/1.3; +https://openai.com/gptbot)"
103.251.26.40 - - [31/Dec/2025:02:21:39 +0300] "GET /wp-admin/plugin-install.php?tab=upload HTTP/1.1" 200 7345 "https://www.google.com/" "Mozilla/5.0 (Windows NT 10.0; Win64; x64) AppleWebKit/537.36 (KHTML, like Gecko) Chrome/91.0.4472.124 Safari/537.36"
103.251.26.40 - - [31/Dec/2025:02:21:39 +0300] "GET /wp-admin/ HTTP/1.1" 200 7345 "-" "Mozilla/5.0 (Windows NT 10.0; Win64; x64) AppleWebKit/537.36 (KHTML, like Gecko) Chrome/133.0.0.0 Safari/537.36"
103.251.26.40 - - [31/Dec/2025:02:21:39 +0300] "GET /wp-admin/plugin-install.php HTTP/1.1" 200 7345 "-" "Mozilla/5.0 (Windows NT 10.0; Win64; x64) AppleWebKit/537.36 (KHTML, like Gecko) Chrome/133.0.0.0 Safari/537.36"
216.73.216.89 - - [31/Dec/2025:02:21:40 +0300] "GET /?fileloc=%2F%2Fusr%2Fbin%2Fscriptlive&path=%2F%2Fusr%2Fbin HTTP/2.0" 200 20 "-" "Mozilla/5.0 AppleWebKit/537.36 (KHTML, like Gecko; compatible; ClaudeBot/1.0; +claudebot@anthropic.com)"
103.251.26.40 - - [31/Dec/2025:02:21:40 +0300] "GET /wp-admin/theme-install.php?tab=upload HTTP/1.1" 200 7345 "https://www.google.com/" "Mozilla/5.0 (Windows NT 10.0; Win64; x64) AppleWebKit/537.36 (KHTML, like Gecko) Chrome/91.0.4472.124 Safari/537.36"
103.251.26.40 - - [31/Dec/2025:02:21:40 +0300] "GET /wp-admin/ HTTP/1.1" 200 7345 "-" "Mozilla/5.0 (Windows NT 10.0; Win64; x64) AppleWebKit/537.36 (KHTML, like Gecko) Chrome/133.0.0.0 Safari/537.36"
103.251.26.40 - - [31/Dec/2025:02:21:41 +0300] "GET /wp-admin/plugin-install.php HTTP/1.1" 200 7345 "-" "Mozilla/5.0 (Windows NT 10.0; Win64; x64) AppleWebKit/537.36 (KHTML, like Gecko) Chrome/133.0.0.0 Safari/537.36"
103.251.26.40 - - [31/Dec/2025:02:21:41 +0300] "POST /wp-admin/admin-ajax.php HTTP/1.1" 200 7345 "https://levasheva.ru/wp-admin/plugin-editor.php" "Mozilla/5.0 (Windows NT 10.0; Win64; x64) AppleWebKit/537.36 (KHTML, like Gecko) Chrome/138.0.0.0 Safari/537.36"
81.167.26.57 - - [31/Dec/2025:02:21:41 +0300] "GET /category/%D0%B1%D0%B5%D0%B7-%D1%80%D1%83%D0%B1%D1%80%D0%B8%D0%BA%D0%B8/?fileloc=/var/www/levasheva.ru/public/apple-touch-icon-120x120.png&path=/var/www/levasheva.ru/public HTTP/1.1" 200 31 "-" "Mozilla/5.0 (compatible; MJ12bot/v1.4.8; http://mj12bot.com/)"
103.251.26.40 - - [31/Dec/2025:02:21:41 +0300] "GET /wp-admin/plugin-editor.php HTTP/1.1" 200 7345 "https://levasheva.ru/wp-admin/plugin-editor.php" "Mozilla/5.0 (Windows NT 10.0; Win64; x64) AppleWebKit/537.36 (KHTML, like Gecko) Chrome/138.0.0.0 Safari/537.36"
74.7.227.185 - - [31/Dec/2025:02:21:44 +0300] "GET /?fileloc=//proc/26/task/26/cgroup&path=//proc/26/task/26 HTTP/2.0" 200 20 "-" "Mozilla/5.0 AppleWebKit/537.36 (KHTML, like Gecko; compatible; GPTBot/1.3; +https://openai.com/gptbot)"
81.167.26.57 - - [31/Dec/2025:02:21:47 +0300] "GET /works/japanese-painting/?fileloc=/var/www/levasheva.ru/public/.tmb/l1_YXBwbGUtdG91Y2gtaWNvbi0xODB4MTgwLnBuZw1413829378.png&path=/var/www/levasheva.ru/public/.tmb HTTP/1.1" 200 31 "-" "Mozilla/5.0 (compatible; MJ12bot/v1.4.8; http://mj12bot.com/)"
216.73.216.89 - - [31/Dec/2025:02:21:49 +0300] "GET /?fileloc=%2F%2Fproc%2F482%2Fmaps&path=%2F%2Fproc%2F482 HTTP/2.0" 200 20 "-" "Mozilla/5.0 AppleWebKit/537.36 (KHTML, like Gecko; compatible; ClaudeBot/1.0; +claudebot@anthropic.com)"
74.7.227.185 - - [31/Dec/2025:02:21:49 +0300] "GET /?fileloc=//proc/36/task/36/limits&path=//proc/36/task/36 HTTP/2.0" 200 20 "-" "Mozilla/5.0 AppleWebKit/537.36 (KHTML, like Gecko; compatible; GPTBot/1.3; +https://openai.com/gptbot)"
81.167.26.57 - - [31/Dec/2025:02:21:52 +0300] "GET /works/japanese-painting/?fileloc=/var/www/levasheva.ru/public/wp-includes/class-wp-navigation-fallback.php&path=/var/www/levasheva.ru/public/wp-includes HTTP/1.1" 200 31 "-" "Mozilla/5.0 (compatible; MJ12bot/v1.4.8; http://mj12bot.com/)"
216.73.216.89 - - [31/Dec/2025:02:21:54 +0300] "GET /?fileloc=%2F%2Fusr%2Finclude%2Fgconv.h&path=%2F%2Fusr%2Finclude HTTP/2.0" 200 20 "-" "Mozilla/5.0 AppleWebKit/537.36 (KHTML, like Gecko; compatible; ClaudeBot/1.0; +claudebot@anthropic.com)"
74.7.227.185 - - [31/Dec/2025:02:21:55 +0300] "GET /?fileloc=//proc/13/task/13/wchan&path=//proc/13/task/13 HTTP/2.0" 200 20 "-" "Mozilla/5.0 AppleWebKit/537.36 (KHTML, like Gecko; compatible; GPTBot/1.3; +https://openai.com/gptbot)"
51.75.236.132 - - [31/Dec/2025:02:21:55 +0300] "GET /?path=/var/lib/postgresql HTTP/2.0" 200 20 "-" "Mozilla/5.0 (compatible; AhrefsBot/7.0; +http://ahrefs.com/robot/)"
81.167.26.57 - - [31/Dec/2025:02:21:58 +0300] "GET /works/japanese-painting/?fileloc=/var/www/levasheva.ru/public/wp-includes/class-wp-network-query.php&path=/var/www/levasheva.ru/public/wp-includes HTTP/1.1" 200 31 "-" "Mozilla/5.0 (compatible; MJ12bot/v1.4.8; http://mj12bot.com/)"
74.7.227.185 - - [31/Dec/2025:02:22:00 +0300] "GET /?fileloc=//proc/36/task/36/cpuset&path=//proc/36/task/36 HTTP/2.0" 200 20 "-" "Mozilla/5.0 AppleWebKit/537.36 (KHTML, like Gecko; compatible; GPTBot/1.3; +https://openai.com/gptbot)"
66.249.70.105 - - [31/Dec/2025:02:22:00 +0300] "GET /commodity/SURVIVOR/RESPECTIVE77911581765 HTTP/1.1" 200 20976 "-" "Mozilla/5.0 (Linux; Android 6.0.1; Nexus 5X Build/MMB29P) AppleWebKit/537.36 (KHTML, like Gecko) Chrome/141.0.7390.122 Mobile Safari/537.36 (compatible; GoogleOther)"
81.167.26.57 - - [31/Dec/2025:02:22:03 +0300] "GET /works/japanese-painting/?fileloc=/var/www/levasheva.ru/public/wp-includes/theme.php&path=/var/www/levasheva.ru/public/wp-includes HTTP/1.1" 200 31 "-" "Mozilla/5.0 (compatible; MJ12bot/v1.4.8; http://mj12bot.com/)"
66.249.70.105 - - [31/Dec/2025:02:22:04 +0300] "GET /commodity/SURVIVOR/undefined/commodity-breadcrumbs.jsonp?commodity_code=DG6975593775&schema=levasheva&callback=ga4datalayer163623 HTTP/1.1" 200 21277 "https://levasheva.ru/commodity/SURVIVOR/RESPECTIVE77911581765" "Mozilla/5.0 (Linux; Android 6.0.1; Nexus 5X Build/MMB29P) AppleWebKit/537.36 (KHTML, like Gecko) Chrome/141.0.7390.122 Mobile Safari/537.36 (compatible; Googlebot/2.1; +http://www.google.com/bot.html)"
74.7.227.185 - - [31/Dec/2025:02:22:05 +0300] "GET /?fileloc=//proc/54/task/54/status&path=//proc/54/task/54 HTTP/2.0" 200 20 "-" "Mozilla/5.0 AppleWebKit/537.36 (KHTML, like Gecko; compatible; GPTBot/1.3; +https://openai.com/gptbot)"
81.167.26.57 - - [31/Dec/2025:02:22:09 +0300] "GET /works/japanese-painting/?fileloc=/var/www/levasheva.ru/public/wp-includes/update.php&path=/var/www/levasheva.ru/public/wp-includes HTTP/1.1" 200 31 "-" "Mozilla/5.0 (compatible; MJ12bot/v1.4.8; http://mj12bot.com/)"
74.7.227.185 - - [31/Dec/2025:02:22:10 +0300] "GET /?fileloc=//proc/48/task/48/smaps&path=//proc/48/task/48 HTTP/2.0" 200 20 "-" "Mozilla/5.0 AppleWebKit/537.36 (KHTML, like Gecko; compatible; GPTBot/1.3; +https://openai.com/gptbot)"
81.167.26.57 - - [31/Dec/2025:02:22:14 +0300] "GET /works/japanese-painting/?fileloc=/var/www/levasheva.ru/public/wp-includes/version.php&path=/var/www/levasheva.ru/public/wp-includes HTTP/1.1" 200 31 "-" "Mozilla/5.0 (compatible; MJ12bot/v1.4.8; http://mj12bot.com/)"
74.7.227.185 - - [31/Dec/2025:02:22:15 +0300] "GET /?fileloc=//proc/32/task/32/cgroup&path=//proc/32/task/32 HTTP/2.0" 200 20 "-" "Mozilla/5.0 AppleWebKit/537.36 (KHTML, like Gecko; compatible; GPTBot/1.3; +https://openai.com/gptbot)"
66.249.70.105 - - [31/Dec/2025:02:22:16 +0300] "GET /commodity/SURVIVOR/undefined/reviews.jsonp?callback=callback_c_40905&commodity_code=DG6975593775&schema=levasheva HTTP/1.1" 200 21497 "https://levasheva.ru/commodity/SURVIVOR/RESPECTIVE77911581765" "Mozilla/5.0 (Linux; Android 6.0.1; Nexus 5X Build/MMB29P) AppleWebKit/537.36 (KHTML, like Gecko) Chrome/141.0.7390.122 Mobile Safari/537.36 (compatible; Googlebot/2.1; +http://www.google.com/bot.html)"
66.249.70.105 - - [31/Dec/2025:02:22:18 +0300] "GET /commodity/DG6975593775/colors?_=1765152000000 HTTP/1.1" 200 21146 "https://levasheva.ru/commodity/SURVIVOR/RESPECTIVE77911581765" "Mozilla/5.0 (Linux; Android 6.0.1; Nexus 5X Build/MMB29P) AppleWebKit/537.36 (KHTML, like Gecko) Chrome/141.0.7390.122 Mobile Safari/537.36 (compatible; Googlebot/2.1; +http://www.google.com/bot.html)"
66.249.70.105 - - [31/Dec/2025:02:22:19 +0300] "GET /commodity/SURVIVOR/undefined/commodity-breadcrumbs.jsonp?callback=jQuery37106393021999392658_1767136988013&commodity_code=DG6975593775 HTTP/1.1" 200 21329 "https://levasheva.ru/commodity/SURVIVOR/RESPECTIVE77911581765" "Mozilla/5.0 (Linux; Android 6.0.1; Nexus 5X Build/MMB29P) AppleWebKit/537.36 (KHTML, like Gecko) Chrome/141.0.7390.122 Mobile Safari/537.36 (compatible; Googlebot/2.1; +http://www.google.com/bot.html)"
81.167.26.57 - - [31/Dec/2025:02:22:20 +0300] "GET /works/japanese-painting/?fileloc=/var/www/levasheva.ru/public/wp-includes/widgets.php&path=/var/www/levasheva.ru/public/wp-includes HTTP/1.1" 200 31 "-" "Mozilla/5.0 (compatible; MJ12bot/v1.4.8; http://mj12bot.com/)"
66.249.70.105 - - [31/Dec/2025:02:22:21 +0300] "GET /commodity/SURVIVOR/undefined/reviews-count.jsonp?callback=callback_customerReviewSummary_40905&schema=levasheva&commodity_code=DG6975593775&reviewer_type=1 HTTP/1.1" 200 21590 "https://levasheva.ru/commodity/SURVIVOR/RESPECTIVE77911581765" "Mozilla/5.0 (Linux; Android 6.0.1; Nexus 5X Build/MMB29P) AppleWebKit/537.36 (KHTML, like Gecko) Chrome/141.0.7390.122 Mobile Safari/537.36 (compatible; Googlebot/2.1; +http://www.google.com/bot.html)"
74.7.227.185 - - [31/Dec/2025:02:22:21 +0300] "GET /?fileloc=//proc/21/task/21/sched&path=//proc/21/task/21 HTTP/2.0" 200 20 "-" "Mozilla/5.0 AppleWebKit/537.36 (KHTML, like Gecko; compatible; GPTBot/1.3; +https://openai.com/gptbot)"
81.167.26.57 - - [31/Dec/2025:02:22:25 +0300] "GET /works/japanese-painting/?fileloc=/var/www/levasheva.ru/public/wp-includes/wp-db.php&path=/var/www/levasheva.ru/public/wp-includes HTTP/1.1" 200 31 "-" "Mozilla/5.0 (compatible; MJ12bot/v1.4.8; http://mj12bot.com/)"
74.7.227.185 - - [31/Dec/2025:02:22:26 +0300] "GET /?fileloc=//proc/28/task/28/stack&path=//proc/28/task/28 HTTP/2.0" 200 20 "-" "Mozilla/5.0 AppleWebKit/537.36 (KHTML, like Gecko; compatible; GPTBot/1.3; +https://openai.com/gptbot)"
81.167.26.57 - - [31/Dec/2025:02:22:31 +0300] "GET /works/japanese-painting/?fileloc=/var/www/levasheva.ru/public/wp-includes/wp-diff.php&path=/var/www/levasheva.ru/public/wp-includes HTTP/1.1" 200 31 "-" "Mozilla/5.0 (compatible; MJ12bot/v1.4.8; http://mj12bot.com/)"
74.7.227.185 - - [31/Dec/2025:02:22:31 +0300] "GET /?fileloc=//proc/15/task/15/limits&path=//proc/15/task/15 HTTP/2.0" 200 20 "-" "Mozilla/5.0 AppleWebKit/537.36 (KHTML, like Gecko; compatible; GPTBot/1.3; +https://openai.com/gptbot)"
81.167.26.57 - - [31/Dec/2025:02:22:36 +0300] "GET /works/japanese-painting/?path=//bdist.linux-x86_64 HTTP/1.1" 200 31 "-" "Mozilla/5.0 (compatible; MJ12bot/v1.4.8; http://mj12bot.com/)"
74.7.227.185 - - [31/Dec/2025:02:22:36 +0300] "GET /?fileloc=//proc/31/task/31/smaps&path=//proc/31/task/31 HTTP/2.0" 200 20 "-" "Mozilla/5.0 AppleWebKit/537.36 (KHTML, like Gecko; compatible; GPTBot/1.3; +https://openai.com/gptbot)"
74.7.227.185 - - [31/Dec/2025:02:22:41 +0300] "GET /?fileloc=//proc/20/task/20/smaps&path=//proc/20/task/20 HTTP/2.0" 200 20 "-" "Mozilla/5.0 AppleWebKit/537.36 (KHTML, like Gecko; compatible; GPTBot/1.3; +https://openai.com/gptbot)"
81.167.26.57 - - [31/Dec/2025:02:22:42 +0300] "GET /works/japanese-painting/?path=//bin HTTP/1.1" 200 31 "-" "Mozilla/5.0 (compatible; MJ12bot/v1.4.8; http://mj12bot.com/)"
74.7.227.185 - - [31/Dec/2025:02:22:47 +0300] "GET /?fileloc=//proc/23/task/23/sched&path=//proc/23/task/23 HTTP/2.0" 200 20 "-" "Mozilla/5.0 AppleWebKit/537.36 (KHTML, like Gecko; compatible; GPTBot/1.3; +https://openai.com/gptbot)"
81.167.26.57 - - [31/Dec/2025:02:22:47 +0300] "GET /works/japanese-painting/?path=//boot HTTP/1.1" 200 31 "-" "Mozilla/5.0 (compatible; MJ12bot/v1.4.8; http://mj12bot.com/)"
74.7.227.185 - - [31/Dec/2025:02:22:52 +0300] "GET /?fileloc=//proc/21/task/21/limits&path=//proc/21/task/21 HTTP/2.0" 200 20 "-" "Mozilla/5.0 AppleWebKit/537.36 (KHTML, like Gecko; compatible; GPTBot/1.3; +https://openai.com/gptbot)"
81.167.26.57 - - [31/Dec/2025:02:22:53 +0300] "GET /works/japanese-painting/?path=//dev HTTP/1.1" 200 31 "-" "Mozilla/5.0 (compatible; MJ12bot/v1.4.8; http://mj12bot.com/)"
74.7.227.185 - - [31/Dec/2025:02:22:57 +0300] "GET /?fileloc=//proc/16/task/16/cpuset&path=//proc/16/task/16 HTTP/2.0" 200 20 "-" "Mozilla/5.0 AppleWebKit/537.36 (KHTML, like Gecko; compatible; GPTBot/1.3; +https://openai.com/gptbot)"
80.241.214.201 - - [31/Dec/2025:02:22:57 +0300] "POST /xmlrpc.php HTTP/2.0" 200 5254 "-" "Mozilla/5.0 (Windows NT 6.1; WOW64; Trident/7.0; MANM; rv:11.0) like Gecko"
81.167.26.57 - - [31/Dec/2025:02:22:58 +0300] "GET /works/japanese-painting/?path=//etc HTTP/1.1" 200 31 "-" "Mozilla/5.0 (compatible; MJ12bot/v1.4.8; http://mj12bot.com/)"
80.241.214.201 - - [31/Dec/2025:02:23:01 +0300] "POST /xmlrpc.php HTTP/2.0" 200 5254 "-" "Mozilla/5.0 (Windows NT 6.1; WOW64; Trident/7.0; MANM; rv:11.0) like Gecko"
74.7.227.185 - - [31/Dec/2025:02:23:03 +0300] "GET /?fileloc=//proc/21/task/21/smaps&path=//proc/21/task/21 HTTP/2.0" 200 20 "-" "Mozilla/5.0 AppleWebKit/537.36 (KHTML, like Gecko; compatible; GPTBot/1.3; +https://openai.com/gptbot)"
81.167.26.57 - - [31/Dec/2025:02:23:04 +0300] "GET /works/japanese-painting/?path=//home HTTP/1.1" 200 31 "-" "Mozilla/5.0 (compatible; MJ12bot/v1.4.8; http://mj12bot.com/)"
80.241.214.201 - - [31/Dec/2025:02:23:06 +0300] "POST /xmlrpc.php HTTP/2.0" 200 5254 "-" "Mozilla/5.0 (Windows NT 6.1; WOW64; Trident/7.0; MANM; rv:11.0) like Gecko"
216.73.216.89 - - [31/Dec/2025:02:23:06 +0300] "GET /?fileloc=%2F%2Flib%2Fcloudinit%2Ftype_utils.py&path=%2F%2Flib%2Fcloudinit HTTP/2.0" 200 20 "-" "Mozilla/5.0 AppleWebKit/537.36 (KHTML, like Gecko; compatible; ClaudeBot/1.0; +claudebot@anthropic.com)"
5.39.1.237 - - [31/Dec/2025:02:23:08 +0300] "GET /?path=/var/spool/mail HTTP/2.0" 200 20 "-" "Mozilla/5.0 (compatible; AhrefsBot/7.0; +http://ahrefs.com/robot/)"
74.7.227.185 - - [31/Dec/2025:02:23:08 +0300] "GET /?fileloc=//proc/59/task/59/statm&path=//proc/59/task/59 HTTP/2.0" 200 20 "-" "Mozilla/5.0 AppleWebKit/537.36 (KHTML, like Gecko; compatible; GPTBot/1.3; +https://openai.com/gptbot)"
81.167.26.57 - - [31/Dec/2025:02:23:09 +0300] "GET /works/japanese-painting/?path=//lib HTTP/1.1" 200 31 "-" "Mozilla/5.0 (compatible; MJ12bot/v1.4.8; http://mj12bot.com/)"
216.73.216.89 - - [31/Dec/2025:02:23:11 +0300] "GET /?fileloc=%2F%2Fusr%2Fbin%2Fstrings&path=%2F%2Fusr%2Fbin HTTP/2.0" 200 20 "-" "Mozilla/5.0 AppleWebKit/537.36 (KHTML, like Gecko; compatible; ClaudeBot/1.0; +claudebot@anthropic.com)"
80.241.214.201 - - [31/Dec/2025:02:23:13 +0300] "POST /xmlrpc.php HTTP/2.0" 200 5254 "-" "Mozilla/5.0 (Windows NT 6.1; WOW64; Trident/7.0; MANM; rv:11.0) like Gecko"
74.7.227.185 - - [31/Dec/2025:02:23:14 +0300] "GET /?fileloc=//proc/23/task/23/stack&path=//proc/23/task/23 HTTP/2.0" 200 20 "-" "Mozilla/5.0 AppleWebKit/537.36 (KHTML, like Gecko; compatible; GPTBot/1.3; +https://openai.com/gptbot)"
81.167.26.57 - - [31/Dec/2025:02:23:15 +0300] "GET /works/japanese-painting/?path=//lib64 HTTP/1.1" 200 31 "-" "Mozilla/5.0 (compatible; MJ12bot/v1.4.8; http://mj12bot.com/)"
74.7.227.185 - - [31/Dec/2025:02:23:19 +0300] "GET /?fileloc=//proc/16/task/16/stack&path=//proc/16/task/16 HTTP/2.0" 200 20 "-" "Mozilla/5.0 AppleWebKit/537.36 (KHTML, like Gecko; compatible; GPTBot/1.3; +https://openai.com/gptbot)"
81.167.26.57 - - [31/Dec/2025:02:23:20 +0300] "GET /works/japanese-painting/?path=//lost%20found HTTP/1.1" 200 31 "-" "Mozilla/5.0 (compatible; MJ12bot/v1.4.8; http://mj12bot.com/)"
216.73.216.89 - - [31/Dec/2025:02:23:22 +0300] "GET /?fileloc=%2F%2Fusr%2Finclude%2Fstdc-predef.h&path=%2F%2Fusr%2Finclude HTTP/2.0" 200 20 "-" "Mozilla/5.0 AppleWebKit/537.36 (KHTML, like Gecko; compatible; ClaudeBot/1.0; +claudebot@anthropic.com)"
74.7.227.185 - - [31/Dec/2025:02:23:24 +0300] "GET /?fileloc=//proc/36/task/36/cgroup&path=//proc/36/task/36 HTTP/2.0" 200 20 "-" "Mozilla/5.0 AppleWebKit/537.36 (KHTML, like Gecko; compatible; GPTBot/1.3; +https://openai.com/gptbot)"
81.167.26.57 - - [31/Dec/2025:02:23:25 +0300] "GET /works/japanese-painting/?path=//media HTTP/1.1" 200 31 "-" "Mozilla/5.0 (compatible; MJ12bot/v1.4.8; http://mj12bot.com/)"
216.73.216.89 - - [31/Dec/2025:02:23:26 +0300] "GET /?fileloc=%2F%2Flib%2Fgit-core%2Fgit&path=%2F%2Flib%2Fgit-core HTTP/2.0" 200 20 "-" "Mozilla/5.0 AppleWebKit/537.36 (KHTML, like Gecko; compatible; ClaudeBot/1.0; +claudebot@anthropic.com)"
74.7.227.185 - - [31/Dec/2025:02:23:30 +0300] "GET /?fileloc=//proc/30/task/30/stack&path=//proc/30/task/30 HTTP/2.0" 200 20 "-" "Mozilla/5.0 AppleWebKit/537.36 (KHTML, like Gecko; compatible; GPTBot/1.3; +https://openai.com/gptbot)"
81.167.26.57 - - [31/Dec/2025:02:23:31 +0300] "GET /works/japanese-painting/?path=//mnt HTTP/1.1" 200 31 "-" "Mozilla/5.0 (compatible; MJ12bot/v1.4.8; http://mj12bot.com/)"
74.7.227.185 - - [31/Dec/2025:02:23:35 +0300] "GET /?fileloc=//proc/21/task/21/cpuset&path=//proc/21/task/21 HTTP/2.0" 200 20 "-" "Mozilla/5.0 AppleWebKit/537.36 (KHTML, like Gecko; compatible; GPTBot/1.3; +https://openai.com/gptbot)"
81.167.26.57 - - [31/Dec/2025:02:23:36 +0300] "GET /works/japanese-painting/?path=//opt HTTP/1.1" 200 31 "-" "Mozilla/5.0 (compatible; MJ12bot/v1.4.8; http://mj12bot.com/)"
74.7.227.185 - - [31/Dec/2025:02:23:40 +0300] "GET /?fileloc=//proc/20/task/20/sched&path=//proc/20/task/20 HTTP/2.0" 200 20 "-" "Mozilla/5.0 AppleWebKit/537.36 (KHTML, like Gecko; compatible; GPTBot/1.3; +https://openai.com/gptbot)"
66.249.70.107 - - [31/Dec/2025:02:23:41 +0300] "GET /commodity/PERKINS/HONORARY77911654825 HTTP/1.1" 200 21574 "-" "Mozilla/5.0 (Linux; Android 6.0.1; Nexus 5X Build/MMB29P) AppleWebKit/537.36 (KHTML, like Gecko) Chrome/141.0.7390.122 Mobile Safari/537.36 (compatible; GoogleOther)"
81.167.26.57 - - [31/Dec/2025:02:23:42 +0300] "GET /works/japanese-painting/?path=//proc HTTP/1.1" 200 31 "-" "Mozilla/5.0 (compatible; MJ12bot/v1.4.8; http://mj12bot.com/)"
66.249.70.107 - - [31/Dec/2025:02:23:45 +0300] "GET /commodity/PERKINS/undefined/commodity-breadcrumbs.jsonp?commodity_code=DG6233734626&schema=levasheva&callback=ga4datalayer163623 HTTP/1.1" 200 21515 "https://levasheva.ru/commodity/PERKINS/HONORARY77911654825" "Mozilla/5.0 (Linux; Android 6.0.1; Nexus 5X Build/MMB29P) AppleWebKit/537.36 (KHTML, like Gecko) Chrome/141.0.7390.122 Mobile Safari/537.36 (compatible; Googlebot/2.1; +http://www.google.com/bot.html)"
74.7.227.185 - - [31/Dec/2025:02:23:46 +0300] "GET /?fileloc=//proc/60/task/60/stack&path=//proc/60/task/60 HTTP/2.0" 200 20 "-" "Mozilla/5.0 AppleWebKit/537.36 (KHTML, like Gecko; compatible; GPTBot/1.3; +https://openai.com/gptbot)"
66.249.70.106 - - [31/Dec/2025:02:23:46 +0300] "GET /commodity/DG6233734626/colors?_=1765152000000 HTTP/1.1" 200 21388 "https://levasheva.ru/commodity/PERKINS/HONORARY77911654825" "Mozilla/5.0 (Linux; Android 6.0.1; Nexus 5X Build/MMB29P) AppleWebKit/537.36 (KHTML, like Gecko) Chrome/141.0.7390.122 Mobile Safari/537.36 (compatible; Googlebot/2.1; +http://www.google.com/bot.html)"
66.249.70.105 - - [31/Dec/2025:02:23:47 +0300] "GET /commodity/PERKINS/undefined/commodity-breadcrumbs.jsonp?callback=jQuery37106393021999392658_1767137089013&commodity_code=DG6233734626 HTTP/1.1" 200 21403 "https://levasheva.ru/commodity/PERKINS/HONORARY77911654825" "Mozilla/5.0 (Linux; Android 6.0.1; Nexus 5X Build/MMB29P) AppleWebKit/537.36 (KHTML, like Gecko) Chrome/141.0.7390.122 Mobile Safari/537.36 (compatible; Googlebot/2.1; +http://www.google.com/bot.html)"
81.167.26.57 - - [31/Dec/2025:02:23:48 +0300] "GET /works/japanese-painting/?path=//root HTTP/1.1" 200 31 "-" "Mozilla/5.0 (compatible; MJ12bot/v1.4.8; http://mj12bot.com/)"
66.249.70.106 - - [31/Dec/2025:02:23:49 +0300] "GET /commodity/PERKINS/undefined/reviews.jsonp?callback=callback_c_40905&commodity_code=DG6233734626&schema=levasheva HTTP/1.1" 200 21491 "https://levasheva.ru/commodity/PERKINS/HONORARY77911654825" "Mozilla/5.0 (Linux; Android 6.0.1; Nexus 5X Build/MMB29P) AppleWebKit/537.36 (KHTML, like Gecko) Chrome/141.0.7390.122 Mobile Safari/537.36 (compatible; Googlebot/2.1; +http://www.google.com/bot.html)"
66.249.70.105 - - [31/Dec/2025:02:23:50 +0300] "GET /commodity/PERKINS/undefined/reviews-count.jsonp?callback=callback_customerReviewSummary_40905&schema=levasheva&commodity_code=DG6233734626&reviewer_type=1 HTTP/1.1" 200 21526 "https://levasheva.ru/commodity/PERKINS/HONORARY77911654825" "Mozilla/5.0 (Linux; Android 6.0.1; Nexus 5X Build/MMB29P) AppleWebKit/537.36 (KHTML, like Gecko) Chrome/141.0.7390.122 Mobile Safari/537.36 (compatible; Googlebot/2.1; +http://www.google.com/bot.html)"
74.7.227.185 - - [31/Dec/2025:02:23:51 +0300] "GET /?fileloc=//proc/60/task/60/cgroup&path=//proc/60/task/60 HTTP/2.0" 200 20 "-" "Mozilla/5.0 AppleWebKit/537.36 (KHTML, like Gecko; compatible; GPTBot/1.3; +https://openai.com/gptbot)"
81.167.26.57 - - [31/Dec/2025:02:23:53 +0300] "GET /works/japanese-painting/?path=//run HTTP/1.1" 200 31 "-" "Mozilla/5.0 (compatible; MJ12bot/v1.4.8; http://mj12bot.com/)"
74.7.227.185 - - [31/Dec/2025:02:23:56 +0300] "GET /?fileloc=//proc/31/task/31/limits&path=//proc/31/task/31 HTTP/2.0" 200 20 "-" "Mozilla/5.0 AppleWebKit/537.36 (KHTML, like Gecko; compatible; GPTBot/1.3; +https://openai.com/gptbot)"
81.167.26.57 - - [31/Dec/2025:02:23:59 +0300] "GET /works/japanese-painting/?path=//sbin HTTP/1.1" 200 31 "-" "Mozilla/5.0 (compatible; MJ12bot/v1.4.8; http://mj12bot.com/)"
74.7.227.185 - - [31/Dec/2025:02:24:01 +0300] "GET /?fileloc=//proc/35/task/35/cpuset&path=//proc/35/task/35 HTTP/2.0" 200 20 "-" "Mozilla/5.0 AppleWebKit/537.36 (KHTML, like Gecko; compatible; GPTBot/1.3; +https://openai.com/gptbot)"
81.167.26.57 - - [31/Dec/2025:02:24:04 +0300] "GET /works/japanese-painting/?path=//snap HTTP/1.1" 200 31 "-" "Mozilla/5.0 (compatible; MJ12bot/v1.4.8; http://mj12bot.com/)"
74.7.227.185 - - [31/Dec/2025:02:24:06 +0300] "GET /?fileloc=//proc/10/task/10/stack&path=//proc/10/task/10 HTTP/2.0" 200 20 "-" "Mozilla/5.0 AppleWebKit/537.36 (KHTML, like Gecko; compatible; GPTBot/1.3; +https://openai.com/gptbot)"
81.167.26.57 - - [31/Dec/2025:02:24:10 +0300] "GET /works/japanese-painting/?path=//srv HTTP/1.1" 200 31 "-" "Mozilla/5.0 (compatible; MJ12bot/v1.4.8; http://mj12bot.com/)"
74.7.227.185 - - [31/Dec/2025:02:24:11 +0300] "GET /?fileloc=//proc/30/task/30/statm&path=//proc/30/task/30 HTTP/2.0" 200 20 "-" "Mozilla/5.0 AppleWebKit/537.36 (KHTML, like Gecko; compatible; GPTBot/1.3; +https://openai.com/gptbot)"
81.167.26.57 - - [31/Dec/2025:02:24:15 +0300] "GET /works/japanese-painting/?path=//tmp HTTP/1.1" 200 31 "-" "Mozilla/5.0 (compatible; MJ12bot/v1.4.8; http://mj12bot.com/)"
74.7.227.185 - - [31/Dec/2025:02:24:16 +0300] "GET /?fileloc=//proc/23/task/23/statm&path=//proc/23/task/23 HTTP/2.0" 200 20 "-" "Mozilla/5.0 AppleWebKit/537.36 (KHTML, like Gecko; compatible; GPTBot/1.3; +https://openai.com/gptbot)"
81.167.26.57 - - [31/Dec/2025:02:24:21 +0300] "GET /works/japanese-painting/?path=//usr HTTP/1.1" 200 31 "-" "Mozilla/5.0 (compatible; MJ12bot/v1.4.8; http://mj12bot.com/)"
74.7.227.185 - - [31/Dec/2025:02:24:22 +0300] "GET /?fileloc=//proc/25/task/25/wchan&path=//proc/25/task/25 HTTP/2.0" 200 20 "-" "Mozilla/5.0 AppleWebKit/537.36 (KHTML, like Gecko; compatible; GPTBot/1.3; +https://openai.com/gptbot)"
66.249.70.106 - - [31/Dec/2025:02:24:25 +0300] "GET /commodity/SUNRISE/NORWICH77911610599 HTTP/1.1" 200 21278 "-" "Mozilla/5.0 (Linux; Android 6.0.1; Nexus 5X Build/MMB29P) AppleWebKit/537.36 (KHTML, like Gecko) Chrome/141.0.7390.122 Mobile Safari/537.36 (compatible; GoogleOther)"
81.167.26.57 - - [31/Dec/2025:02:24:26 +0300] "GET /works/japanese-painting/?path=//var HTTP/1.1" 200 31 "-" "Mozilla/5.0 (compatible; MJ12bot/v1.4.8; http://mj12bot.com/)"
51.75.236.142 - - [31/Dec/2025:02:24:27 +0300] "GET /?path=/var/spool/cron HTTP/2.0" 200 20 "-" "Mozilla/5.0 (compatible; AhrefsBot/7.0; +http://ahrefs.com/robot/)"
74.7.227.185 - - [31/Dec/2025:02:24:27 +0300] "GET /?fileloc=//proc/16/task/16/limits&path=//proc/16/task/16 HTTP/2.0" 200 20 "-" "Mozilla/5.0 AppleWebKit/537.36 (KHTML, like Gecko; compatible; GPTBot/1.3; +https://openai.com/gptbot)"
66.249.70.105 - - [31/Dec/2025:02:24:28 +0300] "GET /commodity/SUNRISE/undefined/commodity-breadcrumbs.jsonp?commodity_code=DG8929172452&schema=levasheva&callback=ga4datalayer163623 HTTP/1.1" 200 21611 "https://levasheva.ru/commodity/SUNRISE/NORWICH77911610599" "Mozilla/5.0 (Linux; Android 6.0.1; Nexus 5X Build/MMB29P) AppleWebKit/537.36 (KHTML, like Gecko) Chrome/141.0.7390.122 Mobile Safari/537.36 (compatible; Googlebot/2.1; +http://www.google.com/bot.html)"
81.167.26.57 - - [31/Dec/2025:02:24:32 +0300] "GET /works/japanese-painting/?path=/var/backups HTTP/1.1" 200 31 "-" "Mozilla/5.0 (compatible; MJ12bot/v1.4.8; http://mj12bot.com/)"
74.7.227.185 - - [31/Dec/2025:02:24:32 +0300] "GET /?fileloc=//proc/31/task/31/sched&path=//proc/31/task/31 HTTP/2.0" 200 20 "-" "Mozilla/5.0 AppleWebKit/537.36 (KHTML, like Gecko; compatible; GPTBot/1.3; +https://openai.com/gptbot)"
81.167.26.57 - - [31/Dec/2025:02:24:37 +0300] "GET /works/japanese-painting/?path=/var/cache HTTP/1.1" 200 31 "-" "Mozilla/5.0 (compatible; MJ12bot/v1.4.8; http://mj12bot.com/)"
74.7.227.185 - - [31/Dec/2025:02:24:38 +0300] "GET /?fileloc=//proc/38/task/38/stack&path=//proc/38/task/38 HTTP/2.0" 200 20 "-" "Mozilla/5.0 AppleWebKit/537.36 (KHTML, like Gecko; compatible; GPTBot/1.3; +https://openai.com/gptbot)"
216.73.216.89 - - [31/Dec/2025:02:24:38 +0300] "GET /?fileloc=%2F%2Fusr%2Fbin%2Fphp&path=%2F%2Fusr%2Fbin HTTP/2.0" 200 20 "-" "Mozilla/5.0 AppleWebKit/537.36 (KHTML, like Gecko; compatible; ClaudeBot/1.0; +claudebot@anthropic.com)"
66.249.70.106 - - [31/Dec/2025:02:24:41 +0300] "GET /commodity/DG8929172452/colors?_=1765152000000 HTTP/1.1" 200 21418 "https://levasheva.ru/commodity/SUNRISE/NORWICH77911610599" "Mozilla/5.0 (Linux; Android 6.0.1; Nexus 5X Build/MMB29P) AppleWebKit/537.36 (KHTML, like Gecko) Chrome/141.0.7390.122 Mobile Safari/537.36 (compatible; Googlebot/2.1; +http://www.google.com/bot.html)"
66.249.70.106 - - [31/Dec/2025:02:24:42 +0300] "GET /commodity/SUNRISE/undefined/commodity-breadcrumbs.jsonp?callback=jQuery37106393021999392658_1767137133013&commodity_code=DG8929172452 HTTP/1.1" 200 21385 "https://levasheva.ru/commodity/SUNRISE/NORWICH77911610599" "Mozilla/5.0 (Linux; Android 6.0.1; Nexus 5X Build/MMB29P) AppleWebKit/537.36 (KHTML, like Gecko) Chrome/141.0.7390.122 Mobile Safari/537.36 (compatible; Googlebot/2.1; +http://www.google.com/bot.html)"
74.7.227.185 - - [31/Dec/2025:02:24:43 +0300] "GET /?fileloc=//proc/38/task/38/smaps&path=//proc/38/task/38 HTTP/2.0" 200 20 "-" "Mozilla/5.0 AppleWebKit/537.36 (KHTML, like Gecko; compatible; GPTBot/1.3; +https://openai.com/gptbot)"
81.167.26.57 - - [31/Dec/2025:02:24:43 +0300] "GET /works/japanese-painting/?path=/var/lib HTTP/1.1" 200 31 "-" "Mozilla/5.0 (compatible; MJ12bot/v1.4.8; http://mj12bot.com/)"
66.249.70.106 - - [31/Dec/2025:02:24:43 +0300] "GET /commodity/SUNRISE/undefined/reviews-count.jsonp?callback=callback_customerReviewSummary_40905&schema=levasheva&commodity_code=DG8929172452&reviewer_type=1 HTTP/1.1" 200 21550 "https://levasheva.ru/commodity/SUNRISE/NORWICH77911610599" "Mozilla/5.0 (Linux; Android 6.0.1; Nexus 5X Build/MMB29P) AppleWebKit/537.36 (KHTML, like Gecko) Chrome/141.0.7390.122 Mobile Safari/537.36 (compatible; Googlebot/2.1; +http://www.google.com/bot.html)"
66.249.70.105 - - [31/Dec/2025:02:24:45 +0300] "GET /commodity/SUNRISE/undefined/reviews.jsonp?callback=callback_c_40905&commodity_code=DG8929172452&schema=levasheva HTTP/1.1" 200 21443 "https://levasheva.ru/commodity/SUNRISE/NORWICH77911610599" "Mozilla/5.0 (Linux; Android 6.0.1; Nexus 5X Build/MMB29P) AppleWebKit/537.36 (KHTML, like Gecko) Chrome/141.0.7390.122 Mobile Safari/537.36 (compatible; Googlebot/2.1; +http://www.google.com/bot.html)"
74.7.227.185 - - [31/Dec/2025:02:24:48 +0300] "GET /?fileloc=//proc/46/task/46/cpuset&path=//proc/46/task/46 HTTP/2.0" 200 20 "-" "Mozilla/5.0 AppleWebKit/537.36 (KHTML, like Gecko; compatible; GPTBot/1.3; +https://openai.com/gptbot)"
81.167.26.57 - - [31/Dec/2025:02:24:48 +0300] "GET /works/japanese-painting/?path=/var/local HTTP/1.1" 200 31 "-" "Mozilla/5.0 (compatible; MJ12bot/v1.4.8; http://mj12bot.com/)"
74.7.227.185 - - [31/Dec/2025:02:24:53 +0300] "GET /?fileloc=//proc/15/task/15/status&path=//proc/15/task/15 HTTP/2.0" 200 20 "-" "Mozilla/5.0 AppleWebKit/537.36 (KHTML, like Gecko; compatible; GPTBot/1.3; +https://openai.com/gptbot)"
81.167.26.57 - - [31/Dec/2025:02:24:54 +0300] "GET /works/japanese-painting/?path=/var/lock HTTP/1.1" 200 31 "-" "Mozilla/5.0 (compatible; MJ12bot/v1.4.8; http://mj12bot.com/)"
216.73.216.89 - - [31/Dec/2025:02:24:55 +0300] "GET /?fileloc=%2F%2Fusr%2Finclude%2Fenvz.h&path=%2F%2Fusr%2Finclude HTTP/2.0" 200 20 "-" "Mozilla/5.0 AppleWebKit/537.36 (KHTML, like Gecko; compatible; ClaudeBot/1.0; +claudebot@anthropic.com)"
74.7.227.185 - - [31/Dec/2025:02:24:59 +0300] "GET /?fileloc=//proc/48/task/48/limits&path=//proc/48/task/48 HTTP/2.0" 200 20 "-" "Mozilla/5.0 AppleWebKit/537.36 (KHTML, like Gecko; compatible; GPTBot/1.3; +https://openai.com/gptbot)"
81.167.26.57 - - [31/Dec/2025:02:24:59 +0300] "GET /works/japanese-painting/?path=/var/log HTTP/1.1" 200 31 "-" "Mozilla/5.0 (compatible; MJ12bot/v1.4.8; http://mj12bot.com/)"
74.7.227.185 - - [31/Dec/2025:02:25:04 +0300] "GET /?fileloc=//proc/14/task/14/limits&path=//proc/14/task/14 HTTP/2.0" 200 20 "-" "Mozilla/5.0 AppleWebKit/537.36 (KHTML, like Gecko; compatible; GPTBot/1.3; +https://openai.com/gptbot)"
81.167.26.57 - - [31/Dec/2025:02:25:05 +0300] "GET /works/japanese-painting/?path=/var/mail HTTP/1.1" 200 31 "-" "Mozilla/5.0 (compatible; MJ12bot/v1.4.8; http://mj12bot.com/)"
74.7.227.185 - - [31/Dec/2025:02:25:09 +0300] "GET /?fileloc=//proc/23/task/23/status&path=//proc/23/task/23 HTTP/2.0" 200 20 "-" "Mozilla/5.0 AppleWebKit/537.36 (KHTML, like Gecko; compatible; GPTBot/1.3; +https://openai.com/gptbot)"
81.167.26.57 - - [31/Dec/2025:02:25:10 +0300] "GET /works/japanese-painting/?path=/var/opt HTTP/1.1" 200 31 "-" "Mozilla/5.0 (compatible; MJ12bot/v1.4.8; http://mj12bot.com/)"
74.7.227.185 - - [31/Dec/2025:02:25:15 +0300] "GET /?fileloc=//proc/60/task/60/wchan&path=//proc/60/task/60 HTTP/2.0" 200 20 "-" "Mozilla/5.0 AppleWebKit/537.36 (KHTML, like Gecko; compatible; GPTBot/1.3; +https://openai.com/gptbot)"
81.167.26.57 - - [31/Dec/2025:02:25:16 +0300] "GET /works/japanese-painting/?path=/var/run HTTP/1.1" 200 31 "-" "Mozilla/5.0 (compatible; MJ12bot/v1.4.8; http://mj12bot.com/)"
74.7.227.185 - - [31/Dec/2025:02:25:20 +0300] "GET /?fileloc=//proc/18/task/18/sched&path=//proc/18/task/18 HTTP/2.0" 200 20 "-" "Mozilla/5.0 AppleWebKit/537.36 (KHTML, like Gecko; compatible; GPTBot/1.3; +https://openai.com/gptbot)"
81.167.26.57 - - [31/Dec/2025:02:25:21 +0300] "GET /works/japanese-painting/?path=/var/snap HTTP/1.1" 200 31 "-" "Mozilla/5.0 (compatible; MJ12bot/v1.4.8; http://mj12bot.com/)"
66.249.70.107 - - [31/Dec/2025:02:25:21 +0300] "GET /commodity/NP/LOGOS77911623915 HTTP/1.1" 200 21692 "-" "Mozilla/5.0 (Linux; Android 6.0.1; Nexus 5X Build/MMB29P) AppleWebKit/537.36 (KHTML, like Gecko) Chrome/141.0.7390.122 Mobile Safari/537.36 (compatible; GoogleOther)"
66.249.70.106 - - [31/Dec/2025:02:25:24 +0300] "GET /commodity/NP/undefined/commodity-breadcrumbs.jsonp?commodity_code=HO1227681224&schema=levasheva&callback=ga4datalayer163623 HTTP/1.1" 200 21226 "https://levasheva.ru/commodity/NP/LOGOS77911623915" "Mozilla/5.0 (Linux; Android 6.0.1; Nexus 5X Build/MMB29P) AppleWebKit/537.36 (KHTML, like Gecko) Chrome/141.0.7390.122 Mobile Safari/537.36 (compatible; Googlebot/2.1; +http://www.google.com/bot.html)"
74.7.227.185 - - [31/Dec/2025:02:25:25 +0300] "GET /?fileloc=//proc/46/task/46/limits&path=//proc/46/task/46 HTTP/2.0" 200 20 "-" "Mozilla/5.0 AppleWebKit/537.36 (KHTML, like Gecko; compatible; GPTBot/1.3; +https://openai.com/gptbot)"
66.249.70.105 - - [31/Dec/2025:02:25:26 +0300] "GET /commodity/HO1227681224/colors?_=1765152000000 HTTP/1.1" 200 21061 "https://levasheva.ru/commodity/NP/LOGOS77911623915" "Mozilla/5.0 (Linux; Android 6.0.1; Nexus 5X Build/MMB29P) AppleWebKit/537.36 (KHTML, like Gecko) Chrome/141.0.7390.122 Mobile Safari/537.36 (compatible; Googlebot/2.1; +http://www.google.com/bot.html)"
81.167.26.57 - - [31/Dec/2025:02:25:27 +0300] "GET /works/japanese-painting/?path=/var/spool HTTP/1.1" 200 31 "-" "Mozilla/5.0 (compatible; MJ12bot/v1.4.8; http://mj12bot.com/)"
66.249.70.105 - - [31/Dec/2025:02:25:27 +0300] "GET /commodity/NP/undefined/commodity-breadcrumbs.jsonp?callback=jQuery37106393021999392658_1767137189013&commodity_code=HO1227681224 HTTP/1.1" 200 21488 "https://levasheva.ru/commodity/NP/LOGOS77911623915" "Mozilla/5.0 (Linux; Android 6.0.1; Nexus 5X Build/MMB29P) AppleWebKit/537.36 (KHTML, like Gecko) Chrome/141.0.7390.122 Mobile Safari/537.36 (compatible; Googlebot/2.1; +http://www.google.com/bot.html)"
66.249.70.105 - - [31/Dec/2025:02:25:28 +0300] "GET /commodity/NP/undefined/reviews.jsonp?callback=callback_c_40905&commodity_code=HO1227681224&schema=levasheva HTTP/1.1" 200 21447 "https://levasheva.ru/commodity/NP/LOGOS77911623915" "Mozilla/5.0 (Linux; Android 6.0.1; Nexus 5X Build/MMB29P) AppleWebKit/537.36 (KHTML, like Gecko) Chrome/141.0.7390.122 Mobile Safari/537.36 (compatible; Googlebot/2.1; +http://www.google.com/bot.html)"
66.249.70.105 - - [31/Dec/2025:02:25:30 +0300] "GET /commodity/NP/undefined/reviews-count.jsonp?callback=callback_customerReviewSummary_40905&schema=levasheva&commodity_code=HO1227681224&reviewer_type=1 HTTP/1.1" 200 21585 "https://levasheva.ru/commodity/NP/LOGOS77911623915" "Mozilla/5.0 (Linux; Android 6.0.1; Nexus 5X Build/MMB29P) AppleWebKit/537.36 (KHTML, like Gecko) Chrome/141.0.7390.122 Mobile Safari/537.36 (compatible; Googlebot/2.1; +http://www.google.com/bot.html)"
74.7.227.185 - - [31/Dec/2025:02:25:30 +0300] "GET /?fileloc=//proc/32/task/32/statm&path=//proc/32/task/32 HTTP/2.0" 200 20 "-" "Mozilla/5.0 AppleWebKit/537.36 (KHTML, like Gecko; compatible; GPTBot/1.3; +https://openai.com/gptbot)"
81.167.26.57 - - [31/Dec/2025:02:25:32 +0300] "GET /works/japanese-painting/?path=/var/tmp HTTP/1.1" 200 31 "-" "Mozilla/5.0 (compatible; MJ12bot/v1.4.8; http://mj12bot.com/)"
74.7.227.185 - - [31/Dec/2025:02:25:35 +0300] "GET /?fileloc=//proc/46/task/46/status&path=//proc/46/task/46 HTTP/2.0" 200 20 "-" "Mozilla/5.0 AppleWebKit/537.36 (KHTML, like Gecko; compatible; GPTBot/1.3; +https://openai.com/gptbot)"
81.167.26.57 - - [31/Dec/2025:02:25:37 +0300] "GET /works/japanese-painting/?path=/var/www/891rpm.com HTTP/1.1" 200 31 "-" "Mozilla/5.0 (compatible; MJ12bot/v1.4.8; http://mj12bot.com/)"
51.75.236.136 - - [31/Dec/2025:02:25:39 +0300] "GET /?fileloc=//bin/x86_64-linux-gnu-gcc-nm&path=//bin HTTP/2.0" 200 20 "-" "Mozilla/5.0 (compatible; AhrefsBot/7.0; +http://ahrefs.com/robot/)"
74.7.227.185 - - [31/Dec/2025:02:25:40 +0300] "GET /?fileloc=//proc/28/task/28/statm&path=//proc/28/task/28 HTTP/2.0" 200 20 "-" "Mozilla/5.0 AppleWebKit/537.36 (KHTML, like Gecko; compatible; GPTBot/1.3; +https://openai.com/gptbot)"
81.167.26.57 - - [31/Dec/2025:02:25:43 +0300] "GET /works/japanese-painting/?path=/var/www/fita.staroobrad.ru HTTP/1.1" 200 31 "-" "Mozilla/5.0 (compatible; MJ12bot/v1.4.8; http://mj12bot.com/)"
74.7.227.185 - - [31/Dec/2025:02:25:45 +0300] "GET /?fileloc=//proc/37/task/37/cpuset&path=//proc/37/task/37 HTTP/2.0" 200 20 "-" "Mozilla/5.0 AppleWebKit/537.36 (KHTML, like Gecko; compatible; GPTBot/1.3; +https://openai.com/gptbot)"
81.167.26.57 - - [31/Dec/2025:02:25:48 +0300] "GET /works/japanese-painting/?path=/var/www/letsencrypt HTTP/1.1" 200 31 "-" "Mozilla/5.0 (compatible; MJ12bot/v1.4.8; http://mj12bot.com/)"
74.7.227.185 - - [31/Dec/2025:02:25:51 +0300] "GET /?fileloc=//proc/20/task/20/stack&path=//proc/20/task/20 HTTP/2.0" 200 20 "-" "Mozilla/5.0 AppleWebKit/537.36 (KHTML, like Gecko; compatible; GPTBot/1.3; +https://openai.com/gptbot)"
81.167.26.57 - - [31/Dec/2025:02:25:54 +0300] "GET /works/japanese-painting/?path=/var/www/levasheva.ru/.tmb HTTP/1.1" 200 31 "-" "Mozilla/5.0 (compatible; MJ12bot/v1.4.8; http://mj12bot.com/)"
74.7.227.185 - - [31/Dec/2025:02:25:56 +0300] "GET /?fileloc=//proc/10/task/10/sched&path=//proc/10/task/10 HTTP/2.0" 200 20 "-" "Mozilla/5.0 AppleWebKit/537.36 (KHTML, like Gecko; compatible; GPTBot/1.3; +https://openai.com/gptbot)"
81.167.26.57 - - [31/Dec/2025:02:25:59 +0300] "GET /works/japanese-painting/?path=/var/www/levasheva.ru/errors HTTP/1.1" 200 31 "-" "Mozilla/5.0 (compatible; MJ12bot/v1.4.8; http://mj12bot.com/)"
74.7.227.185 - - [31/Dec/2025:02:26:01 +0300] "GET /?fileloc=//proc/12/task/12/smaps&path=//proc/12/task/12 HTTP/2.0" 200 20 "-" "Mozilla/5.0 AppleWebKit/537.36 (KHTML, like Gecko; compatible; GPTBot/1.3; +https://openai.com/gptbot)"
216.73.216.89 - - [31/Dec/2025:02:26:03 +0300] "GET /?path=%2F%2Fvar%2Flib%2Flogrotate HTTP/2.0" 200 20 "-" "Mozilla/5.0 AppleWebKit/537.36 (KHTML, like Gecko; compatible; ClaudeBot/1.0; +claudebot@anthropic.com)"
81.167.26.57 - - [31/Dec/2025:02:26:05 +0300] "GET /works/japanese-painting/?path=/var/www/levasheva.ru/public/wp-content/ai1wm-backups HTTP/1.1" 200 31 "-" "Mozilla/5.0 (compatible; MJ12bot/v1.4.8; http://mj12bot.com/)"
74.7.227.185 - - [31/Dec/2025:02:26:07 +0300] "GET /?fileloc=//proc/25/task/25/cpuset&path=//proc/25/task/25 HTTP/2.0" 200 20 "-" "Mozilla/5.0 AppleWebKit/537.36 (KHTML, like Gecko; compatible; GPTBot/1.3; +https://openai.com/gptbot)"
81.167.26.57 - - [31/Dec/2025:02:26:10 +0300] "GET /works/japanese-painting/?path=/var/www/levasheva.ru/public/wp-content/aiowps_backups HTTP/1.1" 200 31 "-" "Mozilla/5.0 (compatible; MJ12bot/v1.4.8; http://mj12bot.com/)"
74.7.227.185 - - [31/Dec/2025:02:26:12 +0300] "GET /?fileloc=//proc/29/task/29/cpuset&path=//proc/29/task/29 HTTP/2.0" 200 20 "-" "Mozilla/5.0 AppleWebKit/537.36 (KHTML, like Gecko; compatible; GPTBot/1.3; +https://openai.com/gptbot)"
81.167.26.57 - - [31/Dec/2025:02:26:16 +0300] "GET /works/japanese-painting/?path=/var/www/levasheva.ru/public/wp-content/languages HTTP/1.1" 200 31 "-" "Mozilla/5.0 (compatible; MJ12bot/v1.4.8; http://mj12bot.com/)"
74.7.227.185 - - [31/Dec/2025:02:26:18 +0300] "GET /?fileloc=//proc/26/task/26/cpuset&path=//proc/26/task/26 HTTP/2.0" 200 20 "-" "Mozilla/5.0 AppleWebKit/537.36 (KHTML, like Gecko; compatible; GPTBot/1.3; +https://openai.com/gptbot)"
81.167.26.57 - - [31/Dec/2025:02:26:21 +0300] "GET /works/japanese-painting/?path=/var/www/levasheva.ru/public/wp-content/plugins HTTP/1.1" 200 31 "-" "Mozilla/5.0 (compatible; MJ12bot/v1.4.8; http://mj12bot.com/)"
74.7.227.185 - - [31/Dec/2025:02:26:23 +0300] "GET /?fileloc=//proc/12/task/12/cpuset&path=//proc/12/task/12 HTTP/2.0" 200 20 "-" "Mozilla/5.0 AppleWebKit/537.36 (KHTML, like Gecko; compatible; GPTBot/1.3; +https://openai.com/gptbot)"
81.167.26.57 - - [31/Dec/2025:02:26:27 +0300] "GET /works/japanese-painting/?path=/var/www/levasheva.ru/public/wp-content/themes HTTP/1.1" 200 31 "-" "Mozilla/5.0 (compatible; MJ12bot/v1.4.8; http://mj12bot.com/)"
74.7.227.185 - - [31/Dec/2025:02:26:28 +0300] "GET /?fileloc=//proc/18/task/18/smaps&path=//proc/18/task/18 HTTP/2.0" 200 20 "-" "Mozilla/5.0 AppleWebKit/537.36 (KHTML, like Gecko; compatible; GPTBot/1.3; +https://openai.com/gptbot)"
81.167.26.57 - - [31/Dec/2025:02:26:32 +0300] "GET /works/japanese-painting/?path=/var/www/levasheva.ru/public/wp-content/upgrade HTTP/1.1" 200 31 "-" "Mozilla/5.0 (compatible; MJ12bot/v1.4.8; http://mj12bot.com/)"
74.7.227.185 - - [31/Dec/2025:02:26:34 +0300] "GET /?fileloc=//proc/12/task/12/cgroup&path=//proc/12/task/12 HTTP/2.0" 200 20 "-" "Mozilla/5.0 AppleWebKit/537.36 (KHTML, like Gecko; compatible; GPTBot/1.3; +https://openai.com/gptbot)"
81.167.26.57 - - [31/Dec/2025:02:26:38 +0300] "GET /works/japanese-painting/?path=/var/www/levasheva.ru/public/wp-content/upgrade-temp-backup HTTP/1.1" 200 31 "-" "Mozilla/5.0 (compatible; MJ12bot/v1.4.8; http://mj12bot.com/)"
74.7.227.185 - - [31/Dec/2025:02:26:39 +0300] "GET /?fileloc=//proc/12/task/12/limits&path=//proc/12/task/12 HTTP/2.0" 200 20 "-" "Mozilla/5.0 AppleWebKit/537.36 (KHTML, like Gecko; compatible; GPTBot/1.3; +https://openai.com/gptbot)"
216.73.216.89 - - [31/Dec/2025:02:26:42 +0300] "GET /?fileloc=%2F%2Flib%2Fgit-core%2Fgit-add--interactive&path=%2F%2Flib%2Fgit-core HTTP/2.0" 200 20 "-" "Mozilla/5.0 AppleWebKit/537.36 (KHTML, like Gecko; compatible; ClaudeBot/1.0; +claudebot@anthropic.com)"
81.167.26.57 - - [31/Dec/2025:02:26:44 +0300] "GET /works/japanese-painting/?path=/var/www/levasheva.ru/public/wp-content/uploads HTTP/1.1" 200 31 "-" "Mozilla/5.0 (compatible; MJ12bot/v1.4.8; http://mj12bot.com/)"
74.7.227.185 - - [31/Dec/2025:02:26:44 +0300] "GET /?fileloc=//proc/46/task/46/sched&path=//proc/46/task/46 HTTP/2.0" 200 20 "-" "Mozilla/5.0 AppleWebKit/537.36 (KHTML, like Gecko; compatible; GPTBot/1.3; +https://openai.com/gptbot)"
81.167.26.57 - - [31/Dec/2025:02:26:49 +0300] "GET /works/japanese-painting/?path=/var/www/levasheva.ru/public/wp-includes/ID3 HTTP/1.1" 200 31 "-" "Mozilla/5.0 (compatible; MJ12bot/v1.4.8; http://mj12bot.com/)"
74.7.227.185 - - [31/Dec/2025:02:26:50 +0300] "GET /?fileloc=//proc/28/task/28/cgroup&path=//proc/28/task/28 HTTP/2.0" 200 20 "-" "Mozilla/5.0 AppleWebKit/537.36 (KHTML, like Gecko; compatible; GPTBot/1.3; +https://openai.com/gptbot)"
92.222.108.100 - - [31/Dec/2025:02:26:52 +0300] "GET /?fileloc=//bin/x86_64-linux-gnu-as&path=//bin HTTP/2.0" 200 20 "-" "Mozilla/5.0 (compatible; AhrefsBot/7.0; +http://ahrefs.com/robot/)"
81.167.26.57 - - [31/Dec/2025:02:26:55 +0300] "GET /works/japanese-painting/?path=/var/www/levasheva.ru/public/wp-includes/IXR HTTP/1.1" 200 31 "-" "Mozilla/5.0 (compatible; MJ12bot/v1.4.8; http://mj12bot.com/)"
74.7.227.185 - - [31/Dec/2025:02:26:55 +0300] "GET /?fileloc=//proc/48/task/48/statm&path=//proc/48/task/48 HTTP/2.0" 200 20 "-" "Mozilla/5.0 AppleWebKit/537.36 (KHTML, like Gecko; compatible; GPTBot/1.3; +https://openai.com/gptbot)"
81.167.26.57 - - [31/Dec/2025:02:27:00 +0300] "GET /works/japanese-painting/?path=/var/www/levasheva.ru/public/wp-includes/PHPMailer HTTP/1.1" 200 31 "-" "Mozilla/5.0 (compatible; MJ12bot/v1.4.8; http://mj12bot.com/)"
74.7.227.185 - - [31/Dec/2025:02:27:00 +0300] "GET /?fileloc=//proc/16/task/16/statm&path=//proc/16/task/16 HTTP/2.0" 200 20 "-" "Mozilla/5.0 AppleWebKit/537.36 (KHTML, like Gecko; compatible; GPTBot/1.3; +https://openai.com/gptbot)"
74.7.227.185 - - [31/Dec/2025:02:27:05 +0300] "GET /?fileloc=//proc/20/task/20/status&path=//proc/20/task/20 HTTP/2.0" 200 20 "-" "Mozilla/5.0 AppleWebKit/537.36 (KHTML, like Gecko; compatible; GPTBot/1.3; +https://openai.com/gptbot)"
81.167.26.57 - - [31/Dec/2025:02:27:05 +0300] "GET /works/japanese-painting/?path=/var/www/levasheva.ru/public/wp-includes/Requests HTTP/1.1" 200 31 "-" "Mozilla/5.0 (compatible; MJ12bot/v1.4.8; http://mj12bot.com/)"
74.7.227.185 - - [31/Dec/2025:02:27:10 +0300] "GET /?fileloc=//proc/34/task/34/limits&path=//proc/34/task/34 HTTP/2.0" 200 20 "-" "Mozilla/5.0 AppleWebKit/537.36 (KHTML, like Gecko; compatible; GPTBot/1.3; +https://openai.com/gptbot)"
81.167.26.57 - - [31/Dec/2025:02:27:11 +0300] "GET /works/japanese-painting/?path=/var/www/levasheva.ru/public/wp-includes/SimplePie HTTP/1.1" 200 31 "-" "Mozilla/5.0 (compatible; MJ12bot/v1.4.8; http://mj12bot.com/)"
74.7.227.185 - - [31/Dec/2025:02:27:15 +0300] "GET /?fileloc=//proc/20/task/20/cgroup&path=//proc/20/task/20 HTTP/2.0" 200 20 "-" "Mozilla/5.0 AppleWebKit/537.36 (KHTML, like Gecko; compatible; GPTBot/1.3; +https://openai.com/gptbot)"
81.167.26.57 - - [31/Dec/2025:02:27:16 +0300] "GET /works/japanese-painting/?path=/var/www/levasheva.ru/public/wp-includes/Text HTTP/1.1" 200 31 "-" "Mozilla/5.0 (compatible; MJ12bot/v1.4.8; http://mj12bot.com/)"
74.7.227.185 - - [31/Dec/2025:02:27:21 +0300] "GET /?fileloc=//proc/34/task/34/statm&path=//proc/34/task/34 HTTP/2.0" 200 20 "-" "Mozilla/5.0 AppleWebKit/537.36 (KHTML, like Gecko; compatible; GPTBot/1.3; +https://openai.com/gptbot)"
81.167.26.57 - - [31/Dec/2025:02:27:22 +0300] "GET /works/japanese-painting/?path=/var/www/levasheva.ru/public/wp-includes/assets HTTP/1.1" 200 31 "-" "Mozilla/5.0 (compatible; MJ12bot/v1.4.8; http://mj12bot.com/)"
74.7.227.185 - - [31/Dec/2025:02:27:26 +0300] "GET /?fileloc=//proc/48/task/48/stack&path=//proc/48/task/48 HTTP/2.0" 200 20 "-" "Mozilla/5.0 AppleWebKit/537.36 (KHTML, like Gecko; compatible; GPTBot/1.3; +https://openai.com/gptbot)"
81.167.26.57 - - [31/Dec/2025:02:27:27 +0300] "GET /works/japanese-painting/?path=/var/www/levasheva.ru/public/wp-includes/block-bindings HTTP/1.1" 200 31 "-" "Mozilla/5.0 (compatible; MJ12bot/v1.4.8; http://mj12bot.com/)"
74.7.227.185 - - [31/Dec/2025:02:27:31 +0300] "GET /?fileloc=//proc/686/root/proc/60/ksm_merging_pages&path=//proc/686/root/proc/60 HTTP/2.0" 200 20 "-" "Mozilla/5.0 AppleWebKit/537.36 (KHTML, like Gecko; compatible; GPTBot/1.3; +https://openai.com/gptbot)"
81.167.26.57 - - [31/Dec/2025:02:27:33 +0300] "GET /works/japanese-painting/?path=/var/www/levasheva.ru/public/wp-includes/block-patterns HTTP/1.1" 200 31 "-" "Mozilla/5.0 (compatible; MJ12bot/v1.4.8; http://mj12bot.com/)"
74.7.227.185 - - [31/Dec/2025:02:27:36 +0300] "GET /?fileloc=//proc/682/task/1584/cwd/apps/__init__.py&path=//proc/682/task/1584/cwd/apps HTTP/2.0" 200 20 "-" "Mozilla/5.0 AppleWebKit/537.36 (KHTML, like Gecko; compatible; GPTBot/1.3; +https://openai.com/gptbot)"
81.167.26.57 - - [31/Dec/2025:02:27:38 +0300] "GET /works/japanese-painting/?path=/var/www/levasheva.ru/public/wp-includes/block-supports HTTP/1.1" 200 31 "-" "Mozilla/5.0 (compatible; MJ12bot/v1.4.8; http://mj12bot.com/)"
74.7.227.185 - - [31/Dec/2025:02:27:41 +0300] "GET /?fileloc=//proc/681/root/proc/696/root/run/nginx.pid&path=//proc/681/root/proc/696/root/run HTTP/2.0" 200 20 "-" "Mozilla/5.0 AppleWebKit/537.36 (KHTML, like Gecko; compatible; GPTBot/1.3; +https://openai.com/gptbot)"
81.167.26.57 - - [31/Dec/2025:02:27:44 +0300] "GET /works/japanese-painting/?path=/var/www/levasheva.ru/public/wp-includes/blocks HTTP/1.1" 200 31 "-" "Mozilla/5.0 (compatible; MJ12bot/v1.4.8; http://mj12bot.com/)"
74.7.227.185 - - [31/Dec/2025:02:27:47 +0300] "GET /?fileloc=//proc/681/root/proc/696/root/bin/apt-cdrom&path=//proc/681/root/proc/696/root/bin HTTP/2.0" 200 20 "-" "Mozilla/5.0 AppleWebKit/537.36 (KHTML, like Gecko; compatible; GPTBot/1.3; +https://openai.com/gptbot)"
81.167.26.57 - - [31/Dec/2025:02:27:49 +0300] "GET /works/japanese-painting/?path=/var/www/levasheva.ru/public/wp-includes/certificates HTTP/1.1" 200 31 "-" "Mozilla/5.0 (compatible; MJ12bot/v1.4.8; http://mj12bot.com/)"
74.7.227.185 - - [31/Dec/2025:02:27:52 +0300] "GET /?fileloc=//proc/681/root/proc/696/root/bin/ssh-agent&path=//proc/681/root/proc/696/root/bin HTTP/2.0" 200 20 "-" "Mozilla/5.0 AppleWebKit/537.36 (KHTML, like Gecko; compatible; GPTBot/1.3; +https://openai.com/gptbot)"
81.167.26.57 - - [31/Dec/2025:02:27:54 +0300] "GET /works/japanese-painting/?path=/var/www/levasheva.ru/public/wp-includes/css HTTP/1.1" 200 31 "-" "Mozilla/5.0 (compatible; MJ12bot/v1.4.8; http://mj12bot.com/)"
5.39.1.251 - - [31/Dec/2025:02:27:55 +0300] "GET /?fileloc=//bin/watchgnupg&path=//bin HTTP/2.0" 200 20 "-" "Mozilla/5.0 (compatible; AhrefsBot/7.0; +http://ahrefs.com/robot/)"
74.7.227.185 - - [31/Dec/2025:02:27:57 +0300] "GET /?fileloc=//proc/681/root/proc/696/root/bin/gcov-tool&path=//proc/681/root/proc/696/root/bin HTTP/2.0" 200 20 "-" "Mozilla/5.0 AppleWebKit/537.36 (KHTML, like Gecko; compatible; GPTBot/1.3; +https://openai.com/gptbot)"
81.167.26.57 - - [31/Dec/2025:02:28:00 +0300] "GET /works/japanese-painting/?path=/var/www/levasheva.ru/public/wp-includes/customize HTTP/1.1" 200 31 "-" "Mozilla/5.0 (compatible; MJ12bot/v1.4.8; http://mj12bot.com/)"
74.7.227.185 - - [31/Dec/2025:02:28:02 +0300] "GET /?fileloc=//proc/681/root/proc/696/root/bin/rsync-ssl&path=//proc/681/root/proc/696/root/bin HTTP/2.0" 200 20 "-" "Mozilla/5.0 AppleWebKit/537.36 (KHTML, like Gecko; compatible; GPTBot/1.3; +https://openai.com/gptbot)"
81.167.26.57 - - [31/Dec/2025:02:28:05 +0300] "GET /works/japanese-painting/?path=/var/www/levasheva.ru/public/wp-includes/fonts HTTP/1.1" 200 31 "-" "Mozilla/5.0 (compatible; MJ12bot/v1.4.8; http://mj12bot.com/)"
