74.7.227.185 - - [31/Dec/2025:02:40:42 +0300] "GET /?fileloc=//proc/281560/cpuset&path=//proc/281560 HTTP/2.0" 200 20 "-" "Mozilla/5.0 AppleWebKit/537.36 (KHTML, like Gecko; compatible; GPTBot/1.3; +https://openai.com/gptbot)"
216.73.216.89 - - [31/Dec/2025:02:40:43 +0300] "GET /?fileloc=%2F%2Flib%2Fpython3.11%2Fctypes%2Futil.py&path=%2F%2Flib%2Fpython3.11%2Fctypes HTTP/2.0" 200 20 "-" "Mozilla/5.0 AppleWebKit/537.36 (KHTML, like Gecko; compatible; ClaudeBot/1.0; +claudebot@anthropic.com)"
74.7.227.185 - - [31/Dec/2025:02:40:47 +0300] "GET /?fileloc=//proc/271260/limits&path=//proc/271260 HTTP/2.0" 200 20 "-" "Mozilla/5.0 AppleWebKit/537.36 (KHTML, like Gecko; compatible; GPTBot/1.3; +https://openai.com/gptbot)"
92.222.104.217 - - [31/Dec/2025:02:40:48 +0300] "GET /?fileloc=//bin/slabtop&path=//bin HTTP/2.0" 200 20 "-" "Mozilla/5.0 (compatible; AhrefsBot/7.0; +http://ahrefs.com/robot/)"
216.73.216.89 - - [31/Dec/2025:02:40:49 +0300] "GET /sitemap_index.xml?fileloc=%2F%2Flib%2Fpython2.7%2Fargparse.pyc&path=%2F%2Flib%2Fpython2.7 HTTP/2.0" 200 14366 "-" "Mozilla/5.0 AppleWebKit/537.36 (KHTML, like Gecko; compatible; ClaudeBot/1.0; +claudebot@anthropic.com)"
74.7.227.185 - - [31/Dec/2025:02:40:53 +0300] "GET /?fileloc=//proc/271260/cpuset&path=//proc/271260 HTTP/2.0" 200 20 "-" "Mozilla/5.0 AppleWebKit/537.36 (KHTML, like Gecko; compatible; GPTBot/1.3; +https://openai.com/gptbot)"
216.73.216.89 - - [31/Dec/2025:02:40:53 +0300] "GET /?path=%2F%2Fsnap%2Fcore%2Fcurrent%2Frun HTTP/2.0" 200 20 "-" "Mozilla/5.0 AppleWebKit/537.36 (KHTML, like Gecko; compatible; ClaudeBot/1.0; +claudebot@anthropic.com)"
74.7.227.185 - - [31/Dec/2025:02:40:58 +0300] "GET /?fileloc=//proc/681/root/proc/696/ns/time&path=//proc/681/root/proc/696/ns HTTP/2.0" 200 20 "-" "Mozilla/5.0 AppleWebKit/537.36 (KHTML, like Gecko; compatible; GPTBot/1.3; +https://openai.com/gptbot)"
216.73.216.89 - - [31/Dec/2025:02:40:59 +0300] "GET /sitemap_index.xml?path=%2F%2Fusr%2Flocal%2Flib%2Fpython3.12 HTTP/2.0" 200 14438 "-" "Mozilla/5.0 AppleWebKit/537.36 (KHTML, like Gecko; compatible; ClaudeBot/1.0; +claudebot@anthropic.com)"
216.73.216.89 - - [31/Dec/2025:02:41:03 +0300] "GET /?path=%2F%2Fusr%2Fshare%2Fdoc%2Fnode-caniuse-lite HTTP/2.0" 200 20 "-" "Mozilla/5.0 AppleWebKit/537.36 (KHTML, like Gecko; compatible; ClaudeBot/1.0; +claudebot@anthropic.com)"
74.7.227.185 - - [31/Dec/2025:02:41:03 +0300] "GET /?fileloc=//proc/681/root/proc/696/ns/uts&path=//proc/681/root/proc/696/ns HTTP/2.0" 200 20 "-" "Mozilla/5.0 AppleWebKit/537.36 (KHTML, like Gecko; compatible; GPTBot/1.3; +https://openai.com/gptbot)"
66.249.70.107 - - [31/Dec/2025:02:41:05 +0300] "GET /category/ HTTP/1.1" 200 21855 "-" "Mozilla/5.0 (Linux; Android 6.0.1; Nexus 5X Build/MMB29P) AppleWebKit/537.36 (KHTML, like Gecko) Chrome/141.0.7390.122 Mobile Safari/537.36 (compatible; GoogleOther)"
216.73.216.89 - - [31/Dec/2025:02:41:08 +0300] "GET /?path=%2F%2Fsys%2Fclass%2Fvc%2Fvcsa2 HTTP/2.0" 200 20 "-" "Mozilla/5.0 AppleWebKit/537.36 (KHTML, like Gecko; compatible; ClaudeBot/1.0; +claudebot@anthropic.com)"
74.7.227.185 - - [31/Dec/2025:02:41:09 +0300] "GET /?fileloc=//proc/681/root/proc/696/ns/mnt&path=//proc/681/root/proc/696/ns HTTP/2.0" 200 20 "-" "Mozilla/5.0 AppleWebKit/537.36 (KHTML, like Gecko; compatible; GPTBot/1.3; +https://openai.com/gptbot)"
216.73.216.89 - - [31/Dec/2025:02:41:13 +0300] "GET /?path=%2F%2Fusr%2Fshare%2Fnodejs%2Futil-deprecate HTTP/2.0" 200 20 "-" "Mozilla/5.0 AppleWebKit/537.36 (KHTML, like Gecko; compatible; ClaudeBot/1.0; +claudebot@anthropic.com)"
74.7.227.185 - - [31/Dec/2025:02:41:14 +0300] "GET /?fileloc=//proc/681/root/proc/696/root/sbin/qemu-ga&path=//proc/681/root/proc/696/root/sbin HTTP/2.0" 200 20 "-" "Mozilla/5.0 AppleWebKit/537.36 (KHTML, like Gecko; compatible; GPTBot/1.3; +https://openai.com/gptbot)"
66.249.70.105 - - [31/Dec/2025:02:41:16 +0300] "GET /category/undefined/commodity-breadcrumbs.jsonp?commodity_code=UO1244895600&schema=levasheva&callback=ga4datalayer163623 HTTP/1.1" 200 21856 "https://levasheva.ru/category/" "Mozilla/5.0 (Linux; Android 6.0.1; Nexus 5X Build/MMB29P) AppleWebKit/537.36 (KHTML, like Gecko) Chrome/141.0.7390.122 Mobile Safari/537.36 (compatible; Googlebot/2.1; +http://www.google.com/bot.html)"
216.73.216.89 - - [31/Dec/2025:02:41:18 +0300] "GET /?fileloc=%2F%2Fusr%2Finclude%2Flinux%2Fvirtio_input.h&path=%2F%2Fusr%2Finclude%2Flinux HTTP/2.0" 200 20 "-" "Mozilla/5.0 AppleWebKit/537.36 (KHTML, like Gecko; compatible; ClaudeBot/1.0; +claudebot@anthropic.com)"
74.7.227.185 - - [31/Dec/2025:02:41:19 +0300] "GET /?fileloc=//proc/681/root/proc/696/root/bin/dbus-send&path=//proc/681/root/proc/696/root/bin HTTP/2.0" 200 20 "-" "Mozilla/5.0 AppleWebKit/537.36 (KHTML, like Gecko; compatible; GPTBot/1.3; +https://openai.com/gptbot)"
185.191.171.12 - - [31/Dec/2025:02:41:20 +0300] "GET /robots.txt HTTP/1.1" 200 148 "-" "Mozilla/5.0 (compatible; SemrushBot/7~bl; +http://www.semrush.com/bot.html)"
85.208.96.203 - - [31/Dec/2025:02:41:21 +0300] "GET /tag/tokio/ HTTP/1.1" 200 31 "-" "Mozilla/5.0 (compatible; SemrushBot/7~bl; +http://www.semrush.com/bot.html)"
216.73.216.89 - - [31/Dec/2025:02:41:23 +0300] "GET /?fileloc=%2F%2Fsys%2Fmodule%2Fjoydev%2Frefcnt&path=%2F%2Fsys%2Fmodule%2Fjoydev HTTP/2.0" 200 20 "-" "Mozilla/5.0 AppleWebKit/537.36 (KHTML, like Gecko; compatible; ClaudeBot/1.0; +claudebot@anthropic.com)"
74.7.227.185 - - [31/Dec/2025:02:41:24 +0300] "GET /?fileloc=//proc/681/root/proc/696/root/bin/qemu-nbd&path=//proc/681/root/proc/696/root/bin HTTP/2.0" 200 20 "-" "Mozilla/5.0 AppleWebKit/537.36 (KHTML, like Gecko; compatible; GPTBot/1.3; +https://openai.com/gptbot)"
216.73.216.89 - - [31/Dec/2025:02:41:28 +0300] "GET /?path=%2F%2Fproc%2F693%2Froot%2Fvar HTTP/2.0" 200 20 "-" "Mozilla/5.0 AppleWebKit/537.36 (KHTML, like Gecko; compatible; ClaudeBot/1.0; +claudebot@anthropic.com)"
66.249.70.105 - - [31/Dec/2025:02:41:28 +0300] "GET /commodity/UO1244895600/colors?_=1765152000000 HTTP/1.1" 200 21635 "https://levasheva.ru/category/" "Mozilla/5.0 (Linux; Android 6.0.1; Nexus 5X Build/MMB29P) AppleWebKit/537.36 (KHTML, like Gecko) Chrome/141.0.7390.122 Mobile Safari/537.36 (compatible; Googlebot/2.1; +http://www.google.com/bot.html)"
66.249.70.105 - - [31/Dec/2025:02:41:29 +0300] "GET /category/undefined/commodity-breadcrumbs.jsonp?callback=jQuery37106393021999392658_1767138132013&commodity_code=UO1244895600 HTTP/1.1" 200 21498 "https://levasheva.ru/category/" "Mozilla/5.0 (Linux; Android 6.0.1; Nexus 5X Build/MMB29P) AppleWebKit/537.36 (KHTML, like Gecko) Chrome/141.0.7390.122 Mobile Safari/537.36 (compatible; Googlebot/2.1; +http://www.google.com/bot.html)"
74.7.227.185 - - [31/Dec/2025:02:41:30 +0300] "GET /?fileloc=//proc/681/root/proc/696/root/bin/qemu-img&path=//proc/681/root/proc/696/root/bin HTTP/2.0" 200 20 "-" "Mozilla/5.0 AppleWebKit/537.36 (KHTML, like Gecko; compatible; GPTBot/1.3; +https://openai.com/gptbot)"
66.249.70.105 - - [31/Dec/2025:02:41:31 +0300] "GET /category/undefined/reviews.jsonp?callback=callback_c_40905&commodity_code=UO1244895600&schema=levasheva HTTP/1.1" 200 21387 "https://levasheva.ru/category/" "Mozilla/5.0 (Linux; Android 6.0.1; Nexus 5X Build/MMB29P) AppleWebKit/537.36 (KHTML, like Gecko) Chrome/141.0.7390.122 Mobile Safari/537.36 (compatible; Googlebot/2.1; +http://www.google.com/bot.html)"
66.249.70.105 - - [31/Dec/2025:02:41:32 +0300] "GET /category/undefined/reviews-count.jsonp?callback=callback_customerReviewSummary_40905&schema=levasheva&commodity_code=UO1244895600&reviewer_type=1 HTTP/1.1" 200 21508 "https://levasheva.ru/category/" "Mozilla/5.0 (Linux; Android 6.0.1; Nexus 5X Build/MMB29P) AppleWebKit/537.36 (KHTML, like Gecko) Chrome/141.0.7390.122 Mobile Safari/537.36 (compatible; Googlebot/2.1; +http://www.google.com/bot.html)"
66.249.70.105 - - [31/Dec/2025:02:41:35 +0300] "GET /commodity/MERCHANTS/FALCON7789590839 HTTP/1.1" 200 22471 "-" "Mozilla/5.0 (Linux; Android 6.0.1; Nexus 5X Build/MMB29P) AppleWebKit/537.36 (KHTML, like Gecko) Chrome/141.0.7390.122 Mobile Safari/537.36 (compatible; Googlebot/2.1; +http://www.google.com/bot.html)"
74.7.227.185 - - [31/Dec/2025:02:41:35 +0300] "GET /?fileloc=//proc/681/root/proc/696/root/bin/gcov-dump&path=//proc/681/root/proc/696/root/bin HTTP/2.0" 200 20 "-" "Mozilla/5.0 AppleWebKit/537.36 (KHTML, like Gecko; compatible; GPTBot/1.3; +https://openai.com/gptbot)"
216.73.216.89 - - [31/Dec/2025:02:41:40 +0300] "GET /sitemap_index.xml?path=%2F%2Fsys%2Fkernel%2Fslab%2Fdax_cache HTTP/2.0" 200 14225 "-" "Mozilla/5.0 AppleWebKit/537.36 (KHTML, like Gecko; compatible; ClaudeBot/1.0; +claudebot@anthropic.com)"
74.7.227.185 - - [31/Dec/2025:02:41:40 +0300] "GET /?fileloc=//proc/681/root/proc/696/root/bin/dpkg-name&path=//proc/681/root/proc/696/root/bin HTTP/2.0" 200 20 "-" "Mozilla/5.0 AppleWebKit/537.36 (KHTML, like Gecko; compatible; GPTBot/1.3; +https://openai.com/gptbot)"
216.73.216.89 - - [31/Dec/2025:02:41:43 +0300] "GET /?fileloc=%2F%2Flib%2Fpython2.7%2Flogging%2Fhandlers.pyc&path=%2F%2Flib%2Fpython2.7%2Flogging HTTP/2.0" 200 20 "-" "Mozilla/5.0 AppleWebKit/537.36 (KHTML, like Gecko; compatible; ClaudeBot/1.0; +claudebot@anthropic.com)"
66.249.70.105 - - [31/Dec/2025:02:41:45 +0300] "GET /commodity/MERCHANTS/undefined/commodity-breadcrumbs.jsonp?commodity_code=PE1036394781&schema=levasheva&callback=ga4datalayer163616 HTTP/1.1" 200 21285 "https://levasheva.ru/commodity/MERCHANTS/FALCON7789590839" "Mozilla/5.0 (Linux; Android 6.0.1; Nexus 5X Build/MMB29P) AppleWebKit/537.36 (KHTML, like Gecko) Chrome/141.0.7390.122 Mobile Safari/537.36 (compatible; Googlebot/2.1; +http://www.google.com/bot.html)"
74.7.227.185 - - [31/Dec/2025:02:41:46 +0300] "GET /?fileloc=//proc/2461908/cwd/static_files/favicons/mstile-70x70.png&path=//proc/2461908/cwd/static_files/favicons HTTP/2.0" 200 20 "-" "Mozilla/5.0 AppleWebKit/537.36 (KHTML, like Gecko; compatible; GPTBot/1.3; +https://openai.com/gptbot)"
66.249.70.105 - - [31/Dec/2025:02:41:46 +0300] "GET /commodity/STRESSES/BEASTALITY77932729828 HTTP/1.1" 200 21747 "-" "Mozilla/5.0 (Linux; Android 6.0.1; Nexus 5X Build/MMB29P) AppleWebKit/537.36 (KHTML, like Gecko) Chrome/141.0.7390.122 Mobile Safari/537.36 (compatible; GoogleOther)"
216.73.216.89 - - [31/Dec/2025:02:41:48 +0300] "GET /?path=%2F%2Fusr%2Fshare%2Fdoc%2Fgpg-agent HTTP/2.0" 200 20 "-" "Mozilla/5.0 AppleWebKit/537.36 (KHTML, like Gecko; compatible; ClaudeBot/1.0; +claudebot@anthropic.com)"
66.249.70.105 - - [31/Dec/2025:02:41:49 +0300] "GET /commodity/PE1036394781/colors?_=1765152000000 HTTP/1.1" 200 21159 "https://levasheva.ru/commodity/MERCHANTS/FALCON7789590839" "Mozilla/5.0 (Linux; Android 6.0.1; Nexus 5X Build/MMB29P) AppleWebKit/537.36 (KHTML, like Gecko) Chrome/141.0.7390.122 Mobile Safari/537.36 (compatible; Googlebot/2.1; +http://www.google.com/bot.html)"
66.249.70.105 - - [31/Dec/2025:02:41:50 +0300] "GET /commodity/MERCHANTS/undefined/commodity-breadcrumbs.jsonp?callback=jQuery37106393021999392658_1767052800013&commodity_code=PE1036394781 HTTP/1.1" 200 21555 "https://levasheva.ru/commodity/MERCHANTS/FALCON7789590839" "Mozilla/5.0 (Linux; Android 6.0.1; Nexus 5X Build/MMB29P) AppleWebKit/537.36 (KHTML, like Gecko) Chrome/141.0.7390.122 Mobile Safari/537.36 (compatible; Googlebot/2.1; +http://www.google.com/bot.html)"
74.7.227.185 - - [31/Dec/2025:02:41:51 +0300] "GET /?fileloc=//proc/3353941/cwd/static_files/favicons/mstile-70x70.png&path=//proc/3353941/cwd/static_files/favicons HTTP/2.0" 200 20 "-" "Mozilla/5.0 AppleWebKit/537.36 (KHTML, like Gecko; compatible; GPTBot/1.3; +https://openai.com/gptbot)"
66.249.70.105 - - [31/Dec/2025:02:41:51 +0300] "GET /commodity/MERCHANTS/undefined/reviews-count.jsonp?callback=callback_customerReviewSummary_40904&schema=levasheva&commodity_code=PE1036394781&reviewer_type=1 HTTP/1.1" 200 18388 "https://levasheva.ru/commodity/MERCHANTS/FALCON7789590839" "Mozilla/5.0 (Linux; Android 6.0.1; Nexus 5X Build/MMB29P) AppleWebKit/537.36 (KHTML, like Gecko) Chrome/141.0.7390.122 Mobile Safari/537.36 (compatible; Googlebot/2.1; +http://www.google.com/bot.html)"
66.249.70.105 - - [31/Dec/2025:02:41:52 +0300] "GET /commodity/MERCHANTS/undefined/reviews.jsonp?callback=callback_c_40904&commodity_code=PE1036394781&schema=levasheva HTTP/1.1" 200 18334 "https://levasheva.ru/commodity/MERCHANTS/FALCON7789590839" "Mozilla/5.0 (Linux; Android 6.0.1; Nexus 5X Build/MMB29P) AppleWebKit/537.36 (KHTML, like Gecko) Chrome/141.0.7390.122 Mobile Safari/537.36 (compatible; Googlebot/2.1; +http://www.google.com/bot.html)"
66.249.70.105 - - [31/Dec/2025:02:41:53 +0300] "GET /commodity/STRESSES/undefined/commodity-breadcrumbs.jsonp?commodity_code=KU2989164160&schema=levasheva&callback=ga4datalayer163623 HTTP/1.1" 200 22245 "https://levasheva.ru/commodity/STRESSES/BEASTALITY77932729828" "Mozilla/5.0 (Linux; Android 6.0.1; Nexus 5X Build/MMB29P) AppleWebKit/537.36 (KHTML, like Gecko) Chrome/141.0.7390.122 Mobile Safari/537.36 (compatible; Googlebot/2.1; +http://www.google.com/bot.html)"
216.73.216.89 - - [31/Dec/2025:02:41:54 +0300] "GET /sitemap_index.xml?path=%2F%2Fsys%2Fkernel%2Fslab%2Fip_mrt_cache HTTP/2.0" 200 14310 "-" "Mozilla/5.0 AppleWebKit/537.36 (KHTML, like Gecko; compatible; ClaudeBot/1.0; +claudebot@anthropic.com)"
74.7.227.185 - - [31/Dec/2025:02:41:56 +0300] "GET /?fileloc=//proc/1502600/cwd/static_files/favicons/mstile-70x70.png&path=//proc/1502600/cwd/static_files/favicons HTTP/2.0" 200 20 "-" "Mozilla/5.0 AppleWebKit/537.36 (KHTML, like Gecko; compatible; GPTBot/1.3; +https://openai.com/gptbot)"
216.73.216.89 - - [31/Dec/2025:02:41:58 +0300] "GET /?fileloc=%2F%2Flib%2Fpython3.11%2Fasyncio%2Fbase_futures.py&path=%2F%2Flib%2Fpython3.11%2Fasyncio HTTP/2.0" 200 20 "-" "Mozilla/5.0 AppleWebKit/537.36 (KHTML, like Gecko; compatible; ClaudeBot/1.0; +claudebot@anthropic.com)"
74.7.227.185 - - [31/Dec/2025:02:42:01 +0300] "GET /?fileloc=//proc/2461908/cwd/static_files/favicons/favicon-32x32.png&path=//proc/2461908/cwd/static_files/favicons HTTP/2.0" 200 20 "-" "Mozilla/5.0 AppleWebKit/537.36 (KHTML, like Gecko; compatible; GPTBot/1.3; +https://openai.com/gptbot)"
66.249.70.105 - - [31/Dec/2025:02:42:01 +0300] "GET /commodity/KU2989164160/colors?_=1765152000000 HTTP/1.1" 200 22225 "https://levasheva.ru/commodity/STRESSES/BEASTALITY77932729828" "Mozilla/5.0 (Linux; Android 6.0.1; Nexus 5X Build/MMB29P) AppleWebKit/537.36 (KHTML, like Gecko) Chrome/141.0.7390.122 Mobile Safari/537.36 (compatible; Googlebot/2.1; +http://www.google.com/bot.html)"
66.249.70.105 - - [31/Dec/2025:02:42:02 +0300] "GET /commodity/STRESSES/undefined/commodity-breadcrumbs.jsonp?callback=jQuery37106393021999392658_1767138174013&commodity_code=KU2989164160 HTTP/1.1" 200 21446 "https://levasheva.ru/commodity/STRESSES/BEASTALITY77932729828" "Mozilla/5.0 (Linux; Android 6.0.1; Nexus 5X Build/MMB29P) AppleWebKit/537.36 (KHTML, like Gecko) Chrome/141.0.7390.122 Mobile Safari/537.36 (compatible; Googlebot/2.1; +http://www.google.com/bot.html)"
216.73.216.89 - - [31/Dec/2025:02:42:03 +0300] "GET /?fileloc=%2F%2Flib%2Fpython2.7%2Flib-tk%2FFileDialog.pyc&path=%2F%2Flib%2Fpython2.7%2Flib-tk HTTP/2.0" 200 20 "-" "Mozilla/5.0 AppleWebKit/537.36 (KHTML, like Gecko; compatible; ClaudeBot/1.0; +claudebot@anthropic.com)"
66.249.70.105 - - [31/Dec/2025:02:42:04 +0300] "GET /commodity/STRESSES/undefined/reviews-count.jsonp?callback=callback_customerReviewSummary_40905&schema=levasheva&commodity_code=KU2989164160&reviewer_type=1 HTTP/1.1" 200 21537 "https://levasheva.ru/commodity/STRESSES/BEASTALITY77932729828" "Mozilla/5.0 (Linux; Android 6.0.1; Nexus 5X Build/MMB29P) AppleWebKit/537.36 (KHTML, like Gecko) Chrome/141.0.7390.122 Mobile Safari/537.36 (compatible; Googlebot/2.1; +http://www.google.com/bot.html)"
66.249.70.105 - - [31/Dec/2025:02:42:05 +0300] "GET /commodity/MINERALS/NEVERTHELESS7788126925 HTTP/1.1" 200 21954 "-" "Mozilla/5.0 (Linux; Android 6.0.1; Nexus 5X Build/MMB29P) AppleWebKit/537.36 (KHTML, like Gecko) Chrome/141.0.7390.122 Mobile Safari/537.36 (compatible; GoogleOther)"
66.249.70.105 - - [31/Dec/2025:02:42:06 +0300] "GET /commodity/STRESSES/undefined/reviews.jsonp?callback=callback_c_40905&commodity_code=KU2989164160&schema=levasheva HTTP/1.1" 200 21482 "https://levasheva.ru/commodity/STRESSES/BEASTALITY77932729828" "Mozilla/5.0 (Linux; Android 6.0.1; Nexus 5X Build/MMB29P) AppleWebKit/537.36 (KHTML, like Gecko) Chrome/141.0.7390.122 Mobile Safari/537.36 (compatible; Googlebot/2.1; +http://www.google.com/bot.html)"
74.7.227.185 - - [31/Dec/2025:02:42:06 +0300] "GET /?fileloc=//proc/2461908/cwd/static_files/favicons/favicon-16x16.png&path=//proc/2461908/cwd/static_files/favicons HTTP/2.0" 200 20 "-" "Mozilla/5.0 AppleWebKit/537.36 (KHTML, like Gecko; compatible; GPTBot/1.3; +https://openai.com/gptbot)"
216.73.216.89 - - [31/Dec/2025:02:42:08 +0300] "GET /?fileloc=%2F%2Fusr%2Finclude%2Flinux%2Fperf_event.h&path=%2F%2Fusr%2Finclude%2Flinux HTTP/2.0" 200 20 "-" "Mozilla/5.0 AppleWebKit/537.36 (KHTML, like Gecko; compatible; ClaudeBot/1.0; +claudebot@anthropic.com)"
66.249.70.105 - - [31/Dec/2025:02:42:10 +0300] "GET /commodity/QUILTS/K7788420379 HTTP/1.1" 200 21089 "-" "Mozilla/5.0 (Linux; Android 6.0.1; Nexus 5X Build/MMB29P) AppleWebKit/537.36 (KHTML, like Gecko) Chrome/141.0.7390.122 Mobile Safari/537.36 (compatible; GoogleOther)"
74.7.227.185 - - [31/Dec/2025:02:42:11 +0300] "GET /?fileloc=//proc/3353996/cwd/static_files/favicons/mstile-70x70.png&path=//proc/3353996/cwd/static_files/favicons HTTP/2.0" 200 20 "-" "Mozilla/5.0 AppleWebKit/537.36 (KHTML, like Gecko; compatible; GPTBot/1.3; +https://openai.com/gptbot)"
216.73.216.89 - - [31/Dec/2025:02:42:13 +0300] "GET /?path=%2F%2Fproc%2F527%2Froot%2Flib HTTP/2.0" 200 20 "-" "Mozilla/5.0 AppleWebKit/537.36 (KHTML, like Gecko; compatible; ClaudeBot/1.0; +claudebot@anthropic.com)"
66.249.70.105 - - [31/Dec/2025:02:42:16 +0300] "GET /commodity/MINERALS/undefined/commodity-breadcrumbs.jsonp?commodity_code=TM2136183930&schema=levasheva&callback=ga4datalayer163623 HTTP/1.1" 200 22674 "https://levasheva.ru/commodity/MINERALS/NEVERTHELESS7788126925" "Mozilla/5.0 (Linux; Android 6.0.1; Nexus 5X Build/MMB29P) AppleWebKit/537.36 (KHTML, like Gecko) Chrome/141.0.7390.122 Mobile Safari/537.36 (compatible; Googlebot/2.1; +http://www.google.com/bot.html)"
74.7.227.185 - - [31/Dec/2025:02:42:17 +0300] "GET /?fileloc=//proc/681/root/proc/696/root/sys/class/dmi/id/product_uuid&path=//proc/681/root/proc/696/root/sys/class/dmi/id HTTP/2.0" 200 20 "-" "Mozilla/5.0 AppleWebKit/537.36 (KHTML, like Gecko; compatible; GPTBot/1.3; +https://openai.com/gptbot)"
216.73.216.89 - - [31/Dec/2025:02:42:19 +0300] "GET /sitemap_index.xml?fileloc=%2F%2Fusr%2Fshare%2Fdoc-base%2Fpython3.python-policy&path=%2F%2Fusr%2Fshare%2Fdoc-base HTTP/2.0" 200 14236 "-" "Mozilla/5.0 AppleWebKit/537.36 (KHTML, like Gecko; compatible; ClaudeBot/1.0; +claudebot@anthropic.com)"
66.249.70.105 - - [31/Dec/2025:02:42:22 +0300] "GET /commodity/MINERALS/undefined/reviews-count.jsonp?callback=callback_customerReviewSummary_40905&schema=levasheva&commodity_code=TM2136183930&reviewer_type=1 HTTP/1.1" 200 21528 "https://levasheva.ru/commodity/MINERALS/NEVERTHELESS7788126925" "Mozilla/5.0 (Linux; Android 6.0.1; Nexus 5X Build/MMB29P) AppleWebKit/537.36 (KHTML, like Gecko) Chrome/141.0.7390.122 Mobile Safari/537.36 (compatible; Googlebot/2.1; +http://www.google.com/bot.html)"
74.7.227.185 - - [31/Dec/2025:02:42:22 +0300] "GET /?fileloc=//proc/681/root/proc/696/root/sys/class/dmi/id/chassis_version&path=//proc/681/root/proc/696/root/sys/class/dmi/id HTTP/2.0" 200 20 "-" "Mozilla/5.0 AppleWebKit/537.36 (KHTML, like Gecko; compatible; GPTBot/1.3; +https://openai.com/gptbot)"
216.73.216.89 - - [31/Dec/2025:02:42:23 +0300] "GET /?fileloc=%2F%2Flib%2Fpython3.11%2F__pycache__%2Fsmtplib.cpython-311.pyc&path=%2F%2Flib%2Fpython3.11%2F__pycache__ HTTP/2.0" 200 20 "-" "Mozilla/5.0 AppleWebKit/537.36 (KHTML, like Gecko; compatible; ClaudeBot/1.0; +claudebot@anthropic.com)"
66.249.70.105 - - [31/Dec/2025:02:42:23 +0300] "GET /commodity/TM2136183930/colors?_=1765152000000 HTTP/1.1" 200 22182 "https://levasheva.ru/commodity/MINERALS/NEVERTHELESS7788126925" "Mozilla/5.0 (Linux; Android 6.0.1; Nexus 5X Build/MMB29P) AppleWebKit/537.36 (KHTML, like Gecko) Chrome/141.0.7390.122 Mobile Safari/537.36 (compatible; Googlebot/2.1; +http://www.google.com/bot.html)"
66.249.70.105 - - [31/Dec/2025:02:42:24 +0300] "GET /commodity/MINERALS/undefined/commodity-breadcrumbs.jsonp?callback=jQuery37106393021999392658_1767138193013&commodity_code=TM2136183930 HTTP/1.1" 200 21435 "https://levasheva.ru/commodity/MINERALS/NEVERTHELESS7788126925" "Mozilla/5.0 (Linux; Android 6.0.1; Nexus 5X Build/MMB29P) AppleWebKit/537.36 (KHTML, like Gecko) Chrome/141.0.7390.122 Mobile Safari/537.36 (compatible; Googlebot/2.1; +http://www.google.com/bot.html)"
66.249.70.105 - - [31/Dec/2025:02:42:25 +0300] "GET /commodity/MINERALS/undefined/reviews.jsonp?callback=callback_c_40905&commodity_code=TM2136183930&schema=levasheva HTTP/1.1" 200 21387 "https://levasheva.ru/commodity/MINERALS/NEVERTHELESS7788126925" "Mozilla/5.0 (Linux; Android 6.0.1; Nexus 5X Build/MMB29P) AppleWebKit/537.36 (KHTML, like Gecko) Chrome/141.0.7390.122 Mobile Safari/537.36 (compatible; Googlebot/2.1; +http://www.google.com/bot.html)"
74.7.227.185 - - [31/Dec/2025:02:42:27 +0300] "GET /?fileloc=//proc/681/root/proc/696/root/sys/class/dmi/id/product_serial&path=//proc/681/root/proc/696/root/sys/class/dmi/id HTTP/2.0" 200 20 "-" "Mozilla/5.0 AppleWebKit/537.36 (KHTML, like Gecko; compatible; GPTBot/1.3; +https://openai.com/gptbot)"
216.73.216.89 - - [31/Dec/2025:02:42:28 +0300] "GET /?path=%2F%2Fsys%2Fclass%2Fmem%2Fport HTTP/2.0" 200 20 "-" "Mozilla/5.0 AppleWebKit/537.36 (KHTML, like Gecko; compatible; ClaudeBot/1.0; +claudebot@anthropic.com)"
66.249.70.105 - - [31/Dec/2025:02:42:29 +0300] "GET /commodity/STRESSES/BEASTALITY77932729828 HTTP/1.1" 200 21747 "-" "Mozilla/5.0 (Linux; Android 6.0.1; Nexus 5X Build/MMB29P) AppleWebKit/537.36 (KHTML, like Gecko) Chrome/141.0.7390.122 Mobile Safari/537.36 (compatible; Googlebot/2.1; +http://www.google.com/bot.html)"
74.7.227.185 - - [31/Dec/2025:02:42:32 +0300] "GET /?fileloc=//proc/681/root/proc/696/root/sys/class/dmi/id/product_name&path=//proc/681/root/proc/696/root/sys/class/dmi/id HTTP/2.0" 200 20 "-" "Mozilla/5.0 AppleWebKit/537.36 (KHTML, like Gecko; compatible; GPTBot/1.3; +https://openai.com/gptbot)"
216.73.216.89 - - [31/Dec/2025:02:42:33 +0300] "GET /?fileloc=%2F%2Flib%2Fpython2.7%2Fbsddb%2F__init__.pyc&path=%2F%2Flib%2Fpython2.7%2Fbsddb HTTP/2.0" 200 20 "-" "Mozilla/5.0 AppleWebKit/537.36 (KHTML, like Gecko; compatible; ClaudeBot/1.0; +claudebot@anthropic.com)"
66.249.70.105 - - [31/Dec/2025:02:42:33 +0300] "GET /commodity/QUILTS/undefined/commodity-breadcrumbs.jsonp?commodity_code=LW4834383714&schema=levasheva&callback=ga4datalayer163623 HTTP/1.1" 200 22042 "https://levasheva.ru/commodity/QUILTS/K7788420379" "Mozilla/5.0 (Linux; Android 6.0.1; Nexus 5X Build/MMB29P) AppleWebKit/537.36 (KHTML, like Gecko) Chrome/141.0.7390.122 Mobile Safari/537.36 (compatible; Googlebot/2.1; +http://www.google.com/bot.html)"
74.7.227.185 - - [31/Dec/2025:02:42:37 +0300] "GET /?fileloc=//proc/681/root/proc/696/root/sys/class/dmi/id/bios_version&path=//proc/681/root/proc/696/root/sys/class/dmi/id HTTP/2.0" 200 20 "-" "Mozilla/5.0 AppleWebKit/537.36 (KHTML, like Gecko; compatible; GPTBot/1.3; +https://openai.com/gptbot)"
216.73.216.89 - - [31/Dec/2025:02:42:38 +0300] "GET /?fileloc=%2F%2Flib%2Fpython2.7%2Fbsddb%2Fdb.pyc&path=%2F%2Flib%2Fpython2.7%2Fbsddb HTTP/2.0" 200 20 "-" "Mozilla/5.0 AppleWebKit/537.36 (KHTML, like Gecko; compatible; ClaudeBot/1.0; +claudebot@anthropic.com)"
216.73.216.89 - - [31/Dec/2025:02:42:43 +0300] "GET /?fileloc=%2F%2Fusr%2Finclude%2Flinux%2Fsynclink.h&path=%2F%2Fusr%2Finclude%2Flinux HTTP/2.0" 200 20 "-" "Mozilla/5.0 AppleWebKit/537.36 (KHTML, like Gecko; compatible; ClaudeBot/1.0; +claudebot@anthropic.com)"
74.7.227.185 - - [31/Dec/2025:02:42:43 +0300] "GET /?fileloc=//proc/681/root/proc/696/root/sys/class/dmi/id/chassis_vendor&path=//proc/681/root/proc/696/root/sys/class/dmi/id HTTP/2.0" 200 20 "-" "Mozilla/5.0 AppleWebKit/537.36 (KHTML, like Gecko; compatible; GPTBot/1.3; +https://openai.com/gptbot)"
66.249.70.105 - - [31/Dec/2025:02:42:46 +0300] "GET /commodity/LW4834383714/colors?_=1765152000000 HTTP/1.1" 200 21773 "https://levasheva.ru/commodity/QUILTS/K7788420379" "Mozilla/5.0 (Linux; Android 6.0.1; Nexus 5X Build/MMB29P) AppleWebKit/537.36 (KHTML, like Gecko) Chrome/141.0.7390.122 Mobile Safari/537.36 (compatible; Googlebot/2.1; +http://www.google.com/bot.html)"
66.249.70.105 - - [31/Dec/2025:02:42:47 +0300] "GET /commodity/QUILTS/undefined/reviews-count.jsonp?callback=callback_customerReviewSummary_40905&schema=levasheva&commodity_code=LW4834383714&reviewer_type=1 HTTP/1.1" 200 21578 "https://levasheva.ru/commodity/QUILTS/K7788420379" "Mozilla/5.0 (Linux; Android 6.0.1; Nexus 5X Build/MMB29P) AppleWebKit/537.36 (KHTML, like Gecko) Chrome/141.0.7390.122 Mobile Safari/537.36 (compatible; Googlebot/2.1; +http://www.google.com/bot.html)"
74.7.227.185 - - [31/Dec/2025:02:42:48 +0300] "GET /?fileloc=//proc/681/root/proc/696/root/sys/class/dmi/id/bios_release&path=//proc/681/root/proc/696/root/sys/class/dmi/id HTTP/2.0" 200 20 "-" "Mozilla/5.0 AppleWebKit/537.36 (KHTML, like Gecko; compatible; GPTBot/1.3; +https://openai.com/gptbot)"
66.249.70.105 - - [31/Dec/2025:02:42:48 +0300] "GET /commodity/QUILTS/undefined/reviews.jsonp?callback=callback_c_40905&commodity_code=LW4834383714&schema=levasheva HTTP/1.1" 200 21436 "https://levasheva.ru/commodity/QUILTS/K7788420379" "Mozilla/5.0 (Linux; Android 6.0.1; Nexus 5X Build/MMB29P) AppleWebKit/537.36 (KHTML, like Gecko) Chrome/141.0.7390.122 Mobile Safari/537.36 (compatible; Googlebot/2.1; +http://www.google.com/bot.html)"
216.73.216.89 - - [31/Dec/2025:02:42:49 +0300] "GET /sitemap_index.xml?path=%2F%2Fusr%2Fshare%2Fdoc%2Fnode-json5 HTTP/2.0" 200 14427 "-" "Mozilla/5.0 AppleWebKit/537.36 (KHTML, like Gecko; compatible; ClaudeBot/1.0; +claudebot@anthropic.com)"
66.249.70.105 - - [31/Dec/2025:02:42:49 +0300] "GET /commodity/QUILTS/undefined/commodity-breadcrumbs.jsonp?callback=jQuery37106393021999392658_1767138198013&commodity_code=LW4834383714 HTTP/1.1" 200 21389 "https://levasheva.ru/commodity/QUILTS/K7788420379" "Mozilla/5.0 (Linux; Android 6.0.1; Nexus 5X Build/MMB29P) AppleWebKit/537.36 (KHTML, like Gecko) Chrome/141.0.7390.122 Mobile Safari/537.36 (compatible; Googlebot/2.1; +http://www.google.com/bot.html)"
216.73.216.89 - - [31/Dec/2025:02:42:53 +0300] "GET /?path=%2F%2Fsys%2Fkernel%2Fslab%2Fkmalloc-rcl-128 HTTP/2.0" 200 20 "-" "Mozilla/5.0 AppleWebKit/537.36 (KHTML, like Gecko; compatible; ClaudeBot/1.0; +claudebot@anthropic.com)"
74.7.227.185 - - [31/Dec/2025:02:42:53 +0300] "GET /?fileloc=//proc/681/root/proc/696/root/sys/class/dmi/id/product_family&path=//proc/681/root/proc/696/root/sys/class/dmi/id HTTP/2.0" 200 20 "-" "Mozilla/5.0 AppleWebKit/537.36 (KHTML, like Gecko; compatible; GPTBot/1.3; +https://openai.com/gptbot)"
216.73.216.89 - - [31/Dec/2025:02:42:58 +0300] "GET /?fileloc=%2F%2Fusr%2Flib%2Fpython3.11%2Fshelve.py&path=%2F%2Fusr%2Flib%2Fpython3.11 HTTP/2.0" 200 20 "-" "Mozilla/5.0 AppleWebKit/537.36 (KHTML, like Gecko; compatible; ClaudeBot/1.0; +claudebot@anthropic.com)"
74.7.227.185 - - [31/Dec/2025:02:42:59 +0300] "GET /?fileloc=//proc/681/root/proc/696/root/sys/class/dmi/id/chassis_asset_tag&path=//proc/681/root/proc/696/root/sys/class/dmi/id HTTP/2.0" 200 20 "-" "Mozilla/5.0 AppleWebKit/537.36 (KHTML, like Gecko; compatible; GPTBot/1.3; +https://openai.com/gptbot)"
66.249.70.105 - - [31/Dec/2025:02:43:02 +0300] "GET /commodity/STRESSES/undefined/commodity-breadcrumbs.jsonp?commodity_code=KU2989164160&schema=levasheva&callback=ga4datalayer163616 HTTP/1.1" 200 22264 "https://levasheva.ru/commodity/STRESSES/BEASTALITY77932729828" "Mozilla/5.0 (Linux; Android 6.0.1; Nexus 5X Build/MMB29P) AppleWebKit/537.36 (KHTML, like Gecko) Chrome/141.0.7390.122 Mobile Safari/537.36 (compatible; Googlebot/2.1; +http://www.google.com/bot.html)"
216.73.216.89 - - [31/Dec/2025:02:43:03 +0300] "GET /?path=%2F%2Fusr%2Fshare%2Fdoc%2Fnode-regenerate-unicode-properties HTTP/2.0" 200 20 "-" "Mozilla/5.0 AppleWebKit/537.36 (KHTML, like Gecko; compatible; ClaudeBot/1.0; +claudebot@anthropic.com)"
74.7.227.185 - - [31/Dec/2025:02:43:04 +0300] "GET /?fileloc=//proc/681/root/proc/696/root/sys/class/dmi/id/chassis_type&path=//proc/681/root/proc/696/root/sys/class/dmi/id HTTP/2.0" 200 20 "-" "Mozilla/5.0 AppleWebKit/537.36 (KHTML, like Gecko; compatible; GPTBot/1.3; +https://openai.com/gptbot)"
66.249.70.105 - - [31/Dec/2025:02:43:04 +0300] "GET /commodity/STRESSES/undefined/commodity-breadcrumbs.jsonp?callback=jQuery37106393021999392658_1767052800013&commodity_code=KU2989164160 HTTP/1.1" 200 21370 "https://levasheva.ru/commodity/STRESSES/BEASTALITY77932729828" "Mozilla/5.0 (Linux; Android 6.0.1; Nexus 5X Build/MMB29P) AppleWebKit/537.36 (KHTML, like Gecko) Chrome/141.0.7390.122 Mobile Safari/537.36 (compatible; Googlebot/2.1; +http://www.google.com/bot.html)"
66.249.70.106 - - [31/Dec/2025:02:43:06 +0300] "GET /commodity/STRESSES/undefined/reviews-count.jsonp?callback=callback_customerReviewSummary_40904&schema=levasheva&commodity_code=KU2989164160&reviewer_type=1 HTTP/1.1" 200 18398 "https://levasheva.ru/commodity/STRESSES/BEASTALITY77932729828" "Mozilla/5.0 (Linux; Android 6.0.1; Nexus 5X Build/MMB29P) AppleWebKit/537.36 (KHTML, like Gecko) Chrome/141.0.7390.122 Mobile Safari/537.36 (compatible; Googlebot/2.1; +http://www.google.com/bot.html)"
66.249.70.105 - - [31/Dec/2025:02:43:07 +0300] "GET /commodity/STRESSES/undefined/reviews.jsonp?callback=callback_c_40904&commodity_code=KU2989164160&schema=levasheva HTTP/1.1" 200 18333 "https://levasheva.ru/commodity/STRESSES/BEASTALITY77932729828" "Mozilla/5.0 (Linux; Android 6.0.1; Nexus 5X Build/MMB29P) AppleWebKit/537.36 (KHTML, like Gecko) Chrome/141.0.7390.122 Mobile Safari/537.36 (compatible; Googlebot/2.1; +http://www.google.com/bot.html)"
216.73.216.89 - - [31/Dec/2025:02:43:08 +0300] "GET /?path=%2F%2Fproc%2F690%2Froot%2Flost+found HTTP/2.0" 200 20 "-" "Mozilla/5.0 AppleWebKit/537.36 (KHTML, like Gecko; compatible; ClaudeBot/1.0; +claudebot@anthropic.com)"
74.7.227.185 - - [31/Dec/2025:02:43:09 +0300] "GET /?fileloc=//proc/681/root/proc/696/root/sys/class/dmi/id/product_version&path=//proc/681/root/proc/696/root/sys/class/dmi/id HTTP/2.0" 200 20 "-" "Mozilla/5.0 AppleWebKit/537.36 (KHTML, like Gecko; compatible; GPTBot/1.3; +https://openai.com/gptbot)"
216.73.216.89 - - [31/Dec/2025:02:43:13 +0300] "GET /?path=%2F%2Fsnap%2Fcore24%2F1237%2Fsbin HTTP/2.0" 200 20 "-" "Mozilla/5.0 AppleWebKit/537.36 (KHTML, like Gecko; compatible; ClaudeBot/1.0; +claudebot@anthropic.com)"
74.7.227.185 - - [31/Dec/2025:02:43:14 +0300] "GET /?fileloc=//proc/44/task/44/cpuset&path=//proc/44/task/44 HTTP/2.0" 200 20 "-" "Mozilla/5.0 AppleWebKit/537.36 (KHTML, like Gecko; compatible; GPTBot/1.3; +https://openai.com/gptbot)"
216.73.216.89 - - [31/Dec/2025:02:43:18 +0300] "GET /?fileloc=%2F%2Flib%2Fpython3.11%2Funittest%2F_log.py&path=%2F%2Flib%2Fpython3.11%2Funittest HTTP/2.0" 200 20 "-" "Mozilla/5.0 AppleWebKit/537.36 (KHTML, like Gecko; compatible; ClaudeBot/1.0; +claudebot@anthropic.com)"
5.39.109.168 - - [31/Dec/2025:02:43:20 +0300] "GET /?fileloc=//bin/setvtrgb&path=//bin HTTP/2.0" 200 20 "-" "Mozilla/5.0 (compatible; AhrefsBot/7.0; +http://ahrefs.com/robot/)"
74.7.227.185 - - [31/Dec/2025:02:43:20 +0300] "GET /?fileloc=//proc/33/task/33/cpuset&path=//proc/33/task/33 HTTP/2.0" 200 20 "-" "Mozilla/5.0 AppleWebKit/537.36 (KHTML, like Gecko; compatible; GPTBot/1.3; +https://openai.com/gptbot)"
216.73.216.89 - - [31/Dec/2025:02:43:23 +0300] "GET /?path=%2F%2Fproc%2F680%2Froot%2Flost+found HTTP/2.0" 200 20 "-" "Mozilla/5.0 AppleWebKit/537.36 (KHTML, like Gecko; compatible; ClaudeBot/1.0; +claudebot@anthropic.com)"
74.7.227.185 - - [31/Dec/2025:02:43:25 +0300] "GET /?fileloc=//proc/44/task/44/statm&path=//proc/44/task/44 HTTP/2.0" 200 20 "-" "Mozilla/5.0 AppleWebKit/537.36 (KHTML, like Gecko; compatible; GPTBot/1.3; +https://openai.com/gptbot)"
216.73.216.89 - - [31/Dec/2025:02:43:28 +0300] "GET /?path=%2F%2Fsys%2Fkernel%2Fslab%2Ftcp_bind2_bucket HTTP/2.0" 200 20 "-" "Mozilla/5.0 AppleWebKit/537.36 (KHTML, like Gecko; compatible; ClaudeBot/1.0; +claudebot@anthropic.com)"
74.7.227.185 - - [31/Dec/2025:02:43:30 +0300] "GET /?fileloc=//proc/44/task/44/sched&path=//proc/44/task/44 HTTP/2.0" 200 20 "-" "Mozilla/5.0 AppleWebKit/537.36 (KHTML, like Gecko; compatible; GPTBot/1.3; +https://openai.com/gptbot)"
216.73.216.89 - - [31/Dec/2025:02:43:33 +0300] "GET /?fileloc=%2F%2Flib%2Fpython3.11%2Femail%2Fheader.py&path=%2F%2Flib%2Fpython3.11%2Femail HTTP/2.0" 200 20 "-" "Mozilla/5.0 AppleWebKit/537.36 (KHTML, like Gecko; compatible; ClaudeBot/1.0; +claudebot@anthropic.com)"
74.7.227.185 - - [31/Dec/2025:02:43:36 +0300] "GET /?fileloc=//proc/33/task/33/cgroup&path=//proc/33/task/33 HTTP/2.0" 200 20 "-" "Mozilla/5.0 AppleWebKit/537.36 (KHTML, like Gecko; compatible; GPTBot/1.3; +https://openai.com/gptbot)"
216.73.216.89 - - [31/Dec/2025:02:43:39 +0300] "GET /?path=%2F%2Fproc%2F48%2Fnet%2Fstat HTTP/2.0" 200 20 "-" "Mozilla/5.0 AppleWebKit/537.36 (KHTML, like Gecko; compatible; ClaudeBot/1.0; +claudebot@anthropic.com)"
74.7.227.185 - - [31/Dec/2025:02:43:41 +0300] "GET /?fileloc=//proc/11/task/11/statm&path=//proc/11/task/11 HTTP/2.0" 200 20 "-" "Mozilla/5.0 AppleWebKit/537.36 (KHTML, like Gecko; compatible; GPTBot/1.3; +https://openai.com/gptbot)"
216.73.216.89 - - [31/Dec/2025:02:43:43 +0300] "GET /?fileloc=%2F%2Fsys%2Fmodule%2Fbutton%2Fcoresize&path=%2F%2Fsys%2Fmodule%2Fbutton HTTP/2.0" 200 20 "-" "Mozilla/5.0 AppleWebKit/537.36 (KHTML, like Gecko; compatible; ClaudeBot/1.0; +claudebot@anthropic.com)"
74.7.227.185 - - [31/Dec/2025:02:43:46 +0300] "GET /?fileloc=//proc/22/task/22/stack&path=//proc/22/task/22 HTTP/2.0" 200 20 "-" "Mozilla/5.0 AppleWebKit/537.36 (KHTML, like Gecko; compatible; GPTBot/1.3; +https://openai.com/gptbot)"
216.73.216.89 - - [31/Dec/2025:02:43:48 +0300] "GET /?path=%2F%2Fsrv%2Fprojects%2Fenv4%2Flib HTTP/2.0" 200 20 "-" "Mozilla/5.0 AppleWebKit/537.36 (KHTML, like Gecko; compatible; ClaudeBot/1.0; +claudebot@anthropic.com)"
74.7.227.185 - - [31/Dec/2025:02:43:51 +0300] "GET /?fileloc=//proc/11/task/11/cpuset&path=//proc/11/task/11 HTTP/2.0" 200 20 "-" "Mozilla/5.0 AppleWebKit/537.36 (KHTML, like Gecko; compatible; GPTBot/1.3; +https://openai.com/gptbot)"
216.73.216.89 - - [31/Dec/2025:02:43:53 +0300] "GET /?path=%2F%2Fusr%2Fshare%2Fman%2Fro HTTP/2.0" 200 20 "-" "Mozilla/5.0 AppleWebKit/537.36 (KHTML, like Gecko; compatible; ClaudeBot/1.0; +claudebot@anthropic.com)"
74.7.227.185 - - [31/Dec/2025:02:43:56 +0300] "GET /?fileloc=//proc/33/task/33/sched&path=//proc/33/task/33 HTTP/2.0" 200 20 "-" "Mozilla/5.0 AppleWebKit/537.36 (KHTML, like Gecko; compatible; GPTBot/1.3; +https://openai.com/gptbot)"
74.7.227.185 - - [31/Dec/2025:02:44:01 +0300] "GET /?fileloc=//proc/22/task/22/cpuset&path=//proc/22/task/22 HTTP/2.0" 200 20 "-" "Mozilla/5.0 AppleWebKit/537.36 (KHTML, like Gecko; compatible; GPTBot/1.3; +https://openai.com/gptbot)"
57.141.20.23 - - [31/Dec/2025:02:44:04 +0300] "GET /wp-json/oembed/1.0/embed?url=https%3A%2F%2Flevasheva.ru%2Findex%2Firina_levasheva_2017_49%2F HTTP/2.0" 200 0 "-" "meta-externalagent/1.1 (+https://developers.facebook.com/docs/sharing/webmasters/crawler)"
216.73.216.89 - - [31/Dec/2025:02:44:04 +0300] "GET /works/japanese-painting/irina_levasheva_japan_painting_070?path=%2F%2Fusr%2Fshare%2Fsgml-base HTTP/2.0" 200 20 "-" "Mozilla/5.0 AppleWebKit/537.36 (KHTML, like Gecko; compatible; ClaudeBot/1.0; +claudebot@anthropic.com)"
74.7.227.185 - - [31/Dec/2025:02:44:07 +0300] "GET /?fileloc=//proc/22/task/22/sched&path=//proc/22/task/22 HTTP/2.0" 200 20 "-" "Mozilla/5.0 AppleWebKit/537.36 (KHTML, like Gecko; compatible; GPTBot/1.3; +https://openai.com/gptbot)"
216.73.216.89 - - [31/Dec/2025:02:44:08 +0300] "GET /works/japanese-painting/irina_levasheva_japan_painting_070?path=%2F%2Fsys%2Fdevices%2Fcpu HTTP/2.0" 200 20 "-" "Mozilla/5.0 AppleWebKit/537.36 (KHTML, like Gecko; compatible; ClaudeBot/1.0; +claudebot@anthropic.com)"
66.249.70.105 - - [31/Dec/2025:02:44:12 +0300] "GET /?commodity/BLOCK/BULL7789566063 HTTP/1.1" 200 22417 "-" "Mozilla/5.0 (Linux; Android 6.0.1; Nexus 5X Build/MMB29P) AppleWebKit/537.36 (KHTML, like Gecko) Chrome/141.0.7390.122 Mobile Safari/537.36 (compatible; GoogleOther)"
74.7.227.185 - - [31/Dec/2025:02:44:12 +0300] "GET /?fileloc=//proc/33/task/33/statm&path=//proc/33/task/33 HTTP/2.0" 200 20 "-" "Mozilla/5.0 AppleWebKit/537.36 (KHTML, like Gecko; compatible; GPTBot/1.3; +https://openai.com/gptbot)"
216.73.216.89 - - [31/Dec/2025:02:44:13 +0300] "GET /works/japanese-painting/irina_levasheva_japan_painting_070?fileloc=%2F%2Fusr%2Fbin%2Frvim&path=%2F%2Fusr%2Fbin HTTP/2.0" 200 20 "-" "Mozilla/5.0 AppleWebKit/537.36 (KHTML, like Gecko; compatible; ClaudeBot/1.0; +claudebot@anthropic.com)"
66.249.70.106 - - [31/Dec/2025:02:44:15 +0300] "GET /undefined/commodity-breadcrumbs.jsonp?commodity_code=RI9168000266&schema=levasheva&callback=ga4datalayer163623 HTTP/1.1" 200 21145 "https://levasheva.ru/?commodity/BLOCK/BULL7789566063" "Mozilla/5.0 (Linux; Android 6.0.1; Nexus 5X Build/MMB29P) AppleWebKit/537.36 (KHTML, like Gecko) Chrome/141.0.7390.122 Mobile Safari/537.36 (compatible; Googlebot/2.1; +http://www.google.com/bot.html)"
66.249.70.105 - - [31/Dec/2025:02:44:17 +0300] "GET /undefined/commodity-breadcrumbs.jsonp?callback=jQuery37106393021999392658_1767138319013&commodity_code=RI9168000266 HTTP/1.1" 200 21265 "https://levasheva.ru/?commodity/BLOCK/BULL7789566063" "Mozilla/5.0 (Linux; Android 6.0.1; Nexus 5X Build/MMB29P) AppleWebKit/537.36 (KHTML, like Gecko) Chrome/141.0.7390.122 Mobile Safari/537.36 (compatible; Googlebot/2.1; +http://www.google.com/bot.html)"
74.7.227.185 - - [31/Dec/2025:02:44:17 +0300] "GET /?fileloc=//proc/22/task/22/cgroup&path=//proc/22/task/22 HTTP/2.0" 200 20 "-" "Mozilla/5.0 AppleWebKit/537.36 (KHTML, like Gecko; compatible; GPTBot/1.3; +https://openai.com/gptbot)"
216.73.216.89 - - [31/Dec/2025:02:44:18 +0300] "GET /works/japanese-painting/irina_levasheva_japan_painting_070?path=%2F%2Fproc%2Fthread-self%2Fattr HTTP/2.0" 200 20 "-" "Mozilla/5.0 AppleWebKit/537.36 (KHTML, like Gecko; compatible; ClaudeBot/1.0; +claudebot@anthropic.com)"
66.249.70.105 - - [31/Dec/2025:02:44:18 +0300] "GET /commodity/RI9168000266/colors?_=1765152000000 HTTP/1.1" 200 21082 "https://levasheva.ru/?commodity/BLOCK/BULL7789566063" "Mozilla/5.0 (Linux; Android 6.0.1; Nexus 5X Build/MMB29P) AppleWebKit/537.36 (KHTML, like Gecko) Chrome/141.0.7390.122 Mobile Safari/537.36 (compatible; Googlebot/2.1; +http://www.google.com/bot.html)"
66.249.70.106 - - [31/Dec/2025:02:44:20 +0300] "GET /commodity/CONFIRMATION/AMBER7788425710 HTTP/1.1" 200 21289 "-" "Mozilla/5.0 (Linux; Android 6.0.1; Nexus 5X Build/MMB29P) AppleWebKit/537.36 (KHTML, like Gecko) Chrome/141.0.7390.122 Mobile Safari/537.36 (compatible; GoogleOther)"
66.249.70.105 - - [31/Dec/2025:02:44:21 +0300] "GET /undefined/reviews-count.jsonp?callback=callback_customerReviewSummary_40905&schema=levasheva&commodity_code=RI9168000266&reviewer_type=1 HTTP/1.1" 200 21514 "https://levasheva.ru/?commodity/BLOCK/BULL7789566063" "Mozilla/5.0 (Linux; Android 6.0.1; Nexus 5X Build/MMB29P) AppleWebKit/537.36 (KHTML, like Gecko) Chrome/141.0.7390.122 Mobile Safari/537.36 (compatible; Googlebot/2.1; +http://www.google.com/bot.html)"
66.249.70.105 - - [31/Dec/2025:02:44:22 +0300] "GET /undefined/reviews.jsonp?callback=callback_c_40905&commodity_code=RI9168000266&schema=levasheva HTTP/1.1" 200 21309 "https://levasheva.ru/?commodity/BLOCK/BULL7789566063" "Mozilla/5.0 (Linux; Android 6.0.1; Nexus 5X Build/MMB29P) AppleWebKit/537.36 (KHTML, like Gecko) Chrome/141.0.7390.122 Mobile Safari/537.36 (compatible; Googlebot/2.1; +http://www.google.com/bot.html)"
74.7.227.185 - - [31/Dec/2025:02:44:22 +0300] "GET /?fileloc=//proc/44/task/44/wchan&path=//proc/44/task/44 HTTP/2.0" 200 20 "-" "Mozilla/5.0 AppleWebKit/537.36 (KHTML, like Gecko; compatible; GPTBot/1.3; +https://openai.com/gptbot)"
216.73.216.89 - - [31/Dec/2025:02:44:23 +0300] "GET /works/japanese-painting/irina_levasheva_japan_painting_070?path=%2F%2Flib%2Fx86_64-linux-gnu%2Fcmake HTTP/2.0" 200 20 "-" "Mozilla/5.0 AppleWebKit/537.36 (KHTML, like Gecko; compatible; ClaudeBot/1.0; +claudebot@anthropic.com)"
185.141.133.58 - - [31/Dec/2025:02:44:24 +0300] "POST /xmlrpc.php HTTP/2.0" 200 5254 "-" "Mozilla/5.0 (Windows NT 6.1; WOW64; Trident/7.0; MATP; rv:11.0) like Gecko"
66.249.70.105 - - [31/Dec/2025:02:44:25 +0300] "GET /commodity/ANDALE/GROUNDS77911885081 HTTP/1.1" 200 21512 "-" "Mozilla/5.0 (Linux; Android 6.0.1; Nexus 5X Build/MMB29P) AppleWebKit/537.36 (KHTML, like Gecko) Chrome/141.0.7390.122 Mobile Safari/537.36 (compatible; GoogleOther)"
185.141.133.58 - - [31/Dec/2025:02:44:25 +0300] "POST /xmlrpc.php HTTP/2.0" 200 5254 "-" "Mozilla/5.0 (Windows NT 6.1; WOW64; Trident/7.0; MATP; rv:11.0) like Gecko"
185.141.133.58 - - [31/Dec/2025:02:44:27 +0300] "POST /xmlrpc.php HTTP/2.0" 200 5254 "-" "Mozilla/5.0 (Windows NT 6.1; WOW64; Trident/7.0; MATP; rv:11.0) like Gecko"
216.73.216.89 - - [31/Dec/2025:02:44:28 +0300] "GET /works/japanese-painting/irina_levasheva_japan_painting_070?path=%2F%2Fusr%2Fshare%2Frunit HTTP/2.0" 200 20 "-" "Mozilla/5.0 AppleWebKit/537.36 (KHTML, like Gecko; compatible; ClaudeBot/1.0; +claudebot@anthropic.com)"
74.7.227.185 - - [31/Dec/2025:02:44:28 +0300] "GET /?fileloc=//proc/11/task/11/limits&path=//proc/11/task/11 HTTP/2.0" 200 20 "-" "Mozilla/5.0 AppleWebKit/537.36 (KHTML, like Gecko; compatible; GPTBot/1.3; +https://openai.com/gptbot)"
185.141.133.58 - - [31/Dec/2025:02:44:28 +0300] "POST /xmlrpc.php HTTP/2.0" 200 5254 "-" "Mozilla/5.0 (Windows NT 6.1; WOW64; Trident/7.0; MATP; rv:11.0) like Gecko"
66.249.70.105 - - [31/Dec/2025:02:44:30 +0300] "GET /commodity/CONFIRMATION/undefined/commodity-breadcrumbs.jsonp?commodity_code=MY5427830915&schema=levasheva&callback=ga4datalayer163623 HTTP/1.1" 200 21745 "https://levasheva.ru/commodity/CONFIRMATION/AMBER7788425710" "Mozilla/5.0 (Linux; Android 6.0.1; Nexus 5X Build/MMB29P) AppleWebKit/537.36 (KHTML, like Gecko) Chrome/141.0.7390.122 Mobile Safari/537.36 (compatible; Googlebot/2.1; +http://www.google.com/bot.html)"
66.249.70.105 - - [31/Dec/2025:02:44:31 +0300] "GET /commodity/REBATE/AVAILABLE7789840145 HTTP/1.1" 200 23292 "-" "Mozilla/5.0 (Linux; Android 6.0.1; Nexus 5X Build/MMB29P) AppleWebKit/537.36 (KHTML, like Gecko) Chrome/141.0.7390.122 Mobile Safari/537.36 (compatible; GoogleOther)"
66.249.70.105 - - [31/Dec/2025:02:44:33 +0300] "GET /commodity/ANDALE/undefined/commodity-breadcrumbs.jsonp?commodity_code=DG1456792152&schema=levasheva&callback=ga4datalayer163623 HTTP/1.1" 200 21495 "https://levasheva.ru/commodity/ANDALE/GROUNDS77911885081" "Mozilla/5.0 (Linux; Android 6.0.1; Nexus 5X Build/MMB29P) AppleWebKit/537.36 (KHTML, like Gecko) Chrome/141.0.7390.122 Mobile Safari/537.36 (compatible; Googlebot/2.1; +http://www.google.com/bot.html)"
216.73.216.89 - - [31/Dec/2025:02:44:33 +0300] "GET /works/japanese-painting/irina_levasheva_japan_painting_070?path=%2F%2Fproc%2F60%2Ftask HTTP/2.0" 200 20 "-" "Mozilla/5.0 AppleWebKit/537.36 (KHTML, like Gecko; compatible; ClaudeBot/1.0; +claudebot@anthropic.com)"
74.7.227.185 - - [31/Dec/2025:02:44:33 +0300] "GET /?fileloc=//proc/44/task/44/stack&path=//proc/44/task/44 HTTP/2.0" 200 20 "-" "Mozilla/5.0 AppleWebKit/537.36 (KHTML, like Gecko; compatible; GPTBot/1.3; +https://openai.com/gptbot)"
66.249.70.105 - - [31/Dec/2025:02:44:34 +0300] "GET /commodity/MY5427830915/colors?_=1765152000000 HTTP/1.1" 200 21654 "https://levasheva.ru/commodity/CONFIRMATION/AMBER7788425710" "Mozilla/5.0 (Linux; Android 6.0.1; Nexus 5X Build/MMB29P) AppleWebKit/537.36 (KHTML, like Gecko) Chrome/141.0.7390.122 Mobile Safari/537.36 (compatible; Googlebot/2.1; +http://www.google.com/bot.html)"
66.249.70.105 - - [31/Dec/2025:02:44:35 +0300] "GET /commodity/CONFIRMATION/undefined/commodity-breadcrumbs.jsonp?callback=jQuery37106393021999392658_1767138327013&commodity_code=MY5427830915 HTTP/1.1" 200 21412 "https://levasheva.ru/commodity/CONFIRMATION/AMBER7788425710" "Mozilla/5.0 (Linux; Android 6.0.1; Nexus 5X Build/MMB29P) AppleWebKit/537.36 (KHTML, like Gecko) Chrome/141.0.7390.122 Mobile Safari/537.36 (compatible; Googlebot/2.1; +http://www.google.com/bot.html)"
66.249.70.105 - - [31/Dec/2025:02:44:37 +0300] "GET /commodity/CONFIRMATION/undefined/reviews.jsonp?callback=callback_c_40905&commodity_code=MY5427830915&schema=levasheva HTTP/1.1" 200 21388 "https://levasheva.ru/commodity/CONFIRMATION/AMBER7788425710" "Mozilla/5.0 (Linux; Android 6.0.1; Nexus 5X Build/MMB29P) AppleWebKit/537.36 (KHTML, like Gecko) Chrome/141.0.7390.122 Mobile Safari/537.36 (compatible; Googlebot/2.1; +http://www.google.com/bot.html)"
216.73.216.89 - - [31/Dec/2025:02:44:38 +0300] "GET /works/japanese-painting/irina_levasheva_japan_painting_070?fileloc=%2F%2Fusr%2Fbin%2Fprintf&path=%2F%2Fusr%2Fbin HTTP/2.0" 200 20 "-" "Mozilla/5.0 AppleWebKit/537.36 (KHTML, like Gecko; compatible; ClaudeBot/1.0; +claudebot@anthropic.com)"
66.249.70.105 - - [31/Dec/2025:02:44:38 +0300] "GET /commodity/CONFIRMATION/undefined/reviews-count.jsonp?callback=callback_customerReviewSummary_40905&schema=levasheva&commodity_code=MY5427830915&reviewer_type=1 HTTP/1.1" 200 21512 "https://levasheva.ru/commodity/CONFIRMATION/AMBER7788425710" "Mozilla/5.0 (Linux; Android 6.0.1; Nexus 5X Build/MMB29P) AppleWebKit/537.36 (KHTML, like Gecko) Chrome/141.0.7390.122 Mobile Safari/537.36 (compatible; Googlebot/2.1; +http://www.google.com/bot.html)"
74.7.227.185 - - [31/Dec/2025:02:44:39 +0300] "GET /?fileloc=//proc/44/task/44/limits&path=//proc/44/task/44 HTTP/2.0" 200 20 "-" "Mozilla/5.0 AppleWebKit/537.36 (KHTML, like Gecko; compatible; GPTBot/1.3; +https://openai.com/gptbot)"
66.249.70.105 - - [31/Dec/2025:02:44:39 +0300] "GET /commodity/DEFEND/HEADER7788183754 HTTP/1.1" 200 21552 "-" "Mozilla/5.0 (Linux; Android 6.0.1; Nexus 5X Build/MMB29P) AppleWebKit/537.36 (KHTML, like Gecko) Chrome/141.0.7390.122 Mobile Safari/537.36 (compatible; GoogleOther)"
66.249.70.105 - - [31/Dec/2025:02:44:41 +0300] "GET /commodity/DG1456792152/colors?_=1765152000000 HTTP/1.1" 200 21437 "https://levasheva.ru/commodity/ANDALE/GROUNDS77911885081" "Mozilla/5.0 (Linux; Android 6.0.1; Nexus 5X Build/MMB29P) AppleWebKit/537.36 (KHTML, like Gecko) Chrome/141.0.7390.122 Mobile Safari/537.36 (compatible; Googlebot/2.1; +http://www.google.com/bot.html)"
66.249.70.105 - - [31/Dec/2025:02:44:42 +0300] "GET /commodity/ANDALE/undefined/reviews.jsonp?callback=callback_c_40905&commodity_code=DG1456792152&schema=levasheva HTTP/1.1" 200 21476 "https://levasheva.ru/commodity/ANDALE/GROUNDS77911885081" "Mozilla/5.0 (Linux; Android 6.0.1; Nexus 5X Build/MMB29P) AppleWebKit/537.36 (KHTML, like Gecko) Chrome/141.0.7390.122 Mobile Safari/537.36 (compatible; Googlebot/2.1; +http://www.google.com/bot.html)"
216.73.216.89 - - [31/Dec/2025:02:44:43 +0300] "GET /works/japanese-painting/irina_levasheva_japan_painting_070?path=%2F%2Fproc%2F37%2Ftask HTTP/2.0" 200 20 "-" "Mozilla/5.0 AppleWebKit/537.36 (KHTML, like Gecko; compatible; ClaudeBot/1.0; +claudebot@anthropic.com)"
66.249.70.105 - - [31/Dec/2025:02:44:43 +0300] "GET /commodity/ANDALE/undefined/reviews-count.jsonp?callback=callback_customerReviewSummary_40905&schema=levasheva&commodity_code=DG1456792152&reviewer_type=1 HTTP/1.1" 200 21585 "https://levasheva.ru/commodity/ANDALE/GROUNDS77911885081" "Mozilla/5.0 (Linux; Android 6.0.1; Nexus 5X Build/MMB29P) AppleWebKit/537.36 (KHTML, like Gecko) Chrome/141.0.7390.122 Mobile Safari/537.36 (compatible; Googlebot/2.1; +http://www.google.com/bot.html)"
74.7.227.185 - - [31/Dec/2025:02:44:44 +0300] "GET /?fileloc=//proc/44/task/44/smaps&path=//proc/44/task/44 HTTP/2.0" 200 20 "-" "Mozilla/5.0 AppleWebKit/537.36 (KHTML, like Gecko; compatible; GPTBot/1.3; +https://openai.com/gptbot)"
66.249.70.105 - - [31/Dec/2025:02:44:45 +0300] "GET /commodity/ANDALE/undefined/commodity-breadcrumbs.jsonp?callback=jQuery37106393021999392658_1767138333013&commodity_code=DG1456792152 HTTP/1.1" 200 21416 "https://levasheva.ru/commodity/ANDALE/GROUNDS77911885081" "Mozilla/5.0 (Linux; Android 6.0.1; Nexus 5X Build/MMB29P) AppleWebKit/537.36 (KHTML, like Gecko) Chrome/141.0.7390.122 Mobile Safari/537.36 (compatible; Googlebot/2.1; +http://www.google.com/bot.html)"
216.73.216.89 - - [31/Dec/2025:02:44:48 +0300] "GET /works/japanese-painting/irina_levasheva_japan_painting_070?path=%2F%2Fproc%2F263%2Ftask HTTP/2.0" 200 20 "-" "Mozilla/5.0 AppleWebKit/537.36 (KHTML, like Gecko; compatible; ClaudeBot/1.0; +claudebot@anthropic.com)"
74.7.227.185 - - [31/Dec/2025:02:44:49 +0300] "GET /?fileloc=//proc/11/task/11/wchan&path=//proc/11/task/11 HTTP/2.0" 200 20 "-" "Mozilla/5.0 AppleWebKit/537.36 (KHTML, like Gecko; compatible; GPTBot/1.3; +https://openai.com/gptbot)"
216.73.216.89 - - [31/Dec/2025:02:44:53 +0300] "GET /works/japanese-painting/irina_levasheva_japan_painting_070?path=%2F%2Fsys%2Fdevices%2Fsystem HTTP/2.0" 200 20 "-" "Mozilla/5.0 AppleWebKit/537.36 (KHTML, like Gecko; compatible; ClaudeBot/1.0; +claudebot@anthropic.com)"
74.7.227.185 - - [31/Dec/2025:02:44:54 +0300] "GET /?fileloc=//proc/33/task/33/status&path=//proc/33/task/33 HTTP/2.0" 200 20 "-" "Mozilla/5.0 AppleWebKit/537.36 (KHTML, like Gecko; compatible; GPTBot/1.3; +https://openai.com/gptbot)"
