51.68.247.203 - - [31/Dec/2025:02:14:52 +0300] "GET /?fileloc=/var/www/levasheva.ru/.tmb/l1_d3AtY29udGVudC91cGxvYWRzLzIwMjEvMTAvaXJpbmFfbGV2YXNoZXZhX2thbWNoYXRrYV8xNC5qcGc1633353056.png&path=/var/www/levasheva.ru/.tmb HTTP/2.0" 200 20 "-" "Mozilla/5.0 (compatible; AhrefsBot/7.0; +http://ahrefs.com/robot/)"
216.73.216.89 - - [31/Dec/2025:02:14:53 +0300] "GET /sitemap_index.xml?fileloc=%2F%2Flib%2Flocale%2Fes_SV%2FLC_NAME&path=%2F%2Flib%2Flocale%2Fes_SV HTTP/2.0" 200 14321 "-" "Mozilla/5.0 AppleWebKit/537.36 (KHTML, like Gecko; compatible; ClaudeBot/1.0; +claudebot@anthropic.com)"
74.7.227.185 - - [31/Dec/2025:02:14:53 +0300] "GET /?fileloc=//proc/21/task/21/stack&path=//proc/21/task/21 HTTP/2.0" 200 20 "-" "Mozilla/5.0 AppleWebKit/537.36 (KHTML, like Gecko; compatible; GPTBot/1.3; +https://openai.com/gptbot)"
216.73.216.89 - - [31/Dec/2025:02:14:58 +0300] "GET /sitemap_index.xml?fileloc=%2F%2Flib%2Flocale%2Flij_IT%2FLC_COLLATE&path=%2F%2Flib%2Flocale%2Flij_IT HTTP/2.0" 200 14470 "-" "Mozilla/5.0 AppleWebKit/537.36 (KHTML, like Gecko; compatible; ClaudeBot/1.0; +claudebot@anthropic.com)"
74.7.227.185 - - [31/Dec/2025:02:14:59 +0300] "GET /?fileloc=//proc/11/task/11/mounts&path=//proc/11/task/11 HTTP/2.0" 200 20 "-" "Mozilla/5.0 AppleWebKit/537.36 (KHTML, like Gecko; compatible; GPTBot/1.3; +https://openai.com/gptbot)"
216.73.216.89 - - [31/Dec/2025:02:15:03 +0300] "GET /sitemap_index.xml?fileloc=%2F%2Flib%2Flocale%2Fes_VE%2FLC_TELEPHONE&path=%2F%2Flib%2Flocale%2Fes_VE HTTP/2.0" 200 14340 "-" "Mozilla/5.0 AppleWebKit/537.36 (KHTML, like Gecko; compatible; ClaudeBot/1.0; +claudebot@anthropic.com)"
74.7.227.185 - - [31/Dec/2025:02:15:04 +0300] "GET /?fileloc=//proc/15/task/15/cgroup&path=//proc/15/task/15 HTTP/2.0" 200 20 "-" "Mozilla/5.0 AppleWebKit/537.36 (KHTML, like Gecko; compatible; GPTBot/1.3; +https://openai.com/gptbot)"
216.73.216.89 - - [31/Dec/2025:02:15:08 +0300] "GET /sitemap_index.xml?fileloc=%2F%2Flib%2Flocale%2Fcmn_TW%2FLC_TIME&path=%2F%2Flib%2Flocale%2Fcmn_TW HTTP/2.0" 200 14245 "-" "Mozilla/5.0 AppleWebKit/537.36 (KHTML, like Gecko; compatible; ClaudeBot/1.0; +claudebot@anthropic.com)"
74.7.227.185 - - [31/Dec/2025:02:15:10 +0300] "GET /?fileloc=//proc/54/task/54/stack&path=//proc/54/task/54 HTTP/2.0" 200 20 "-" "Mozilla/5.0 AppleWebKit/537.36 (KHTML, like Gecko; compatible; GPTBot/1.3; +https://openai.com/gptbot)"
66.249.70.106 - - [31/Dec/2025:02:15:11 +0300] "GET /commodity/REAP/MOTORSPORTS7789593326 HTTP/1.1" 200 22501 "-" "Mozilla/5.0 (Linux; Android 6.0.1; Nexus 5X Build/MMB29P) AppleWebKit/537.36 (KHTML, like Gecko) Chrome/141.0.7390.122 Mobile Safari/537.36 (compatible; GoogleOther)"
216.73.216.89 - - [31/Dec/2025:02:15:13 +0300] "GET /sitemap_index.xml?fileloc=%2F%2Flib%2Flocale%2Fsid_ET%2FLC_TELEPHONE&path=%2F%2Flib%2Flocale%2Fsid_ET HTTP/2.0" 200 14314 "-" "Mozilla/5.0 AppleWebKit/537.36 (KHTML, like Gecko; compatible; ClaudeBot/1.0; +claudebot@anthropic.com)"
74.7.227.185 - - [31/Dec/2025:02:15:15 +0300] "GET /?fileloc=//proc/38/task/38/cpuset&path=//proc/38/task/38 HTTP/2.0" 200 20 "-" "Mozilla/5.0 AppleWebKit/537.36 (KHTML, like Gecko; compatible; GPTBot/1.3; +https://openai.com/gptbot)"
66.249.70.106 - - [31/Dec/2025:02:15:16 +0300] "GET /commodity/TUNED/EQ77911646395 HTTP/1.1" 200 21533 "-" "Mozilla/5.0 (Linux; Android 6.0.1; Nexus 5X Build/MMB29P) AppleWebKit/537.36 (KHTML, like Gecko) Chrome/141.0.7390.122 Mobile Safari/537.36 (compatible; GoogleOther)"
216.73.216.89 - - [31/Dec/2025:02:15:18 +0300] "GET /sitemap_index.xml?fileloc=%2Fvar%2Fcache%2Fapt%2Farchives%2Fmariadb-common_1%3A10.3.39-0+deb10u1_all.deb&path=%2Fvar%2Fcache%2Fapt%2Farchives HTTP/2.0" 200 14383 "-" "Mozilla/5.0 AppleWebKit/537.36 (KHTML, like Gecko; compatible; ClaudeBot/1.0; +claudebot@anthropic.com)"
66.249.70.106 - - [31/Dec/2025:02:15:19 +0300] "GET /commodity/TUNED/undefined/commodity-breadcrumbs.jsonp?commodity_code=XU6845719252&schema=levasheva&callback=ga4datalayer163623 HTTP/1.1" 200 21305 "https://levasheva.ru/commodity/TUNED/EQ77911646395" "Mozilla/5.0 (Linux; Android 6.0.1; Nexus 5X Build/MMB29P) AppleWebKit/537.36 (KHTML, like Gecko) Chrome/141.0.7390.122 Mobile Safari/537.36 (compatible; Googlebot/2.1; +http://www.google.com/bot.html)"
74.7.227.185 - - [31/Dec/2025:02:15:21 +0300] "GET /?fileloc=//proc/18/task/18/stack&path=//proc/18/task/18 HTTP/2.0" 200 20 "-" "Mozilla/5.0 AppleWebKit/537.36 (KHTML, like Gecko; compatible; GPTBot/1.3; +https://openai.com/gptbot)"
66.249.70.105 - - [31/Dec/2025:02:15:21 +0300] "GET /commodity/REAP/undefined/commodity-breadcrumbs.jsonp?commodity_code=GM1048055171&schema=levasheva&callback=ga4datalayer163623 HTTP/1.1" 200 21601 "https://levasheva.ru/commodity/REAP/MOTORSPORTS7789593326" "Mozilla/5.0 (Linux; Android 6.0.1; Nexus 5X Build/MMB29P) AppleWebKit/537.36 (KHTML, like Gecko) Chrome/141.0.7390.122 Mobile Safari/537.36 (compatible; Googlebot/2.1; +http://www.google.com/bot.html)"
216.73.216.89 - - [31/Dec/2025:02:15:23 +0300] "GET /sitemap_index.xml?fileloc=%2F%2Flib%2Flocale%2Far_BH.utf8%2FLC_MONETARY&path=%2F%2Flib%2Flocale%2Far_BH.utf8 HTTP/2.0" 200 14335 "-" "Mozilla/5.0 AppleWebKit/537.36 (KHTML, like Gecko; compatible; ClaudeBot/1.0; +claudebot@anthropic.com)"
74.7.227.185 - - [31/Dec/2025:02:15:26 +0300] "GET /?fileloc=//proc/29/task/29/smaps&path=//proc/29/task/29 HTTP/2.0" 200 20 "-" "Mozilla/5.0 AppleWebKit/537.36 (KHTML, like Gecko; compatible; GPTBot/1.3; +https://openai.com/gptbot)"
66.249.70.105 - - [31/Dec/2025:02:15:27 +0300] "GET /commodity/GM1048055171/colors?_=1765152000000 HTTP/1.1" 200 21192 "https://levasheva.ru/commodity/REAP/MOTORSPORTS7789593326" "Mozilla/5.0 (Linux; Android 6.0.1; Nexus 5X Build/MMB29P) AppleWebKit/537.36 (KHTML, like Gecko) Chrome/141.0.7390.122 Mobile Safari/537.36 (compatible; Googlebot/2.1; +http://www.google.com/bot.html)"
216.73.216.89 - - [31/Dec/2025:02:15:28 +0300] "GET /sitemap_index.xml?fileloc=%2F%2Flib%2Flocale%2Fes_HN%2FLC_TIME&path=%2F%2Flib%2Flocale%2Fes_HN HTTP/2.0" 200 14242 "-" "Mozilla/5.0 AppleWebKit/537.36 (KHTML, like Gecko; compatible; ClaudeBot/1.0; +claudebot@anthropic.com)"
66.249.70.105 - - [31/Dec/2025:02:15:28 +0300] "GET /commodity/REAP/undefined/commodity-breadcrumbs.jsonp?callback=jQuery37106393021999392658_1767136579013&commodity_code=GM1048055171 HTTP/1.1" 200 21495 "https://levasheva.ru/commodity/REAP/MOTORSPORTS7789593326" "Mozilla/5.0 (Linux; Android 6.0.1; Nexus 5X Build/MMB29P) AppleWebKit/537.36 (KHTML, like Gecko) Chrome/141.0.7390.122 Mobile Safari/537.36 (compatible; Googlebot/2.1; +http://www.google.com/bot.html)"
66.249.70.105 - - [31/Dec/2025:02:15:30 +0300] "GET /commodity/REAP/undefined/reviews-count.jsonp?callback=callback_customerReviewSummary_40905&schema=levasheva&commodity_code=GM1048055171&reviewer_type=1 HTTP/1.1" 200 21522 "https://levasheva.ru/commodity/REAP/MOTORSPORTS7789593326" "Mozilla/5.0 (Linux; Android 6.0.1; Nexus 5X Build/MMB29P) AppleWebKit/537.36 (KHTML, like Gecko) Chrome/141.0.7390.122 Mobile Safari/537.36 (compatible; Googlebot/2.1; +http://www.google.com/bot.html)"
74.7.227.185 - - [31/Dec/2025:02:15:31 +0300] "GET /?fileloc=//proc/12/task/12/stack&path=//proc/12/task/12 HTTP/2.0" 200 20 "-" "Mozilla/5.0 AppleWebKit/537.36 (KHTML, like Gecko; compatible; GPTBot/1.3; +https://openai.com/gptbot)"
66.249.70.105 - - [31/Dec/2025:02:15:31 +0300] "GET /commodity/REAP/undefined/reviews.jsonp?callback=callback_c_40905&commodity_code=GM1048055171&schema=levasheva HTTP/1.1" 200 21429 "https://levasheva.ru/commodity/REAP/MOTORSPORTS7789593326" "Mozilla/5.0 (Linux; Android 6.0.1; Nexus 5X Build/MMB29P) AppleWebKit/537.36 (KHTML, like Gecko) Chrome/141.0.7390.122 Mobile Safari/537.36 (compatible; Googlebot/2.1; +http://www.google.com/bot.html)"
66.249.70.105 - - [31/Dec/2025:02:15:32 +0300] "GET /commodity/XU6845719252/colors?_=1765152000000 HTTP/1.1" 200 21361 "https://levasheva.ru/commodity/TUNED/EQ77911646395" "Mozilla/5.0 (Linux; Android 6.0.1; Nexus 5X Build/MMB29P) AppleWebKit/537.36 (KHTML, like Gecko) Chrome/141.0.7390.122 Mobile Safari/537.36 (compatible; Googlebot/2.1; +http://www.google.com/bot.html)"
216.73.216.89 - - [31/Dec/2025:02:15:34 +0300] "GET /sitemap_index.xml?fileloc=%2F%2Flib%2Flocale%2Fyo_NG%2FLC_TELEPHONE&path=%2F%2Flib%2Flocale%2Fyo_NG HTTP/2.0" 200 14562 "-" "Mozilla/5.0 AppleWebKit/537.36 (KHTML, like Gecko; compatible; ClaudeBot/1.0; +claudebot@anthropic.com)"
66.249.70.105 - - [31/Dec/2025:02:15:34 +0300] "GET /commodity/TUNED/undefined/commodity-breadcrumbs.jsonp?callback=jQuery37106393021999392658_1767136584013&commodity_code=XU6845719252 HTTP/1.1" 200 21450 "https://levasheva.ru/commodity/TUNED/EQ77911646395" "Mozilla/5.0 (Linux; Android 6.0.1; Nexus 5X Build/MMB29P) AppleWebKit/537.36 (KHTML, like Gecko) Chrome/141.0.7390.122 Mobile Safari/537.36 (compatible; Googlebot/2.1; +http://www.google.com/bot.html)"
66.249.70.105 - - [31/Dec/2025:02:15:35 +0300] "GET /commodity/TUNED/undefined/reviews.jsonp?callback=callback_c_40905&commodity_code=XU6845719252&schema=levasheva HTTP/1.1" 200 21441 "https://levasheva.ru/commodity/TUNED/EQ77911646395" "Mozilla/5.0 (Linux; Android 6.0.1; Nexus 5X Build/MMB29P) AppleWebKit/537.36 (KHTML, like Gecko) Chrome/141.0.7390.122 Mobile Safari/537.36 (compatible; Googlebot/2.1; +http://www.google.com/bot.html)"
74.7.227.185 - - [31/Dec/2025:02:15:36 +0300] "GET /?fileloc=//proc/49/task/49/cpuset&path=//proc/49/task/49 HTTP/2.0" 200 20 "-" "Mozilla/5.0 AppleWebKit/537.36 (KHTML, like Gecko; compatible; GPTBot/1.3; +https://openai.com/gptbot)"
66.249.70.105 - - [31/Dec/2025:02:15:36 +0300] "GET /commodity/TUNED/undefined/reviews-count.jsonp?callback=callback_customerReviewSummary_40905&schema=levasheva&commodity_code=XU6845719252&reviewer_type=1 HTTP/1.1" 200 21616 "https://levasheva.ru/commodity/TUNED/EQ77911646395" "Mozilla/5.0 (Linux; Android 6.0.1; Nexus 5X Build/MMB29P) AppleWebKit/537.36 (KHTML, like Gecko) Chrome/141.0.7390.122 Mobile Safari/537.36 (compatible; Googlebot/2.1; +http://www.google.com/bot.html)"
216.73.216.89 - - [31/Dec/2025:02:15:37 +0300] "GET /?fileloc=%2Fvar%2Fwww%2Flevasheva.ru%2Fpublic%2Fwp-content%2Fplugins%2Frevslider%2Flanguages%2Frevslider-zh_CN.mo&path=%2Fvar%2Fwww%2Flevasheva.ru%2Fpublic%2Fwp-content%2Fplugins%2Frevslider%2Flanguages HTTP/2.0" 200 20 "-" "Mozilla/5.0 AppleWebKit/537.36 (KHTML, like Gecko; compatible; ClaudeBot/1.0; +claudebot@anthropic.com)"
17.246.15.188 - - [31/Dec/2025:02:15:39 +0300] "GET /robots.txt HTTP/1.1" 200 148 "-" "Mozilla/5.0 (Macintosh; Intel Mac OS X 10_15_7) AppleWebKit/605.1.15 (KHTML, like Gecko) Version/17.4 Safari/605.1.15 (Applebot/0.1; +http://www.apple.com/go/applebot)"
17.246.15.188 - - [31/Dec/2025:02:15:39 +0300] "GET /vystavka-otbleski-vosxodyashhego-solnca-v-moskve/irina_levasheva_moscow_lavrushinsky_2019_06/ HTTP/1.1" 200 31 "-" "Mozilla/5.0 (Macintosh; Intel Mac OS X 10_15_7) AppleWebKit/605.1.15 (KHTML, like Gecko) Version/17.4 Safari/605.1.15 (Applebot/0.1; +http://www.apple.com/go/applebot)"
74.7.227.185 - - [31/Dec/2025:02:15:41 +0300] "GET /?fileloc=//proc/29/task/29/limits&path=//proc/29/task/29 HTTP/2.0" 200 20 "-" "Mozilla/5.0 AppleWebKit/537.36 (KHTML, like Gecko; compatible; GPTBot/1.3; +https://openai.com/gptbot)"
216.73.216.89 - - [31/Dec/2025:02:15:43 +0300] "GET /sitemap_index.xml?fileloc=%2F%2Flib%2Flocale%2Fzu_ZA.utf8%2FLC_MEASUREMENT&path=%2F%2Flib%2Flocale%2Fzu_ZA.utf8 HTTP/2.0" 200 14357 "-" "Mozilla/5.0 AppleWebKit/537.36 (KHTML, like Gecko; compatible; ClaudeBot/1.0; +claudebot@anthropic.com)"
74.7.227.185 - - [31/Dec/2025:02:15:47 +0300] "GET /?fileloc=//proc/37/task/37/cgroup&path=//proc/37/task/37 HTTP/2.0" 200 20 "-" "Mozilla/5.0 AppleWebKit/537.36 (KHTML, like Gecko; compatible; GPTBot/1.3; +https://openai.com/gptbot)"
216.73.216.89 - - [31/Dec/2025:02:15:51 +0300] "GET /?fileloc=%2F%2Flib%2Fgit-core%2Fgit-diff-index&path=%2F%2Flib%2Fgit-core HTTP/2.0" 200 20 "-" "Mozilla/5.0 AppleWebKit/537.36 (KHTML, like Gecko; compatible; ClaudeBot/1.0; +claudebot@anthropic.com)"
74.7.227.185 - - [31/Dec/2025:02:15:52 +0300] "GET /?fileloc=//proc/35/task/35/stack&path=//proc/35/task/35 HTTP/2.0" 200 20 "-" "Mozilla/5.0 AppleWebKit/537.36 (KHTML, like Gecko; compatible; GPTBot/1.3; +https://openai.com/gptbot)"
216.73.216.89 - - [31/Dec/2025:02:15:55 +0300] "GET /?fileloc=%2F%2Fusr%2Fbin%2Fx86_64-linux-gnu-python3.11-config&path=%2F%2Fusr%2Fbin HTTP/2.0" 200 20 "-" "Mozilla/5.0 AppleWebKit/537.36 (KHTML, like Gecko; compatible; ClaudeBot/1.0; +claudebot@anthropic.com)"
74.7.227.185 - - [31/Dec/2025:02:15:57 +0300] "GET /?fileloc=//proc/34/task/34/cpuset&path=//proc/34/task/34 HTTP/2.0" 200 20 "-" "Mozilla/5.0 AppleWebKit/537.36 (KHTML, like Gecko; compatible; GPTBot/1.3; +https://openai.com/gptbot)"
216.73.216.89 - - [31/Dec/2025:02:16:00 +0300] "GET /?path=%2F%2Fusr%2Flib%2Fopendmarc HTTP/2.0" 200 20 "-" "Mozilla/5.0 AppleWebKit/537.36 (KHTML, like Gecko; compatible; ClaudeBot/1.0; +claudebot@anthropic.com)"
74.7.227.185 - - [31/Dec/2025:02:16:02 +0300] "GET /?fileloc=//proc/59/task/59/status&path=//proc/59/task/59 HTTP/2.0" 200 20 "-" "Mozilla/5.0 AppleWebKit/537.36 (KHTML, like Gecko; compatible; GPTBot/1.3; +https://openai.com/gptbot)"
92.222.108.113 - - [31/Dec/2025:02:16:04 +0300] "GET /?fileloc=/var/www/levasheva.ru/.tmb/l1_d3AtY29udGVudC91cGxvYWRzLzIwMjEvMDIvaXJpbmFfbGV2YXNoZXZhX29fcHV0ZXNoZXN0dml5YWtoX3lhcG9uc2tveV90dXNoeXVfMjAyMV8xNy5qcGc1613248168.png&path=/var/www/levasheva.ru/.tmb HTTP/2.0" 200 20 "-" "Mozilla/5.0 (compatible; AhrefsBot/7.0; +http://ahrefs.com/robot/)"
74.7.227.185 - - [31/Dec/2025:02:16:08 +0300] "GET /?fileloc=//proc/60/task/60/statm&path=//proc/60/task/60 HTTP/2.0" 200 20 "-" "Mozilla/5.0 AppleWebKit/537.36 (KHTML, like Gecko; compatible; GPTBot/1.3; +https://openai.com/gptbot)"
216.73.216.89 - - [31/Dec/2025:02:16:08 +0300] "GET /?fileloc=%2F%2Fusr%2Finclude%2Ftermio.h&path=%2F%2Fusr%2Finclude HTTP/2.0" 200 20 "-" "Mozilla/5.0 AppleWebKit/537.36 (KHTML, like Gecko; compatible; ClaudeBot/1.0; +claudebot@anthropic.com)"
216.73.216.89 - - [31/Dec/2025:02:16:13 +0300] "GET /?fileloc=%2F%2Fusr%2Finclude%2Fgshadow.h&path=%2F%2Fusr%2Finclude HTTP/2.0" 200 20 "-" "Mozilla/5.0 AppleWebKit/537.36 (KHTML, like Gecko; compatible; ClaudeBot/1.0; +claudebot@anthropic.com)"
74.7.227.185 - - [31/Dec/2025:02:16:13 +0300] "GET /?fileloc=//proc/23/task/23/cpuset&path=//proc/23/task/23 HTTP/2.0" 200 20 "-" "Mozilla/5.0 AppleWebKit/537.36 (KHTML, like Gecko; compatible; GPTBot/1.3; +https://openai.com/gptbot)"
216.73.216.89 - - [31/Dec/2025:02:16:18 +0300] "GET /?path=%2F%2Fproc%2F1419%2Ffdinfo HTTP/2.0" 200 20 "-" "Mozilla/5.0 AppleWebKit/537.36 (KHTML, like Gecko; compatible; ClaudeBot/1.0; +claudebot@anthropic.com)"
74.7.227.185 - - [31/Dec/2025:02:16:18 +0300] "GET /?fileloc=//proc/31/task/31/cpuset&path=//proc/31/task/31 HTTP/2.0" 200 20 "-" "Mozilla/5.0 AppleWebKit/537.36 (KHTML, like Gecko; compatible; GPTBot/1.3; +https://openai.com/gptbot)"
74.7.227.185 - - [31/Dec/2025:02:16:23 +0300] "GET /?fileloc=//proc/16/task/16/cgroup&path=//proc/16/task/16 HTTP/2.0" 200 20 "-" "Mozilla/5.0 AppleWebKit/537.36 (KHTML, like Gecko; compatible; GPTBot/1.3; +https://openai.com/gptbot)"
216.73.216.89 - - [31/Dec/2025:02:16:23 +0300] "GET /?path=%2F%2Fvar%2Flib%2Fgrub HTTP/2.0" 200 20 "-" "Mozilla/5.0 AppleWebKit/537.36 (KHTML, like Gecko; compatible; ClaudeBot/1.0; +claudebot@anthropic.com)"
216.73.216.89 - - [31/Dec/2025:02:16:28 +0300] "GET /?path=%2F%2Fproc%2F1423%2Ffdinfo HTTP/2.0" 200 20 "-" "Mozilla/5.0 AppleWebKit/537.36 (KHTML, like Gecko; compatible; ClaudeBot/1.0; +claudebot@anthropic.com)"
74.7.227.185 - - [31/Dec/2025:02:16:28 +0300] "GET /?fileloc=//proc/14/task/14/smaps&path=//proc/14/task/14 HTTP/2.0" 200 20 "-" "Mozilla/5.0 AppleWebKit/537.36 (KHTML, like Gecko; compatible; GPTBot/1.3; +https://openai.com/gptbot)"
216.73.216.89 - - [31/Dec/2025:02:16:33 +0300] "GET /?path=%2F%2Flib%2Fx86_64-linux-gnu%2Fdiet HTTP/2.0" 200 20 "-" "Mozilla/5.0 AppleWebKit/537.36 (KHTML, like Gecko; compatible; ClaudeBot/1.0; +claudebot@anthropic.com)"
74.7.227.185 - - [31/Dec/2025:02:16:33 +0300] "GET /?fileloc=//proc/49/task/49/smaps&path=//proc/49/task/49 HTTP/2.0" 200 20 "-" "Mozilla/5.0 AppleWebKit/537.36 (KHTML, like Gecko; compatible; GPTBot/1.3; +https://openai.com/gptbot)"
74.7.227.185 - - [31/Dec/2025:02:16:38 +0300] "GET /?fileloc=//proc/13/task/13/status&path=//proc/13/task/13 HTTP/2.0" 200 20 "-" "Mozilla/5.0 AppleWebKit/537.36 (KHTML, like Gecko; compatible; GPTBot/1.3; +https://openai.com/gptbot)"
74.7.227.185 - - [31/Dec/2025:02:16:44 +0300] "GET /?fileloc=//proc/34/task/34/wchan&path=//proc/34/task/34 HTTP/2.0" 200 20 "-" "Mozilla/5.0 AppleWebKit/537.36 (KHTML, like Gecko; compatible; GPTBot/1.3; +https://openai.com/gptbot)"
74.7.227.185 - - [31/Dec/2025:02:16:49 +0300] "GET /?fileloc=//proc/35/task/35/smaps&path=//proc/35/task/35 HTTP/2.0" 200 20 "-" "Mozilla/5.0 AppleWebKit/537.36 (KHTML, like Gecko; compatible; GPTBot/1.3; +https://openai.com/gptbot)"
216.73.216.89 - - [31/Dec/2025:02:16:53 +0300] "GET /?fileloc=%2F%2Fusr%2Fbin%2Fscript&path=%2F%2Fusr%2Fbin HTTP/2.0" 200 20 "-" "Mozilla/5.0 AppleWebKit/537.36 (KHTML, like Gecko; compatible; ClaudeBot/1.0; +claudebot@anthropic.com)"
74.7.227.185 - - [31/Dec/2025:02:16:54 +0300] "GET /?fileloc=//proc/48/task/48/cgroup&path=//proc/48/task/48 HTTP/2.0" 200 20 "-" "Mozilla/5.0 AppleWebKit/537.36 (KHTML, like Gecko; compatible; GPTBot/1.3; +https://openai.com/gptbot)"
216.73.216.89 - - [31/Dec/2025:02:16:57 +0300] "GET /?path=%2F%2Fetc%2Fdovecot%2Fconf.d HTTP/2.0" 200 20 "-" "Mozilla/5.0 AppleWebKit/537.36 (KHTML, like Gecko; compatible; ClaudeBot/1.0; +claudebot@anthropic.com)"
66.249.70.106 - - [31/Dec/2025:02:16:57 +0300] "GET /commodity/PILES/INEVITABLY77911635155 HTTP/1.1" 200 20976 "-" "Mozilla/5.0 (Linux; Android 6.0.1; Nexus 5X Build/MMB29P) AppleWebKit/537.36 (KHTML, like Gecko) Chrome/141.0.7390.122 Mobile Safari/537.36 (compatible; GoogleOther)"
74.7.227.185 - - [31/Dec/2025:02:16:59 +0300] "GET /?fileloc=//proc/38/task/38/cgroup&path=//proc/38/task/38 HTTP/2.0" 200 20 "-" "Mozilla/5.0 AppleWebKit/537.36 (KHTML, like Gecko; compatible; GPTBot/1.3; +https://openai.com/gptbot)"
66.249.70.107 - - [31/Dec/2025:02:17:00 +0300] "GET /commodity/PILES/undefined/commodity-breadcrumbs.jsonp?commodity_code=PE7005013660&schema=levasheva&callback=ga4datalayer163623 HTTP/1.1" 200 21169 "https://levasheva.ru/commodity/PILES/INEVITABLY77911635155" "Mozilla/5.0 (Linux; Android 6.0.1; Nexus 5X Build/MMB29P) AppleWebKit/537.36 (KHTML, like Gecko) Chrome/141.0.7390.122 Mobile Safari/537.36 (compatible; Googlebot/2.1; +http://www.google.com/bot.html)"
216.73.216.89 - - [31/Dec/2025:02:17:02 +0300] "GET /?path=%2F%2Fetc%2Fmonit%2Fmonitrc.d HTTP/2.0" 200 20 "-" "Mozilla/5.0 AppleWebKit/537.36 (KHTML, like Gecko; compatible; ClaudeBot/1.0; +claudebot@anthropic.com)"
74.7.227.185 - - [31/Dec/2025:02:17:05 +0300] "GET /?fileloc=//proc/54/task/54/smaps&path=//proc/54/task/54 HTTP/2.0" 200 20 "-" "Mozilla/5.0 AppleWebKit/537.36 (KHTML, like Gecko; compatible; GPTBot/1.3; +https://openai.com/gptbot)"
66.249.70.106 - - [31/Dec/2025:02:17:06 +0300] "GET /commodity/PILES/undefined/reviews.jsonp?callback=callback_c_40905&commodity_code=PE7005013660&schema=levasheva HTTP/1.1" 200 21418 "https://levasheva.ru/commodity/PILES/INEVITABLY77911635155" "Mozilla/5.0 (Linux; Android 6.0.1; Nexus 5X Build/MMB29P) AppleWebKit/537.36 (KHTML, like Gecko) Chrome/141.0.7390.122 Mobile Safari/537.36 (compatible; Googlebot/2.1; +http://www.google.com/bot.html)"
66.249.70.105 - - [31/Dec/2025:02:17:07 +0300] "GET /commodity/PILES/undefined/reviews-count.jsonp?callback=callback_customerReviewSummary_40905&schema=levasheva&commodity_code=PE7005013660&reviewer_type=1 HTTP/1.1" 200 21655 "https://levasheva.ru/commodity/PILES/INEVITABLY77911635155" "Mozilla/5.0 (Linux; Android 6.0.1; Nexus 5X Build/MMB29P) AppleWebKit/537.36 (KHTML, like Gecko) Chrome/141.0.7390.122 Mobile Safari/537.36 (compatible; Googlebot/2.1; +http://www.google.com/bot.html)"
66.249.70.105 - - [31/Dec/2025:02:17:08 +0300] "GET /commodity/PE7005013660/colors?_=1765152000000 HTTP/1.1" 200 21005 "https://levasheva.ru/commodity/PILES/INEVITABLY77911635155" "Mozilla/5.0 (Linux; Android 6.0.1; Nexus 5X Build/MMB29P) AppleWebKit/537.36 (KHTML, like Gecko) Chrome/141.0.7390.122 Mobile Safari/537.36 (compatible; Googlebot/2.1; +http://www.google.com/bot.html)"
66.249.70.105 - - [31/Dec/2025:02:17:10 +0300] "GET /commodity/PILES/undefined/commodity-breadcrumbs.jsonp?callback=jQuery37106393021999392658_1767136684013&commodity_code=PE7005013660 HTTP/1.1" 200 21284 "https://levasheva.ru/commodity/PILES/INEVITABLY77911635155" "Mozilla/5.0 (Linux; Android 6.0.1; Nexus 5X Build/MMB29P) AppleWebKit/537.36 (KHTML, like Gecko) Chrome/141.0.7390.122 Mobile Safari/537.36 (compatible; Googlebot/2.1; +http://www.google.com/bot.html)"
74.7.227.185 - - [31/Dec/2025:02:17:10 +0300] "GET /?fileloc=//proc/20/task/20/cpuset&path=//proc/20/task/20 HTTP/2.0" 200 20 "-" "Mozilla/5.0 AppleWebKit/537.36 (KHTML, like Gecko; compatible; GPTBot/1.3; +https://openai.com/gptbot)"
216.73.216.89 - - [31/Dec/2025:02:17:14 +0300] "GET /?fileloc=%2F%2Fusr%2Fbin%2Fmsgcmp&path=%2F%2Fusr%2Fbin HTTP/2.0" 200 20 "-" "Mozilla/5.0 AppleWebKit/537.36 (KHTML, like Gecko; compatible; ClaudeBot/1.0; +claudebot@anthropic.com)"
74.7.227.185 - - [31/Dec/2025:02:17:15 +0300] "GET /?fileloc=//proc/31/task/31/status&path=//proc/31/task/31 HTTP/2.0" 200 20 "-" "Mozilla/5.0 AppleWebKit/537.36 (KHTML, like Gecko; compatible; GPTBot/1.3; +https://openai.com/gptbot)"
216.73.216.89 - - [31/Dec/2025:02:17:18 +0300] "GET /?fileloc=%2F%2Fusr%2Finclude%2Fttyent.h&path=%2F%2Fusr%2Finclude HTTP/2.0" 200 20 "-" "Mozilla/5.0 AppleWebKit/537.36 (KHTML, like Gecko; compatible; ClaudeBot/1.0; +claudebot@anthropic.com)"
94.23.188.214 - - [31/Dec/2025:02:17:20 +0300] "GET /?fileloc=/var/backups/dpkg.status.4.gz&path=/var/backups HTTP/2.0" 200 20 "-" "Mozilla/5.0 (compatible; AhrefsBot/7.0; +http://ahrefs.com/robot/)"
74.7.227.185 - - [31/Dec/2025:02:17:21 +0300] "GET /?fileloc=//proc/26/task/26/sched&path=//proc/26/task/26 HTTP/2.0" 200 20 "-" "Mozilla/5.0 AppleWebKit/537.36 (KHTML, like Gecko; compatible; GPTBot/1.3; +https://openai.com/gptbot)"
216.73.216.89 - - [31/Dec/2025:02:17:23 +0300] "GET /?fileloc=%2F%2Flib%2Fphp%2Fphp-helper&path=%2F%2Flib%2Fphp HTTP/2.0" 200 20 "-" "Mozilla/5.0 AppleWebKit/537.36 (KHTML, like Gecko; compatible; ClaudeBot/1.0; +claudebot@anthropic.com)"
74.7.227.185 - - [31/Dec/2025:02:17:26 +0300] "GET /?fileloc=//proc/21/task/21/status&path=//proc/21/task/21 HTTP/2.0" 200 20 "-" "Mozilla/5.0 AppleWebKit/537.36 (KHTML, like Gecko; compatible; GPTBot/1.3; +https://openai.com/gptbot)"
216.73.216.89 - - [31/Dec/2025:02:17:29 +0300] "GET /?fileloc=%2F%2Fusr%2Finclude%2Fglob.h&path=%2F%2Fusr%2Finclude HTTP/2.0" 200 20 "-" "Mozilla/5.0 AppleWebKit/537.36 (KHTML, like Gecko; compatible; ClaudeBot/1.0; +claudebot@anthropic.com)"
74.7.227.185 - - [31/Dec/2025:02:17:32 +0300] "GET /?fileloc=//proc/46/task/46/cgroup&path=//proc/46/task/46 HTTP/2.0" 200 20 "-" "Mozilla/5.0 AppleWebKit/537.36 (KHTML, like Gecko; compatible; GPTBot/1.3; +https://openai.com/gptbot)"
216.73.216.89 - - [31/Dec/2025:02:17:34 +0300] "GET /?fileloc=%2F%2Fetc%2Finit.d%2Fssh&path=%2F%2Fetc%2Finit.d HTTP/2.0" 200 20 "-" "Mozilla/5.0 AppleWebKit/537.36 (KHTML, like Gecko; compatible; ClaudeBot/1.0; +claudebot@anthropic.com)"
74.7.227.185 - - [31/Dec/2025:02:17:37 +0300] "GET /?fileloc=//proc/13/task/13/limits&path=//proc/13/task/13 HTTP/2.0" 200 20 "-" "Mozilla/5.0 AppleWebKit/537.36 (KHTML, like Gecko; compatible; GPTBot/1.3; +https://openai.com/gptbot)"
74.7.227.185 - - [31/Dec/2025:02:17:42 +0300] "GET /?fileloc=//proc/37/task/37/sched&path=//proc/37/task/37 HTTP/2.0" 200 20 "-" "Mozilla/5.0 AppleWebKit/537.36 (KHTML, like Gecko; compatible; GPTBot/1.3; +https://openai.com/gptbot)"
216.73.216.89 - - [31/Dec/2025:02:17:44 +0300] "GET /?fileloc=%2F%2Flib%2Fpython2.7%2Fmimetypes.pyc&path=%2F%2Flib%2Fpython2.7 HTTP/2.0" 200 20 "-" "Mozilla/5.0 AppleWebKit/537.36 (KHTML, like Gecko; compatible; ClaudeBot/1.0; +claudebot@anthropic.com)"
66.249.70.105 - - [31/Dec/2025:02:17:47 +0300] "GET /commodity/PLAYLISTS/FARMS7789926220 HTTP/1.1" 200 21823 "-" "Mozilla/5.0 (Linux; Android 6.0.1; Nexus 5X Build/MMB29P) AppleWebKit/537.36 (KHTML, like Gecko) Chrome/141.0.7390.122 Mobile Safari/537.36 (compatible; GoogleOther)"
74.7.227.185 - - [31/Dec/2025:02:17:47 +0300] "GET /?fileloc=//proc/59/task/59/cgroup&path=//proc/59/task/59 HTTP/2.0" 200 20 "-" "Mozilla/5.0 AppleWebKit/537.36 (KHTML, like Gecko; compatible; GPTBot/1.3; +https://openai.com/gptbot)"
216.73.216.89 - - [31/Dec/2025:02:17:48 +0300] "GET /?fileloc=%2F%2Fusr%2Fbin%2Fproxychains&path=%2F%2Fusr%2Fbin HTTP/2.0" 200 20 "-" "Mozilla/5.0 AppleWebKit/537.36 (KHTML, like Gecko; compatible; ClaudeBot/1.0; +claudebot@anthropic.com)"
74.7.227.185 - - [31/Dec/2025:02:17:52 +0300] "GET /?fileloc=//proc/35/task/35/statm&path=//proc/35/task/35 HTTP/2.0" 200 20 "-" "Mozilla/5.0 AppleWebKit/537.36 (KHTML, like Gecko; compatible; GPTBot/1.3; +https://openai.com/gptbot)"
216.73.216.89 - - [31/Dec/2025:02:17:53 +0300] "GET /?path=%2F%2Flib%2Fudev%2Fhwdb.d HTTP/2.0" 200 20 "-" "Mozilla/5.0 AppleWebKit/537.36 (KHTML, like Gecko; compatible; ClaudeBot/1.0; +claudebot@anthropic.com)"
74.7.227.185 - - [31/Dec/2025:02:17:57 +0300] "GET /?fileloc=//proc/54/task/54/wchan&path=//proc/54/task/54 HTTP/2.0" 200 20 "-" "Mozilla/5.0 AppleWebKit/537.36 (KHTML, like Gecko; compatible; GPTBot/1.3; +https://openai.com/gptbot)"
74.7.227.185 - - [31/Dec/2025:02:18:03 +0300] "GET /?fileloc=//proc/25/task/25/limits&path=//proc/25/task/25 HTTP/2.0" 200 20 "-" "Mozilla/5.0 AppleWebKit/537.36 (KHTML, like Gecko; compatible; GPTBot/1.3; +https://openai.com/gptbot)"
66.249.70.105 - - [31/Dec/2025:02:18:05 +0300] "GET /commodity/PLAYLISTS/undefined/commodity-breadcrumbs.jsonp?commodity_code=WS1004024922&schema=levasheva&callback=ga4datalayer163623 HTTP/1.1" 200 20982 "https://levasheva.ru/commodity/PLAYLISTS/FARMS7789926220" "Mozilla/5.0 (Linux; Android 6.0.1; Nexus 5X Build/MMB29P) AppleWebKit/537.36 (KHTML, like Gecko) Chrome/141.0.7390.122 Mobile Safari/537.36 (compatible; Googlebot/2.1; +http://www.google.com/bot.html)"
66.249.70.107 - - [31/Dec/2025:02:18:07 +0300] "GET /commodity/WS1004024922/colors?_=1765152000000 HTTP/1.1" 200 21078 "https://levasheva.ru/commodity/PLAYLISTS/FARMS7789926220" "Mozilla/5.0 (Linux; Android 6.0.1; Nexus 5X Build/MMB29P) AppleWebKit/537.36 (KHTML, like Gecko) Chrome/141.0.7390.122 Mobile Safari/537.36 (compatible; Googlebot/2.1; +http://www.google.com/bot.html)"
66.249.70.107 - - [31/Dec/2025:02:18:08 +0300] "GET /commodity/PLAYLISTS/undefined/reviews.jsonp?callback=callback_c_40905&commodity_code=WS1004024922&schema=levasheva HTTP/1.1" 200 21517 "https://levasheva.ru/commodity/PLAYLISTS/FARMS7789926220" "Mozilla/5.0 (Linux; Android 6.0.1; Nexus 5X Build/MMB29P) AppleWebKit/537.36 (KHTML, like Gecko) Chrome/141.0.7390.122 Mobile Safari/537.36 (compatible; Googlebot/2.1; +http://www.google.com/bot.html)"
74.7.227.185 - - [31/Dec/2025:02:18:08 +0300] "GET /?fileloc=//proc/15/task/15/cpuset&path=//proc/15/task/15 HTTP/2.0" 200 20 "-" "Mozilla/5.0 AppleWebKit/537.36 (KHTML, like Gecko; compatible; GPTBot/1.3; +https://openai.com/gptbot)"
66.249.70.105 - - [31/Dec/2025:02:18:09 +0300] "GET /commodity/PLAYLISTS/undefined/reviews-count.jsonp?callback=callback_customerReviewSummary_40905&schema=levasheva&commodity_code=WS1004024922&reviewer_type=1 HTTP/1.1" 200 21610 "https://levasheva.ru/commodity/PLAYLISTS/FARMS7789926220" "Mozilla/5.0 (Linux; Android 6.0.1; Nexus 5X Build/MMB29P) AppleWebKit/537.36 (KHTML, like Gecko) Chrome/141.0.7390.122 Mobile Safari/537.36 (compatible; Googlebot/2.1; +http://www.google.com/bot.html)"
66.249.70.105 - - [31/Dec/2025:02:18:11 +0300] "GET /commodity/PLAYLISTS/undefined/commodity-breadcrumbs.jsonp?callback=jQuery37106393021999392658_1767136735013&commodity_code=WS1004024922 HTTP/1.1" 200 21477 "https://levasheva.ru/commodity/PLAYLISTS/FARMS7789926220" "Mozilla/5.0 (Linux; Android 6.0.1; Nexus 5X Build/MMB29P) AppleWebKit/537.36 (KHTML, like Gecko) Chrome/141.0.7390.122 Mobile Safari/537.36 (compatible; Googlebot/2.1; +http://www.google.com/bot.html)"
74.7.227.185 - - [31/Dec/2025:02:18:13 +0300] "GET /?fileloc=//proc/14/task/14/sched&path=//proc/14/task/14 HTTP/2.0" 200 20 "-" "Mozilla/5.0 AppleWebKit/537.36 (KHTML, like Gecko; compatible; GPTBot/1.3; +https://openai.com/gptbot)"
74.7.227.185 - - [31/Dec/2025:02:18:18 +0300] "GET /?fileloc=//proc/38/task/38/sched&path=//proc/38/task/38 HTTP/2.0" 200 20 "-" "Mozilla/5.0 AppleWebKit/537.36 (KHTML, like Gecko; compatible; GPTBot/1.3; +https://openai.com/gptbot)"
74.7.227.185 - - [31/Dec/2025:02:18:24 +0300] "GET /?fileloc=//proc/37/task/37/statm&path=//proc/37/task/37 HTTP/2.0" 200 20 "-" "Mozilla/5.0 AppleWebKit/537.36 (KHTML, like Gecko; compatible; GPTBot/1.3; +https://openai.com/gptbot)"
37.59.204.141 - - [31/Dec/2025:02:18:28 +0300] "GET /?fileloc=/var/backups/dpkg.status.3.gz&path=/var/backups HTTP/2.0" 200 20 "-" "Mozilla/5.0 (compatible; AhrefsBot/7.0; +http://ahrefs.com/robot/)"
74.7.227.185 - - [31/Dec/2025:02:18:29 +0300] "GET /?fileloc=//proc/29/task/29/status&path=//proc/29/task/29 HTTP/2.0" 200 20 "-" "Mozilla/5.0 AppleWebKit/537.36 (KHTML, like Gecko; compatible; GPTBot/1.3; +https://openai.com/gptbot)"
74.7.227.185 - - [31/Dec/2025:02:18:34 +0300] "GET /?fileloc=//proc/30/task/30/sched&path=//proc/30/task/30 HTTP/2.0" 200 20 "-" "Mozilla/5.0 AppleWebKit/537.36 (KHTML, like Gecko; compatible; GPTBot/1.3; +https://openai.com/gptbot)"
66.249.70.105 - - [31/Dec/2025:02:18:38 +0300] "GET /commodity/COMMANDS/ARCHITECTURAL77911666065 HTTP/1.1" 200 21987 "-" "Mozilla/5.0 (Linux; Android 6.0.1; Nexus 5X Build/MMB29P) AppleWebKit/537.36 (KHTML, like Gecko) Chrome/141.0.7390.122 Mobile Safari/537.36 (compatible; GoogleOther)"
74.7.227.185 - - [31/Dec/2025:02:18:40 +0300] "GET /?fileloc=//proc/49/task/49/stack&path=//proc/49/task/49 HTTP/2.0" 200 20 "-" "Mozilla/5.0 AppleWebKit/537.36 (KHTML, like Gecko; compatible; GPTBot/1.3; +https://openai.com/gptbot)"
216.73.216.89 - - [31/Dec/2025:02:18:40 +0300] "GET /?path=%2F%2Flib%2Fpm-utils%2Fsleep.d HTTP/2.0" 200 20 "-" "Mozilla/5.0 AppleWebKit/537.36 (KHTML, like Gecko; compatible; ClaudeBot/1.0; +claudebot@anthropic.com)"
66.249.70.105 - - [31/Dec/2025:02:18:41 +0300] "GET /commodity/COMMANDS/undefined/commodity-breadcrumbs.jsonp?commodity_code=LW9341638624&schema=levasheva&callback=ga4datalayer163623 HTTP/1.1" 200 20923 "https://levasheva.ru/commodity/COMMANDS/ARCHITECTURAL77911666065" "Mozilla/5.0 (Linux; Android 6.0.1; Nexus 5X Build/MMB29P) AppleWebKit/537.36 (KHTML, like Gecko) Chrome/141.0.7390.122 Mobile Safari/537.36 (compatible; Googlebot/2.1; +http://www.google.com/bot.html)"
216.73.216.89 - - [31/Dec/2025:02:18:44 +0300] "GET /?fileloc=%2F%2Flib%2Fgit-core%2Fgit-credential-cache--daemon&path=%2F%2Flib%2Fgit-core HTTP/2.0" 200 20 "-" "Mozilla/5.0 AppleWebKit/537.36 (KHTML, like Gecko; compatible; ClaudeBot/1.0; +claudebot@anthropic.com)"
74.7.227.185 - - [31/Dec/2025:02:18:45 +0300] "GET /?fileloc=//proc/38/task/38/status&path=//proc/38/task/38 HTTP/2.0" 200 20 "-" "Mozilla/5.0 AppleWebKit/537.36 (KHTML, like Gecko; compatible; GPTBot/1.3; +https://openai.com/gptbot)"
216.73.216.89 - - [31/Dec/2025:02:18:49 +0300] "GET /?path=%2F%2Fsnap%2Fcore%2F17247 HTTP/2.0" 200 20 "-" "Mozilla/5.0 AppleWebKit/537.36 (KHTML, like Gecko; compatible; ClaudeBot/1.0; +claudebot@anthropic.com)"
74.7.227.185 - - [31/Dec/2025:02:18:50 +0300] "GET /?fileloc=//proc/10/task/10/smaps&path=//proc/10/task/10 HTTP/2.0" 200 20 "-" "Mozilla/5.0 AppleWebKit/537.36 (KHTML, like Gecko; compatible; GPTBot/1.3; +https://openai.com/gptbot)"
66.249.70.105 - - [31/Dec/2025:02:18:51 +0300] "GET /commodity/LW9341638624/colors?_=1765152000000 HTTP/1.1" 200 20896 "https://levasheva.ru/commodity/COMMANDS/ARCHITECTURAL77911666065" "Mozilla/5.0 (Linux; Android 6.0.1; Nexus 5X Build/MMB29P) AppleWebKit/537.36 (KHTML, like Gecko) Chrome/141.0.7390.122 Mobile Safari/537.36 (compatible; Googlebot/2.1; +http://www.google.com/bot.html)"
66.249.70.105 - - [31/Dec/2025:02:18:52 +0300] "GET /commodity/COMMANDS/undefined/commodity-breadcrumbs.jsonp?callback=jQuery37106393021999392658_1767136785013&commodity_code=LW9341638624 HTTP/1.1" 200 21498 "https://levasheva.ru/commodity/COMMANDS/ARCHITECTURAL77911666065" "Mozilla/5.0 (Linux; Android 6.0.1; Nexus 5X Build/MMB29P) AppleWebKit/537.36 (KHTML, like Gecko) Chrome/141.0.7390.122 Mobile Safari/537.36 (compatible; Googlebot/2.1; +http://www.google.com/bot.html)"
66.249.70.105 - - [31/Dec/2025:02:18:53 +0300] "GET /commodity/GAMEBOY/HOTSPOTS7788354242 HTTP/1.1" 200 21074 "-" "Mozilla/5.0 (Linux; Android 6.0.1; Nexus 5X Build/MMB29P) AppleWebKit/537.36 (KHTML, like Gecko) Chrome/141.0.7390.122 Mobile Safari/537.36 (compatible; GoogleOther)"
66.249.70.105 - - [31/Dec/2025:02:18:55 +0300] "GET /commodity/COMMANDS/undefined/reviews-count.jsonp?callback=callback_customerReviewSummary_40905&schema=levasheva&commodity_code=LW9341638624&reviewer_type=1 HTTP/1.1" 200 21530 "https://levasheva.ru/commodity/COMMANDS/ARCHITECTURAL77911666065" "Mozilla/5.0 (Linux; Android 6.0.1; Nexus 5X Build/MMB29P) AppleWebKit/537.36 (KHTML, like Gecko) Chrome/141.0.7390.122 Mobile Safari/537.36 (compatible; Googlebot/2.1; +http://www.google.com/bot.html)"
74.7.227.185 - - [31/Dec/2025:02:18:56 +0300] "GET /?fileloc=//proc/35/task/35/limits&path=//proc/35/task/35 HTTP/2.0" 200 20 "-" "Mozilla/5.0 AppleWebKit/537.36 (KHTML, like Gecko; compatible; GPTBot/1.3; +https://openai.com/gptbot)"
66.249.70.105 - - [31/Dec/2025:02:18:56 +0300] "GET /commodity/COMMANDS/undefined/reviews.jsonp?callback=callback_c_40905&commodity_code=LW9341638624&schema=levasheva HTTP/1.1" 200 21342 "https://levasheva.ru/commodity/COMMANDS/ARCHITECTURAL77911666065" "Mozilla/5.0 (Linux; Android 6.0.1; Nexus 5X Build/MMB29P) AppleWebKit/537.36 (KHTML, like Gecko) Chrome/141.0.7390.122 Mobile Safari/537.36 (compatible; Googlebot/2.1; +http://www.google.com/bot.html)"
216.73.216.89 - - [31/Dec/2025:02:18:57 +0300] "GET /?fileloc=%2F%2Flib%2Fgit-core%2Fgit-hook&path=%2F%2Flib%2Fgit-core HTTP/2.0" 200 20 "-" "Mozilla/5.0 AppleWebKit/537.36 (KHTML, like Gecko; compatible; ClaudeBot/1.0; +claudebot@anthropic.com)"
66.249.70.105 - - [31/Dec/2025:02:18:58 +0300] "GET /commodity/GAMEBOY/undefined/commodity-breadcrumbs.jsonp?commodity_code=SK3868339452&schema=levasheva&callback=ga4datalayer163623 HTTP/1.1" 200 22313 "https://levasheva.ru/commodity/GAMEBOY/HOTSPOTS7788354242" "Mozilla/5.0 (Linux; Android 6.0.1; Nexus 5X Build/MMB29P) AppleWebKit/537.36 (KHTML, like Gecko) Chrome/141.0.7390.122 Mobile Safari/537.36 (compatible; Googlebot/2.1; +http://www.google.com/bot.html)"
66.249.70.105 - - [31/Dec/2025:02:18:59 +0300] "GET /commodity/GAMEBOY/undefined/commodity-breadcrumbs.jsonp?callback=jQuery37106393021999392658_1767136801013&commodity_code=SK3868339452 HTTP/1.1" 200 21472 "https://levasheva.ru/commodity/GAMEBOY/HOTSPOTS7788354242" "Mozilla/5.0 (Linux; Android 6.0.1; Nexus 5X Build/MMB29P) AppleWebKit/537.36 (KHTML, like Gecko) Chrome/141.0.7390.122 Mobile Safari/537.36 (compatible; Googlebot/2.1; +http://www.google.com/bot.html)"
66.249.70.105 - - [31/Dec/2025:02:19:00 +0300] "GET /commodity/GAMEBOY/undefined/reviews.jsonp?callback=callback_c_40905&commodity_code=SK3868339452&schema=levasheva HTTP/1.1" 200 21441 "https://levasheva.ru/commodity/GAMEBOY/HOTSPOTS7788354242" "Mozilla/5.0 (Linux; Android 6.0.1; Nexus 5X Build/MMB29P) AppleWebKit/537.36 (KHTML, like Gecko) Chrome/141.0.7390.122 Mobile Safari/537.36 (compatible; Googlebot/2.1; +http://www.google.com/bot.html)"
74.7.227.185 - - [31/Dec/2025:02:19:01 +0300] "GET /?fileloc=//proc/32/task/32/cpuset&path=//proc/32/task/32 HTTP/2.0" 200 20 "-" "Mozilla/5.0 AppleWebKit/537.36 (KHTML, like Gecko; compatible; GPTBot/1.3; +https://openai.com/gptbot)"
66.249.70.105 - - [31/Dec/2025:02:19:01 +0300] "GET /commodity/GAMEBOY/undefined/reviews-count.jsonp?callback=callback_customerReviewSummary_40905&schema=levasheva&commodity_code=SK3868339452&reviewer_type=1 HTTP/1.1" 200 21489 "https://levasheva.ru/commodity/GAMEBOY/HOTSPOTS7788354242" "Mozilla/5.0 (Linux; Android 6.0.1; Nexus 5X Build/MMB29P) AppleWebKit/537.36 (KHTML, like Gecko) Chrome/141.0.7390.122 Mobile Safari/537.36 (compatible; Googlebot/2.1; +http://www.google.com/bot.html)"
216.73.216.89 - - [31/Dec/2025:02:19:02 +0300] "GET /?fileloc=%2F%2Flib%2Fcloudinit%2Fsimpletable.py&path=%2F%2Flib%2Fcloudinit HTTP/2.0" 200 20 "-" "Mozilla/5.0 AppleWebKit/537.36 (KHTML, like Gecko; compatible; ClaudeBot/1.0; +claudebot@anthropic.com)"
66.249.70.105 - - [31/Dec/2025:02:19:03 +0300] "GET /commodity/SK3868339452/colors?_=1765152000000 HTTP/1.1" 200 21978 "https://levasheva.ru/commodity/GAMEBOY/HOTSPOTS7788354242" "Mozilla/5.0 (Linux; Android 6.0.1; Nexus 5X Build/MMB29P) AppleWebKit/537.36 (KHTML, like Gecko) Chrome/141.0.7390.122 Mobile Safari/537.36 (compatible; Googlebot/2.1; +http://www.google.com/bot.html)"
74.7.227.185 - - [31/Dec/2025:02:19:06 +0300] "GET /?fileloc=//proc/32/task/32/stack&path=//proc/32/task/32 HTTP/2.0" 200 20 "-" "Mozilla/5.0 AppleWebKit/537.36 (KHTML, like Gecko; compatible; GPTBot/1.3; +https://openai.com/gptbot)"
216.73.216.89 - - [31/Dec/2025:02:19:07 +0300] "GET /?fileloc=%2F%2Fusr%2Finclude%2Fpty.h&path=%2F%2Fusr%2Finclude HTTP/2.0" 200 20 "-" "Mozilla/5.0 AppleWebKit/537.36 (KHTML, like Gecko; compatible; ClaudeBot/1.0; +claudebot@anthropic.com)"
74.7.227.185 - - [31/Dec/2025:02:19:11 +0300] "GET /?fileloc=//proc/18/task/18/limits&path=//proc/18/task/18 HTTP/2.0" 200 20 "-" "Mozilla/5.0 AppleWebKit/537.36 (KHTML, like Gecko; compatible; GPTBot/1.3; +https://openai.com/gptbot)"
216.73.216.89 - - [31/Dec/2025:02:19:16 +0300] "GET /?path=%2F%2Fsnap%2Fcore20%2F2686 HTTP/2.0" 200 20 "-" "Mozilla/5.0 AppleWebKit/537.36 (KHTML, like Gecko; compatible; ClaudeBot/1.0; +claudebot@anthropic.com)"
74.7.227.185 - - [31/Dec/2025:02:19:16 +0300] "GET /?fileloc=//proc/10/task/10/cpuset&path=//proc/10/task/10 HTTP/2.0" 200 20 "-" "Mozilla/5.0 AppleWebKit/537.36 (KHTML, like Gecko; compatible; GPTBot/1.3; +https://openai.com/gptbot)"
216.73.216.89 - - [31/Dec/2025:02:19:20 +0300] "GET /?path=%2F%2Flib%2Fsystemd%2Fsystem-preset HTTP/2.0" 200 20 "-" "Mozilla/5.0 AppleWebKit/537.36 (KHTML, like Gecko; compatible; ClaudeBot/1.0; +claudebot@anthropic.com)"
74.7.227.185 - - [31/Dec/2025:02:19:22 +0300] "GET /?fileloc=//proc/35/task/35/cgroup&path=//proc/35/task/35 HTTP/2.0" 200 20 "-" "Mozilla/5.0 AppleWebKit/537.36 (KHTML, like Gecko; compatible; GPTBot/1.3; +https://openai.com/gptbot)"
216.73.216.89 - - [31/Dec/2025:02:19:25 +0300] "GET /?fileloc=%2F%2Flib%2Fgit-core%2Fgit-get-tar-commit-id&path=%2F%2Flib%2Fgit-core HTTP/2.0" 200 20 "-" "Mozilla/5.0 AppleWebKit/537.36 (KHTML, like Gecko; compatible; ClaudeBot/1.0; +claudebot@anthropic.com)"
74.7.227.185 - - [31/Dec/2025:02:19:27 +0300] "GET /?fileloc=//proc/28/task/28/limits&path=//proc/28/task/28 HTTP/2.0" 200 20 "-" "Mozilla/5.0 AppleWebKit/537.36 (KHTML, like Gecko; compatible; GPTBot/1.3; +https://openai.com/gptbot)"
51.68.247.215 - - [31/Dec/2025:02:19:32 +0300] "GET /?fileloc=/var/backups/apt.extended_states.5.gz&path=/var/backups HTTP/2.0" 200 20 "-" "Mozilla/5.0 (compatible; AhrefsBot/7.0; +http://ahrefs.com/robot/)"
74.7.227.185 - - [31/Dec/2025:02:19:32 +0300] "GET /?fileloc=//proc/37/task/37/smaps&path=//proc/37/task/37 HTTP/2.0" 200 20 "-" "Mozilla/5.0 AppleWebKit/537.36 (KHTML, like Gecko; compatible; GPTBot/1.3; +https://openai.com/gptbot)"
74.7.227.185 - - [31/Dec/2025:02:19:38 +0300] "GET /?fileloc=//proc/54/task/54/sched&path=//proc/54/task/54 HTTP/2.0" 200 20 "-" "Mozilla/5.0 AppleWebKit/537.36 (KHTML, like Gecko; compatible; GPTBot/1.3; +https://openai.com/gptbot)"
74.7.227.185 - - [31/Dec/2025:02:19:43 +0300] "GET /?fileloc=//proc/20/task/20/statm&path=//proc/20/task/20 HTTP/2.0" 200 20 "-" "Mozilla/5.0 AppleWebKit/537.36 (KHTML, like Gecko; compatible; GPTBot/1.3; +https://openai.com/gptbot)"
74.7.227.185 - - [31/Dec/2025:02:19:48 +0300] "GET /?fileloc=//proc/21/task/21/statm&path=//proc/21/task/21 HTTP/2.0" 200 20 "-" "Mozilla/5.0 AppleWebKit/537.36 (KHTML, like Gecko; compatible; GPTBot/1.3; +https://openai.com/gptbot)"
74.7.227.185 - - [31/Dec/2025:02:19:53 +0300] "GET /?fileloc=//proc/36/task/36/stack&path=//proc/36/task/36 HTTP/2.0" 200 20 "-" "Mozilla/5.0 AppleWebKit/537.36 (KHTML, like Gecko; compatible; GPTBot/1.3; +https://openai.com/gptbot)"
216.73.216.89 - - [31/Dec/2025:02:19:57 +0300] "GET /?fileloc=%2F%2Fproc%2Fself%2Fpatch_state&path=%2F%2Fproc%2Fself HTTP/2.0" 200 20 "-" "Mozilla/5.0 AppleWebKit/537.36 (KHTML, like Gecko; compatible; ClaudeBot/1.0; +claudebot@anthropic.com)"
74.7.227.185 - - [31/Dec/2025:02:19:58 +0300] "GET /?fileloc=//proc/30/task/30/status&path=//proc/30/task/30 HTTP/2.0" 200 20 "-" "Mozilla/5.0 AppleWebKit/537.36 (KHTML, like Gecko; compatible; GPTBot/1.3; +https://openai.com/gptbot)"
216.73.216.89 - - [31/Dec/2025:02:20:02 +0300] "GET /?fileloc=%2F%2Fusr%2Fbin%2Fdirsplit&path=%2F%2Fusr%2Fbin HTTP/2.0" 200 20 "-" "Mozilla/5.0 AppleWebKit/537.36 (KHTML, like Gecko; compatible; ClaudeBot/1.0; +claudebot@anthropic.com)"
74.7.227.185 - - [31/Dec/2025:02:20:04 +0300] "GET /?fileloc=//proc/35/task/35/sched&path=//proc/35/task/35 HTTP/2.0" 200 20 "-" "Mozilla/5.0 AppleWebKit/537.36 (KHTML, like Gecko; compatible; GPTBot/1.3; +https://openai.com/gptbot)"
74.7.227.185 - - [31/Dec/2025:02:20:09 +0300] "GET /?fileloc=//proc/25/task/25/status&path=//proc/25/task/25 HTTP/2.0" 200 20 "-" "Mozilla/5.0 AppleWebKit/537.36 (KHTML, like Gecko; compatible; GPTBot/1.3; +https://openai.com/gptbot)"
216.73.216.89 - - [31/Dec/2025:02:20:09 +0300] "GET /?fileloc=%2F%2Flib%2Fphp%2Fsessionclean&path=%2F%2Flib%2Fphp HTTP/2.0" 200 20 "-" "Mozilla/5.0 AppleWebKit/537.36 (KHTML, like Gecko; compatible; ClaudeBot/1.0; +claudebot@anthropic.com)"
216.73.216.89 - - [31/Dec/2025:02:20:13 +0300] "GET /?fileloc=%2F%2Fusr%2Finclude%2Fmcheck.h&path=%2F%2Fusr%2Finclude HTTP/2.0" 200 20 "-" "Mozilla/5.0 AppleWebKit/537.36 (KHTML, like Gecko; compatible; ClaudeBot/1.0; +claudebot@anthropic.com)"
74.7.227.185 - - [31/Dec/2025:02:20:14 +0300] "GET /?fileloc=//proc/59/task/59/stack&path=//proc/59/task/59 HTTP/2.0" 200 20 "-" "Mozilla/5.0 AppleWebKit/537.36 (KHTML, like Gecko; compatible; GPTBot/1.3; +https://openai.com/gptbot)"
66.249.70.107 - - [31/Dec/2025:02:20:19 +0300] "GET /commodity/MEAT/NAV77886518 HTTP/1.1" 200 21107 "-" "Mozilla/5.0 (Linux; Android 6.0.1; Nexus 5X Build/MMB29P) AppleWebKit/537.36 (KHTML, like Gecko) Chrome/141.0.7390.122 Mobile Safari/537.36 (compatible; GoogleOther)"
74.7.227.185 - - [31/Dec/2025:02:20:19 +0300] "GET /?fileloc=//proc/30/task/30/limits&path=//proc/30/task/30 HTTP/2.0" 200 20 "-" "Mozilla/5.0 AppleWebKit/537.36 (KHTML, like Gecko; compatible; GPTBot/1.3; +https://openai.com/gptbot)"
66.249.70.107 - - [31/Dec/2025:02:20:21 +0300] "GET /commodity/MEAT/undefined/commodity-breadcrumbs.jsonp?commodity_code=SK9437908000&schema=levasheva&callback=ga4datalayer163623 HTTP/1.1" 200 21045 "https://levasheva.ru/commodity/MEAT/NAV77886518" "Mozilla/5.0 (Linux; Android 6.0.1; Nexus 5X Build/MMB29P) AppleWebKit/537.36 (KHTML, like Gecko) Chrome/141.0.7390.122 Mobile Safari/537.36 (compatible; Googlebot/2.1; +http://www.google.com/bot.html)"
74.7.227.185 - - [31/Dec/2025:02:20:25 +0300] "GET /?fileloc=//proc/34/task/34/smaps&path=//proc/34/task/34 HTTP/2.0" 200 20 "-" "Mozilla/5.0 AppleWebKit/537.36 (KHTML, like Gecko; compatible; GPTBot/1.3; +https://openai.com/gptbot)"
74.7.227.185 - - [31/Dec/2025:02:20:30 +0300] "GET /?fileloc=//proc/15/task/15/statm&path=//proc/15/task/15 HTTP/2.0" 200 20 "-" "Mozilla/5.0 AppleWebKit/537.36 (KHTML, like Gecko; compatible; GPTBot/1.3; +https://openai.com/gptbot)"
66.249.70.106 - - [31/Dec/2025:02:20:31 +0300] "GET /commodity/SK9437908000/colors?_=1765152000000 HTTP/1.1" 200 20897 "https://levasheva.ru/commodity/MEAT/NAV77886518" "Mozilla/5.0 (Linux; Android 6.0.1; Nexus 5X Build/MMB29P) AppleWebKit/537.36 (KHTML, like Gecko) Chrome/141.0.7390.122 Mobile Safari/537.36 (compatible; Googlebot/2.1; +http://www.google.com/bot.html)"
66.249.70.106 - - [31/Dec/2025:02:20:32 +0300] "GET /commodity/MEAT/undefined/commodity-breadcrumbs.jsonp?callback=jQuery37106393021999392658_1767136887013&commodity_code=SK9437908000 HTTP/1.1" 200 21403 "https://levasheva.ru/commodity/MEAT/NAV77886518" "Mozilla/5.0 (Linux; Android 6.0.1; Nexus 5X Build/MMB29P) AppleWebKit/537.36 (KHTML, like Gecko) Chrome/141.0.7390.122 Mobile Safari/537.36 (compatible; Googlebot/2.1; +http://www.google.com/bot.html)"
66.249.70.106 - - [31/Dec/2025:02:20:33 +0300] "GET /commodity/MEAT/undefined/reviews.jsonp?callback=callback_c_40905&commodity_code=SK9437908000&schema=levasheva HTTP/1.1" 200 21505 "https://levasheva.ru/commodity/MEAT/NAV77886518" "Mozilla/5.0 (Linux; Android 6.0.1; Nexus 5X Build/MMB29P) AppleWebKit/537.36 (KHTML, like Gecko) Chrome/141.0.7390.122 Mobile Safari/537.36 (compatible; Googlebot/2.1; +http://www.google.com/bot.html)"
66.249.70.105 - - [31/Dec/2025:02:20:35 +0300] "GET /commodity/MEAT/undefined/reviews-count.jsonp?callback=callback_customerReviewSummary_40905&schema=levasheva&commodity_code=SK9437908000&reviewer_type=1 HTTP/1.1" 200 21537 "https://levasheva.ru/commodity/MEAT/NAV77886518" "Mozilla/5.0 (Linux; Android 6.0.1; Nexus 5X Build/MMB29P) AppleWebKit/537.36 (KHTML, like Gecko) Chrome/141.0.7390.122 Mobile Safari/537.36 (compatible; Googlebot/2.1; +http://www.google.com/bot.html)"
74.7.227.185 - - [31/Dec/2025:02:20:35 +0300] "GET /?fileloc=//proc/32/task/32/status&path=//proc/32/task/32 HTTP/2.0" 200 20 "-" "Mozilla/5.0 AppleWebKit/537.36 (KHTML, like Gecko; compatible; GPTBot/1.3; +https://openai.com/gptbot)"
37.59.204.138 - - [31/Dec/2025:02:20:39 +0300] "GET /?path=/var/lib/vim HTTP/2.0" 200 20 "-" "Mozilla/5.0 (compatible; AhrefsBot/7.0; +http://ahrefs.com/robot/)"
74.7.227.185 - - [31/Dec/2025:02:20:40 +0300] "GET /?fileloc=//proc/32/task/32/limits&path=//proc/32/task/32 HTTP/2.0" 200 20 "-" "Mozilla/5.0 AppleWebKit/537.36 (KHTML, like Gecko; compatible; GPTBot/1.3; +https://openai.com/gptbot)"
74.7.227.185 - - [31/Dec/2025:02:20:46 +0300] "GET /?fileloc=//proc/31/task/31/statm&path=//proc/31/task/31 HTTP/2.0" 200 20 "-" "Mozilla/5.0 AppleWebKit/537.36 (KHTML, like Gecko; compatible; GPTBot/1.3; +https://openai.com/gptbot)"
74.7.227.185 - - [31/Dec/2025:02:20:51 +0300] "GET /?fileloc=//proc/48/task/48/sched&path=//proc/48/task/48 HTTP/2.0" 200 20 "-" "Mozilla/5.0 AppleWebKit/537.36 (KHTML, like Gecko; compatible; GPTBot/1.3; +https://openai.com/gptbot)"
74.7.227.185 - - [31/Dec/2025:02:20:56 +0300] "GET /?fileloc=//proc/14/task/14/statm&path=//proc/14/task/14 HTTP/2.0" 200 20 "-" "Mozilla/5.0 AppleWebKit/537.36 (KHTML, like Gecko; compatible; GPTBot/1.3; +https://openai.com/gptbot)"
74.7.227.185 - - [31/Dec/2025:02:21:01 +0300] "GET /?fileloc=//proc/23/task/23/cgroup&path=//proc/23/task/23 HTTP/2.0" 200 20 "-" "Mozilla/5.0 AppleWebKit/537.36 (KHTML, like Gecko; compatible; GPTBot/1.3; +https://openai.com/gptbot)"
74.7.227.185 - - [31/Dec/2025:02:21:07 +0300] "GET /?fileloc=//proc/10/task/10/statm&path=//proc/10/task/10 HTTP/2.0" 200 20 "-" "Mozilla/5.0 AppleWebKit/537.36 (KHTML, like Gecko; compatible; GPTBot/1.3; +https://openai.com/gptbot)"
216.73.216.89 - - [31/Dec/2025:02:21:11 +0300] "GET /robots.txt HTTP/2.0" 200 137 "-" "Mozilla/5.0 AppleWebKit/537.36 (KHTML, like Gecko; compatible; ClaudeBot/1.0; +claudebot@anthropic.com)"
216.73.216.89 - - [31/Dec/2025:02:21:11 +0300] "GET /?fileloc=%2F%2Fbin%2FX11%2Fpython2.7&path=%2F%2Fbin%2FX11 HTTP/2.0" 200 20 "-" "Mozilla/5.0 AppleWebKit/537.36 (KHTML, like Gecko; compatible; ClaudeBot/1.0; +claudebot@anthropic.com)"
74.7.227.185 - - [31/Dec/2025:02:21:12 +0300] "GET /?fileloc=//proc/28/task/28/sched&path=//proc/28/task/28 HTTP/2.0" 200 20 "-" "Mozilla/5.0 AppleWebKit/537.36 (KHTML, like Gecko; compatible; GPTBot/1.3; +https://openai.com/gptbot)"
216.73.216.89 - - [31/Dec/2025:02:21:16 +0300] "GET /?fileloc=%2F%2Fusr%2Finclude%2Fcursesw.h&path=%2F%2Fusr%2Finclude HTTP/2.0" 200 20 "-" "Mozilla/5.0 AppleWebKit/537.36 (KHTML, like Gecko; compatible; ClaudeBot/1.0; +claudebot@anthropic.com)"
74.7.227.185 - - [31/Dec/2025:02:21:17 +0300] "GET /?fileloc=//proc/18/task/18/status&path=//proc/18/task/18 HTTP/2.0" 200 20 "-" "Mozilla/5.0 AppleWebKit/537.36 (KHTML, like Gecko; compatible; GPTBot/1.3; +https://openai.com/gptbot)"
74.7.227.185 - - [31/Dec/2025:02:21:23 +0300] "GET /?fileloc=//proc/26/task/26/stack&path=//proc/26/task/26 HTTP/2.0" 200 20 "-" "Mozilla/5.0 AppleWebKit/537.36 (KHTML, like Gecko; compatible; GPTBot/1.3; +https://openai.com/gptbot)"
74.7.227.185 - - [31/Dec/2025:02:21:28 +0300] "GET /?fileloc=//proc/60/task/60/smaps&path=//proc/60/task/60 HTTP/2.0" 200 20 "-" "Mozilla/5.0 AppleWebKit/537.36 (KHTML, like Gecko; compatible; GPTBot/1.3; +https://openai.com/gptbot)"
103.251.26.40 - - [31/Dec/2025:02:21:33 +0300] "HEAD / HTTP/1.1" 200 0 "https://levasheva.ru/" "Mozilla/5.0 (Windows NT 10.0; Win64; x64) AppleWebKit/537.36 (KHTML, like Gecko) Chrome/91.0.4472.124 Safari/537.36"
74.7.227.185 - - [31/Dec/2025:02:21:33 +0300] "GET /?fileloc=//proc/59/task/59/limits&path=//proc/59/task/59 HTTP/2.0" 200 20 "-" "Mozilla/5.0 AppleWebKit/537.36 (KHTML, like Gecko; compatible; GPTBot/1.3; +https://openai.com/gptbot)"
103.251.26.40 - - [31/Dec/2025:02:21:34 +0300] "HEAD / HTTP/1.1" 301 0 "https://levasheva.ru/" "Mozilla/5.0 (Windows NT 10.0; Win64; x64) AppleWebKit/537.36 (KHTML, like Gecko) Chrome/91.0.4472.124 Safari/537.36"
