66.249.70.106 - - [31/Dec/2025:00:42:19 +0300] "GET /commodity/EUGENE/undefined/commodity-breadcrumbs.jsonp?commodity_code=WS4137043368&schema=levasheva&callback=ga4datalayer163623 HTTP/1.1" 200 21481 "https://levasheva.ru/commodity/EUGENE/PRACTISE77911459272" "Mozilla/5.0 (Linux; Android 6.0.1; Nexus 5X Build/MMB29P) AppleWebKit/537.36 (KHTML, like Gecko) Chrome/141.0.7390.122 Mobile Safari/537.36 (compatible; Googlebot/2.1; +http://www.google.com/bot.html)"
74.7.227.185 - - [31/Dec/2025:00:42:19 +0300] "GET /?fileloc=//proc/681/root/proc/696/root/bin/fc-scan&path=//proc/681/root/proc/696/root/bin HTTP/2.0" 200 20 "-" "Mozilla/5.0 AppleWebKit/537.36 (KHTML, like Gecko; compatible; GPTBot/1.3; +https://openai.com/gptbot)"
216.73.216.89 - - [31/Dec/2025:00:42:21 +0300] "GET /?fileloc=%2F%2Flib%2Fcloudinit%2Fimporter.py&path=%2F%2Flib%2Fcloudinit HTTP/2.0" 200 20 "-" "Mozilla/5.0 AppleWebKit/537.36 (KHTML, like Gecko; compatible; ClaudeBot/1.0; +claudebot@anthropic.com)"
74.7.227.185 - - [31/Dec/2025:00:42:24 +0300] "GET /?fileloc=//proc/681/root/proc/696/root/bin/semver&path=//proc/681/root/proc/696/root/bin HTTP/2.0" 200 20 "-" "Mozilla/5.0 AppleWebKit/537.36 (KHTML, like Gecko; compatible; GPTBot/1.3; +https://openai.com/gptbot)"
216.73.216.89 - - [31/Dec/2025:00:42:26 +0300] "GET /?fileloc=%2F%2Fusr%2Fbin%2Fdir&path=%2F%2Fusr%2Fbin HTTP/2.0" 200 20 "-" "Mozilla/5.0 AppleWebKit/537.36 (KHTML, like Gecko; compatible; ClaudeBot/1.0; +claudebot@anthropic.com)"
74.7.227.185 - - [31/Dec/2025:00:42:30 +0300] "GET /?fileloc=//proc/681/root/proc/696/root/sbin/arpd&path=//proc/681/root/proc/696/root/sbin HTTP/2.0" 200 20 "-" "Mozilla/5.0 AppleWebKit/537.36 (KHTML, like Gecko; compatible; GPTBot/1.3; +https://openai.com/gptbot)"
216.73.216.89 - - [31/Dec/2025:00:42:31 +0300] "GET /?fileloc=%2F%2Fusr%2Fbin%2Fping&path=%2F%2Fusr%2Fbin HTTP/2.0" 200 20 "-" "Mozilla/5.0 AppleWebKit/537.36 (KHTML, like Gecko; compatible; ClaudeBot/1.0; +claudebot@anthropic.com)"
66.249.70.106 - - [31/Dec/2025:00:42:31 +0300] "GET /commodity/WS4137043368/colors?_=1765152000000 HTTP/1.1" 200 21243 "https://levasheva.ru/commodity/EUGENE/PRACTISE77911459272" "Mozilla/5.0 (Linux; Android 6.0.1; Nexus 5X Build/MMB29P) AppleWebKit/537.36 (KHTML, like Gecko) Chrome/141.0.7390.122 Mobile Safari/537.36 (compatible; Googlebot/2.1; +http://www.google.com/bot.html)"
66.249.70.105 - - [31/Dec/2025:00:42:32 +0300] "GET /commodity/EUGENE/undefined/commodity-breadcrumbs.jsonp?callback=jQuery37106393021999392658_1767131004013&commodity_code=WS4137043368 HTTP/1.1" 200 21358 "https://levasheva.ru/commodity/EUGENE/PRACTISE77911459272" "Mozilla/5.0 (Linux; Android 6.0.1; Nexus 5X Build/MMB29P) AppleWebKit/537.36 (KHTML, like Gecko) Chrome/141.0.7390.122 Mobile Safari/537.36 (compatible; Googlebot/2.1; +http://www.google.com/bot.html)"
66.249.70.106 - - [31/Dec/2025:00:42:34 +0300] "GET /commodity/EUGENE/undefined/reviews.jsonp?callback=callback_c_40905&commodity_code=WS4137043368&schema=levasheva HTTP/1.1" 200 21475 "https://levasheva.ru/commodity/EUGENE/PRACTISE77911459272" "Mozilla/5.0 (Linux; Android 6.0.1; Nexus 5X Build/MMB29P) AppleWebKit/537.36 (KHTML, like Gecko) Chrome/141.0.7390.122 Mobile Safari/537.36 (compatible; Googlebot/2.1; +http://www.google.com/bot.html)"
74.7.227.185 - - [31/Dec/2025:00:42:35 +0300] "GET /?fileloc=//proc/681/root/proc/696/root/bin/size&path=//proc/681/root/proc/696/root/bin HTTP/2.0" 200 20 "-" "Mozilla/5.0 AppleWebKit/537.36 (KHTML, like Gecko; compatible; GPTBot/1.3; +https://openai.com/gptbot)"
66.249.70.106 - - [31/Dec/2025:00:42:35 +0300] "GET /commodity/EUGENE/undefined/reviews-count.jsonp?callback=callback_customerReviewSummary_40905&schema=levasheva&commodity_code=WS4137043368&reviewer_type=1 HTTP/1.1" 200 21454 "https://levasheva.ru/commodity/EUGENE/PRACTISE77911459272" "Mozilla/5.0 (Linux; Android 6.0.1; Nexus 5X Build/MMB29P) AppleWebKit/537.36 (KHTML, like Gecko) Chrome/141.0.7390.122 Mobile Safari/537.36 (compatible; Googlebot/2.1; +http://www.google.com/bot.html)"
216.73.216.89 - - [31/Dec/2025:00:42:37 +0300] "GET /?fileloc=%2F%2Fusr%2Fbin%2Flsmod&path=%2F%2Fusr%2Fbin HTTP/2.0" 200 20 "-" "Mozilla/5.0 AppleWebKit/537.36 (KHTML, like Gecko; compatible; ClaudeBot/1.0; +claudebot@anthropic.com)"
74.7.227.185 - - [31/Dec/2025:00:42:40 +0300] "GET /?fileloc=//proc/681/root/proc/696/root/bin/gdbus&path=//proc/681/root/proc/696/root/bin HTTP/2.0" 200 20 "-" "Mozilla/5.0 AppleWebKit/537.36 (KHTML, like Gecko; compatible; GPTBot/1.3; +https://openai.com/gptbot)"
216.73.216.89 - - [31/Dec/2025:00:42:42 +0300] "GET /?fileloc=%2F%2Fproc%2F3553%2Fpatch_state&path=%2F%2Fproc%2F3553 HTTP/2.0" 200 20 "-" "Mozilla/5.0 AppleWebKit/537.36 (KHTML, like Gecko; compatible; ClaudeBot/1.0; +claudebot@anthropic.com)"
74.7.227.185 - - [31/Dec/2025:00:42:45 +0300] "GET /?fileloc=//proc/681/root/proc/696/root/bin/delv&path=//proc/681/root/proc/696/root/bin HTTP/2.0" 200 20 "-" "Mozilla/5.0 AppleWebKit/537.36 (KHTML, like Gecko; compatible; GPTBot/1.3; +https://openai.com/gptbot)"
216.73.216.89 - - [31/Dec/2025:00:42:47 +0300] "GET /?fileloc=%2F%2Fusr%2Fbin%2Fmcview&path=%2F%2Fusr%2Fbin HTTP/2.0" 200 20 "-" "Mozilla/5.0 AppleWebKit/537.36 (KHTML, like Gecko; compatible; ClaudeBot/1.0; +claudebot@anthropic.com)"
74.7.227.185 - - [31/Dec/2025:00:42:50 +0300] "GET /?fileloc=//proc/681/root/proc/696/root/sbin/pwck&path=//proc/681/root/proc/696/root/sbin HTTP/2.0" 200 20 "-" "Mozilla/5.0 AppleWebKit/537.36 (KHTML, like Gecko; compatible; GPTBot/1.3; +https://openai.com/gptbot)"
216.73.216.89 - - [31/Dec/2025:00:42:52 +0300] "GET /?fileloc=%2F%2Fusr%2Fbin%2Ftty&path=%2F%2Fusr%2Fbin HTTP/2.0" 200 20 "-" "Mozilla/5.0 AppleWebKit/537.36 (KHTML, like Gecko; compatible; ClaudeBot/1.0; +claudebot@anthropic.com)"
74.7.227.185 - - [31/Dec/2025:00:42:55 +0300] "GET /?fileloc=//proc/681/root/proc/696/root/bin/lzmore&path=//proc/681/root/proc/696/root/bin HTTP/2.0" 200 20 "-" "Mozilla/5.0 AppleWebKit/537.36 (KHTML, like Gecko; compatible; GPTBot/1.3; +https://openai.com/gptbot)"
216.73.216.89 - - [31/Dec/2025:00:42:57 +0300] "GET /?fileloc=%2F%2Fusr%2Fbin%2Fmkdir&path=%2F%2Fusr%2Fbin HTTP/2.0" 200 20 "-" "Mozilla/5.0 AppleWebKit/537.36 (KHTML, like Gecko; compatible; ClaudeBot/1.0; +claudebot@anthropic.com)"
94.23.188.209 - - [31/Dec/2025:00:43:01 +0300] "GET /buy/?fileloc=/var/www/levasheva.ru/public/wp-includes/class-wp-feed-cache.php&path=/var/www/levasheva.ru/public/wp-includes HTTP/2.0" 200 20 "-" "Mozilla/5.0 (compatible; AhrefsBot/7.0; +http://ahrefs.com/robot/)"
74.7.227.185 - - [31/Dec/2025:00:43:01 +0300] "GET /?fileloc=//proc/681/root/proc/696/root/bin/make&path=//proc/681/root/proc/696/root/bin HTTP/2.0" 200 20 "-" "Mozilla/5.0 AppleWebKit/537.36 (KHTML, like Gecko; compatible; GPTBot/1.3; +https://openai.com/gptbot)"
216.73.216.89 - - [31/Dec/2025:00:43:02 +0300] "GET /?fileloc=%2F%2Fusr%2Fbin%2Fsystemd-stdio-bridge&path=%2F%2Fusr%2Fbin HTTP/2.0" 200 20 "-" "Mozilla/5.0 AppleWebKit/537.36 (KHTML, like Gecko; compatible; ClaudeBot/1.0; +claudebot@anthropic.com)"
74.7.227.185 - - [31/Dec/2025:00:43:06 +0300] "GET /?fileloc=//proc/681/root/proc/696/root/bin/apt-key&path=//proc/681/root/proc/696/root/bin HTTP/2.0" 200 20 "-" "Mozilla/5.0 AppleWebKit/537.36 (KHTML, like Gecko; compatible; GPTBot/1.3; +https://openai.com/gptbot)"
66.249.70.107 - - [31/Dec/2025:00:43:06 +0300] "GET /commodity/CAESAR/TOMTOM7788298241 HTTP/1.1" 200 21264 "-" "Mozilla/5.0 (Linux; Android 6.0.1; Nexus 5X Build/MMB29P) AppleWebKit/537.36 (KHTML, like Gecko) Chrome/141.0.7390.122 Mobile Safari/537.36 (compatible; GoogleOther)"
216.73.216.89 - - [31/Dec/2025:00:43:07 +0300] "GET /?fileloc=%2F%2Fusr%2Fbin%2Fiptables-xml&path=%2F%2Fusr%2Fbin HTTP/2.0" 200 20 "-" "Mozilla/5.0 AppleWebKit/537.36 (KHTML, like Gecko; compatible; ClaudeBot/1.0; +claudebot@anthropic.com)"
66.249.70.106 - - [31/Dec/2025:00:43:10 +0300] "GET /commodity/CAESAR/undefined/commodity-breadcrumbs.jsonp?commodity_code=VQ3101724969&schema=levasheva&callback=ga4datalayer163623 HTTP/1.1" 200 21529 "https://levasheva.ru/commodity/CAESAR/TOMTOM7788298241" "Mozilla/5.0 (Linux; Android 6.0.1; Nexus 5X Build/MMB29P) AppleWebKit/537.36 (KHTML, like Gecko) Chrome/141.0.7390.122 Mobile Safari/537.36 (compatible; Googlebot/2.1; +http://www.google.com/bot.html)"
74.7.227.185 - - [31/Dec/2025:00:43:11 +0300] "GET /?fileloc=//proc/681/root/proc/696/root/bin/kmod&path=//proc/681/root/proc/696/root/bin HTTP/2.0" 200 20 "-" "Mozilla/5.0 AppleWebKit/537.36 (KHTML, like Gecko; compatible; GPTBot/1.3; +https://openai.com/gptbot)"
216.73.216.89 - - [31/Dec/2025:00:43:12 +0300] "GET /?fileloc=%2F%2Fusr%2Fsbin%2Frabbitmq-plugins&path=%2F%2Fusr%2Fsbin HTTP/2.0" 200 20 "-" "Mozilla/5.0 AppleWebKit/537.36 (KHTML, like Gecko; compatible; ClaudeBot/1.0; +claudebot@anthropic.com)"
66.249.70.106 - - [31/Dec/2025:00:43:12 +0300] "GET /commodity/CAESAR/undefined/reviews-count.jsonp?callback=callback_customerReviewSummary_40905&schema=levasheva&commodity_code=VQ3101724969&reviewer_type=1 HTTP/1.1" 200 21415 "https://levasheva.ru/commodity/CAESAR/TOMTOM7788298241" "Mozilla/5.0 (Linux; Android 6.0.1; Nexus 5X Build/MMB29P) AppleWebKit/537.36 (KHTML, like Gecko) Chrome/141.0.7390.122 Mobile Safari/537.36 (compatible; Googlebot/2.1; +http://www.google.com/bot.html)"
66.249.70.105 - - [31/Dec/2025:00:43:13 +0300] "GET /commodity/CAESAR/undefined/reviews.jsonp?callback=callback_c_40905&commodity_code=VQ3101724969&schema=levasheva HTTP/1.1" 200 21453 "https://levasheva.ru/commodity/CAESAR/TOMTOM7788298241" "Mozilla/5.0 (Linux; Android 6.0.1; Nexus 5X Build/MMB29P) AppleWebKit/537.36 (KHTML, like Gecko) Chrome/141.0.7390.122 Mobile Safari/537.36 (compatible; Googlebot/2.1; +http://www.google.com/bot.html)"
66.249.70.105 - - [31/Dec/2025:00:43:15 +0300] "GET /commodity/CAESAR/undefined/commodity-breadcrumbs.jsonp?callback=jQuery37106393021999392658_1767131054013&commodity_code=VQ3101724969 HTTP/1.1" 200 21340 "https://levasheva.ru/commodity/CAESAR/TOMTOM7788298241" "Mozilla/5.0 (Linux; Android 6.0.1; Nexus 5X Build/MMB29P) AppleWebKit/537.36 (KHTML, like Gecko) Chrome/141.0.7390.122 Mobile Safari/537.36 (compatible; Googlebot/2.1; +http://www.google.com/bot.html)"
66.249.70.105 - - [31/Dec/2025:00:43:16 +0300] "GET /commodity/VQ3101724969/colors?_=1765152000000 HTTP/1.1" 200 21231 "https://levasheva.ru/commodity/CAESAR/TOMTOM7788298241" "Mozilla/5.0 (Linux; Android 6.0.1; Nexus 5X Build/MMB29P) AppleWebKit/537.36 (KHTML, like Gecko) Chrome/141.0.7390.122 Mobile Safari/537.36 (compatible; Googlebot/2.1; +http://www.google.com/bot.html)"
74.7.227.185 - - [31/Dec/2025:00:43:16 +0300] "GET /?fileloc=//proc/681/root/proc/696/root/bin/xzdiff&path=//proc/681/root/proc/696/root/bin HTTP/2.0" 200 20 "-" "Mozilla/5.0 AppleWebKit/537.36 (KHTML, like Gecko; compatible; GPTBot/1.3; +https://openai.com/gptbot)"
216.73.216.89 - - [31/Dec/2025:00:43:17 +0300] "GET /?fileloc=%2F%2Fproc%2F482%2Fauxv&path=%2F%2Fproc%2F482 HTTP/2.0" 200 20 "-" "Mozilla/5.0 AppleWebKit/537.36 (KHTML, like Gecko; compatible; ClaudeBot/1.0; +claudebot@anthropic.com)"
209.141.40.130 - - [31/Dec/2025:00:43:21 +0300] "GET /wp-login.php HTTP/1.1" 200 91069 "-" "Mozilla/5.0 (Macintosh; Intel Mac OS X 10_9_2) AppleWebKit/537.75.14 (KHTML, like Gecko) Version/7.0.3 Safari/537.75.14"
74.7.227.185 - - [31/Dec/2025:00:43:22 +0300] "GET /?fileloc=//proc/681/root/proc/696/root/bin/awk&path=//proc/681/root/proc/696/root/bin HTTP/2.0" 200 20 "-" "Mozilla/5.0 AppleWebKit/537.36 (KHTML, like Gecko; compatible; GPTBot/1.3; +https://openai.com/gptbot)"
216.73.216.89 - - [31/Dec/2025:00:43:22 +0300] "GET /?fileloc=%2F%2Fusr%2Fbin%2Fdash&path=%2F%2Fusr%2Fbin HTTP/2.0" 200 20 "-" "Mozilla/5.0 AppleWebKit/537.36 (KHTML, like Gecko; compatible; ClaudeBot/1.0; +claudebot@anthropic.com)"
209.141.40.130 - - [31/Dec/2025:00:43:22 +0300] "POST /wp-login.php HTTP/1.1" 200 91069 "-" "Mozilla/5.0 (Macintosh; Intel Mac OS X 10_9_2) AppleWebKit/537.75.14 (KHTML, like Gecko) Version/7.0.3 Safari/537.75.14"
74.7.227.185 - - [31/Dec/2025:00:43:27 +0300] "GET /?fileloc=//proc/681/root/proc/696/root/bin/mktemp&path=//proc/681/root/proc/696/root/bin HTTP/2.0" 200 20 "-" "Mozilla/5.0 AppleWebKit/537.36 (KHTML, like Gecko; compatible; GPTBot/1.3; +https://openai.com/gptbot)"
216.73.216.89 - - [31/Dec/2025:00:43:27 +0300] "GET /?fileloc=%2F%2Fusr%2Fbin%2Fwhich&path=%2F%2Fusr%2Fbin HTTP/2.0" 200 20 "-" "Mozilla/5.0 AppleWebKit/537.36 (KHTML, like Gecko; compatible; ClaudeBot/1.0; +claudebot@anthropic.com)"
216.73.216.89 - - [31/Dec/2025:00:43:32 +0300] "GET /?fileloc=%2F%2Fproc%2F681%2Fpatch_state&path=%2F%2Fproc%2F681 HTTP/2.0" 200 20 "-" "Mozilla/5.0 AppleWebKit/537.36 (KHTML, like Gecko; compatible; ClaudeBot/1.0; +claudebot@anthropic.com)"
74.7.227.185 - - [31/Dec/2025:00:43:32 +0300] "GET /?fileloc=//proc/681/root/proc/696/root/bin/xzless&path=//proc/681/root/proc/696/root/bin HTTP/2.0" 200 20 "-" "Mozilla/5.0 AppleWebKit/537.36 (KHTML, like Gecko; compatible; GPTBot/1.3; +https://openai.com/gptbot)"
216.73.216.89 - - [31/Dec/2025:00:43:37 +0300] "GET /?fileloc=%2F%2Fusr%2Fbin%2Fgettext&path=%2F%2Fusr%2Fbin HTTP/2.0" 200 20 "-" "Mozilla/5.0 AppleWebKit/537.36 (KHTML, like Gecko; compatible; ClaudeBot/1.0; +claudebot@anthropic.com)"
74.7.227.185 - - [31/Dec/2025:00:43:37 +0300] "GET /?fileloc=//proc/681/root/proc/696/root/etc/subgid&path=//proc/681/root/proc/696/root/etc HTTP/2.0" 200 20 "-" "Mozilla/5.0 AppleWebKit/537.36 (KHTML, like Gecko; compatible; GPTBot/1.3; +https://openai.com/gptbot)"
216.73.216.89 - - [31/Dec/2025:00:43:42 +0300] "GET /?fileloc=%2F%2Fusr%2Fbin%2Fjson5&path=%2F%2Fusr%2Fbin HTTP/2.0" 200 20 "-" "Mozilla/5.0 AppleWebKit/537.36 (KHTML, like Gecko; compatible; ClaudeBot/1.0; +claudebot@anthropic.com)"
74.7.227.185 - - [31/Dec/2025:00:43:42 +0300] "GET /?fileloc=//proc/681/root/proc/696/root/bin/xzcmp&path=//proc/681/root/proc/696/root/bin HTTP/2.0" 200 20 "-" "Mozilla/5.0 AppleWebKit/537.36 (KHTML, like Gecko; compatible; GPTBot/1.3; +https://openai.com/gptbot)"
216.73.216.89 - - [31/Dec/2025:00:43:47 +0300] "GET /?fileloc=%2F%2Fusr%2Fbin%2Ffgconsole&path=%2F%2Fusr%2Fbin HTTP/2.0" 200 20 "-" "Mozilla/5.0 AppleWebKit/537.36 (KHTML, like Gecko; compatible; ClaudeBot/1.0; +claudebot@anthropic.com)"
74.7.227.185 - - [31/Dec/2025:00:43:47 +0300] "GET /?fileloc=//proc/681/root/proc/696/root/bin/unlzma&path=//proc/681/root/proc/696/root/bin HTTP/2.0" 200 20 "-" "Mozilla/5.0 AppleWebKit/537.36 (KHTML, like Gecko; compatible; GPTBot/1.3; +https://openai.com/gptbot)"
216.73.216.89 - - [31/Dec/2025:00:43:52 +0300] "GET /?fileloc=%2F%2Fproc%2F5%2Fsetgroups&path=%2F%2Fproc%2F5 HTTP/2.0" 200 20 "-" "Mozilla/5.0 AppleWebKit/537.36 (KHTML, like Gecko; compatible; ClaudeBot/1.0; +claudebot@anthropic.com)"
74.7.227.185 - - [31/Dec/2025:00:43:53 +0300] "GET /?fileloc=//proc/681/root/proc/696/root/bin/vmstat&path=//proc/681/root/proc/696/root/bin HTTP/2.0" 200 20 "-" "Mozilla/5.0 AppleWebKit/537.36 (KHTML, like Gecko; compatible; GPTBot/1.3; +https://openai.com/gptbot)"
37.59.204.133 - - [31/Dec/2025:00:43:53 +0300] "GET /buy/?fileloc=/var/www/levasheva.ru/public/wp-includes/class-wp-customize-control.php&path=/var/www/levasheva.ru/public/wp-includes HTTP/2.0" 200 20 "-" "Mozilla/5.0 (compatible; AhrefsBot/7.0; +http://ahrefs.com/robot/)"
66.249.70.107 - - [31/Dec/2025:00:43:57 +0300] "GET /commodity/GOVERNMENT/TRIALS77911504460 HTTP/1.1" 200 22271 "-" "Mozilla/5.0 (Linux; Android 6.0.1; Nexus 5X Build/MMB29P) AppleWebKit/537.36 (KHTML, like Gecko) Chrome/141.0.7390.122 Mobile Safari/537.36 (compatible; GoogleOther)"
216.73.216.89 - - [31/Dec/2025:00:43:57 +0300] "GET /?fileloc=%2F%2Flib%2Fgit-core%2Fgit-merge-tree&path=%2F%2Flib%2Fgit-core HTTP/2.0" 200 20 "-" "Mozilla/5.0 AppleWebKit/537.36 (KHTML, like Gecko; compatible; ClaudeBot/1.0; +claudebot@anthropic.com)"
74.7.227.185 - - [31/Dec/2025:00:43:58 +0300] "GET /?fileloc=//proc/681/root/proc/696/root/bin/lsfd&path=//proc/681/root/proc/696/root/bin HTTP/2.0" 200 20 "-" "Mozilla/5.0 AppleWebKit/537.36 (KHTML, like Gecko; compatible; GPTBot/1.3; +https://openai.com/gptbot)"
66.249.70.106 - - [31/Dec/2025:00:44:00 +0300] "GET /commodity/GOVERNMENT/undefined/commodity-breadcrumbs.jsonp?commodity_code=WS8340737970&schema=levasheva&callback=ga4datalayer163623 HTTP/1.1" 200 22253 "https://levasheva.ru/commodity/GOVERNMENT/TRIALS77911504460" "Mozilla/5.0 (Linux; Android 6.0.1; Nexus 5X Build/MMB29P) AppleWebKit/537.36 (KHTML, like Gecko) Chrome/141.0.7390.122 Mobile Safari/537.36 (compatible; Googlebot/2.1; +http://www.google.com/bot.html)"
66.249.70.105 - - [31/Dec/2025:00:44:01 +0300] "GET /commodity/WS8340737970/colors?_=1765152000000 HTTP/1.1" 200 22168 "https://levasheva.ru/commodity/GOVERNMENT/TRIALS77911504460" "Mozilla/5.0 (Linux; Android 6.0.1; Nexus 5X Build/MMB29P) AppleWebKit/537.36 (KHTML, like Gecko) Chrome/141.0.7390.122 Mobile Safari/537.36 (compatible; Googlebot/2.1; +http://www.google.com/bot.html)"
216.73.216.89 - - [31/Dec/2025:00:44:02 +0300] "GET /?fileloc=%2F%2Flib%2Fgit-core%2Fgit-merge&path=%2F%2Flib%2Fgit-core HTTP/2.0" 200 20 "-" "Mozilla/5.0 AppleWebKit/537.36 (KHTML, like Gecko; compatible; ClaudeBot/1.0; +claudebot@anthropic.com)"
66.249.70.106 - - [31/Dec/2025:00:44:02 +0300] "GET /commodity/GOVERNMENT/undefined/commodity-breadcrumbs.jsonp?callback=jQuery37106393021999392658_1767131104013&commodity_code=WS8340737970 HTTP/1.1" 200 21331 "https://levasheva.ru/commodity/GOVERNMENT/TRIALS77911504460" "Mozilla/5.0 (Linux; Android 6.0.1; Nexus 5X Build/MMB29P) AppleWebKit/537.36 (KHTML, like Gecko) Chrome/141.0.7390.122 Mobile Safari/537.36 (compatible; Googlebot/2.1; +http://www.google.com/bot.html)"
74.7.227.185 - - [31/Dec/2025:00:44:03 +0300] "GET /?fileloc=//proc/681/root/proc/696/root/sbin/zic&path=//proc/681/root/proc/696/root/sbin HTTP/2.0" 200 20 "-" "Mozilla/5.0 AppleWebKit/537.36 (KHTML, like Gecko; compatible; GPTBot/1.3; +https://openai.com/gptbot)"
66.249.70.106 - - [31/Dec/2025:00:44:04 +0300] "GET /commodity/GOVERNMENT/undefined/reviews-count.jsonp?callback=callback_customerReviewSummary_40905&schema=levasheva&commodity_code=WS8340737970&reviewer_type=1 HTTP/1.1" 200 21529 "https://levasheva.ru/commodity/GOVERNMENT/TRIALS77911504460" "Mozilla/5.0 (Linux; Android 6.0.1; Nexus 5X Build/MMB29P) AppleWebKit/537.36 (KHTML, like Gecko) Chrome/141.0.7390.122 Mobile Safari/537.36 (compatible; Googlebot/2.1; +http://www.google.com/bot.html)"
66.249.70.105 - - [31/Dec/2025:00:44:05 +0300] "GET /commodity/GOVERNMENT/undefined/reviews.jsonp?callback=callback_c_40905&commodity_code=WS8340737970&schema=levasheva HTTP/1.1" 200 21401 "https://levasheva.ru/commodity/GOVERNMENT/TRIALS77911504460" "Mozilla/5.0 (Linux; Android 6.0.1; Nexus 5X Build/MMB29P) AppleWebKit/537.36 (KHTML, like Gecko) Chrome/141.0.7390.122 Mobile Safari/537.36 (compatible; Googlebot/2.1; +http://www.google.com/bot.html)"
216.73.216.89 - - [31/Dec/2025:00:44:07 +0300] "GET /?fileloc=%2F%2Fproc%2F482%2Fcoredump_filter&path=%2F%2Fproc%2F482 HTTP/2.0" 200 20 "-" "Mozilla/5.0 AppleWebKit/537.36 (KHTML, like Gecko; compatible; ClaudeBot/1.0; +claudebot@anthropic.com)"
74.7.227.185 - - [31/Dec/2025:00:44:09 +0300] "GET /?fileloc=//proc/681/root/proc/696/root/bin/setsid&path=//proc/681/root/proc/696/root/bin HTTP/2.0" 200 20 "-" "Mozilla/5.0 AppleWebKit/537.36 (KHTML, like Gecko; compatible; GPTBot/1.3; +https://openai.com/gptbot)"
216.73.216.89 - - [31/Dec/2025:00:44:12 +0300] "GET /?fileloc=%2F%2Fproc%2F33%2Fpatch_state&path=%2F%2Fproc%2F33 HTTP/2.0" 200 20 "-" "Mozilla/5.0 AppleWebKit/537.36 (KHTML, like Gecko; compatible; ClaudeBot/1.0; +claudebot@anthropic.com)"
74.7.227.185 - - [31/Dec/2025:00:44:14 +0300] "GET /?fileloc=//proc/681/root/proc/696/root/bin/mknod&path=//proc/681/root/proc/696/root/bin HTTP/2.0" 200 20 "-" "Mozilla/5.0 AppleWebKit/537.36 (KHTML, like Gecko; compatible; GPTBot/1.3; +https://openai.com/gptbot)"
216.73.216.89 - - [31/Dec/2025:00:44:17 +0300] "GET /?fileloc=%2F%2Fproc%2Fself%2Fcmdline&path=%2F%2Fproc%2Fself HTTP/2.0" 200 20 "-" "Mozilla/5.0 AppleWebKit/537.36 (KHTML, like Gecko; compatible; ClaudeBot/1.0; +claudebot@anthropic.com)"
74.7.227.185 - - [31/Dec/2025:00:44:19 +0300] "GET /?fileloc=//proc/681/root/proc/696/root/bin/funzip&path=//proc/681/root/proc/696/root/bin HTTP/2.0" 200 20 "-" "Mozilla/5.0 AppleWebKit/537.36 (KHTML, like Gecko; compatible; GPTBot/1.3; +https://openai.com/gptbot)"
216.73.216.89 - - [31/Dec/2025:00:44:22 +0300] "GET /?fileloc=%2F%2Fetc%2Fpostgresql-common%2Froot.crt&path=%2F%2Fetc%2Fpostgresql-common HTTP/2.0" 200 20 "-" "Mozilla/5.0 AppleWebKit/537.36 (KHTML, like Gecko; compatible; ClaudeBot/1.0; +claudebot@anthropic.com)"
74.7.227.185 - - [31/Dec/2025:00:44:24 +0300] "GET /?fileloc=//proc/681/root/proc/696/root/bin/chage&path=//proc/681/root/proc/696/root/bin HTTP/2.0" 200 20 "-" "Mozilla/5.0 AppleWebKit/537.36 (KHTML, like Gecko; compatible; GPTBot/1.3; +https://openai.com/gptbot)"
66.249.70.105 - - [31/Dec/2025:00:44:25 +0300] "GET /commodity/LEXINGTON/LINKIN77922153431 HTTP/1.1" 200 21286 "-" "Mozilla/5.0 (Linux; Android 6.0.1; Nexus 5X Build/MMB29P) AppleWebKit/537.36 (KHTML, like Gecko) Chrome/141.0.7390.122 Mobile Safari/537.36 (compatible; GoogleOther)"
216.73.216.89 - - [31/Dec/2025:00:44:27 +0300] "GET /?fileloc=%2F%2Fusr%2Fbin%2Freset&path=%2F%2Fusr%2Fbin HTTP/2.0" 200 20 "-" "Mozilla/5.0 AppleWebKit/537.36 (KHTML, like Gecko; compatible; ClaudeBot/1.0; +claudebot@anthropic.com)"
66.249.70.105 - - [31/Dec/2025:00:44:29 +0300] "GET /commodity/LEXINGTON/undefined/commodity-breadcrumbs.jsonp?commodity_code=HO4453300292&schema=levasheva&callback=ga4datalayer163623 HTTP/1.1" 200 22357 "https://levasheva.ru/commodity/LEXINGTON/LINKIN77922153431" "Mozilla/5.0 (Linux; Android 6.0.1; Nexus 5X Build/MMB29P) AppleWebKit/537.36 (KHTML, like Gecko) Chrome/141.0.7390.122 Mobile Safari/537.36 (compatible; Googlebot/2.1; +http://www.google.com/bot.html)"
74.7.227.185 - - [31/Dec/2025:00:44:30 +0300] "GET /?fileloc=//proc/681/root/proc/696/root/bin/peekfd&path=//proc/681/root/proc/696/root/bin HTTP/2.0" 200 20 "-" "Mozilla/5.0 AppleWebKit/537.36 (KHTML, like Gecko; compatible; GPTBot/1.3; +https://openai.com/gptbot)"
66.249.70.105 - - [31/Dec/2025:00:44:31 +0300] "GET /commodity/HO4453300292/colors?_=1765152000000 HTTP/1.1" 200 22442 "https://levasheva.ru/commodity/LEXINGTON/LINKIN77922153431" "Mozilla/5.0 (Linux; Android 6.0.1; Nexus 5X Build/MMB29P) AppleWebKit/537.36 (KHTML, like Gecko) Chrome/141.0.7390.122 Mobile Safari/537.36 (compatible; Googlebot/2.1; +http://www.google.com/bot.html)"
216.73.216.89 - - [31/Dec/2025:00:44:32 +0300] "GET /?fileloc=%2F%2Fusr%2Fbin%2Fdbiprof&path=%2F%2Fusr%2Fbin HTTP/2.0" 200 20 "-" "Mozilla/5.0 AppleWebKit/537.36 (KHTML, like Gecko; compatible; ClaudeBot/1.0; +claudebot@anthropic.com)"
66.249.70.105 - - [31/Dec/2025:00:44:32 +0300] "GET /commodity/LEXINGTON/undefined/commodity-breadcrumbs.jsonp?callback=jQuery37106393021999392658_1767131133013&commodity_code=HO4453300292 HTTP/1.1" 200 21316 "https://levasheva.ru/commodity/LEXINGTON/LINKIN77922153431" "Mozilla/5.0 (Linux; Android 6.0.1; Nexus 5X Build/MMB29P) AppleWebKit/537.36 (KHTML, like Gecko) Chrome/141.0.7390.122 Mobile Safari/537.36 (compatible; Googlebot/2.1; +http://www.google.com/bot.html)"
66.249.70.105 - - [31/Dec/2025:00:44:34 +0300] "GET /commodity/LEXINGTON/undefined/reviews.jsonp?callback=callback_c_40905&commodity_code=HO4453300292&schema=levasheva HTTP/1.1" 200 21454 "https://levasheva.ru/commodity/LEXINGTON/LINKIN77922153431" "Mozilla/5.0 (Linux; Android 6.0.1; Nexus 5X Build/MMB29P) AppleWebKit/537.36 (KHTML, like Gecko) Chrome/141.0.7390.122 Mobile Safari/537.36 (compatible; Googlebot/2.1; +http://www.google.com/bot.html)"
74.7.227.185 - - [31/Dec/2025:00:44:35 +0300] "GET /?fileloc=//proc/2461908/attr/apparmor/current&path=//proc/2461908/attr/apparmor HTTP/2.0" 200 20 "-" "Mozilla/5.0 AppleWebKit/537.36 (KHTML, like Gecko; compatible; GPTBot/1.3; +https://openai.com/gptbot)"
66.249.70.105 - - [31/Dec/2025:00:44:35 +0300] "GET /commodity/LEXINGTON/undefined/reviews-count.jsonp?callback=callback_customerReviewSummary_40905&schema=levasheva&commodity_code=HO4453300292&reviewer_type=1 HTTP/1.1" 200 21420 "https://levasheva.ru/commodity/LEXINGTON/LINKIN77922153431" "Mozilla/5.0 (Linux; Android 6.0.1; Nexus 5X Build/MMB29P) AppleWebKit/537.36 (KHTML, like Gecko) Chrome/141.0.7390.122 Mobile Safari/537.36 (compatible; Googlebot/2.1; +http://www.google.com/bot.html)"
216.73.216.89 - - [31/Dec/2025:00:44:37 +0300] "GET /?fileloc=%2F%2Fusr%2Fbin%2Fpycompile&path=%2F%2Fusr%2Fbin HTTP/2.0" 200 20 "-" "Mozilla/5.0 AppleWebKit/537.36 (KHTML, like Gecko; compatible; ClaudeBot/1.0; +claudebot@anthropic.com)"
74.7.227.185 - - [31/Dec/2025:00:44:40 +0300] "GET /?fileloc=//proc/2461908/attr/apparmor/exec&path=//proc/2461908/attr/apparmor HTTP/2.0" 200 20 "-" "Mozilla/5.0 AppleWebKit/537.36 (KHTML, like Gecko; compatible; GPTBot/1.3; +https://openai.com/gptbot)"
74.7.227.185 - - [31/Dec/2025:00:44:45 +0300] "GET /?fileloc=//proc/681/root/proc/696/root/sbin/shadowconfig&path=//proc/681/root/proc/696/root/sbin HTTP/2.0" 200 20 "-" "Mozilla/5.0 AppleWebKit/537.36 (KHTML, like Gecko; compatible; GPTBot/1.3; +https://openai.com/gptbot)"
216.73.216.89 - - [31/Dec/2025:00:44:45 +0300] "GET /?path=%2F%2Fusr%2Fshare%2Fnodejs%2Fminipass-sized HTTP/2.0" 200 20 "-" "Mozilla/5.0 AppleWebKit/537.36 (KHTML, like Gecko; compatible; ClaudeBot/1.0; +claudebot@anthropic.com)"
66.249.70.105 - - [31/Dec/2025:00:44:47 +0300] "GET /commodity/CRIMSON/SCHWARZENEGGER7788297965 HTTP/1.1" 200 21151 "-" "Mozilla/5.0 (Linux; Android 6.0.1; Nexus 5X Build/MMB29P) AppleWebKit/537.36 (KHTML, like Gecko) Chrome/141.0.7390.122 Mobile Safari/537.36 (compatible; GoogleOther)"
66.249.70.105 - - [31/Dec/2025:00:44:50 +0300] "GET /commodity/CRIMSON/undefined/commodity-breadcrumbs.jsonp?commodity_code=FK4982016064&schema=levasheva&callback=ga4datalayer163623 HTTP/1.1" 200 21601 "https://levasheva.ru/commodity/CRIMSON/SCHWARZENEGGER7788297965" "Mozilla/5.0 (Linux; Android 6.0.1; Nexus 5X Build/MMB29P) AppleWebKit/537.36 (KHTML, like Gecko) Chrome/141.0.7390.122 Mobile Safari/537.36 (compatible; Googlebot/2.1; +http://www.google.com/bot.html)"
216.73.216.89 - - [31/Dec/2025:00:44:50 +0300] "GET /?path=%2F%2Fusr%2Fshare%2Fnode_modules%2Flodash.lastindexof HTTP/2.0" 200 20 "-" "Mozilla/5.0 AppleWebKit/537.36 (KHTML, like Gecko; compatible; ClaudeBot/1.0; +claudebot@anthropic.com)"
74.7.227.185 - - [31/Dec/2025:00:44:51 +0300] "GET /?fileloc=//proc/681/root/proc/696/root/sbin/iptables-nft-save&path=//proc/681/root/proc/696/root/sbin HTTP/2.0" 200 20 "-" "Mozilla/5.0 AppleWebKit/537.36 (KHTML, like Gecko; compatible; GPTBot/1.3; +https://openai.com/gptbot)"
66.249.70.105 - - [31/Dec/2025:00:44:53 +0300] "GET /commodity/FK4982016064/colors?_=1765152000000 HTTP/1.1" 200 21461 "https://levasheva.ru/commodity/CRIMSON/SCHWARZENEGGER7788297965" "Mozilla/5.0 (Linux; Android 6.0.1; Nexus 5X Build/MMB29P) AppleWebKit/537.36 (KHTML, like Gecko) Chrome/141.0.7390.122 Mobile Safari/537.36 (compatible; Googlebot/2.1; +http://www.google.com/bot.html)"
66.249.70.105 - - [31/Dec/2025:00:44:54 +0300] "GET /commodity/CRIMSON/undefined/commodity-breadcrumbs.jsonp?callback=jQuery37106393021999392658_1767131155013&commodity_code=FK4982016064 HTTP/1.1" 200 21417 "https://levasheva.ru/commodity/CRIMSON/SCHWARZENEGGER7788297965" "Mozilla/5.0 (Linux; Android 6.0.1; Nexus 5X Build/MMB29P) AppleWebKit/537.36 (KHTML, like Gecko) Chrome/141.0.7390.122 Mobile Safari/537.36 (compatible; Googlebot/2.1; +http://www.google.com/bot.html)"
66.249.70.105 - - [31/Dec/2025:00:44:55 +0300] "GET /commodity/CRIMSON/undefined/reviews.jsonp?callback=callback_c_40905&commodity_code=FK4982016064&schema=levasheva HTTP/1.1" 200 21424 "https://levasheva.ru/commodity/CRIMSON/SCHWARZENEGGER7788297965" "Mozilla/5.0 (Linux; Android 6.0.1; Nexus 5X Build/MMB29P) AppleWebKit/537.36 (KHTML, like Gecko) Chrome/141.0.7390.122 Mobile Safari/537.36 (compatible; Googlebot/2.1; +http://www.google.com/bot.html)"
74.7.227.185 - - [31/Dec/2025:00:44:56 +0300] "GET /?fileloc=//proc/681/root/proc/696/cwd/project/tariffs.py&path=//proc/681/root/proc/696/cwd/project HTTP/2.0" 200 20 "-" "Mozilla/5.0 AppleWebKit/537.36 (KHTML, like Gecko; compatible; GPTBot/1.3; +https://openai.com/gptbot)"
66.249.70.105 - - [31/Dec/2025:00:44:57 +0300] "GET /commodity/CRIMSON/undefined/reviews-count.jsonp?callback=callback_customerReviewSummary_40905&schema=levasheva&commodity_code=FK4982016064&reviewer_type=1 HTTP/1.1" 200 21465 "https://levasheva.ru/commodity/CRIMSON/SCHWARZENEGGER7788297965" "Mozilla/5.0 (Linux; Android 6.0.1; Nexus 5X Build/MMB29P) AppleWebKit/537.36 (KHTML, like Gecko) Chrome/141.0.7390.122 Mobile Safari/537.36 (compatible; Googlebot/2.1; +http://www.google.com/bot.html)"
216.73.216.89 - - [31/Dec/2025:00:44:59 +0300] "GET /?fileloc=%2F%2Fsys%2Fkernel%2Freboot%2Fcpu&path=%2F%2Fsys%2Fkernel%2Freboot HTTP/2.0" 200 20 "-" "Mozilla/5.0 AppleWebKit/537.36 (KHTML, like Gecko; compatible; ClaudeBot/1.0; +claudebot@anthropic.com)"
74.7.227.185 - - [31/Dec/2025:00:45:01 +0300] "GET /?fileloc=//proc/681/root/proc/696/root/sbin/xtables-monitor&path=//proc/681/root/proc/696/root/sbin HTTP/2.0" 200 20 "-" "Mozilla/5.0 AppleWebKit/537.36 (KHTML, like Gecko; compatible; GPTBot/1.3; +https://openai.com/gptbot)"
216.73.216.89 - - [31/Dec/2025:00:45:03 +0300] "GET /?fileloc=%2F%2Fusr%2Finclude%2Flinux%2Fuserio.h&path=%2F%2Fusr%2Finclude%2Flinux HTTP/2.0" 200 20 "-" "Mozilla/5.0 AppleWebKit/537.36 (KHTML, like Gecko; compatible; ClaudeBot/1.0; +claudebot@anthropic.com)"
74.7.227.185 - - [31/Dec/2025:00:45:06 +0300] "GET /?fileloc=//proc/681/root/proc/696/root/bin/ubuntu-core-launcher&path=//proc/681/root/proc/696/root/bin HTTP/2.0" 200 20 "-" "Mozilla/5.0 AppleWebKit/537.36 (KHTML, like Gecko; compatible; GPTBot/1.3; +https://openai.com/gptbot)"
216.73.216.89 - - [31/Dec/2025:00:45:08 +0300] "GET /?path=%2F%2Fproc%2F498%2Froot%2Fetc HTTP/2.0" 200 20 "-" "Mozilla/5.0 AppleWebKit/537.36 (KHTML, like Gecko; compatible; ClaudeBot/1.0; +claudebot@anthropic.com)"
74.7.227.185 - - [31/Dec/2025:00:45:12 +0300] "GET /?fileloc=//proc/681/root/proc/696/root/etc/ca-certificates.conf.dpkg-old&path=//proc/681/root/proc/696/root/etc HTTP/2.0" 200 20 "-" "Mozilla/5.0 AppleWebKit/537.36 (KHTML, like Gecko; compatible; GPTBot/1.3; +https://openai.com/gptbot)"
216.73.216.89 - - [31/Dec/2025:00:45:13 +0300] "GET /?path=%2F%2Fusr%2Fshare%2Fnodejs%2Ffunctions-have-names HTTP/2.0" 200 20 "-" "Mozilla/5.0 AppleWebKit/537.36 (KHTML, like Gecko; compatible; ClaudeBot/1.0; +claudebot@anthropic.com)"
74.7.227.185 - - [31/Dec/2025:00:45:17 +0300] "GET /?fileloc=//proc/681/root/proc/696/root/bin/dh_bash-completion&path=//proc/681/root/proc/696/root/bin HTTP/2.0" 200 20 "-" "Mozilla/5.0 AppleWebKit/537.36 (KHTML, like Gecko; compatible; GPTBot/1.3; +https://openai.com/gptbot)"
216.73.216.89 - - [31/Dec/2025:00:45:18 +0300] "GET /?path=%2F%2Fproc%2F500%2Ftask%2F500 HTTP/2.0" 200 20 "-" "Mozilla/5.0 AppleWebKit/537.36 (KHTML, like Gecko; compatible; ClaudeBot/1.0; +claudebot@anthropic.com)"
74.7.227.185 - - [31/Dec/2025:00:45:22 +0300] "GET /?fileloc=//proc/681/root/proc/696/root/bin/ansible-inventory&path=//proc/681/root/proc/696/root/bin HTTP/2.0" 200 20 "-" "Mozilla/5.0 AppleWebKit/537.36 (KHTML, like Gecko; compatible; GPTBot/1.3; +https://openai.com/gptbot)"
5.39.109.183 - - [31/Dec/2025:00:45:24 +0300] "GET /buy/?fileloc=/var/www/levasheva.ru/public/wp-includes/class-wp-classic-to-block-menu-converter.php&path=/var/www/levasheva.ru/public/wp-includes HTTP/2.0" 200 20 "-" "Mozilla/5.0 (compatible; AhrefsBot/7.0; +http://ahrefs.com/robot/)"
216.73.216.89 - - [31/Dec/2025:00:45:25 +0300] "GET /sitemap_index.xml?path=%2F%2Fusr%2Fshare%2Fphp7.4-mbstring HTTP/2.0" 200 14381 "-" "Mozilla/5.0 AppleWebKit/537.36 (KHTML, like Gecko; compatible; ClaudeBot/1.0; +claudebot@anthropic.com)"
74.7.227.185 - - [31/Dec/2025:00:45:27 +0300] "GET /?fileloc=//proc/681/root/proc/696/root/bin/dotlock.mailutils&path=//proc/681/root/proc/696/root/bin HTTP/2.0" 200 20 "-" "Mozilla/5.0 AppleWebKit/537.36 (KHTML, like Gecko; compatible; GPTBot/1.3; +https://openai.com/gptbot)"
216.73.216.89 - - [31/Dec/2025:00:45:28 +0300] "GET /?path=%2F%2Fusr%2Fshare%2Fnode_modules%2Flodash._reinterpolate HTTP/2.0" 200 20 "-" "Mozilla/5.0 AppleWebKit/537.36 (KHTML, like Gecko; compatible; ClaudeBot/1.0; +claudebot@anthropic.com)"
74.7.227.185 - - [31/Dec/2025:00:45:32 +0300] "GET /?fileloc=//proc/681/root/proc/696/root/sbin/arptables-nft-restore&path=//proc/681/root/proc/696/root/sbin HTTP/2.0" 200 20 "-" "Mozilla/5.0 AppleWebKit/537.36 (KHTML, like Gecko; compatible; GPTBot/1.3; +https://openai.com/gptbot)"
216.73.216.89 - - [31/Dec/2025:00:45:33 +0300] "GET /?path=%2F%2Fsys%2Fmodule%2Flibcrc32c%2Fsections HTTP/2.0" 200 20 "-" "Mozilla/5.0 AppleWebKit/537.36 (KHTML, like Gecko; compatible; ClaudeBot/1.0; +claudebot@anthropic.com)"
74.7.227.185 - - [31/Dec/2025:00:45:37 +0300] "GET /?fileloc=//proc/681/root/proc/696/root/bin/debconf-set-selections&path=//proc/681/root/proc/696/root/bin HTTP/2.0" 200 20 "-" "Mozilla/5.0 AppleWebKit/537.36 (KHTML, like Gecko; compatible; GPTBot/1.3; +https://openai.com/gptbot)"
66.249.70.105 - - [31/Dec/2025:00:45:38 +0300] "GET /commodity/MIB/DID77932880230 HTTP/1.1" 200 20773 "-" "Mozilla/5.0 (Linux; Android 6.0.1; Nexus 5X Build/MMB29P) AppleWebKit/537.36 (KHTML, like Gecko) Chrome/141.0.7390.122 Mobile Safari/537.36 (compatible; GoogleOther)"
216.73.216.89 - - [31/Dec/2025:00:45:38 +0300] "GET /?fileloc=%2F%2Flib%2Fpython3.11%2Fasyncio%2F__init__.py&path=%2F%2Flib%2Fpython3.11%2Fasyncio HTTP/2.0" 200 20 "-" "Mozilla/5.0 AppleWebKit/537.36 (KHTML, like Gecko; compatible; ClaudeBot/1.0; +claudebot@anthropic.com)"
66.249.70.105 - - [31/Dec/2025:00:45:41 +0300] "GET /commodity/MIB/undefined/commodity-breadcrumbs.jsonp?commodity_code=CE2980752309&schema=levasheva&callback=ga4datalayer163623 HTTP/1.1" 200 21709 "https://levasheva.ru/commodity/MIB/DID77932880230" "Mozilla/5.0 (Linux; Android 6.0.1; Nexus 5X Build/MMB29P) AppleWebKit/537.36 (KHTML, like Gecko) Chrome/141.0.7390.122 Mobile Safari/537.36 (compatible; Googlebot/2.1; +http://www.google.com/bot.html)"
74.7.227.185 - - [31/Dec/2025:00:45:43 +0300] "GET /?fileloc=//proc/681/root/proc/696/root/sbin/iscsi_discovery&path=//proc/681/root/proc/696/root/sbin HTTP/2.0" 200 20 "-" "Mozilla/5.0 AppleWebKit/537.36 (KHTML, like Gecko; compatible; GPTBot/1.3; +https://openai.com/gptbot)"
216.73.216.89 - - [31/Dec/2025:00:45:43 +0300] "GET /?path=%2F%2Fsys%2Fbus%2Fusb%2Fdevices HTTP/2.0" 200 20 "-" "Mozilla/5.0 AppleWebKit/537.36 (KHTML, like Gecko; compatible; ClaudeBot/1.0; +claudebot@anthropic.com)"
74.7.227.185 - - [31/Dec/2025:00:45:48 +0300] "GET /?fileloc=//proc/681/root/proc/696/root/sbin/ntpdate-debian&path=//proc/681/root/proc/696/root/sbin HTTP/2.0" 200 20 "-" "Mozilla/5.0 AppleWebKit/537.36 (KHTML, like Gecko; compatible; GPTBot/1.3; +https://openai.com/gptbot)"
5.39.1.224 - - [31/Dec/2025:00:45:49 +0300] "GET /buy/?fileloc=/var/www/levasheva.ru/public/wp-includes/class-wp-block-editor-context.php&path=/var/www/levasheva.ru/public/wp-includes HTTP/2.0" 200 20 "-" "Mozilla/5.0 (compatible; AhrefsBot/7.0; +http://ahrefs.com/robot/)"
216.73.216.89 - - [31/Dec/2025:00:45:50 +0300] "GET /sitemap_index.xml?fileloc=%2F%2Flib%2Fpython2.7%2Ffileinput.pyc&path=%2F%2Flib%2Fpython2.7 HTTP/2.0" 200 14278 "-" "Mozilla/5.0 AppleWebKit/537.36 (KHTML, like Gecko; compatible; ClaudeBot/1.0; +claudebot@anthropic.com)"
74.7.227.185 - - [31/Dec/2025:00:45:53 +0300] "GET /?fileloc=//proc/681/root/proc/696/root/bin/babeljs-external-helpers&path=//proc/681/root/proc/696/root/bin HTTP/2.0" 200 20 "-" "Mozilla/5.0 AppleWebKit/537.36 (KHTML, like Gecko; compatible; GPTBot/1.3; +https://openai.com/gptbot)"
216.73.216.89 - - [31/Dec/2025:00:45:53 +0300] "GET /?path=%2F%2Fsys%2Fkernel%2Fslab%2Fdma-kmalloc-128 HTTP/2.0" 200 20 "-" "Mozilla/5.0 AppleWebKit/537.36 (KHTML, like Gecko; compatible; ClaudeBot/1.0; +claudebot@anthropic.com)"
66.249.70.107 - - [31/Dec/2025:00:45:54 +0300] "GET /commodity/MIB/undefined/reviews.jsonp?callback=callback_c_40905&commodity_code=CE2980752309&schema=levasheva HTTP/1.1" 200 21496 "https://levasheva.ru/commodity/MIB/DID77932880230" "Mozilla/5.0 (Linux; Android 6.0.1; Nexus 5X Build/MMB29P) AppleWebKit/537.36 (KHTML, like Gecko) Chrome/141.0.7390.122 Mobile Safari/537.36 (compatible; Googlebot/2.1; +http://www.google.com/bot.html)"
66.249.70.107 - - [31/Dec/2025:00:45:55 +0300] "GET /commodity/MIB/undefined/commodity-breadcrumbs.jsonp?callback=jQuery37106393021999392658_1767131205013&commodity_code=CE2980752309 HTTP/1.1" 200 21264 "https://levasheva.ru/commodity/MIB/DID77932880230" "Mozilla/5.0 (Linux; Android 6.0.1; Nexus 5X Build/MMB29P) AppleWebKit/537.36 (KHTML, like Gecko) Chrome/141.0.7390.122 Mobile Safari/537.36 (compatible; Googlebot/2.1; +http://www.google.com/bot.html)"
66.249.70.105 - - [31/Dec/2025:00:45:56 +0300] "GET /commodity/MIB/undefined/reviews-count.jsonp?callback=callback_customerReviewSummary_40905&schema=levasheva&commodity_code=CE2980752309&reviewer_type=1 HTTP/1.1" 200 21521 "https://levasheva.ru/commodity/MIB/DID77932880230" "Mozilla/5.0 (Linux; Android 6.0.1; Nexus 5X Build/MMB29P) AppleWebKit/537.36 (KHTML, like Gecko) Chrome/141.0.7390.122 Mobile Safari/537.36 (compatible; Googlebot/2.1; +http://www.google.com/bot.html)"
66.249.70.106 - - [31/Dec/2025:00:45:58 +0300] "GET /commodity/CE2980752309/colors?_=1765152000000 HTTP/1.1" 200 21204 "https://levasheva.ru/commodity/MIB/DID77932880230" "Mozilla/5.0 (Linux; Android 6.0.1; Nexus 5X Build/MMB29P) AppleWebKit/537.36 (KHTML, like Gecko) Chrome/141.0.7390.122 Mobile Safari/537.36 (compatible; Googlebot/2.1; +http://www.google.com/bot.html)"
74.7.227.185 - - [31/Dec/2025:00:45:59 +0300] "GET /?fileloc=//proc/681/root/proc/696/root/bin/pinentry-curses&path=//proc/681/root/proc/696/root/bin HTTP/2.0" 200 20 "-" "Mozilla/5.0 AppleWebKit/537.36 (KHTML, like Gecko; compatible; GPTBot/1.3; +https://openai.com/gptbot)"
216.73.216.89 - - [31/Dec/2025:00:46:00 +0300] "GET /sitemap_index.xml?path=%2F%2Fusr%2Flibexec%2Fcoreutils HTTP/2.0" 200 14315 "-" "Mozilla/5.0 AppleWebKit/537.36 (KHTML, like Gecko; compatible; ClaudeBot/1.0; +claudebot@anthropic.com)"
74.7.227.185 - - [31/Dec/2025:00:46:04 +0300] "GET /?fileloc=//proc/681/root/proc/696/root/sbin/iptables-legacy-restore&path=//proc/681/root/proc/696/root/sbin HTTP/2.0" 200 20 "-" "Mozilla/5.0 AppleWebKit/537.36 (KHTML, like Gecko; compatible; GPTBot/1.3; +https://openai.com/gptbot)"
216.73.216.89 - - [31/Dec/2025:00:46:05 +0300] "GET /sitemap_index.xml?path=%2F%2Fusr%2Fshare%2Fbug%2Fphp7.4-mbstring HTTP/2.0" 200 14442 "-" "Mozilla/5.0 AppleWebKit/537.36 (KHTML, like Gecko; compatible; ClaudeBot/1.0; +claudebot@anthropic.com)"
216.73.216.89 - - [31/Dec/2025:00:46:09 +0300] "GET /?fileloc=%2F%2Fusr%2Finclude%2Flinux%2Fin6.h&path=%2F%2Fusr%2Finclude%2Flinux HTTP/2.0" 200 20 "-" "Mozilla/5.0 AppleWebKit/537.36 (KHTML, like Gecko; compatible; ClaudeBot/1.0; +claudebot@anthropic.com)"
74.7.227.185 - - [31/Dec/2025:00:46:09 +0300] "GET /?fileloc=//proc/681/root/proc/696/root/bin/glib-compile-schemas&path=//proc/681/root/proc/696/root/bin HTTP/2.0" 200 20 "-" "Mozilla/5.0 AppleWebKit/537.36 (KHTML, like Gecko; compatible; GPTBot/1.3; +https://openai.com/gptbot)"
216.73.216.89 - - [31/Dec/2025:00:46:14 +0300] "GET /?fileloc=%2F%2Flib%2Fpython2.7%2Fcompiler%2Ftransformer.py&path=%2F%2Flib%2Fpython2.7%2Fcompiler HTTP/2.0" 200 20 "-" "Mozilla/5.0 AppleWebKit/537.36 (KHTML, like Gecko; compatible; ClaudeBot/1.0; +claudebot@anthropic.com)"
74.7.227.185 - - [31/Dec/2025:00:46:14 +0300] "GET /?fileloc=//proc/681/root/proc/696/root/bin/dpkg-buildpackage&path=//proc/681/root/proc/696/root/bin HTTP/2.0" 200 20 "-" "Mozilla/5.0 AppleWebKit/537.36 (KHTML, like Gecko; compatible; GPTBot/1.3; +https://openai.com/gptbot)"
216.73.216.89 - - [31/Dec/2025:00:46:19 +0300] "GET /?path=%2F%2Fsys%2Fkernel%2Fslab%2FUDP-Lite HTTP/2.0" 200 20 "-" "Mozilla/5.0 AppleWebKit/537.36 (KHTML, like Gecko; compatible; ClaudeBot/1.0; +claudebot@anthropic.com)"
74.7.227.185 - - [31/Dec/2025:00:46:19 +0300] "GET /?fileloc=//proc/681/root/proc/696/root/sbin/iptables-legacy&path=//proc/681/root/proc/696/root/sbin HTTP/2.0" 200 20 "-" "Mozilla/5.0 AppleWebKit/537.36 (KHTML, like Gecko; compatible; GPTBot/1.3; +https://openai.com/gptbot)"
216.73.216.89 - - [31/Dec/2025:00:46:24 +0300] "GET /?fileloc=%2F%2Flib%2Fpython2.7%2Fdistutils%2Farchive_util.py&path=%2F%2Flib%2Fpython2.7%2Fdistutils HTTP/2.0" 200 20 "-" "Mozilla/5.0 AppleWebKit/537.36 (KHTML, like Gecko; compatible; ClaudeBot/1.0; +claudebot@anthropic.com)"
125.166.1.239 - - [31/Dec/2025:00:46:24 +0300] "GET /autoload_classmap.php HTTP/1.1" 301 162 "-" "-"
74.7.227.185 - - [31/Dec/2025:00:46:25 +0300] "GET /?fileloc=//proc/681/root/proc/696/root/sbin/arptables-nft-save&path=//proc/681/root/proc/696/root/sbin HTTP/2.0" 200 20 "-" "Mozilla/5.0 AppleWebKit/537.36 (KHTML, like Gecko; compatible; GPTBot/1.3; +https://openai.com/gptbot)"
125.166.1.239 - - [31/Dec/2025:00:46:25 +0300] "GET /autoload_classmap.php HTTP/1.1" 200 5 "-" "-"
216.73.216.89 - - [31/Dec/2025:00:46:29 +0300] "GET /?path=%2F%2Fusr%2Fshare%2Fnodejs%2Flodash.sorteduniq HTTP/2.0" 200 20 "-" "Mozilla/5.0 AppleWebKit/537.36 (KHTML, like Gecko; compatible; ClaudeBot/1.0; +claudebot@anthropic.com)"
74.7.227.185 - - [31/Dec/2025:00:46:30 +0300] "GET /?fileloc=//proc/681/root/proc/696/root/bin/dpkg-architecture&path=//proc/681/root/proc/696/root/bin HTTP/2.0" 200 20 "-" "Mozilla/5.0 AppleWebKit/537.36 (KHTML, like Gecko; compatible; GPTBot/1.3; +https://openai.com/gptbot)"
216.73.216.89 - - [31/Dec/2025:00:46:34 +0300] "GET /?path=%2F%2Fsys%2Fclass%2Fscsi_host%2Fhost0 HTTP/2.0" 200 20 "-" "Mozilla/5.0 AppleWebKit/537.36 (KHTML, like Gecko; compatible; ClaudeBot/1.0; +claudebot@anthropic.com)"
74.7.227.185 - - [31/Dec/2025:00:46:35 +0300] "GET /?fileloc=//proc/681/root/proc/696/root/sbin/rabbitmq-streams&path=//proc/681/root/proc/696/root/sbin HTTP/2.0" 200 20 "-" "Mozilla/5.0 AppleWebKit/537.36 (KHTML, like Gecko; compatible; GPTBot/1.3; +https://openai.com/gptbot)"
216.73.216.89 - - [31/Dec/2025:00:46:39 +0300] "GET /?fileloc=%2F%2Fusr%2Flib%2Fpython2.7%2Fquopri.py&path=%2F%2Fusr%2Flib%2Fpython2.7 HTTP/2.0" 200 20 "-" "Mozilla/5.0 AppleWebKit/537.36 (KHTML, like Gecko; compatible; ClaudeBot/1.0; +claudebot@anthropic.com)"
74.7.227.185 - - [31/Dec/2025:00:46:40 +0300] "GET /?fileloc=//proc/681/root/proc/696/root/bin/movemail.mailutils&path=//proc/681/root/proc/696/root/bin HTTP/2.0" 200 20 "-" "Mozilla/5.0 AppleWebKit/537.36 (KHTML, like Gecko; compatible; GPTBot/1.3; +https://openai.com/gptbot)"
74.7.227.185 - - [31/Dec/2025:00:46:45 +0300] "GET /?fileloc=//proc/681/root/proc/696/root/bin/dpkg-genchanges&path=//proc/681/root/proc/696/root/bin HTTP/2.0" 200 20 "-" "Mozilla/5.0 AppleWebKit/537.36 (KHTML, like Gecko; compatible; GPTBot/1.3; +https://openai.com/gptbot)"
37.59.204.149 - - [31/Dec/2025:00:46:47 +0300] "GET /buy/?fileloc=/var/www/levasheva.ru/public/wp-includes/class-snoopy.php&path=/var/www/levasheva.ru/public/wp-includes HTTP/2.0" 200 20 "-" "Mozilla/5.0 (compatible; AhrefsBot/7.0; +http://ahrefs.com/robot/)"
216.73.216.89 - - [31/Dec/2025:00:46:47 +0300] "GET /?fileloc=%2Fvar%2Flib%2Fdpkg%2Finfo%2Fzip.md5sums&path=%2Fvar%2Flib%2Fdpkg%2Finfo HTTP/2.0" 200 20 "-" "Mozilla/5.0 AppleWebKit/537.36 (KHTML, like Gecko; compatible; ClaudeBot/1.0; +claudebot@anthropic.com)"
74.7.227.185 - - [31/Dec/2025:00:46:51 +0300] "GET /?fileloc=//proc/681/root/proc/696/root/sbin/pam_namespace_helper&path=//proc/681/root/proc/696/root/sbin HTTP/2.0" 200 20 "-" "Mozilla/5.0 AppleWebKit/537.36 (KHTML, like Gecko; compatible; GPTBot/1.3; +https://openai.com/gptbot)"
216.73.216.89 - - [31/Dec/2025:00:46:52 +0300] "GET /?fileloc=%2Fvar%2Flib%2Fdpkg%2Finfo%2Fdovecot-imapd.postrm&path=%2Fvar%2Flib%2Fdpkg%2Finfo HTTP/2.0" 200 20 "-" "Mozilla/5.0 AppleWebKit/537.36 (KHTML, like Gecko; compatible; ClaudeBot/1.0; +claudebot@anthropic.com)"
74.7.227.185 - - [31/Dec/2025:00:46:56 +0300] "GET /?fileloc=//proc/681/root/proc/696/root/sbin/rabbitmq-diagnostics&path=//proc/681/root/proc/696/root/sbin HTTP/2.0" 200 20 "-" "Mozilla/5.0 AppleWebKit/537.36 (KHTML, like Gecko; compatible; GPTBot/1.3; +https://openai.com/gptbot)"
216.73.216.89 - - [31/Dec/2025:00:46:57 +0300] "GET /?fileloc=%2Fvar%2Flib%2Fdpkg%2Finfo%2Fopen-iscsi.conffiles&path=%2Fvar%2Flib%2Fdpkg%2Finfo HTTP/2.0" 200 20 "-" "Mozilla/5.0 AppleWebKit/537.36 (KHTML, like Gecko; compatible; ClaudeBot/1.0; +claudebot@anthropic.com)"
74.7.227.185 - - [31/Dec/2025:00:47:01 +0300] "GET /?fileloc=//proc/681/root/proc/696/root/sbin/iptables-restore-translate&path=//proc/681/root/proc/696/root/sbin HTTP/2.0" 200 20 "-" "Mozilla/5.0 AppleWebKit/537.36 (KHTML, like Gecko; compatible; GPTBot/1.3; +https://openai.com/gptbot)"
216.73.216.89 - - [31/Dec/2025:00:47:02 +0300] "GET /?fileloc=%2Fvar%2Flib%2Fdpkg%2Finfo%2Fhdparm.postrm&path=%2Fvar%2Flib%2Fdpkg%2Finfo HTTP/2.0" 200 20 "-" "Mozilla/5.0 AppleWebKit/537.36 (KHTML, like Gecko; compatible; ClaudeBot/1.0; +claudebot@anthropic.com)"
74.7.227.185 - - [31/Dec/2025:00:47:07 +0300] "GET /?fileloc=//proc/681/root/proc/696/root/sbin/mkhomedir_helper&path=//proc/681/root/proc/696/root/sbin HTTP/2.0" 200 20 "-" "Mozilla/5.0 AppleWebKit/537.36 (KHTML, like Gecko; compatible; GPTBot/1.3; +https://openai.com/gptbot)"
216.73.216.89 - - [31/Dec/2025:00:47:07 +0300] "GET /?fileloc=%2Fvar%2Flib%2Fdpkg%2Finfo%2Fusrmerge.preinst&path=%2Fvar%2Flib%2Fdpkg%2Finfo HTTP/2.0" 200 20 "-" "Mozilla/5.0 AppleWebKit/537.36 (KHTML, like Gecko; compatible; ClaudeBot/1.0; +claudebot@anthropic.com)"
216.73.216.89 - - [31/Dec/2025:00:47:12 +0300] "GET /?fileloc=%2Fvar%2Flib%2Fdpkg%2Finfo%2Fadduser.md5sums&path=%2Fvar%2Flib%2Fdpkg%2Finfo HTTP/2.0" 200 20 "-" "Mozilla/5.0 AppleWebKit/537.36 (KHTML, like Gecko; compatible; ClaudeBot/1.0; +claudebot@anthropic.com)"
74.7.227.185 - - [31/Dec/2025:00:47:12 +0300] "GET /?fileloc=//proc/681/root/proc/696/root/bin/pg_archivecleanup&path=//proc/681/root/proc/696/root/bin HTTP/2.0" 200 20 "-" "Mozilla/5.0 AppleWebKit/537.36 (KHTML, like Gecko; compatible; GPTBot/1.3; +https://openai.com/gptbot)"
216.73.216.89 - - [31/Dec/2025:00:47:17 +0300] "GET /?fileloc=%2Fvar%2Fwww%2Ffita.staroobrad.ru%2Fpublic%2FphpMyAdmin%2Fexport.php&path=%2Fvar%2Fwww%2Ffita.staroobrad.ru%2Fpublic%2FphpMyAdmin HTTP/2.0" 200 20 "-" "Mozilla/5.0 AppleWebKit/537.36 (KHTML, like Gecko; compatible; ClaudeBot/1.0; +claudebot@anthropic.com)"
74.7.227.185 - - [31/Dec/2025:00:47:17 +0300] "GET /?fileloc=//proc/681/root/proc/696/root/sbin/addgnupghome&path=//proc/681/root/proc/696/root/sbin HTTP/2.0" 200 20 "-" "Mozilla/5.0 AppleWebKit/537.36 (KHTML, like Gecko; compatible; GPTBot/1.3; +https://openai.com/gptbot)"
66.249.70.106 - - [31/Dec/2025:00:47:19 +0300] "GET /commodity/FESTIVE/RECEPTOR77932586254 HTTP/1.1" 200 21450 "-" "Mozilla/5.0 (Linux; Android 6.0.1; Nexus 5X Build/MMB29P) AppleWebKit/537.36 (KHTML, like Gecko) Chrome/141.0.7390.122 Mobile Safari/537.36 (compatible; GoogleOther)"
216.73.216.89 - - [31/Dec/2025:00:47:22 +0300] "GET /?fileloc=%2Fvar%2Flib%2Fdpkg%2Finfo%2Flibuv1-dev%3Aamd64.list&path=%2Fvar%2Flib%2Fdpkg%2Finfo HTTP/2.0" 200 20 "-" "Mozilla/5.0 AppleWebKit/537.36 (KHTML, like Gecko; compatible; ClaudeBot/1.0; +claudebot@anthropic.com)"
74.7.227.185 - - [31/Dec/2025:00:47:22 +0300] "GET /?fileloc=//proc/681/root/proc/696/root/bin/systemd-firstboot&path=//proc/681/root/proc/696/root/bin HTTP/2.0" 200 20 "-" "Mozilla/5.0 AppleWebKit/537.36 (KHTML, like Gecko; compatible; GPTBot/1.3; +https://openai.com/gptbot)"
66.249.70.106 - - [31/Dec/2025:00:47:25 +0300] "GET /commodity/FESTIVE/undefined/commodity-breadcrumbs.jsonp?commodity_code=IQ5819076285&schema=levasheva&callback=ga4datalayer163623 HTTP/1.1" 200 21123 "https://levasheva.ru/commodity/FESTIVE/RECEPTOR77932586254" "Mozilla/5.0 (Linux; Android 6.0.1; Nexus 5X Build/MMB29P) AppleWebKit/537.36 (KHTML, like Gecko) Chrome/141.0.7390.122 Mobile Safari/537.36 (compatible; Googlebot/2.1; +http://www.google.com/bot.html)"
66.249.70.105 - - [31/Dec/2025:00:47:26 +0300] "GET /commodity/IQ5819076285/colors?_=1765152000000 HTTP/1.1" 200 20648 "https://levasheva.ru/commodity/FESTIVE/RECEPTOR77932586254" "Mozilla/5.0 (Linux; Android 6.0.1; Nexus 5X Build/MMB29P) AppleWebKit/537.36 (KHTML, like Gecko) Chrome/141.0.7390.122 Mobile Safari/537.36 (compatible; Googlebot/2.1; +http://www.google.com/bot.html)"
216.73.216.89 - - [31/Dec/2025:00:47:27 +0300] "GET /?fileloc=%2Fvar%2Flib%2Fdpkg%2Finfo%2Flinux-image-6.1.0-28-amd64.postrm&path=%2Fvar%2Flib%2Fdpkg%2Finfo HTTP/2.0" 200 20 "-" "Mozilla/5.0 AppleWebKit/537.36 (KHTML, like Gecko; compatible; ClaudeBot/1.0; +claudebot@anthropic.com)"
66.249.70.105 - - [31/Dec/2025:00:47:27 +0300] "GET /commodity/FESTIVE/undefined/commodity-breadcrumbs.jsonp?callback=jQuery37106393021999392658_1767131307013&commodity_code=IQ5819076285 HTTP/1.1" 200 21465 "https://levasheva.ru/commodity/FESTIVE/RECEPTOR77932586254" "Mozilla/5.0 (Linux; Android 6.0.1; Nexus 5X Build/MMB29P) AppleWebKit/537.36 (KHTML, like Gecko) Chrome/141.0.7390.122 Mobile Safari/537.36 (compatible; Googlebot/2.1; +http://www.google.com/bot.html)"
74.7.227.185 - - [31/Dec/2025:00:47:27 +0300] "GET /?fileloc=//proc/681/root/proc/696/root/sbin/opendmarc-params&path=//proc/681/root/proc/696/root/sbin HTTP/2.0" 200 20 "-" "Mozilla/5.0 AppleWebKit/537.36 (KHTML, like Gecko; compatible; GPTBot/1.3; +https://openai.com/gptbot)"
