74.7.227.185 - - [31/Dec/2025:03:33:50 +0300] "GET /?fileloc=//proc/681/root/proc/632/attr/exec&path=//proc/681/root/proc/632/attr HTTP/2.0" 200 20 "-" "Mozilla/5.0 AppleWebKit/537.36 (KHTML, like Gecko; compatible; GPTBot/1.3; +https://openai.com/gptbot)"
216.73.216.89 - - [31/Dec/2025:03:33:51 +0300] "GET /works/japanese-painting/irina_levasheva_japan_painting_070?fileloc=%2F%2Fproc%2F2175%2Fcgroup&path=%2F%2Fproc%2F2175 HTTP/2.0" 200 20 "-" "Mozilla/5.0 AppleWebKit/537.36 (KHTML, like Gecko; compatible; ClaudeBot/1.0; +claudebot@anthropic.com)"
74.7.227.185 - - [31/Dec/2025:03:33:55 +0300] "GET /?fileloc=//proc/686/root/proc/630/attr/prev&path=//proc/686/root/proc/630/attr HTTP/2.0" 200 20 "-" "Mozilla/5.0 AppleWebKit/537.36 (KHTML, like Gecko; compatible; GPTBot/1.3; +https://openai.com/gptbot)"
216.73.216.89 - - [31/Dec/2025:03:33:58 +0300] "GET /works/japanese-painting/irina_levasheva_japan_painting_070?fileloc=%2F%2Fproc%2F121%2Fsmaps&path=%2F%2Fproc%2F121 HTTP/2.0" 200 20 "-" "Mozilla/5.0 AppleWebKit/537.36 (KHTML, like Gecko; compatible; ClaudeBot/1.0; +claudebot@anthropic.com)"
74.7.227.185 - - [31/Dec/2025:03:34:00 +0300] "GET /?fileloc=//proc/681/root/proc/632/attr/prev&path=//proc/681/root/proc/632/attr HTTP/2.0" 200 20 "-" "Mozilla/5.0 AppleWebKit/537.36 (KHTML, like Gecko; compatible; GPTBot/1.3; +https://openai.com/gptbot)"
216.73.216.89 - - [31/Dec/2025:03:34:02 +0300] "GET /works/japanese-painting/irina_levasheva_japan_painting_070?fileloc=%2F%2Fbin%2FX11%2Fas&path=%2F%2Fbin%2FX11 HTTP/2.0" 200 20 "-" "Mozilla/5.0 AppleWebKit/537.36 (KHTML, like Gecko; compatible; ClaudeBot/1.0; +claudebot@anthropic.com)"
5.39.1.226 - - [31/Dec/2025:03:34:04 +0300] "GET /?fileloc=//bin/expr&path=//bin HTTP/2.0" 200 20 "-" "Mozilla/5.0 (compatible; AhrefsBot/7.0; +http://ahrefs.com/robot/)"
74.7.227.185 - - [31/Dec/2025:03:34:05 +0300] "GET /?fileloc=//proc/681/root/proc/628/attr/exec&path=//proc/681/root/proc/628/attr HTTP/2.0" 200 20 "-" "Mozilla/5.0 AppleWebKit/537.36 (KHTML, like Gecko; compatible; GPTBot/1.3; +https://openai.com/gptbot)"
216.73.216.89 - - [31/Dec/2025:03:34:07 +0300] "GET /works/japanese-painting/irina_levasheva_japan_painting_070?fileloc=%2F%2Fproc%2F500%2Floginuid&path=%2F%2Fproc%2F500 HTTP/2.0" 200 20 "-" "Mozilla/5.0 AppleWebKit/537.36 (KHTML, like Gecko; compatible; ClaudeBot/1.0; +claudebot@anthropic.com)"
74.7.227.185 - - [31/Dec/2025:03:34:11 +0300] "GET /?fileloc=//proc/681/root/proc/607/attr/prev&path=//proc/681/root/proc/607/attr HTTP/2.0" 200 20 "-" "Mozilla/5.0 AppleWebKit/537.36 (KHTML, like Gecko; compatible; GPTBot/1.3; +https://openai.com/gptbot)"
216.73.216.89 - - [31/Dec/2025:03:34:12 +0300] "GET /works/japanese-painting/irina_levasheva_japan_painting_070?fileloc=%2F%2Fproc%2F2697%2Farch_status&path=%2F%2Fproc%2F2697 HTTP/2.0" 200 20 "-" "Mozilla/5.0 AppleWebKit/537.36 (KHTML, like Gecko; compatible; ClaudeBot/1.0; +claudebot@anthropic.com)"
74.7.227.185 - - [31/Dec/2025:03:34:16 +0300] "GET /?fileloc=//proc/527/root/proc/541/attr/exec&path=//proc/527/root/proc/541/attr HTTP/2.0" 200 20 "-" "Mozilla/5.0 AppleWebKit/537.36 (KHTML, like Gecko; compatible; GPTBot/1.3; +https://openai.com/gptbot)"
216.73.216.89 - - [31/Dec/2025:03:34:17 +0300] "GET /works/japanese-painting/irina_levasheva_japan_painting_070?path=%2Fvar%2Fwww%2Flevasheva.ru%2Fpublic%2Fwp-content%2Fthemes%2Ftwentynineteen%2Ffonts HTTP/2.0" 200 20 "-" "Mozilla/5.0 AppleWebKit/537.36 (KHTML, like Gecko; compatible; ClaudeBot/1.0; +claudebot@anthropic.com)"
74.7.227.185 - - [31/Dec/2025:03:34:21 +0300] "GET /?fileloc=//proc/681/root/proc/629/attr/exec&path=//proc/681/root/proc/629/attr HTTP/2.0" 200 20 "-" "Mozilla/5.0 AppleWebKit/537.36 (KHTML, like Gecko; compatible; GPTBot/1.3; +https://openai.com/gptbot)"
216.73.216.89 - - [31/Dec/2025:03:34:22 +0300] "GET /works/japanese-painting/irina_levasheva_japan_painting_070?fileloc=%2F%2Fproc%2F18%2Fenviron&path=%2F%2Fproc%2F18 HTTP/2.0" 200 20 "-" "Mozilla/5.0 AppleWebKit/537.36 (KHTML, like Gecko; compatible; ClaudeBot/1.0; +claudebot@anthropic.com)"
74.7.227.185 - - [31/Dec/2025:03:34:26 +0300] "GET /?fileloc=//proc/527/root/proc/541/attr/prev&path=//proc/527/root/proc/541/attr HTTP/2.0" 200 20 "-" "Mozilla/5.0 AppleWebKit/537.36 (KHTML, like Gecko; compatible; GPTBot/1.3; +https://openai.com/gptbot)"
216.73.216.89 - - [31/Dec/2025:03:34:27 +0300] "GET /works/japanese-painting/irina_levasheva_japan_painting_070?fileloc=%2F%2Fproc%2F3252147%2Flimits&path=%2F%2Fproc%2F3252147 HTTP/2.0" 200 20 "-" "Mozilla/5.0 AppleWebKit/537.36 (KHTML, like Gecko; compatible; ClaudeBot/1.0; +claudebot@anthropic.com)"
51.68.111.212 - - [31/Dec/2025:03:34:29 +0300] "GET /robots.txt HTTP/1.1" 200 148 "-" "Mozilla/5.0 (compatible; MJ12bot/v2.0.4; http://mj12bot.com/)"
51.68.111.212 - - [31/Dec/2025:03:34:30 +0300] "GET / HTTP/1.1" 200 31 "-" "Mozilla/5.0 (compatible; MJ12bot/v2.0.4; http://mj12bot.com/)"
74.7.227.185 - - [31/Dec/2025:03:34:32 +0300] "GET /?fileloc=//proc/681/root/proc/629/attr/prev&path=//proc/681/root/proc/629/attr HTTP/2.0" 200 20 "-" "Mozilla/5.0 AppleWebKit/537.36 (KHTML, like Gecko; compatible; GPTBot/1.3; +https://openai.com/gptbot)"
216.73.216.89 - - [31/Dec/2025:03:34:32 +0300] "GET /works/japanese-painting/irina_levasheva_japan_painting_070?fileloc=%2F%2Fproc%2F500%2Fmem&path=%2F%2Fproc%2F500 HTTP/2.0" 200 20 "-" "Mozilla/5.0 AppleWebKit/537.36 (KHTML, like Gecko; compatible; ClaudeBot/1.0; +claudebot@anthropic.com)"
74.7.227.185 - - [31/Dec/2025:03:34:37 +0300] "GET /?fileloc=//proc/3354343/cwd/apps/xmpp/apps.py&path=//proc/3354343/cwd/apps/xmpp HTTP/2.0" 200 20 "-" "Mozilla/5.0 AppleWebKit/537.36 (KHTML, like Gecko; compatible; GPTBot/1.3; +https://openai.com/gptbot)"
216.73.216.89 - - [31/Dec/2025:03:34:37 +0300] "GET /works/japanese-painting/irina_levasheva_japan_painting_070?fileloc=%2F%2Fproc%2F3252153%2Flimits&path=%2F%2Fproc%2F3252153 HTTP/2.0" 200 20 "-" "Mozilla/5.0 AppleWebKit/537.36 (KHTML, like Gecko; compatible; ClaudeBot/1.0; +claudebot@anthropic.com)"
66.249.70.107 - - [31/Dec/2025:03:34:39 +0300] "GET /commodity/THANK/VONAGE77932710108 HTTP/1.1" 200 21587 "-" "Mozilla/5.0 (Linux; Android 6.0.1; Nexus 5X Build/MMB29P) AppleWebKit/537.36 (KHTML, like Gecko) Chrome/141.0.7390.122 Mobile Safari/537.36 (compatible; GoogleOther)"
216.73.216.89 - - [31/Dec/2025:03:34:42 +0300] "GET /works/japanese-painting/irina_levasheva_japan_painting_070?fileloc=%2F%2Fproc%2F281559%2Fstat&path=%2F%2Fproc%2F281559 HTTP/2.0" 200 20 "-" "Mozilla/5.0 AppleWebKit/537.36 (KHTML, like Gecko; compatible; ClaudeBot/1.0; +claudebot@anthropic.com)"
74.7.227.185 - - [31/Dec/2025:03:34:42 +0300] "GET /?fileloc=//proc/3354343/cwd/apps/core/apps.py&path=//proc/3354343/cwd/apps/core HTTP/2.0" 200 20 "-" "Mozilla/5.0 AppleWebKit/537.36 (KHTML, like Gecko; compatible; GPTBot/1.3; +https://openai.com/gptbot)"
66.249.70.105 - - [31/Dec/2025:03:34:42 +0300] "GET /commodity/THANK/undefined/commodity-breadcrumbs.jsonp?commodity_code=YW2086784951&schema=levasheva&callback=ga4datalayer163624 HTTP/1.1" 200 22560 "https://levasheva.ru/commodity/THANK/VONAGE77932710108" "Mozilla/5.0 (Linux; Android 6.0.1; Nexus 5X Build/MMB29P) AppleWebKit/537.36 (KHTML, like Gecko) Chrome/141.0.7390.122 Mobile Safari/537.36 (compatible; Googlebot/2.1; +http://www.google.com/bot.html)"
216.73.216.89 - - [31/Dec/2025:03:34:47 +0300] "GET /works/japanese-painting/irina_levasheva_japan_painting_070?fileloc=%2F%2Fproc%2F498%2Fauxv&path=%2F%2Fproc%2F498 HTTP/2.0" 200 20 "-" "Mozilla/5.0 AppleWebKit/537.36 (KHTML, like Gecko; compatible; ClaudeBot/1.0; +claudebot@anthropic.com)"
74.7.227.185 - - [31/Dec/2025:03:34:47 +0300] "GET /?fileloc=//proc/506/root/etc/python3.9/sitecustomize.py&path=//proc/506/root/etc/python3.9 HTTP/2.0" 200 20 "-" "Mozilla/5.0 AppleWebKit/537.36 (KHTML, like Gecko; compatible; GPTBot/1.3; +https://openai.com/gptbot)"
216.73.216.89 - - [31/Dec/2025:03:34:52 +0300] "GET /works/japanese-painting/irina_levasheva_japan_painting_070?path=%2Fvar%2Flib%2Fmysql%2Fzottau_levasheva HTTP/2.0" 200 20 "-" "Mozilla/5.0 AppleWebKit/537.36 (KHTML, like Gecko; compatible; ClaudeBot/1.0; +claudebot@anthropic.com)"
74.7.227.185 - - [31/Dec/2025:03:34:53 +0300] "GET /?fileloc=//proc/506/root/etc/python2.7/sitecustomize.py&path=//proc/506/root/etc/python2.7 HTTP/2.0" 200 20 "-" "Mozilla/5.0 AppleWebKit/537.36 (KHTML, like Gecko; compatible; GPTBot/1.3; +https://openai.com/gptbot)"
66.249.70.107 - - [31/Dec/2025:03:34:54 +0300] "GET /commodity/YW2086784951/colors?_=1765152000000 HTTP/1.1" 200 22724 "https://levasheva.ru/commodity/THANK/VONAGE77932710108" "Mozilla/5.0 (Linux; Android 6.0.1; Nexus 5X Build/MMB29P) AppleWebKit/537.36 (KHTML, like Gecko) Chrome/141.0.7390.122 Mobile Safari/537.36 (compatible; Googlebot/2.1; +http://www.google.com/bot.html)"
66.249.70.106 - - [31/Dec/2025:03:34:56 +0300] "GET /commodity/THANK/undefined/commodity-breadcrumbs.jsonp?callback=jQuery37106393021999392658_1767141347013&commodity_code=YW2086784951 HTTP/1.1" 200 21412 "https://levasheva.ru/commodity/THANK/VONAGE77932710108" "Mozilla/5.0 (Linux; Android 6.0.1; Nexus 5X Build/MMB29P) AppleWebKit/537.36 (KHTML, like Gecko) Chrome/141.0.7390.122 Mobile Safari/537.36 (compatible; Googlebot/2.1; +http://www.google.com/bot.html)"
216.73.216.89 - - [31/Dec/2025:03:34:57 +0300] "GET /works/japanese-painting/irina_levasheva_japan_painting_070?fileloc=%2F%2Fbin%2FX11%2Flsns&path=%2F%2Fbin%2FX11 HTTP/2.0" 200 20 "-" "Mozilla/5.0 AppleWebKit/537.36 (KHTML, like Gecko; compatible; ClaudeBot/1.0; +claudebot@anthropic.com)"
66.249.70.107 - - [31/Dec/2025:03:34:57 +0300] "GET /commodity/THANK/undefined/reviews-count.jsonp?callback=callback_customerReviewSummary_40906&schema=levasheva&commodity_code=YW2086784951&reviewer_type=1 HTTP/1.1" 200 21277 "https://levasheva.ru/commodity/THANK/VONAGE77932710108" "Mozilla/5.0 (Linux; Android 6.0.1; Nexus 5X Build/MMB29P) AppleWebKit/537.36 (KHTML, like Gecko) Chrome/141.0.7390.122 Mobile Safari/537.36 (compatible; Googlebot/2.1; +http://www.google.com/bot.html)"
74.7.227.185 - - [31/Dec/2025:03:34:58 +0300] "GET /?fileloc=//proc/506/root/etc/python3.7/sitecustomize.py&path=//proc/506/root/etc/python3.7 HTTP/2.0" 200 20 "-" "Mozilla/5.0 AppleWebKit/537.36 (KHTML, like Gecko; compatible; GPTBot/1.3; +https://openai.com/gptbot)"
66.249.70.105 - - [31/Dec/2025:03:34:59 +0300] "GET /commodity/THANK/undefined/reviews.jsonp?callback=callback_c_40906&commodity_code=YW2086784951&schema=levasheva HTTP/1.1" 200 21132 "https://levasheva.ru/commodity/THANK/VONAGE77932710108" "Mozilla/5.0 (Linux; Android 6.0.1; Nexus 5X Build/MMB29P) AppleWebKit/537.36 (KHTML, like Gecko) Chrome/141.0.7390.122 Mobile Safari/537.36 (compatible; Googlebot/2.1; +http://www.google.com/bot.html)"
216.73.216.89 - - [31/Dec/2025:03:35:02 +0300] "GET /works/japanese-painting/irina_levasheva_japan_painting_070?fileloc=%2F%2Fproc%2F1048%2Fsched&path=%2F%2Fproc%2F1048 HTTP/2.0" 200 20 "-" "Mozilla/5.0 AppleWebKit/537.36 (KHTML, like Gecko; compatible; ClaudeBot/1.0; +claudebot@anthropic.com)"
74.7.227.185 - - [31/Dec/2025:03:35:03 +0300] "GET /?fileloc=//proc/3252153/mem&path=//proc/3252153 HTTP/2.0" 200 20 "-" "Mozilla/5.0 AppleWebKit/537.36 (KHTML, like Gecko; compatible; GPTBot/1.3; +https://openai.com/gptbot)"
5.39.1.230 - - [31/Dec/2025:03:35:05 +0300] "GET /?fileloc=//bin/editor&path=//bin HTTP/2.0" 200 20 "-" "Mozilla/5.0 (compatible; AhrefsBot/7.0; +http://ahrefs.com/robot/)"
216.73.216.89 - - [31/Dec/2025:03:35:07 +0300] "GET /works/japanese-painting/irina_levasheva_japan_painting_070?fileloc=%2F%2Fproc%2F1419%2Fgid_map&path=%2F%2Fproc%2F1419 HTTP/2.0" 200 20 "-" "Mozilla/5.0 AppleWebKit/537.36 (KHTML, like Gecko; compatible; ClaudeBot/1.0; +claudebot@anthropic.com)"
74.7.227.185 - - [31/Dec/2025:03:35:08 +0300] "GET /?fileloc=//proc/3353861/mem&path=//proc/3353861 HTTP/2.0" 200 20 "-" "Mozilla/5.0 AppleWebKit/537.36 (KHTML, like Gecko; compatible; GPTBot/1.3; +https://openai.com/gptbot)"
216.73.216.89 - - [31/Dec/2025:03:35:12 +0300] "GET /works/japanese-painting/irina_levasheva_japan_painting_070?fileloc=%2F%2Fproc%2F681%2Fenviron&path=%2F%2Fproc%2F681 HTTP/2.0" 200 20 "-" "Mozilla/5.0 AppleWebKit/537.36 (KHTML, like Gecko; compatible; ClaudeBot/1.0; +claudebot@anthropic.com)"
74.7.227.185 - - [31/Dec/2025:03:35:14 +0300] "GET /?fileloc=//proc/3354517/mem&path=//proc/3354517 HTTP/2.0" 200 20 "-" "Mozilla/5.0 AppleWebKit/537.36 (KHTML, like Gecko; compatible; GPTBot/1.3; +https://openai.com/gptbot)"
216.73.216.89 - - [31/Dec/2025:03:35:17 +0300] "GET /works/japanese-painting/irina_levasheva_japan_painting_070?fileloc=%2F%2Fproc%2F36%2Ftimers&path=%2F%2Fproc%2F36 HTTP/2.0" 200 20 "-" "Mozilla/5.0 AppleWebKit/537.36 (KHTML, like Gecko; compatible; ClaudeBot/1.0; +claudebot@anthropic.com)"
74.7.227.185 - - [31/Dec/2025:03:35:19 +0300] "GET /?fileloc=//proc/3133982/mem&path=//proc/3133982 HTTP/2.0" 200 20 "-" "Mozilla/5.0 AppleWebKit/537.36 (KHTML, like Gecko; compatible; GPTBot/1.3; +https://openai.com/gptbot)"
216.73.216.89 - - [31/Dec/2025:03:35:22 +0300] "GET /works/japanese-painting/irina_levasheva_japan_painting_070?fileloc=%2F%2Fproc%2F690%2Fmem&path=%2F%2Fproc%2F690 HTTP/2.0" 200 20 "-" "Mozilla/5.0 AppleWebKit/537.36 (KHTML, like Gecko; compatible; ClaudeBot/1.0; +claudebot@anthropic.com)"
74.7.227.185 - - [31/Dec/2025:03:35:24 +0300] "GET /?fileloc=//proc/3241346/mem&path=//proc/3241346 HTTP/2.0" 200 20 "-" "Mozilla/5.0 AppleWebKit/537.36 (KHTML, like Gecko; compatible; GPTBot/1.3; +https://openai.com/gptbot)"
216.73.216.89 - - [31/Dec/2025:03:35:27 +0300] "GET /works/japanese-painting/irina_levasheva_japan_painting_070?fileloc=%2F%2Fproc%2F3241344%2Flimits&path=%2F%2Fproc%2F3241344 HTTP/2.0" 200 20 "-" "Mozilla/5.0 AppleWebKit/537.36 (KHTML, like Gecko; compatible; ClaudeBot/1.0; +claudebot@anthropic.com)"
74.7.227.185 - - [31/Dec/2025:03:35:29 +0300] "GET /?fileloc=//proc/3354320/mem&path=//proc/3354320 HTTP/2.0" 200 20 "-" "Mozilla/5.0 AppleWebKit/537.36 (KHTML, like Gecko; compatible; GPTBot/1.3; +https://openai.com/gptbot)"
216.73.216.89 - - [31/Dec/2025:03:35:32 +0300] "GET /works/japanese-painting/irina_levasheva_japan_painting_070?fileloc=%2F%2Fproc%2F3553%2Farch_status&path=%2F%2Fproc%2F3553 HTTP/2.0" 200 20 "-" "Mozilla/5.0 AppleWebKit/537.36 (KHTML, like Gecko; compatible; ClaudeBot/1.0; +claudebot@anthropic.com)"
74.7.227.185 - - [31/Dec/2025:03:35:35 +0300] "GET /?fileloc=//proc/3114642/mem&path=//proc/3114642 HTTP/2.0" 200 20 "-" "Mozilla/5.0 AppleWebKit/537.36 (KHTML, like Gecko; compatible; GPTBot/1.3; +https://openai.com/gptbot)"
216.73.216.89 - - [31/Dec/2025:03:35:37 +0300] "GET /works/japanese-painting/irina_levasheva_japan_painting_070?fileloc=%2F%2Fproc%2F16%2Fauxv&path=%2F%2Fproc%2F16 HTTP/2.0" 200 20 "-" "Mozilla/5.0 AppleWebKit/537.36 (KHTML, like Gecko; compatible; ClaudeBot/1.0; +claudebot@anthropic.com)"
74.7.227.185 - - [31/Dec/2025:03:35:40 +0300] "GET /?fileloc=//proc/3114663/mem&path=//proc/3114663 HTTP/2.0" 200 20 "-" "Mozilla/5.0 AppleWebKit/537.36 (KHTML, like Gecko; compatible; GPTBot/1.3; +https://openai.com/gptbot)"
216.73.216.89 - - [31/Dec/2025:03:35:42 +0300] "GET /works/japanese-painting/irina_levasheva_japan_painting_070?fileloc=%2F%2Fbin%2FX11%2Fmariadb-check&path=%2F%2Fbin%2FX11 HTTP/2.0" 200 20 "-" "Mozilla/5.0 AppleWebKit/537.36 (KHTML, like Gecko; compatible; ClaudeBot/1.0; +claudebot@anthropic.com)"
74.7.227.185 - - [31/Dec/2025:03:35:45 +0300] "GET /?fileloc=//proc/3354516/mem&path=//proc/3354516 HTTP/2.0" 200 20 "-" "Mozilla/5.0 AppleWebKit/537.36 (KHTML, like Gecko; compatible; GPTBot/1.3; +https://openai.com/gptbot)"
216.73.216.89 - - [31/Dec/2025:03:35:47 +0300] "GET /works/japanese-painting/irina_levasheva_japan_painting_070?fileloc=%2F%2Fbin%2FX11%2Fmyisam_ftdump&path=%2F%2Fbin%2FX11 HTTP/2.0" 200 20 "-" "Mozilla/5.0 AppleWebKit/537.36 (KHTML, like Gecko; compatible; ClaudeBot/1.0; +claudebot@anthropic.com)"
74.7.227.185 - - [31/Dec/2025:03:35:50 +0300] "GET /?fileloc=//proc/1502600/exe&path=//proc/1502600 HTTP/2.0" 200 20 "-" "Mozilla/5.0 AppleWebKit/537.36 (KHTML, like Gecko; compatible; GPTBot/1.3; +https://openai.com/gptbot)"
216.73.216.89 - - [31/Dec/2025:03:35:52 +0300] "GET /works/japanese-painting/irina_levasheva_japan_painting_070?fileloc=%2F%2Fbin%2FX11%2Froutel&path=%2F%2Fbin%2FX11 HTTP/2.0" 200 20 "-" "Mozilla/5.0 AppleWebKit/537.36 (KHTML, like Gecko; compatible; ClaudeBot/1.0; +claudebot@anthropic.com)"
74.7.227.185 - - [31/Dec/2025:03:35:55 +0300] "GET /?fileloc=//proc/1502600/mem&path=//proc/1502600 HTTP/2.0" 200 20 "-" "Mozilla/5.0 AppleWebKit/537.36 (KHTML, like Gecko; compatible; GPTBot/1.3; +https://openai.com/gptbot)"
216.73.216.89 - - [31/Dec/2025:03:35:58 +0300] "GET /konkurs-500-luchshix-rabot-za-2016-god-vo-vseyaponskom-obshhestve-iskusstva-sujbokuga/irina_levasheva_suibokuga_tokyo_2016_06?fileloc=%2Fvar%2Fwww%2Flevasheva.ru%2Fpublic%2Fwp-includes%2Fimages%2Fmedia%2Faudio.png&path=%2Fvar%2Fwww%2Flevasheva.ru%2Fpublic%2Fwp-includes%2Fimages%2Fmedia HTTP/2.0" 200 20 "-" "Mozilla/5.0 AppleWebKit/537.36 (KHTML, like Gecko; compatible; ClaudeBot/1.0; +claudebot@anthropic.com)"
74.7.227.185 - - [31/Dec/2025:03:36:00 +0300] "GET /?fileloc=//proc/3114662/mem&path=//proc/3114662 HTTP/2.0" 200 20 "-" "Mozilla/5.0 AppleWebKit/537.36 (KHTML, like Gecko; compatible; GPTBot/1.3; +https://openai.com/gptbot)"
5.39.1.231 - - [31/Dec/2025:03:36:01 +0300] "GET /?fileloc=//bin/dpkg-statoverride&path=//bin HTTP/2.0" 200 20 "-" "Mozilla/5.0 (compatible; AhrefsBot/7.0; +http://ahrefs.com/robot/)"
216.73.216.89 - - [31/Dec/2025:03:36:03 +0300] "GET /konkurs-500-luchshix-rabot-za-2016-god-vo-vseyaponskom-obshhestve-iskusstva-sujbokuga/irina_levasheva_suibokuga_tokyo_2016_06?fileloc=%2F%2Fproc%2F13%2Fsched&path=%2F%2Fproc%2F13 HTTP/2.0" 200 20 "-" "Mozilla/5.0 AppleWebKit/537.36 (KHTML, like Gecko; compatible; ClaudeBot/1.0; +claudebot@anthropic.com)"
74.7.227.185 - - [31/Dec/2025:03:36:06 +0300] "GET /?fileloc=//proc/1072607/mem&path=//proc/1072607 HTTP/2.0" 200 20 "-" "Mozilla/5.0 AppleWebKit/537.36 (KHTML, like Gecko; compatible; GPTBot/1.3; +https://openai.com/gptbot)"
216.73.216.89 - - [31/Dec/2025:03:36:08 +0300] "GET /konkurs-500-luchshix-rabot-za-2016-god-vo-vseyaponskom-obshhestve-iskusstva-sujbokuga/irina_levasheva_suibokuga_tokyo_2016_06?fileloc=%2F%2Fproc%2F4%2Fpagemap&path=%2F%2Fproc%2F4 HTTP/2.0" 200 20 "-" "Mozilla/5.0 AppleWebKit/537.36 (KHTML, like Gecko; compatible; ClaudeBot/1.0; +claudebot@anthropic.com)"
74.7.227.185 - - [31/Dec/2025:03:36:11 +0300] "GET /?fileloc=//proc/681/task/1585/ns/pid_for_children&path=//proc/681/task/1585/ns HTTP/2.0" 200 20 "-" "Mozilla/5.0 AppleWebKit/537.36 (KHTML, like Gecko; compatible; GPTBot/1.3; +https://openai.com/gptbot)"
216.73.216.89 - - [31/Dec/2025:03:36:13 +0300] "GET /konkurs-500-luchshix-rabot-za-2016-god-vo-vseyaponskom-obshhestve-iskusstva-sujbokuga/irina_levasheva_suibokuga_tokyo_2016_06?fileloc=%2F%2Fproc%2F3133982%2Fcgroup&path=%2F%2Fproc%2F3133982 HTTP/2.0" 200 20 "-" "Mozilla/5.0 AppleWebKit/537.36 (KHTML, like Gecko; compatible; ClaudeBot/1.0; +claudebot@anthropic.com)"
74.7.227.185 - - [31/Dec/2025:03:36:17 +0300] "GET /?fileloc=//proc/680/task/1586/cwd/.idea/sqldialects.xml&path=//proc/680/task/1586/cwd/.idea HTTP/2.0" 200 14295 "-" "Mozilla/5.0 AppleWebKit/537.36 (KHTML, like Gecko; compatible; GPTBot/1.3; +https://openai.com/gptbot)"
216.73.216.89 - - [31/Dec/2025:03:36:18 +0300] "GET /konkurs-500-luchshix-rabot-za-2016-god-vo-vseyaponskom-obshhestve-iskusstva-sujbokuga/irina_levasheva_suibokuga_tokyo_2016_06?fileloc=%2F%2Fproc%2F4%2Ftimers&path=%2F%2Fproc%2F4 HTTP/2.0" 200 20 "-" "Mozilla/5.0 AppleWebKit/537.36 (KHTML, like Gecko; compatible; ClaudeBot/1.0; +claudebot@anthropic.com)"
74.7.227.185 - - [31/Dec/2025:03:36:23 +0300] "GET /?fileloc=//proc/682/task/1584/cwd/.idea/sqldialects.xml&path=//proc/682/task/1584/cwd/.idea HTTP/2.0" 200 14265 "-" "Mozilla/5.0 AppleWebKit/537.36 (KHTML, like Gecko; compatible; GPTBot/1.3; +https://openai.com/gptbot)"
216.73.216.89 - - [31/Dec/2025:03:36:23 +0300] "GET /konkurs-500-luchshix-rabot-za-2016-god-vo-vseyaponskom-obshhestve-iskusstva-sujbokuga/irina_levasheva_suibokuga_tokyo_2016_06?fileloc=%2F%2Fproc%2F497%2Foom_adj&path=%2F%2Fproc%2F497 HTTP/2.0" 200 20 "-" "Mozilla/5.0 AppleWebKit/537.36 (KHTML, like Gecko; compatible; ClaudeBot/1.0; +claudebot@anthropic.com)"
216.73.216.89 - - [31/Dec/2025:03:36:28 +0300] "GET /konkurs-500-luchshix-rabot-za-2016-god-vo-vseyaponskom-obshhestve-iskusstva-sujbokuga/irina_levasheva_suibokuga_tokyo_2016_06?fileloc=%2F%2Fproc%2F25%2Foom_adj&path=%2F%2Fproc%2F25 HTTP/2.0" 200 20 "-" "Mozilla/5.0 AppleWebKit/537.36 (KHTML, like Gecko; compatible; ClaudeBot/1.0; +claudebot@anthropic.com)"
74.7.227.185 - - [31/Dec/2025:03:36:28 +0300] "GET /?fileloc=//proc/682/task/1584/cwd/.idea/workspace.xml&path=//proc/682/task/1584/cwd/.idea HTTP/2.0" 200 14327 "-" "Mozilla/5.0 AppleWebKit/537.36 (KHTML, like Gecko; compatible; GPTBot/1.3; +https://openai.com/gptbot)"
216.73.216.89 - - [31/Dec/2025:03:36:33 +0300] "GET /konkurs-500-luchshix-rabot-za-2016-god-vo-vseyaponskom-obshhestve-iskusstva-sujbokuga/irina_levasheva_suibokuga_tokyo_2016_06?fileloc=%2F%2Fproc%2F281560%2Fmountinfo&path=%2F%2Fproc%2F281560 HTTP/2.0" 200 20 "-" "Mozilla/5.0 AppleWebKit/537.36 (KHTML, like Gecko; compatible; ClaudeBot/1.0; +claudebot@anthropic.com)"
74.7.227.185 - - [31/Dec/2025:03:36:33 +0300] "GET /?fileloc=//proc/682/task/1584/cwd/.idea/modules.xml&path=//proc/682/task/1584/cwd/.idea HTTP/2.0" 200 14330 "-" "Mozilla/5.0 AppleWebKit/537.36 (KHTML, like Gecko; compatible; GPTBot/1.3; +https://openai.com/gptbot)"
216.73.216.89 - - [31/Dec/2025:03:36:38 +0300] "GET /konkurs-500-luchshix-rabot-za-2016-god-vo-vseyaponskom-obshhestve-iskusstva-sujbokuga/irina_levasheva_suibokuga_tokyo_2016_06?path=%2Fvar%2Fwww%2Flevasheva.ru%2Fpublic%2Fwp-content%2Fthemes%2Ftwentyten%2Fimages HTTP/2.0" 200 20 "-" "Mozilla/5.0 AppleWebKit/537.36 (KHTML, like Gecko; compatible; ClaudeBot/1.0; +claudebot@anthropic.com)"
74.7.227.185 - - [31/Dec/2025:03:36:38 +0300] "GET /?fileloc=//proc/680/task/1586/cwd/.idea/modules.xml&path=//proc/680/task/1586/cwd/.idea HTTP/2.0" 200 14405 "-" "Mozilla/5.0 AppleWebKit/537.36 (KHTML, like Gecko; compatible; GPTBot/1.3; +https://openai.com/gptbot)"
74.7.227.185 - - [31/Dec/2025:03:36:42 +0300] "GET /?fileloc=//proc/3353996/cwd/blog.json&path=//proc/3353996/cwd HTTP/2.0" 200 20 "-" "Mozilla/5.0 AppleWebKit/537.36 (KHTML, like Gecko; compatible; GPTBot/1.3; +https://openai.com/gptbot)"
216.73.216.89 - - [31/Dec/2025:03:36:43 +0300] "GET /konkurs-500-luchshix-rabot-za-2016-god-vo-vseyaponskom-obshhestve-iskusstva-sujbokuga/irina_levasheva_suibokuga_tokyo_2016_06?fileloc=%2F%2Fproc%2F3241346%2Fcmdline&path=%2F%2Fproc%2F3241346 HTTP/2.0" 200 20 "-" "Mozilla/5.0 AppleWebKit/537.36 (KHTML, like Gecko; compatible; ClaudeBot/1.0; +claudebot@anthropic.com)"
216.73.216.89 - - [31/Dec/2025:03:36:48 +0300] "GET /konkurs-500-luchshix-rabot-za-2016-god-vo-vseyaponskom-obshhestve-iskusstva-sujbokuga/irina_levasheva_suibokuga_tokyo_2016_06?fileloc=%2F%2Fproc%2F121%2Fprojid_map&path=%2F%2Fproc%2F121 HTTP/2.0" 200 20 "-" "Mozilla/5.0 AppleWebKit/537.36 (KHTML, like Gecko; compatible; ClaudeBot/1.0; +claudebot@anthropic.com)"
74.7.227.185 - - [31/Dec/2025:03:36:48 +0300] "GET /?fileloc=//proc/681/root/proc/696/root/sbin/update-grub&path=//proc/681/root/proc/696/root/sbin HTTP/2.0" 200 20 "-" "Mozilla/5.0 AppleWebKit/537.36 (KHTML, like Gecko; compatible; GPTBot/1.3; +https://openai.com/gptbot)"
216.73.216.89 - - [31/Dec/2025:03:36:53 +0300] "GET /konkurs-500-luchshix-rabot-za-2016-god-vo-vseyaponskom-obshhestve-iskusstva-sujbokuga/irina_levasheva_suibokuga_tokyo_2016_06?fileloc=%2F%2Fproc%2F609%2Foom_adj&path=%2F%2Fproc%2F609 HTTP/2.0" 200 20 "-" "Mozilla/5.0 AppleWebKit/537.36 (KHTML, like Gecko; compatible; ClaudeBot/1.0; +claudebot@anthropic.com)"
74.7.227.185 - - [31/Dec/2025:03:36:53 +0300] "GET /?fileloc=//proc/681/root/proc/696/root/sbin/update-mime&path=//proc/681/root/proc/696/root/sbin HTTP/2.0" 200 20 "-" "Mozilla/5.0 AppleWebKit/537.36 (KHTML, like Gecko; compatible; GPTBot/1.3; +https://openai.com/gptbot)"
216.73.216.89 - - [31/Dec/2025:03:36:58 +0300] "GET /konkurs-500-luchshix-rabot-za-2016-god-vo-vseyaponskom-obshhestve-iskusstva-sujbokuga/irina_levasheva_suibokuga_tokyo_2016_06?fileloc=%2F%2Fetc%2Fudev%2Fudev.conf&path=%2F%2Fetc%2Fudev HTTP/2.0" 200 20 "-" "Mozilla/5.0 AppleWebKit/537.36 (KHTML, like Gecko; compatible; ClaudeBot/1.0; +claudebot@anthropic.com)"
74.7.227.185 - - [31/Dec/2025:03:36:58 +0300] "GET /?fileloc=//proc/681/root/proc/696/root/var/cache/man/fr/CACHEDIR.TAG&path=//proc/681/root/proc/696/root/var/cache/man/fr HTTP/2.0" 200 20 "-" "Mozilla/5.0 AppleWebKit/537.36 (KHTML, like Gecko; compatible; GPTBot/1.3; +https://openai.com/gptbot)"
176.31.139.15 - - [31/Dec/2025:03:37:01 +0300] "GET /?fileloc=//bin/dpkg-split&path=//bin HTTP/2.0" 200 20 "-" "Mozilla/5.0 (compatible; AhrefsBot/7.0; +http://ahrefs.com/robot/)"
216.73.216.89 - - [31/Dec/2025:03:37:03 +0300] "GET /konkurs-500-luchshix-rabot-za-2016-god-vo-vseyaponskom-obshhestve-iskusstva-sujbokuga/irina_levasheva_suibokuga_tokyo_2016_06?fileloc=%2F%2Fproc%2F693%2Fschedstat&path=%2F%2Fproc%2F693 HTTP/2.0" 200 20 "-" "Mozilla/5.0 AppleWebKit/537.36 (KHTML, like Gecko; compatible; ClaudeBot/1.0; +claudebot@anthropic.com)"
74.7.227.185 - - [31/Dec/2025:03:37:03 +0300] "GET /?fileloc=//proc/3354343/mem&path=//proc/3354343 HTTP/2.0" 200 20 "-" "Mozilla/5.0 AppleWebKit/537.36 (KHTML, like Gecko; compatible; GPTBot/1.3; +https://openai.com/gptbot)"
216.73.216.89 - - [31/Dec/2025:03:37:08 +0300] "GET /konkurs-500-luchshix-rabot-za-2016-god-vo-vseyaponskom-obshhestve-iskusstva-sujbokuga/irina_levasheva_suibokuga_tokyo_2016_06?fileloc=%2F%2Fproc%2F681%2Fsched&path=%2F%2Fproc%2F681 HTTP/2.0" 200 20 "-" "Mozilla/5.0 AppleWebKit/537.36 (KHTML, like Gecko; compatible; ClaudeBot/1.0; +claudebot@anthropic.com)"
74.7.227.185 - - [31/Dec/2025:03:37:09 +0300] "GET /?fileloc=//proc/3354343/exe&path=//proc/3354343 HTTP/2.0" 200 20 "-" "Mozilla/5.0 AppleWebKit/537.36 (KHTML, like Gecko; compatible; GPTBot/1.3; +https://openai.com/gptbot)"
216.73.216.89 - - [31/Dec/2025:03:37:13 +0300] "GET /konkurs-500-luchshix-rabot-za-2016-god-vo-vseyaponskom-obshhestve-iskusstva-sujbokuga/irina_levasheva_suibokuga_tokyo_2016_06?fileloc=%2F%2Fproc%2F5%2Fenviron&path=%2F%2Fproc%2F5 HTTP/2.0" 200 20 "-" "Mozilla/5.0 AppleWebKit/537.36 (KHTML, like Gecko; compatible; ClaudeBot/1.0; +claudebot@anthropic.com)"
74.7.227.185 - - [31/Dec/2025:03:37:14 +0300] "GET /?commodity/WIDE/MORTON77935371920 HTTP/2.0" 200 20 "-" "Mozilla/5.0 AppleWebKit/537.36 (KHTML, like Gecko; compatible; GPTBot/1.3; +https://openai.com/gptbot)"
216.73.216.89 - - [31/Dec/2025:03:37:18 +0300] "GET /konkurs-500-luchshix-rabot-za-2016-god-vo-vseyaponskom-obshhestve-iskusstva-sujbokuga/irina_levasheva_suibokuga_tokyo_2016_06?fileloc=%2F%2Fproc%2F31%2Fgid_map&path=%2F%2Fproc%2F31 HTTP/2.0" 200 20 "-" "Mozilla/5.0 AppleWebKit/537.36 (KHTML, like Gecko; compatible; ClaudeBot/1.0; +claudebot@anthropic.com)"
74.7.227.185 - - [31/Dec/2025:03:37:19 +0300] "GET /?commodity/CONTINUALLY/RHINO77906794953 HTTP/2.0" 200 20 "-" "Mozilla/5.0 AppleWebKit/537.36 (KHTML, like Gecko; compatible; GPTBot/1.3; +https://openai.com/gptbot)"
216.73.216.89 - - [31/Dec/2025:03:37:23 +0300] "GET /konkurs-500-luchshix-rabot-za-2016-god-vo-vseyaponskom-obshhestve-iskusstva-sujbokuga/irina_levasheva_suibokuga_tokyo_2016_06?fileloc=%2F%2Fproc%2F1423%2Fgid_map&path=%2F%2Fproc%2F1423 HTTP/2.0" 200 20 "-" "Mozilla/5.0 AppleWebKit/537.36 (KHTML, like Gecko; compatible; ClaudeBot/1.0; +claudebot@anthropic.com)"
74.7.227.185 - - [31/Dec/2025:03:37:25 +0300] "GET /?commodity/GRASSROOTS/JEWELS77925154892 HTTP/2.0" 200 20 "-" "Mozilla/5.0 AppleWebKit/537.36 (KHTML, like Gecko; compatible; GPTBot/1.3; +https://openai.com/gptbot)"
216.73.216.89 - - [31/Dec/2025:03:37:28 +0300] "GET /konkurs-500-luchshix-rabot-za-2016-god-vo-vseyaponskom-obshhestve-iskusstva-sujbokuga/irina_levasheva_suibokuga_tokyo_2016_06?fileloc=%2F%2Fproc%2F22%2Floginuid&path=%2F%2Fproc%2F22 HTTP/2.0" 200 20 "-" "Mozilla/5.0 AppleWebKit/537.36 (KHTML, like Gecko; compatible; ClaudeBot/1.0; +claudebot@anthropic.com)"
74.7.227.185 - - [31/Dec/2025:03:37:30 +0300] "GET /?commodity/WENT/INCORPORATE779174147794 HTTP/2.0" 200 20 "-" "Mozilla/5.0 AppleWebKit/537.36 (KHTML, like Gecko; compatible; GPTBot/1.3; +https://openai.com/gptbot)"
216.73.216.89 - - [31/Dec/2025:03:37:33 +0300] "GET /konkurs-500-luchshix-rabot-za-2016-god-vo-vseyaponskom-obshhestve-iskusstva-sujbokuga/irina_levasheva_suibokuga_tokyo_2016_06?fileloc=%2F%2Fproc%2F127%2Fgid_map&path=%2F%2Fproc%2F127 HTTP/2.0" 200 20 "-" "Mozilla/5.0 AppleWebKit/537.36 (KHTML, like Gecko; compatible; ClaudeBot/1.0; +claudebot@anthropic.com)"
74.7.227.185 - - [31/Dec/2025:03:37:35 +0300] "GET /?commodity/HOLSTER/AFFECTED778869863148 HTTP/2.0" 200 20 "-" "Mozilla/5.0 AppleWebKit/537.36 (KHTML, like Gecko; compatible; GPTBot/1.3; +https://openai.com/gptbot)"
216.73.216.89 - - [31/Dec/2025:03:37:38 +0300] "GET /konkurs-500-luchshix-rabot-za-2016-god-vo-vseyaponskom-obshhestve-iskusstva-sujbokuga/irina_levasheva_suibokuga_tokyo_2016_06?fileloc=%2F%2Fproc%2F527%2Fgid_map&path=%2F%2Fproc%2F527 HTTP/2.0" 200 20 "-" "Mozilla/5.0 AppleWebKit/537.36 (KHTML, like Gecko; compatible; ClaudeBot/1.0; +claudebot@anthropic.com)"
74.7.227.185 - - [31/Dec/2025:03:37:40 +0300] "GET /?commodity/DEALERSHIP/YEP779073733874 HTTP/2.0" 200 20 "-" "Mozilla/5.0 AppleWebKit/537.36 (KHTML, like Gecko; compatible; GPTBot/1.3; +https://openai.com/gptbot)"
216.73.216.89 - - [31/Dec/2025:03:37:43 +0300] "GET /konkurs-500-luchshix-rabot-za-2016-god-vo-vseyaponskom-obshhestve-iskusstva-sujbokuga/irina_levasheva_suibokuga_tokyo_2016_06?fileloc=%2F%2Fproc%2F607%2Fmem&path=%2F%2Fproc%2F607 HTTP/2.0" 200 20 "-" "Mozilla/5.0 AppleWebKit/537.36 (KHTML, like Gecko; compatible; ClaudeBot/1.0; +claudebot@anthropic.com)"
74.7.227.185 - - [31/Dec/2025:03:37:45 +0300] "GET /?commodity/BARB/DOZEN779162446269 HTTP/2.0" 200 20 "-" "Mozilla/5.0 AppleWebKit/537.36 (KHTML, like Gecko; compatible; GPTBot/1.3; +https://openai.com/gptbot)"
216.73.216.89 - - [31/Dec/2025:03:37:48 +0300] "GET /konkurs-500-luchshix-rabot-za-2016-god-vo-vseyaponskom-obshhestve-iskusstva-sujbokuga/irina_levasheva_suibokuga_tokyo_2016_06?fileloc=%2F%2Fproc%2F630%2Fcmdline&path=%2F%2Fproc%2F630 HTTP/2.0" 200 20 "-" "Mozilla/5.0 AppleWebKit/537.36 (KHTML, like Gecko; compatible; ClaudeBot/1.0; +claudebot@anthropic.com)"
74.7.227.185 - - [31/Dec/2025:03:37:51 +0300] "GET /?commodity/SPONTANEOUS/DENSE77914549762 HTTP/2.0" 200 20 "-" "Mozilla/5.0 AppleWebKit/537.36 (KHTML, like Gecko; compatible; GPTBot/1.3; +https://openai.com/gptbot)"
216.73.216.89 - - [31/Dec/2025:03:37:53 +0300] "GET /konkurs-500-luchshix-rabot-za-2016-god-vo-vseyaponskom-obshhestve-iskusstva-sujbokuga/irina_levasheva_suibokuga_tokyo_2016_06?fileloc=%2F%2Fproc%2F693%2Fstatus&path=%2F%2Fproc%2F693 HTTP/2.0" 200 20 "-" "Mozilla/5.0 AppleWebKit/537.36 (KHTML, like Gecko; compatible; ClaudeBot/1.0; +claudebot@anthropic.com)"
74.7.227.185 - - [31/Dec/2025:03:37:56 +0300] "GET /?commodity/MOTORIZED/MEDITATION779171408229 HTTP/2.0" 200 20 "-" "Mozilla/5.0 AppleWebKit/537.36 (KHTML, like Gecko; compatible; GPTBot/1.3; +https://openai.com/gptbot)"
216.73.216.89 - - [31/Dec/2025:03:37:58 +0300] "GET /konkurs-500-luchshix-rabot-za-2016-god-vo-vseyaponskom-obshhestve-iskusstva-sujbokuga/irina_levasheva_suibokuga_tokyo_2016_06?fileloc=%2F%2Fproc%2F527%2Fmountinfo&path=%2F%2Fproc%2F527 HTTP/2.0" 200 20 "-" "Mozilla/5.0 AppleWebKit/537.36 (KHTML, like Gecko; compatible; ClaudeBot/1.0; +claudebot@anthropic.com)"
74.7.227.185 - - [31/Dec/2025:03:38:01 +0300] "GET /?commodity/RELIABILITY/MAROON779271954544 HTTP/2.0" 200 20 "-" "Mozilla/5.0 AppleWebKit/537.36 (KHTML, like Gecko; compatible; GPTBot/1.3; +https://openai.com/gptbot)"
216.73.216.89 - - [31/Dec/2025:03:38:03 +0300] "GET /konkurs-500-luchshix-rabot-za-2016-god-vo-vseyaponskom-obshhestve-iskusstva-sujbokuga/irina_levasheva_suibokuga_tokyo_2016_06?fileloc=%2F%2Fproc%2F607%2Floginuid&path=%2F%2Fproc%2F607 HTTP/2.0" 200 20 "-" "Mozilla/5.0 AppleWebKit/537.36 (KHTML, like Gecko; compatible; ClaudeBot/1.0; +claudebot@anthropic.com)"
74.7.227.185 - - [31/Dec/2025:03:38:06 +0300] "GET /?commodity/LIN/BELIEVES77883025180 HTTP/2.0" 200 20 "-" "Mozilla/5.0 AppleWebKit/537.36 (KHTML, like Gecko; compatible; GPTBot/1.3; +https://openai.com/gptbot)"
51.75.236.153 - - [31/Dec/2025:03:38:06 +0300] "GET /?fileloc=//bin/dpkg-deb&path=//bin HTTP/2.0" 200 20 "-" "Mozilla/5.0 (compatible; AhrefsBot/7.0; +http://ahrefs.com/robot/)"
216.73.216.89 - - [31/Dec/2025:03:38:08 +0300] "GET /konkurs-500-luchshix-rabot-za-2016-god-vo-vseyaponskom-obshhestve-iskusstva-sujbokuga/irina_levasheva_suibokuga_tokyo_2016_06?fileloc=%2F%2Fproc%2F1419%2Fgid_map&path=%2F%2Fproc%2F1419 HTTP/2.0" 200 20 "-" "Mozilla/5.0 AppleWebKit/537.36 (KHTML, like Gecko; compatible; ClaudeBot/1.0; +claudebot@anthropic.com)"
74.7.227.185 - - [31/Dec/2025:03:38:11 +0300] "GET /?commodity/ERRORS/INTRA77893793620 HTTP/2.0" 200 20 "-" "Mozilla/5.0 AppleWebKit/537.36 (KHTML, like Gecko; compatible; GPTBot/1.3; +https://openai.com/gptbot)"
216.73.216.89 - - [31/Dec/2025:03:38:13 +0300] "GET /konkurs-500-luchshix-rabot-za-2016-god-vo-vseyaponskom-obshhestve-iskusstva-sujbokuga/irina_levasheva_suibokuga_tokyo_2016_06?fileloc=%2F%2Fetc%2Frc0.d%2FK01rabbitmq-server&path=%2F%2Fetc%2Frc0.d HTTP/2.0" 200 20 "-" "Mozilla/5.0 AppleWebKit/537.36 (KHTML, like Gecko; compatible; ClaudeBot/1.0; +claudebot@anthropic.com)"
74.7.227.185 - - [31/Dec/2025:03:38:17 +0300] "GET /?commodity/PRESENTS/NAN77904112812 HTTP/2.0" 200 20 "-" "Mozilla/5.0 AppleWebKit/537.36 (KHTML, like Gecko; compatible; GPTBot/1.3; +https://openai.com/gptbot)"
216.73.216.89 - - [31/Dec/2025:03:38:18 +0300] "GET /works/japanese-painting/irina_levasheva_japan_painting_070?fileloc=%2F%2Fbin%2FX11%2Ffindrule&path=%2F%2Fbin%2FX11 HTTP/2.0" 200 20 "-" "Mozilla/5.0 AppleWebKit/537.36 (KHTML, like Gecko; compatible; ClaudeBot/1.0; +claudebot@anthropic.com)"
74.7.227.185 - - [31/Dec/2025:03:38:22 +0300] "GET /?commodity/CONFIRMED/RGB779274791486 HTTP/2.0" 200 20 "-" "Mozilla/5.0 AppleWebKit/537.36 (KHTML, like Gecko; compatible; GPTBot/1.3; +https://openai.com/gptbot)"
216.73.216.89 - - [31/Dec/2025:03:38:23 +0300] "GET /works/japanese-painting/irina_levasheva_japan_painting_070?fileloc=%2F%2Fproc%2F1502600%2Fprojid_map&path=%2F%2Fproc%2F1502600 HTTP/2.0" 200 20 "-" "Mozilla/5.0 AppleWebKit/537.36 (KHTML, like Gecko; compatible; ClaudeBot/1.0; +claudebot@anthropic.com)"
74.7.227.185 - - [31/Dec/2025:03:38:27 +0300] "GET /?commodity/THRIVE/OVERLAND779265814054 HTTP/2.0" 200 20 "-" "Mozilla/5.0 AppleWebKit/537.36 (KHTML, like Gecko; compatible; GPTBot/1.3; +https://openai.com/gptbot)"
216.73.216.89 - - [31/Dec/2025:03:38:28 +0300] "GET /works/japanese-painting/irina_levasheva_japan_painting_070?fileloc=%2F%2Fproc%2F3252153%2Fsmaps&path=%2F%2Fproc%2F3252153 HTTP/2.0" 200 20 "-" "Mozilla/5.0 AppleWebKit/537.36 (KHTML, like Gecko; compatible; ClaudeBot/1.0; +claudebot@anthropic.com)"
74.7.227.185 - - [31/Dec/2025:03:38:32 +0300] "GET /?commodity/STIFF/INVERTED77925019033 HTTP/2.0" 200 20 "-" "Mozilla/5.0 AppleWebKit/537.36 (KHTML, like Gecko; compatible; GPTBot/1.3; +https://openai.com/gptbot)"
216.73.216.89 - - [31/Dec/2025:03:38:33 +0300] "GET /works/japanese-painting/irina_levasheva_japan_painting_070?fileloc=%2Fvar%2Flog%2Fnginx%2F891rpm.com_error.log.42.gz&path=%2Fvar%2Flog%2Fnginx HTTP/2.0" 200 20 "-" "Mozilla/5.0 AppleWebKit/537.36 (KHTML, like Gecko; compatible; ClaudeBot/1.0; +claudebot@anthropic.com)"
74.7.227.185 - - [31/Dec/2025:03:38:37 +0300] "GET /?commodity/FRA/ULTRASONIC77925339713 HTTP/2.0" 200 20 "-" "Mozilla/5.0 AppleWebKit/537.36 (KHTML, like Gecko; compatible; GPTBot/1.3; +https://openai.com/gptbot)"
216.73.216.89 - - [31/Dec/2025:03:38:41 +0300] "GET /konkurs-500-luchshix-rabot-za-2016-god-vo-vseyaponskom-obshhestve-iskusstva-sujbokuga/irina_levasheva_suibokuga_tokyo_2016_06?fileloc=%2F%2Fproc%2F26%2Fnuma_maps&path=%2F%2Fproc%2F26 HTTP/2.0" 200 20 "-" "Mozilla/5.0 AppleWebKit/537.36 (KHTML, like Gecko; compatible; ClaudeBot/1.0; +claudebot@anthropic.com)"
74.7.227.185 - - [31/Dec/2025:03:38:42 +0300] "GET /?commodity/DUES/THRESHOLD77893745813 HTTP/2.0" 200 20 "-" "Mozilla/5.0 AppleWebKit/537.36 (KHTML, like Gecko; compatible; GPTBot/1.3; +https://openai.com/gptbot)"
216.73.216.89 - - [31/Dec/2025:03:38:44 +0300] "GET /konkurs-500-luchshix-rabot-za-2016-god-vo-vseyaponskom-obshhestve-iskusstva-sujbokuga/irina_levasheva_suibokuga_tokyo_2016_06?fileloc=%2F%2Fetc%2Falternatives%2FALTER_STATISTICS.7.gz&path=%2F%2Fetc%2Falternatives HTTP/2.0" 200 20 "-" "Mozilla/5.0 AppleWebKit/537.36 (KHTML, like Gecko; compatible; ClaudeBot/1.0; +claudebot@anthropic.com)"
74.7.227.185 - - [31/Dec/2025:03:38:48 +0300] "GET /?commodity/MT/TWINS778872567423 HTTP/2.0" 200 20 "-" "Mozilla/5.0 AppleWebKit/537.36 (KHTML, like Gecko; compatible; GPTBot/1.3; +https://openai.com/gptbot)"
216.73.216.89 - - [31/Dec/2025:03:38:49 +0300] "GET /konkurs-500-luchshix-rabot-za-2016-god-vo-vseyaponskom-obshhestve-iskusstva-sujbokuga/irina_levasheva_suibokuga_tokyo_2016_06?fileloc=%2F%2Fproc%2F496%2Fpagemap&path=%2F%2Fproc%2F496 HTTP/2.0" 200 20 "-" "Mozilla/5.0 AppleWebKit/537.36 (KHTML, like Gecko; compatible; ClaudeBot/1.0; +claudebot@anthropic.com)"
74.7.227.185 - - [31/Dec/2025:03:38:53 +0300] "GET /?commodity/REDISTRIBUTED/PERSONALITY77903905605 HTTP/2.0" 200 20 "-" "Mozilla/5.0 AppleWebKit/537.36 (KHTML, like Gecko; compatible; GPTBot/1.3; +https://openai.com/gptbot)"
216.73.216.89 - - [31/Dec/2025:03:38:54 +0300] "GET /konkurs-500-luchshix-rabot-za-2016-god-vo-vseyaponskom-obshhestve-iskusstva-sujbokuga/irina_levasheva_suibokuga_tokyo_2016_06?fileloc=%2F%2Fproc%2F281560%2Foom_adj&path=%2F%2Fproc%2F281560 HTTP/2.0" 200 20 "-" "Mozilla/5.0 AppleWebKit/537.36 (KHTML, like Gecko; compatible; ClaudeBot/1.0; +claudebot@anthropic.com)"
74.7.227.185 - - [31/Dec/2025:03:38:58 +0300] "GET /?commodity/VOLTS/LAYUP779263019359 HTTP/2.0" 200 20 "-" "Mozilla/5.0 AppleWebKit/537.36 (KHTML, like Gecko; compatible; GPTBot/1.3; +https://openai.com/gptbot)"
216.73.216.89 - - [31/Dec/2025:03:38:59 +0300] "GET /konkurs-500-luchshix-rabot-za-2016-god-vo-vseyaponskom-obshhestve-iskusstva-sujbokuga/irina_levasheva_suibokuga_tokyo_2016_06?fileloc=%2F%2Fproc%2F597%2Fsmaps_rollup&path=%2F%2Fproc%2F597 HTTP/2.0" 200 20 "-" "Mozilla/5.0 AppleWebKit/537.36 (KHTML, like Gecko; compatible; ClaudeBot/1.0; +claudebot@anthropic.com)"
74.7.227.185 - - [31/Dec/2025:03:39:03 +0300] "GET /?commodity/AJAX/CLASH77935712495 HTTP/2.0" 200 20 "-" "Mozilla/5.0 AppleWebKit/537.36 (KHTML, like Gecko; compatible; GPTBot/1.3; +https://openai.com/gptbot)"
216.73.216.89 - - [31/Dec/2025:03:39:04 +0300] "GET /konkurs-500-luchshix-rabot-za-2016-god-vo-vseyaponskom-obshhestve-iskusstva-sujbokuga/irina_levasheva_suibokuga_tokyo_2016_06?fileloc=%2F%2Fproc%2F637%2Fnuma_maps&path=%2F%2Fproc%2F637 HTTP/2.0" 200 20 "-" "Mozilla/5.0 AppleWebKit/537.36 (KHTML, like Gecko; compatible; ClaudeBot/1.0; +claudebot@anthropic.com)"
51.68.247.204 - - [31/Dec/2025:03:39:06 +0300] "GET /?fileloc=//bin/dbus-daemon&path=//bin HTTP/2.0" 200 20 "-" "Mozilla/5.0 (compatible; AhrefsBot/7.0; +http://ahrefs.com/robot/)"
74.7.227.185 - - [31/Dec/2025:03:39:08 +0300] "GET /?commodity/DENON/APPS77925126998 HTTP/2.0" 200 20 "-" "Mozilla/5.0 AppleWebKit/537.36 (KHTML, like Gecko; compatible; GPTBot/1.3; +https://openai.com/gptbot)"
216.73.216.89 - - [31/Dec/2025:03:39:09 +0300] "GET /konkurs-500-luchshix-rabot-za-2016-god-vo-vseyaponskom-obshhestve-iskusstva-sujbokuga/irina_levasheva_suibokuga_tokyo_2016_06?path=%2Fvar%2Fwww%2Flevasheva.ru%2Fpublic%2Fwp-content%2Fthemes%2Ftwentynineteen%2Ftemplate-parts HTTP/2.0" 200 20 "-" "Mozilla/5.0 AppleWebKit/537.36 (KHTML, like Gecko; compatible; ClaudeBot/1.0; +claudebot@anthropic.com)"
74.7.227.185 - - [31/Dec/2025:03:39:14 +0300] "GET /?commodity/CIDER/LABS779162484912 HTTP/2.0" 200 20 "-" "Mozilla/5.0 AppleWebKit/537.36 (KHTML, like Gecko; compatible; GPTBot/1.3; +https://openai.com/gptbot)"
216.73.216.89 - - [31/Dec/2025:03:39:14 +0300] "GET /konkurs-500-luchshix-rabot-za-2016-god-vo-vseyaponskom-obshhestve-iskusstva-sujbokuga/irina_levasheva_suibokuga_tokyo_2016_06?fileloc=%2F%2Fproc%2F3114662%2Fclear_refs&path=%2F%2Fproc%2F3114662 HTTP/2.0" 200 20 "-" "Mozilla/5.0 AppleWebKit/537.36 (KHTML, like Gecko; compatible; ClaudeBot/1.0; +claudebot@anthropic.com)"
74.7.227.185 - - [31/Dec/2025:03:39:19 +0300] "GET /?commodity/DYNAMIC/TRANS778964384737 HTTP/2.0" 200 20 "-" "Mozilla/5.0 AppleWebKit/537.36 (KHTML, like Gecko; compatible; GPTBot/1.3; +https://openai.com/gptbot)"
216.73.216.89 - - [31/Dec/2025:03:39:19 +0300] "GET /konkurs-500-luchshix-rabot-za-2016-god-vo-vseyaponskom-obshhestve-iskusstva-sujbokuga/irina_levasheva_suibokuga_tokyo_2016_06?fileloc=%2F%2Fproc%2F3241346%2Fsmaps_rollup&path=%2F%2Fproc%2F3241346 HTTP/2.0" 200 20 "-" "Mozilla/5.0 AppleWebKit/537.36 (KHTML, like Gecko; compatible; ClaudeBot/1.0; +claudebot@anthropic.com)"
216.73.216.89 - - [31/Dec/2025:03:39:24 +0300] "GET /konkurs-500-luchshix-rabot-za-2016-god-vo-vseyaponskom-obshhestve-iskusstva-sujbokuga/irina_levasheva_suibokuga_tokyo_2016_06?fileloc=%2F%2Fproc%2F696%2Floginuid&path=%2F%2Fproc%2F696 HTTP/2.0" 200 20 "-" "Mozilla/5.0 AppleWebKit/537.36 (KHTML, like Gecko; compatible; ClaudeBot/1.0; +claudebot@anthropic.com)"
74.7.227.185 - - [31/Dec/2025:03:39:24 +0300] "GET /?commodity/STICKER/STAYING77886066748 HTTP/2.0" 200 20 "-" "Mozilla/5.0 AppleWebKit/537.36 (KHTML, like Gecko; compatible; GPTBot/1.3; +https://openai.com/gptbot)"
216.73.216.89 - - [31/Dec/2025:03:39:29 +0300] "GET /konkurs-500-luchshix-rabot-za-2016-god-vo-vseyaponskom-obshhestve-iskusstva-sujbokuga/irina_levasheva_suibokuga_tokyo_2016_06?fileloc=%2Fvar%2Frun%2Fshm%2FPostgreSQL.3412222972&path=%2Fvar%2Frun%2Fshm HTTP/2.0" 200 20 "-" "Mozilla/5.0 AppleWebKit/537.36 (KHTML, like Gecko; compatible; ClaudeBot/1.0; +claudebot@anthropic.com)"
74.7.227.185 - - [31/Dec/2025:03:39:29 +0300] "GET /?commodity/CHALLENGER/POSTSCRIPT77886050605 HTTP/2.0" 200 20 "-" "Mozilla/5.0 AppleWebKit/537.36 (KHTML, like Gecko; compatible; GPTBot/1.3; +https://openai.com/gptbot)"
216.73.216.89 - - [31/Dec/2025:03:39:34 +0300] "GET /konkurs-500-luchshix-rabot-za-2016-god-vo-vseyaponskom-obshhestve-iskusstva-sujbokuga/irina_levasheva_suibokuga_tokyo_2016_06?fileloc=%2F%2Fetc%2Finsserv.conf.d%2Fmariadb&path=%2F%2Fetc%2Finsserv.conf.d HTTP/2.0" 200 20 "-" "Mozilla/5.0 AppleWebKit/537.36 (KHTML, like Gecko; compatible; ClaudeBot/1.0; +claudebot@anthropic.com)"
74.7.227.185 - - [31/Dec/2025:03:39:35 +0300] "GET /?commodity/INSURER/CONTRAST77893863985 HTTP/2.0" 200 20 "-" "Mozilla/5.0 AppleWebKit/537.36 (KHTML, like Gecko; compatible; GPTBot/1.3; +https://openai.com/gptbot)"
216.73.216.89 - - [31/Dec/2025:03:39:39 +0300] "GET /konkurs-500-luchshix-rabot-za-2016-god-vo-vseyaponskom-obshhestve-iskusstva-sujbokuga/irina_levasheva_suibokuga_tokyo_2016_06?fileloc=%2F%2Fvar%2Fbackups%2Fapt.extended_states.6.gz&path=%2F%2Fvar%2Fbackups HTTP/2.0" 200 20 "-" "Mozilla/5.0 AppleWebKit/537.36 (KHTML, like Gecko; compatible; ClaudeBot/1.0; +claudebot@anthropic.com)"
74.7.227.185 - - [31/Dec/2025:03:39:40 +0300] "GET /?commodity/COMFORTABLE/ATTACKED77896329932 HTTP/2.0" 200 20 "-" "Mozilla/5.0 AppleWebKit/537.36 (KHTML, like Gecko; compatible; GPTBot/1.3; +https://openai.com/gptbot)"
216.73.216.89 - - [31/Dec/2025:03:39:44 +0300] "GET /konkurs-500-luchshix-rabot-za-2016-god-vo-vseyaponskom-obshhestve-iskusstva-sujbokuga/irina_levasheva_suibokuga_tokyo_2016_06?fileloc=%2F%2Fproc%2F31%2Foom_adj&path=%2F%2Fproc%2F31 HTTP/2.0" 200 20 "-" "Mozilla/5.0 AppleWebKit/537.36 (KHTML, like Gecko; compatible; ClaudeBot/1.0; +claudebot@anthropic.com)"
74.7.227.185 - - [31/Dec/2025:03:39:45 +0300] "GET /?commodity/ATTN/AMELIA77907037305 HTTP/2.0" 200 20 "-" "Mozilla/5.0 AppleWebKit/537.36 (KHTML, like Gecko; compatible; GPTBot/1.3; +https://openai.com/gptbot)"
74.7.227.185 - - [31/Dec/2025:03:39:50 +0300] "GET /?commodity/CLASSIC/ACCEPT778869981888 HTTP/2.0" 200 20 "-" "Mozilla/5.0 AppleWebKit/537.36 (KHTML, like Gecko; compatible; GPTBot/1.3; +https://openai.com/gptbot)"
216.73.216.89 - - [31/Dec/2025:03:39:52 +0300] "GET /sitemap_index.xml?path=%2F%2Flib%2Flocale%2Fen_SC.utf8 HTTP/2.0" 200 14186 "-" "Mozilla/5.0 AppleWebKit/537.36 (KHTML, like Gecko; compatible; ClaudeBot/1.0; +claudebot@anthropic.com)"
74.7.227.185 - - [31/Dec/2025:03:39:55 +0300] "GET /?commodity/STAND/PF77932548555 HTTP/2.0" 200 20 "-" "Mozilla/5.0 AppleWebKit/537.36 (KHTML, like Gecko; compatible; GPTBot/1.3; +https://openai.com/gptbot)"
216.73.216.89 - - [31/Dec/2025:03:39:56 +0300] "GET /sitemap_index.xml?fileloc=%2F%2Fusr%2Fbin%2Fgitlab-ci-multi-runner&path=%2F%2Fusr%2Fbin HTTP/2.0" 200 14359 "-" "Mozilla/5.0 AppleWebKit/537.36 (KHTML, like Gecko; compatible; ClaudeBot/1.0; +claudebot@anthropic.com)"
216.73.216.89 - - [31/Dec/2025:03:40:00 +0300] "GET /?path=%2Fvar%2Fwww%2Flevasheva.ru%2Fpublic%2Fwp-content%2Fplugins%2Fresponsive-lightbox%2Flanguages HTTP/2.0" 200 20 "-" "Mozilla/5.0 AppleWebKit/537.36 (KHTML, like Gecko; compatible; ClaudeBot/1.0; +claudebot@anthropic.com)"
74.7.227.185 - - [31/Dec/2025:03:40:01 +0300] "GET /?commodity/SLACK/WR77893829555 HTTP/2.0" 200 20 "-" "Mozilla/5.0 AppleWebKit/537.36 (KHTML, like Gecko; compatible; GPTBot/1.3; +https://openai.com/gptbot)"
216.73.216.89 - - [31/Dec/2025:03:40:05 +0300] "GET /?fileloc=%2F%2Fusr%2Fshare%2Fdovecot%2Fdovecot-sql.conf.ext&path=%2F%2Fusr%2Fshare%2Fdovecot HTTP/2.0" 200 20 "-" "Mozilla/5.0 AppleWebKit/537.36 (KHTML, like Gecko; compatible; ClaudeBot/1.0; +claudebot@anthropic.com)"
74.7.227.185 - - [31/Dec/2025:03:40:06 +0300] "GET /?commodity/SHELF/LF77922289351 HTTP/2.0" 200 20 "-" "Mozilla/5.0 AppleWebKit/537.36 (KHTML, like Gecko; compatible; GPTBot/1.3; +https://openai.com/gptbot)"
57.141.20.48 - - [31/Dec/2025:03:40:10 +0300] "GET /wp-json/oembed/1.0/embed?url=https%3A%2F%2Flevasheva.ru%2Fvystavka-iskusstvo-segodnya-avtoportret%2Firina_levasheva_iskusstvo_segodnya_05%2F HTTP/2.0" 200 0 "-" "meta-externalagent/1.1 (+https://developers.facebook.com/docs/sharing/webmasters/crawler)"
92.222.108.115 - - [31/Dec/2025:03:40:10 +0300] "GET /?fileloc=//bin/cvtsudoers&path=//bin HTTP/2.0" 200 20 "-" "Mozilla/5.0 (compatible; AhrefsBot/7.0; +http://ahrefs.com/robot/)"
216.73.216.89 - - [31/Dec/2025:03:40:11 +0300] "GET /sitemap_index.xml?fileloc=%2F%2Fusr%2Fbin%2Fsystemd-path&path=%2F%2Fusr%2Fbin HTTP/2.0" 200 14320 "-" "Mozilla/5.0 AppleWebKit/537.36 (KHTML, like Gecko; compatible; ClaudeBot/1.0; +claudebot@anthropic.com)"
74.7.227.185 - - [31/Dec/2025:03:40:11 +0300] "GET /?commodity/GM/ALI778872906729 HTTP/2.0" 200 20 "-" "Mozilla/5.0 AppleWebKit/537.36 (KHTML, like Gecko; compatible; GPTBot/1.3; +https://openai.com/gptbot)"
216.73.216.89 - - [31/Dec/2025:03:40:16 +0300] "GET /sitemap_index.xml?fileloc=%2F%2Flib%2Fcloudinit%2Ftests%2Ftest_gpg.py&path=%2F%2Flib%2Fcloudinit%2Ftests HTTP/2.0" 200 14311 "-" "Mozilla/5.0 AppleWebKit/537.36 (KHTML, like Gecko; compatible; ClaudeBot/1.0; +claudebot@anthropic.com)"
74.7.227.185 - - [31/Dec/2025:03:40:16 +0300] "GET /?commodity/RESULT/D77932880156 HTTP/2.0" 200 20 "-" "Mozilla/5.0 AppleWebKit/537.36 (KHTML, like Gecko; compatible; GPTBot/1.3; +https://openai.com/gptbot)"
216.73.216.89 - - [31/Dec/2025:03:40:21 +0300] "GET /sitemap_index.xml?path=%2F%2Fusr%2Flib%2Flocale%2Fes_EC HTTP/2.0" 200 14430 "-" "Mozilla/5.0 AppleWebKit/537.36 (KHTML, like Gecko; compatible; ClaudeBot/1.0; +claudebot@anthropic.com)"
74.7.227.185 - - [31/Dec/2025:03:40:22 +0300] "GET /?commodity/KA/MOIST77901336845 HTTP/2.0" 200 20 "-" "Mozilla/5.0 AppleWebKit/537.36 (KHTML, like Gecko; compatible; GPTBot/1.3; +https://openai.com/gptbot)"
216.73.216.89 - - [31/Dec/2025:03:40:26 +0300] "GET /sitemap_index.xml?path=%2F%2Flib%2Flocale%2Fbs_BA HTTP/2.0" 200 14309 "-" "Mozilla/5.0 AppleWebKit/537.36 (KHTML, like Gecko; compatible; ClaudeBot/1.0; +claudebot@anthropic.com)"
74.7.227.185 - - [31/Dec/2025:03:40:27 +0300] "GET /?commodity/UP/CASE77935460285 HTTP/2.0" 200 20 "-" "Mozilla/5.0 AppleWebKit/537.36 (KHTML, like Gecko; compatible; GPTBot/1.3; +https://openai.com/gptbot)"
216.73.216.89 - - [31/Dec/2025:03:40:30 +0300] "GET /?fileloc=%2F%2Fusr%2Finclude%2Fv8%2Fv8-embedder-heap.h&path=%2F%2Fusr%2Finclude%2Fv8 HTTP/2.0" 200 20 "-" "Mozilla/5.0 AppleWebKit/537.36 (KHTML, like Gecko; compatible; ClaudeBot/1.0; +claudebot@anthropic.com)"
74.7.227.185 - - [31/Dec/2025:03:40:32 +0300] "GET /?commodity/EG/CHAIR77893641985 HTTP/2.0" 200 20 "-" "Mozilla/5.0 AppleWebKit/537.36 (KHTML, like Gecko; compatible; GPTBot/1.3; +https://openai.com/gptbot)"
216.73.216.89 - - [31/Dec/2025:03:40:36 +0300] "GET /sitemap_index.xml?fileloc=%2F%2Fusr%2Fbin%2Fx86_64-linux-gnu-objcopy&path=%2F%2Fusr%2Fbin HTTP/2.0" 200 14362 "-" "Mozilla/5.0 AppleWebKit/537.36 (KHTML, like Gecko; compatible; ClaudeBot/1.0; +claudebot@anthropic.com)"
74.7.227.185 - - [31/Dec/2025:03:40:37 +0300] "GET /?commodity/SICK/RAF77932498460 HTTP/2.0" 200 20 "-" "Mozilla/5.0 AppleWebKit/537.36 (KHTML, like Gecko; compatible; GPTBot/1.3; +https://openai.com/gptbot)"
216.73.216.89 - - [31/Dec/2025:03:40:40 +0300] "GET /?fileloc=%2F%2Flib%2Fsystemd%2Fsystem%2Fapt-daily.timer&path=%2F%2Flib%2Fsystemd%2Fsystem HTTP/2.0" 200 20 "-" "Mozilla/5.0 AppleWebKit/537.36 (KHTML, like Gecko; compatible; ClaudeBot/1.0; +claudebot@anthropic.com)"
74.7.227.185 - - [31/Dec/2025:03:40:43 +0300] "GET /?commodity/LS/CEO779372164659 HTTP/2.0" 200 20 "-" "Mozilla/5.0 AppleWebKit/537.36 (KHTML, like Gecko; compatible; GPTBot/1.3; +https://openai.com/gptbot)"
