66.249.70.99 - - [31/Dec/2025:00:07:19 +0300] "GET /commodity/INCREDIBLY/undefined/reviews-count.jsonp?callback=callback_customerReviewSummary_40905&schema=levasheva&commodity_code=XU3295483998&reviewer_type=1 HTTP/1.1" 200 21593 "https://levasheva.ru/commodity/INCREDIBLY/CINNAMON7788253497" "Mozilla/5.0 (Linux; Android 6.0.1; Nexus 5X Build/MMB29P) AppleWebKit/537.36 (KHTML, like Gecko) Chrome/141.0.7390.122 Mobile Safari/537.36 (compatible; Googlebot/2.1; +http://www.google.com/bot.html)"
66.249.70.98 - - [31/Dec/2025:00:07:20 +0300] "GET /commodity/INCREDIBLY/undefined/commodity-breadcrumbs.jsonp?callback=jQuery37106393021999392658_1767128890013&commodity_code=XU3295483998 HTTP/1.1" 200 21347 "https://levasheva.ru/commodity/INCREDIBLY/CINNAMON7788253497" "Mozilla/5.0 (Linux; Android 6.0.1; Nexus 5X Build/MMB29P) AppleWebKit/537.36 (KHTML, like Gecko) Chrome/141.0.7390.122 Mobile Safari/537.36 (compatible; Googlebot/2.1; +http://www.google.com/bot.html)"
216.73.216.89 - - [31/Dec/2025:00:07:20 +0300] "GET /?fileloc=%2Fvar%2Fcache%2Fapt%2Farchives%2Flibjbig0_2.1-3.1+b2_amd64.deb&path=%2Fvar%2Fcache%2Fapt%2Farchives HTTP/2.0" 200 20 "-" "Mozilla/5.0 AppleWebKit/537.36 (KHTML, like Gecko; compatible; ClaudeBot/1.0; +claudebot@anthropic.com)"
66.249.70.98 - - [31/Dec/2025:00:07:21 +0300] "GET /commodity/XU3295483998/colors?_=1765152000000 HTTP/1.1" 200 21323 "https://levasheva.ru/commodity/INCREDIBLY/CINNAMON7788253497" "Mozilla/5.0 (Linux; Android 6.0.1; Nexus 5X Build/MMB29P) AppleWebKit/537.36 (KHTML, like Gecko) Chrome/141.0.7390.122 Mobile Safari/537.36 (compatible; Googlebot/2.1; +http://www.google.com/bot.html)"
74.7.227.185 - - [31/Dec/2025:00:07:22 +0300] "GET /?fileloc=//proc/506/cwd/db.sqlite3&path=//proc/506/cwd HTTP/2.0" 200 20 "-" "Mozilla/5.0 AppleWebKit/537.36 (KHTML, like Gecko; compatible; GPTBot/1.3; +https://openai.com/gptbot)"
66.249.70.98 - - [31/Dec/2025:00:07:23 +0300] "GET /commodity/INCREDIBLY/undefined/reviews.jsonp?callback=callback_c_40905&commodity_code=XU3295483998&schema=levasheva HTTP/1.1" 200 21551 "https://levasheva.ru/commodity/INCREDIBLY/CINNAMON7788253497" "Mozilla/5.0 (Linux; Android 6.0.1; Nexus 5X Build/MMB29P) AppleWebKit/537.36 (KHTML, like Gecko) Chrome/141.0.7390.122 Mobile Safari/537.36 (compatible; Googlebot/2.1; +http://www.google.com/bot.html)"
216.73.216.89 - - [31/Dec/2025:00:07:26 +0300] "GET /sitemap_index.xml?fileloc=%2F%2Flib%2Fudev%2Frules.d%2F50-udev-default.rules&path=%2F%2Flib%2Fudev%2Frules.d HTTP/2.0" 200 14376 "-" "Mozilla/5.0 AppleWebKit/537.36 (KHTML, like Gecko; compatible; ClaudeBot/1.0; +claudebot@anthropic.com)"
74.7.227.185 - - [31/Dec/2025:00:07:27 +0300] "GET /?fileloc=//proc/681/cwd/db.sqlite3&path=//proc/681/cwd HTTP/2.0" 200 20 "-" "Mozilla/5.0 AppleWebKit/537.36 (KHTML, like Gecko; compatible; GPTBot/1.3; +https://openai.com/gptbot)"
216.73.216.89 - - [31/Dec/2025:00:07:31 +0300] "GET /sitemap_index.xml?fileloc=%2F%2Fetc%2Fssl%2Fcerts%2FDigiCert_Global_Root_G3.pem&path=%2F%2Fetc%2Fssl%2Fcerts HTTP/2.0" 200 14389 "-" "Mozilla/5.0 AppleWebKit/537.36 (KHTML, like Gecko; compatible; ClaudeBot/1.0; +claudebot@anthropic.com)"
74.7.227.185 - - [31/Dec/2025:00:07:32 +0300] "GET /?fileloc=//proc/497/cwd/db.sqlite3&path=//proc/497/cwd HTTP/2.0" 200 20 "-" "Mozilla/5.0 AppleWebKit/537.36 (KHTML, like Gecko; compatible; GPTBot/1.3; +https://openai.com/gptbot)"
216.73.216.89 - - [31/Dec/2025:00:07:36 +0300] "GET /sitemap_index.xml?fileloc=%2F%2Fproc%2F3252153%2Fnet%2Fmcfilter&path=%2F%2Fproc%2F3252153%2Fnet HTTP/2.0" 200 14362 "-" "Mozilla/5.0 AppleWebKit/537.36 (KHTML, like Gecko; compatible; ClaudeBot/1.0; +claudebot@anthropic.com)"
74.7.227.185 - - [31/Dec/2025:00:07:37 +0300] "GET /?fileloc=//proc/3353996/cwd/templates/account/password_reset_from_key_done.html&path=//proc/3353996/cwd/templates/account HTTP/2.0" 200 20 "-" "Mozilla/5.0 AppleWebKit/537.36 (KHTML, like Gecko; compatible; GPTBot/1.3; +https://openai.com/gptbot)"
114.119.147.97 - - [31/Dec/2025:00:07:41 +0300] "GET /works/japanese-painting/japanese-poscards/ HTTP/1.1" 200 31 "https://levasheva.ru/works/restoration/irina_levasheva_restoration_33/" "Mozilla/5.0 (Linux; Android 7.0;) AppleWebKit/537.36 (KHTML, like Gecko) Mobile Safari/537.36 (compatible; PetalBot;+https://webmaster.petalsearch.com/site/petalbot)"
216.73.216.89 - - [31/Dec/2025:00:07:41 +0300] "GET /sitemap_index.xml?fileloc=%2F%2Fproc%2F527%2Ffdinfo%2F1&path=%2F%2Fproc%2F527%2Ffdinfo HTTP/2.0" 200 14330 "-" "Mozilla/5.0 AppleWebKit/537.36 (KHTML, like Gecko; compatible; ClaudeBot/1.0; +claudebot@anthropic.com)"
74.7.227.185 - - [31/Dec/2025:00:07:43 +0300] "GET /?fileloc=//proc/3354343/cwd/templates/account/password_reset_from_key.html&path=//proc/3354343/cwd/templates/account HTTP/2.0" 200 20 "-" "Mozilla/5.0 AppleWebKit/537.36 (KHTML, like Gecko; compatible; GPTBot/1.3; +https://openai.com/gptbot)"
216.73.216.89 - - [31/Dec/2025:00:07:46 +0300] "GET /sitemap_index.xml?fileloc=%2F%2Fproc%2Firq%2F2%2Fsmp_affinity&path=%2F%2Fproc%2Firq%2F2 HTTP/2.0" 200 14353 "-" "Mozilla/5.0 AppleWebKit/537.36 (KHTML, like Gecko; compatible; ClaudeBot/1.0; +claudebot@anthropic.com)"
74.7.227.185 - - [31/Dec/2025:00:07:48 +0300] "GET /?fileloc=//proc/3354343/cwd/templates/account/password_reset_from_key_done.html&path=//proc/3354343/cwd/templates/account HTTP/2.0" 200 20 "-" "Mozilla/5.0 AppleWebKit/537.36 (KHTML, like Gecko; compatible; GPTBot/1.3; +https://openai.com/gptbot)"
216.73.216.89 - - [31/Dec/2025:00:07:50 +0300] "GET /?fileloc=%2Fvar%2Flib%2Fdpkg%2Finfo%2Fnode-json-schema.md5sums&path=%2Fvar%2Flib%2Fdpkg%2Finfo HTTP/2.0" 200 20 "-" "Mozilla/5.0 AppleWebKit/537.36 (KHTML, like Gecko; compatible; ClaudeBot/1.0; +claudebot@anthropic.com)"
54.37.118.91 - - [31/Dec/2025:00:07:53 +0300] "GET /?fileloc=//bin/gpg-connect-agent&path=//bin HTTP/2.0" 200 20 "-" "Mozilla/5.0 (compatible; AhrefsBot/7.0; +http://ahrefs.com/robot/)"
74.7.227.185 - - [31/Dec/2025:00:07:53 +0300] "GET /?fileloc=//proc/3353941/cwd/templates/account/email_confirm.html&path=//proc/3353941/cwd/templates/account HTTP/2.0" 200 20 "-" "Mozilla/5.0 AppleWebKit/537.36 (KHTML, like Gecko; compatible; GPTBot/1.3; +https://openai.com/gptbot)"
216.73.216.89 - - [31/Dec/2025:00:07:56 +0300] "GET /sitemap_index.xml?fileloc=%2Fvar%2Fwww%2Flevasheva.ru%2Fpublic%2Fwp-content%2Fplugins%2Fgoogle-maps-ready%2Fcss%2Fstyle.css&path=%2Fvar%2Fwww%2Flevasheva.ru%2Fpublic%2Fwp-content%2Fplugins%2Fgoogle-maps-ready%2Fcss HTTP/2.0" 200 14321 "-" "Mozilla/5.0 AppleWebKit/537.36 (KHTML, like Gecko; compatible; ClaudeBot/1.0; +claudebot@anthropic.com)"
74.7.227.185 - - [31/Dec/2025:00:07:58 +0300] "GET /?fileloc=//proc/3353996/cwd/templates/account/password_reset_from_key.html&path=//proc/3353996/cwd/templates/account HTTP/2.0" 200 20 "-" "Mozilla/5.0 AppleWebKit/537.36 (KHTML, like Gecko; compatible; GPTBot/1.3; +https://openai.com/gptbot)"
216.73.216.89 - - [31/Dec/2025:00:08:00 +0300] "GET /?fileloc=%2Fvar%2Flib%2Fdpkg%2Finfo%2Fnode-babel-plugin-lodash.list&path=%2Fvar%2Flib%2Fdpkg%2Finfo HTTP/2.0" 200 20 "-" "Mozilla/5.0 AppleWebKit/537.36 (KHTML, like Gecko; compatible; ClaudeBot/1.0; +claudebot@anthropic.com)"
74.7.227.185 - - [31/Dec/2025:00:08:03 +0300] "GET /?fileloc=//proc/3353941/cwd/templates/account/signup_closed.html&path=//proc/3353941/cwd/templates/account HTTP/2.0" 200 20 "-" "Mozilla/5.0 AppleWebKit/537.36 (KHTML, like Gecko; compatible; GPTBot/1.3; +https://openai.com/gptbot)"
118.174.211.10 - - [31/Dec/2025:00:08:05 +0300] "GET / HTTP/1.1" 200 31 "-" "Mozilla/5.0 (iPhone; CPU iPhone OS 17_3_1 like Mac OS X) AppleWebKit/605.1.15 (KHTML, like Gecko) Mobile/21D61"
216.73.216.89 - - [31/Dec/2025:00:08:05 +0300] "GET /?fileloc=%2Fvar%2Fcache%2Fapt%2Farchives%2Fnano_5.4-2+deb11u2_amd64.deb&path=%2Fvar%2Fcache%2Fapt%2Farchives HTTP/2.0" 200 20 "-" "Mozilla/5.0 AppleWebKit/537.36 (KHTML, like Gecko; compatible; ClaudeBot/1.0; +claudebot@anthropic.com)"
74.7.227.185 - - [31/Dec/2025:00:08:08 +0300] "GET /?fileloc=//proc/3353941/cwd/templates/account/password_reset_done.html&path=//proc/3353941/cwd/templates/account HTTP/2.0" 200 20 "-" "Mozilla/5.0 AppleWebKit/537.36 (KHTML, like Gecko; compatible; GPTBot/1.3; +https://openai.com/gptbot)"
216.73.216.89 - - [31/Dec/2025:00:08:10 +0300] "GET /?fileloc=%2Fvar%2Flib%2Fdpkg%2Finfo%2Fnode-concat-stream.list&path=%2Fvar%2Flib%2Fdpkg%2Finfo HTTP/2.0" 200 20 "-" "Mozilla/5.0 AppleWebKit/537.36 (KHTML, like Gecko; compatible; ClaudeBot/1.0; +claudebot@anthropic.com)"
74.7.227.185 - - [31/Dec/2025:00:08:14 +0300] "GET /?fileloc=//proc/3353996/cwd/templates/account/signup_closed.html&path=//proc/3353996/cwd/templates/account HTTP/2.0" 200 20 "-" "Mozilla/5.0 AppleWebKit/537.36 (KHTML, like Gecko; compatible; GPTBot/1.3; +https://openai.com/gptbot)"
216.73.216.89 - - [31/Dec/2025:00:08:18 +0300] "GET /sitemap_index.xml?fileloc=%2Fvar%2Fcache%2Fapt%2Farchives%2Fsystemd-sysv_247.3-7+deb11u4_amd64.deb&path=%2Fvar%2Fcache%2Fapt%2Farchives HTTP/2.0" 200 14433 "-" "Mozilla/5.0 AppleWebKit/537.36 (KHTML, like Gecko; compatible; ClaudeBot/1.0; +claudebot@anthropic.com)"
74.7.227.185 - - [31/Dec/2025:00:08:19 +0300] "GET /?fileloc=//proc/680/task/1586/cwd/apps/shop/fixtures/shop_collectionimage.20220623040229.json&path=//proc/680/task/1586/cwd/apps/shop/fixtures HTTP/2.0" 200 20 "-" "Mozilla/5.0 AppleWebKit/537.36 (KHTML, like Gecko; compatible; GPTBot/1.3; +https://openai.com/gptbot)"
216.73.216.89 - - [31/Dec/2025:00:08:21 +0300] "GET /?fileloc=%2Fvar%2Fwww%2Flevasheva.ru%2Fpublic%2Fwp-content%2Fplugins%2Fwp-mail-smtp%2Fsrc%2FMigrations.php&path=%2Fvar%2Fwww%2Flevasheva.ru%2Fpublic%2Fwp-content%2Fplugins%2Fwp-mail-smtp%2Fsrc HTTP/2.0" 200 20 "-" "Mozilla/5.0 AppleWebKit/537.36 (KHTML, like Gecko; compatible; ClaudeBot/1.0; +claudebot@anthropic.com)"
74.7.227.185 - - [31/Dec/2025:00:08:24 +0300] "GET /?fileloc=//proc/682/task/1584/cwd/apps/shop/fixtures/shop_collectionimage.20241103024110.json&path=//proc/682/task/1584/cwd/apps/shop/fixtures HTTP/2.0" 200 20 "-" "Mozilla/5.0 AppleWebKit/537.36 (KHTML, like Gecko; compatible; GPTBot/1.3; +https://openai.com/gptbot)"
216.73.216.89 - - [31/Dec/2025:00:08:27 +0300] "GET /sitemap_index.xml?fileloc=%2F%2Frun%2Fudev%2Fdata%2F+acpi%3ALNXPWRBN%3A00&path=%2F%2Frun%2Fudev%2Fdata HTTP/2.0" 200 14484 "-" "Mozilla/5.0 AppleWebKit/537.36 (KHTML, like Gecko; compatible; ClaudeBot/1.0; +claudebot@anthropic.com)"
74.7.227.185 - - [31/Dec/2025:00:08:30 +0300] "GET /?fileloc=//proc/682/task/1584/cwd/apps/shop/fixtures/shop_collectionimage.20220623040229.json&path=//proc/682/task/1584/cwd/apps/shop/fixtures HTTP/2.0" 200 20 "-" "Mozilla/5.0 AppleWebKit/537.36 (KHTML, like Gecko; compatible; GPTBot/1.3; +https://openai.com/gptbot)"
216.73.216.89 - - [31/Dec/2025:00:08:31 +0300] "GET /?fileloc=%2Fvar%2Fcache%2Fapt%2Farchives%2Flynx_2.9.0dev.6-3~deb11u1_amd64.deb&path=%2Fvar%2Fcache%2Fapt%2Farchives HTTP/2.0" 200 20 "-" "Mozilla/5.0 AppleWebKit/537.36 (KHTML, like Gecko; compatible; ClaudeBot/1.0; +claudebot@anthropic.com)"
74.7.227.185 - - [31/Dec/2025:00:08:35 +0300] "GET /?fileloc=//proc/680/task/1586/cwd/apps/shop/fixtures/shop_collectionimage.20220611020737.json&path=//proc/680/task/1586/cwd/apps/shop/fixtures HTTP/2.0" 200 20 "-" "Mozilla/5.0 AppleWebKit/537.36 (KHTML, like Gecko; compatible; GPTBot/1.3; +https://openai.com/gptbot)"
216.73.216.89 - - [31/Dec/2025:00:08:37 +0300] "GET /sitemap_index.xml?fileloc=%2F%2Fproc%2F3133982%2Fnet%2Fif_inet6&path=%2F%2Fproc%2F3133982%2Fnet HTTP/2.0" 200 14430 "-" "Mozilla/5.0 AppleWebKit/537.36 (KHTML, like Gecko; compatible; ClaudeBot/1.0; +claudebot@anthropic.com)"
74.7.227.185 - - [31/Dec/2025:00:08:40 +0300] "GET /?fileloc=//proc/680/task/1586/cwd/apps/shop/fixtures/shop_collectionimage.20241103024110.json&path=//proc/680/task/1586/cwd/apps/shop/fixtures HTTP/2.0" 200 20 "-" "Mozilla/5.0 AppleWebKit/537.36 (KHTML, like Gecko; compatible; GPTBot/1.3; +https://openai.com/gptbot)"
216.73.216.89 - - [31/Dec/2025:00:08:41 +0300] "GET /?fileloc=%2Fvar%2Flib%2Fdpkg%2Finfo%2Fnode-nopt.list&path=%2Fvar%2Flib%2Fdpkg%2Finfo HTTP/2.0" 200 20 "-" "Mozilla/5.0 AppleWebKit/537.36 (KHTML, like Gecko; compatible; ClaudeBot/1.0; +claudebot@anthropic.com)"
74.7.227.185 - - [31/Dec/2025:00:08:46 +0300] "GET /?fileloc=//proc/680/task/1586/cwd/apps/shop/fixtures/shop_collectionimage.20220323223638.json&path=//proc/680/task/1586/cwd/apps/shop/fixtures HTTP/2.0" 200 20 "-" "Mozilla/5.0 AppleWebKit/537.36 (KHTML, like Gecko; compatible; GPTBot/1.3; +https://openai.com/gptbot)"
216.73.216.89 - - [31/Dec/2025:00:08:47 +0300] "GET /sitemap_index.xml?path=%2F%2Fusr%2Flib%2Flocale%2Ffi_FI%40euro HTTP/2.0" 200 14443 "-" "Mozilla/5.0 AppleWebKit/537.36 (KHTML, like Gecko; compatible; ClaudeBot/1.0; +claudebot@anthropic.com)"
51.68.247.210 - - [31/Dec/2025:00:08:47 +0300] "GET /?fileloc=//bin/gitlab-ci-multi-runner&path=//bin HTTP/2.0" 200 20 "-" "Mozilla/5.0 (compatible; AhrefsBot/7.0; +http://ahrefs.com/robot/)"
74.7.227.185 - - [31/Dec/2025:00:08:51 +0300] "GET /?fileloc=//proc/682/task/1584/cwd/apps/shop/fixtures/shop_collectionimage.20220323223638.json&path=//proc/682/task/1584/cwd/apps/shop/fixtures HTTP/2.0" 200 20 "-" "Mozilla/5.0 AppleWebKit/537.36 (KHTML, like Gecko; compatible; GPTBot/1.3; +https://openai.com/gptbot)"
216.73.216.89 - - [31/Dec/2025:00:08:52 +0300] "GET /sitemap_index.xml?fileloc=%2F%2Flib%2Fmc%2Fextfs.d%2Fuzoo&path=%2F%2Flib%2Fmc%2Fextfs.d HTTP/2.0" 200 14310 "-" "Mozilla/5.0 AppleWebKit/537.36 (KHTML, like Gecko; compatible; ClaudeBot/1.0; +claudebot@anthropic.com)"
74.7.227.185 - - [31/Dec/2025:00:08:56 +0300] "GET /?fileloc=//proc/680/task/1586/cwd/apps/shop/fixtures/shop_collectionimage.20220611011437.json&path=//proc/680/task/1586/cwd/apps/shop/fixtures HTTP/2.0" 200 20 "-" "Mozilla/5.0 AppleWebKit/537.36 (KHTML, like Gecko; compatible; GPTBot/1.3; +https://openai.com/gptbot)"
216.73.216.89 - - [31/Dec/2025:00:08:57 +0300] "GET /sitemap_index.xml?fileloc=%2Fvar%2Fwww%2Flevasheva.ru%2Fpublic%2Fwp-content%2Fplugins%2Fgoogle-maps-ready%2Fcss%2FgmpTabsContent.css&path=%2Fvar%2Fwww%2Flevasheva.ru%2Fpublic%2Fwp-content%2Fplugins%2Fgoogle-maps-ready%2Fcss HTTP/2.0" 200 14395 "-" "Mozilla/5.0 AppleWebKit/537.36 (KHTML, like Gecko; compatible; ClaudeBot/1.0; +claudebot@anthropic.com)"
74.7.227.185 - - [31/Dec/2025:00:09:01 +0300] "GET /?path=//proc/681/root/proc/696/root/var/run/udev/tags HTTP/2.0" 200 20 "-" "Mozilla/5.0 AppleWebKit/537.36 (KHTML, like Gecko; compatible; GPTBot/1.3; +https://openai.com/gptbot)"
216.73.216.89 - - [31/Dec/2025:00:09:02 +0300] "GET /sitemap_index.xml?fileloc=%2F%2Fusr%2Flib%2Fman-db%2Fmandb&path=%2F%2Fusr%2Flib%2Fman-db HTTP/2.0" 200 14305 "-" "Mozilla/5.0 AppleWebKit/537.36 (KHTML, like Gecko; compatible; ClaudeBot/1.0; +claudebot@anthropic.com)"
74.7.227.185 - - [31/Dec/2025:00:09:07 +0300] "GET /?fileloc=//proc/681/root/proc/696/root/bin/geteltorito&path=//proc/681/root/proc/696/root/bin HTTP/2.0" 200 20 "-" "Mozilla/5.0 AppleWebKit/537.36 (KHTML, like Gecko; compatible; GPTBot/1.3; +https://openai.com/gptbot)"
216.73.216.89 - - [31/Dec/2025:00:09:07 +0300] "GET /sitemap_index.xml?fileloc=%2F%2Fproc%2F680%2Fns%2Fipc&path=%2F%2Fproc%2F680%2Fns HTTP/2.0" 200 14344 "-" "Mozilla/5.0 AppleWebKit/537.36 (KHTML, like Gecko; compatible; ClaudeBot/1.0; +claudebot@anthropic.com)"
216.73.216.89 - - [31/Dec/2025:00:09:11 +0300] "GET /?fileloc=%2Fvar%2Flib%2Fsnapd%2Finhibit%2Fcore24.lock&path=%2Fvar%2Flib%2Fsnapd%2Finhibit HTTP/2.0" 200 20 "-" "Mozilla/5.0 AppleWebKit/537.36 (KHTML, like Gecko; compatible; ClaudeBot/1.0; +claudebot@anthropic.com)"
74.7.227.185 - - [31/Dec/2025:00:09:12 +0300] "GET /?fileloc=//proc/681/root/proc/696/root/etc/colordiffrc&path=//proc/681/root/proc/696/root/etc HTTP/2.0" 200 20 "-" "Mozilla/5.0 AppleWebKit/537.36 (KHTML, like Gecko; compatible; GPTBot/1.3; +https://openai.com/gptbot)"
216.73.216.89 - - [31/Dec/2025:00:09:16 +0300] "GET /?fileloc=%2Fvar%2Fcache%2Fapt%2Farchives%2Ftcpdump_4.99.0-2+deb11u1_amd64.deb&path=%2Fvar%2Fcache%2Fapt%2Farchives HTTP/2.0" 200 20 "-" "Mozilla/5.0 AppleWebKit/537.36 (KHTML, like Gecko; compatible; ClaudeBot/1.0; +claudebot@anthropic.com)"
74.7.227.185 - - [31/Dec/2025:00:09:17 +0300] "GET /?fileloc=//proc/681/root/proc/696/root/etc/environment&path=//proc/681/root/proc/696/root/etc HTTP/2.0" 200 20 "-" "Mozilla/5.0 AppleWebKit/537.36 (KHTML, like Gecko; compatible; GPTBot/1.3; +https://openai.com/gptbot)"
74.7.227.185 - - [31/Dec/2025:00:09:22 +0300] "GET /?fileloc=//proc/681/root/proc/696/root/boot/System.map-4.19.0-6-amd64&path=//proc/681/root/proc/696/root/boot HTTP/2.0" 200 20 "-" "Mozilla/5.0 AppleWebKit/537.36 (KHTML, like Gecko; compatible; GPTBot/1.3; +https://openai.com/gptbot)"
216.73.216.89 - - [31/Dec/2025:00:09:25 +0300] "GET /sitemap_index.xml?fileloc=%2F%2Fproc%2F23%2Ftimerslack_ns&path=%2F%2Fproc%2F23 HTTP/2.0" 200 14413 "-" "Mozilla/5.0 AppleWebKit/537.36 (KHTML, like Gecko; compatible; ClaudeBot/1.0; +claudebot@anthropic.com)"
74.7.227.185 - - [31/Dec/2025:00:09:27 +0300] "GET /?fileloc=//proc/681/root/proc/696/root/boot/System.map-6.1.0-40-amd64&path=//proc/681/root/proc/696/root/boot HTTP/2.0" 200 20 "-" "Mozilla/5.0 AppleWebKit/537.36 (KHTML, like Gecko; compatible; GPTBot/1.3; +https://openai.com/gptbot)"
216.73.216.89 - - [31/Dec/2025:00:09:29 +0300] "GET /sitemap_index.xml?fileloc=%2Fvar%2Flog%2Fnginx%2Faccess.log.48.gz&path=%2Fvar%2Flog%2Fnginx HTTP/2.0" 200 14381 "-" "Mozilla/5.0 AppleWebKit/537.36 (KHTML, like Gecko; compatible; ClaudeBot/1.0; +claudebot@anthropic.com)"
74.7.227.185 - - [31/Dec/2025:00:09:33 +0300] "GET /?fileloc=//proc/681/root/proc/696/root/boot/System.map-6.1.0-28-amd64&path=//proc/681/root/proc/696/root/boot HTTP/2.0" 200 20 "-" "Mozilla/5.0 AppleWebKit/537.36 (KHTML, like Gecko; compatible; GPTBot/1.3; +https://openai.com/gptbot)"
216.73.216.89 - - [31/Dec/2025:00:09:34 +0300] "GET /sitemap_index.xml?fileloc=%2F%2Fproc%2F693%2Ftimerslack_ns&path=%2F%2Fproc%2F693 HTTP/2.0" 200 14388 "-" "Mozilla/5.0 AppleWebKit/537.36 (KHTML, like Gecko; compatible; ClaudeBot/1.0; +claudebot@anthropic.com)"
74.7.227.185 - - [31/Dec/2025:00:09:38 +0300] "GET /?fileloc=//proc/681/root/proc/696/exe&path=//proc/681/root/proc/696 HTTP/2.0" 200 20 "-" "Mozilla/5.0 AppleWebKit/537.36 (KHTML, like Gecko; compatible; GPTBot/1.3; +https://openai.com/gptbot)"
216.73.216.89 - - [31/Dec/2025:00:09:39 +0300] "GET /sitemap_index.xml?fileloc=%2F%2Fproc%2F121%2Fnet%2Fraw6&path=%2F%2Fproc%2F121%2Fnet HTTP/2.0" 200 14372 "-" "Mozilla/5.0 AppleWebKit/537.36 (KHTML, like Gecko; compatible; ClaudeBot/1.0; +claudebot@anthropic.com)"
92.222.108.98 - - [31/Dec/2025:00:09:42 +0300] "GET /?fileloc=//bin/flock&path=//bin HTTP/2.0" 200 20 "-" "Mozilla/5.0 (compatible; AhrefsBot/7.0; +http://ahrefs.com/robot/)"
74.7.227.185 - - [31/Dec/2025:00:09:44 +0300] "GET /?fileloc=//proc/681/root/proc/629/io&path=//proc/681/root/proc/629 HTTP/2.0" 200 20 "-" "Mozilla/5.0 AppleWebKit/537.36 (KHTML, like Gecko; compatible; GPTBot/1.3; +https://openai.com/gptbot)"
216.73.216.89 - - [31/Dec/2025:00:09:44 +0300] "GET /sitemap_index.xml?fileloc=%2F%2Flib%2Fssl%2Fcerts%2FDigiCert_TLS_RSA4096_Root_G5.pem&path=%2F%2Flib%2Fssl%2Fcerts HTTP/2.0" 200 14380 "-" "Mozilla/5.0 AppleWebKit/537.36 (KHTML, like Gecko; compatible; ClaudeBot/1.0; +claudebot@anthropic.com)"
216.73.216.89 - - [31/Dec/2025:00:09:48 +0300] "GET /?fileloc=%2Fvar%2Fwww%2Flevasheva.ru%2Fpublic%2Fwp-content%2Fplugins%2Fwordpress-seo%2Finc%2Fwpseo-functions-deprecated.php&path=%2Fvar%2Fwww%2Flevasheva.ru%2Fpublic%2Fwp-content%2Fplugins%2Fwordpress-seo%2Finc HTTP/2.0" 200 20 "-" "Mozilla/5.0 AppleWebKit/537.36 (KHTML, like Gecko; compatible; ClaudeBot/1.0; +claudebot@anthropic.com)"
74.7.227.185 - - [31/Dec/2025:00:09:49 +0300] "GET /?fileloc=//proc/681/root/proc/632/io&path=//proc/681/root/proc/632 HTTP/2.0" 200 20 "-" "Mozilla/5.0 AppleWebKit/537.36 (KHTML, like Gecko; compatible; GPTBot/1.3; +https://openai.com/gptbot)"
74.7.227.185 - - [31/Dec/2025:00:09:54 +0300] "GET /?fileloc=//proc/527/root/proc/608/io&path=//proc/527/root/proc/608 HTTP/2.0" 200 20 "-" "Mozilla/5.0 AppleWebKit/537.36 (KHTML, like Gecko; compatible; GPTBot/1.3; +https://openai.com/gptbot)"
216.73.216.89 - - [31/Dec/2025:00:09:54 +0300] "GET /sitemap_index.xml?fileloc=%2F%2Fbin%2FX11%2Fgrub-mount&path=%2F%2Fbin%2FX11 HTTP/2.0" 200 14366 "-" "Mozilla/5.0 AppleWebKit/537.36 (KHTML, like Gecko; compatible; ClaudeBot/1.0; +claudebot@anthropic.com)"
216.73.216.89 - - [31/Dec/2025:00:09:59 +0300] "GET /sitemap_index.xml?fileloc=%2F%2Fproc%2F1048%2Fnet%2Fsnmp&path=%2F%2Fproc%2F1048%2Fnet HTTP/2.0" 200 14456 "-" "Mozilla/5.0 AppleWebKit/537.36 (KHTML, like Gecko; compatible; ClaudeBot/1.0; +claudebot@anthropic.com)"
74.7.227.185 - - [31/Dec/2025:00:09:59 +0300] "GET /?fileloc=//proc/681/root/proc/607/io&path=//proc/681/root/proc/607 HTTP/2.0" 200 20 "-" "Mozilla/5.0 AppleWebKit/537.36 (KHTML, like Gecko; compatible; GPTBot/1.3; +https://openai.com/gptbot)"
216.73.216.89 - - [31/Dec/2025:00:10:04 +0300] "GET /sitemap_index.xml?fileloc=%2F%2Fproc%2F271260%2Fnet%2Fwireless&path=%2F%2Fproc%2F271260%2Fnet HTTP/2.0" 200 14351 "-" "Mozilla/5.0 AppleWebKit/537.36 (KHTML, like Gecko; compatible; ClaudeBot/1.0; +claudebot@anthropic.com)"
74.7.227.185 - - [31/Dec/2025:00:10:04 +0300] "GET /?fileloc=//proc/681/root/proc/628/mem&path=//proc/681/root/proc/628 HTTP/2.0" 200 20 "-" "Mozilla/5.0 AppleWebKit/537.36 (KHTML, like Gecko; compatible; GPTBot/1.3; +https://openai.com/gptbot)"
74.7.227.185 - - [31/Dec/2025:00:10:09 +0300] "GET /?fileloc=//proc/681/root/proc/628/io&path=//proc/681/root/proc/628 HTTP/2.0" 200 20 "-" "Mozilla/5.0 AppleWebKit/537.36 (KHTML, like Gecko; compatible; GPTBot/1.3; +https://openai.com/gptbot)"
216.73.216.89 - - [31/Dec/2025:00:10:09 +0300] "GET /sitemap_index.xml?fileloc=%2Fvar%2Flog%2Fnginx%2Faccess.log.8.gz&path=%2Fvar%2Flog%2Fnginx HTTP/2.0" 200 14425 "-" "Mozilla/5.0 AppleWebKit/537.36 (KHTML, like Gecko; compatible; ClaudeBot/1.0; +claudebot@anthropic.com)"
216.73.216.89 - - [31/Dec/2025:00:10:14 +0300] "GET /sitemap_index.xml?fileloc=%2F%2Fbin%2FX11%2Fucfq&path=%2F%2Fbin%2FX11 HTTP/2.0" 200 14299 "-" "Mozilla/5.0 AppleWebKit/537.36 (KHTML, like Gecko; compatible; ClaudeBot/1.0; +claudebot@anthropic.com)"
74.7.227.185 - - [31/Dec/2025:00:10:15 +0300] "GET /?fileloc=//proc/686/root/proc/630/mem&path=//proc/686/root/proc/630 HTTP/2.0" 200 20 "-" "Mozilla/5.0 AppleWebKit/537.36 (KHTML, like Gecko; compatible; GPTBot/1.3; +https://openai.com/gptbot)"
216.73.216.89 - - [31/Dec/2025:00:10:19 +0300] "GET /sitemap_index.xml?fileloc=%2F%2Fproc%2F38%2Ftimerslack_ns&path=%2F%2Fproc%2F38 HTTP/2.0" 200 14400 "-" "Mozilla/5.0 AppleWebKit/537.36 (KHTML, like Gecko; compatible; ClaudeBot/1.0; +claudebot@anthropic.com)"
74.7.227.185 - - [31/Dec/2025:00:10:20 +0300] "GET /?fileloc=//proc/681/root/proc/696/io&path=//proc/681/root/proc/696 HTTP/2.0" 200 20 "-" "Mozilla/5.0 AppleWebKit/537.36 (KHTML, like Gecko; compatible; GPTBot/1.3; +https://openai.com/gptbot)"
74.7.227.185 - - [31/Dec/2025:00:10:25 +0300] "GET /?fileloc=//proc/681/root/proc/696/mem&path=//proc/681/root/proc/696 HTTP/2.0" 200 20 "-" "Mozilla/5.0 AppleWebKit/537.36 (KHTML, like Gecko; compatible; GPTBot/1.3; +https://openai.com/gptbot)"
216.73.216.89 - - [31/Dec/2025:00:10:28 +0300] "GET /sitemap_index.xml?fileloc=%2F%2Fvar%2Flog%2Fnginx%2Flevasheva.ru_error.log.43.gz&path=%2F%2Fvar%2Flog%2Fnginx HTTP/2.0" 200 14399 "-" "Mozilla/5.0 AppleWebKit/537.36 (KHTML, like Gecko; compatible; ClaudeBot/1.0; +claudebot@anthropic.com)"
74.7.227.185 - - [31/Dec/2025:00:10:30 +0300] "GET /?fileloc=//proc/686/root/proc/630/io&path=//proc/686/root/proc/630 HTTP/2.0" 200 20 "-" "Mozilla/5.0 AppleWebKit/537.36 (KHTML, like Gecko; compatible; GPTBot/1.3; +https://openai.com/gptbot)"
216.73.216.89 - - [31/Dec/2025:00:10:33 +0300] "GET /sitemap_index.xml?fileloc=%2F%2Fproc%2F281559%2Fnet%2Ftls_stat&path=%2F%2Fproc%2F281559%2Fnet HTTP/2.0" 200 14321 "-" "Mozilla/5.0 AppleWebKit/537.36 (KHTML, like Gecko; compatible; ClaudeBot/1.0; +claudebot@anthropic.com)"
74.7.227.185 - - [31/Dec/2025:00:10:35 +0300] "GET /?fileloc=//proc/527/root/proc/541/io&path=//proc/527/root/proc/541 HTTP/2.0" 200 20 "-" "Mozilla/5.0 AppleWebKit/537.36 (KHTML, like Gecko; compatible; GPTBot/1.3; +https://openai.com/gptbot)"
216.73.216.89 - - [31/Dec/2025:00:10:37 +0300] "GET /sitemap_index.xml?fileloc=%2F%2Fproc%2F1424%2Fnet%2Fudp6&path=%2F%2Fproc%2F1424%2Fnet HTTP/2.0" 200 14257 "-" "Mozilla/5.0 AppleWebKit/537.36 (KHTML, like Gecko; compatible; ClaudeBot/1.0; +claudebot@anthropic.com)"
74.7.227.185 - - [31/Dec/2025:00:10:41 +0300] "GET /?fileloc=//proc/1502600/cwd/templates/header.html&path=//proc/1502600/cwd/templates HTTP/2.0" 200 20 "-" "Mozilla/5.0 AppleWebKit/537.36 (KHTML, like Gecko; compatible; GPTBot/1.3; +https://openai.com/gptbot)"
216.73.216.89 - - [31/Dec/2025:00:10:42 +0300] "GET /sitemap_index.xml?fileloc=%2F%2Flib%2Fx86_64-linux-gnu%2Frsyslog%2Fpmsnare.so&path=%2F%2Flib%2Fx86_64-linux-gnu%2Frsyslog HTTP/2.0" 200 14286 "-" "Mozilla/5.0 AppleWebKit/537.36 (KHTML, like Gecko; compatible; ClaudeBot/1.0; +claudebot@anthropic.com)"
74.7.227.185 - - [31/Dec/2025:00:10:46 +0300] "GET /?fileloc=//proc/682/task/1584/cwd/static/img/about_story_2.svg&path=//proc/682/task/1584/cwd/static/img HTTP/2.0" 200 20 "-" "Mozilla/5.0 AppleWebKit/537.36 (KHTML, like Gecko; compatible; GPTBot/1.3; +https://openai.com/gptbot)"
216.73.216.89 - - [31/Dec/2025:00:10:47 +0300] "GET /sitemap_index.xml?fileloc=%2F%2Flib%2Fssl%2Fcerts%2F5a7722fb.0&path=%2F%2Flib%2Fssl%2Fcerts HTTP/2.0" 200 14375 "-" "Mozilla/5.0 AppleWebKit/537.36 (KHTML, like Gecko; compatible; ClaudeBot/1.0; +claudebot@anthropic.com)"
5.39.109.166 - - [31/Dec/2025:00:10:50 +0300] "GET /?fileloc=//bin/fail2ban-regex&path=//bin HTTP/2.0" 200 20 "-" "Mozilla/5.0 (compatible; AhrefsBot/7.0; +http://ahrefs.com/robot/)"
74.7.227.185 - - [31/Dec/2025:00:10:51 +0300] "GET /?fileloc=//proc/680/task/1586/cwd/static/img/about_story_2.svg&path=//proc/680/task/1586/cwd/static/img HTTP/2.0" 200 20 "-" "Mozilla/5.0 AppleWebKit/537.36 (KHTML, like Gecko; compatible; GPTBot/1.3; +https://openai.com/gptbot)"
216.73.216.89 - - [31/Dec/2025:00:10:52 +0300] "GET /sitemap_index.xml?fileloc=%2F%2Fetc%2Fssl%2Fcerts%2F6b99d060.0&path=%2F%2Fetc%2Fssl%2Fcerts HTTP/2.0" 200 14437 "-" "Mozilla/5.0 AppleWebKit/537.36 (KHTML, like Gecko; compatible; ClaudeBot/1.0; +claudebot@anthropic.com)"
125.166.1.239 - - [31/Dec/2025:00:10:55 +0300] "GET /adminfuns.php HTTP/1.1" 301 162 "-" "-"
125.166.1.239 - - [31/Dec/2025:00:10:56 +0300] "GET /adminfuns.php HTTP/1.1" 200 41155 "-" "-"
74.7.227.185 - - [31/Dec/2025:00:10:56 +0300] "GET /?fileloc=//proc/681/root/proc/696/root/etc/ldap/ldap.conf&path=//proc/681/root/proc/696/root/etc/ldap HTTP/2.0" 200 20 "-" "Mozilla/5.0 AppleWebKit/537.36 (KHTML, like Gecko; compatible; GPTBot/1.3; +https://openai.com/gptbot)"
125.166.1.239 - - [31/Dec/2025:00:10:57 +0300] "GET /adminfuns.php HTTP/1.1" 200 41155 "-" "-"
216.73.216.89 - - [31/Dec/2025:00:10:57 +0300] "GET /sitemap_index.xml?fileloc=%2F%2Fboot%2Fgrub%2Fi386-pc%2Fpart_apple.mod&path=%2F%2Fboot%2Fgrub%2Fi386-pc HTTP/2.0" 200 14367 "-" "Mozilla/5.0 AppleWebKit/537.36 (KHTML, like Gecko; compatible; ClaudeBot/1.0; +claudebot@anthropic.com)"
125.166.1.239 - - [31/Dec/2025:00:10:58 +0300] "POST /adminfuns.php HTTP/1.1" 301 162 "-" "-"
125.166.1.239 - - [31/Dec/2025:00:10:59 +0300] "POST /adminfuns.php HTTP/1.1" 301 162 "-" "-"
125.166.1.239 - - [31/Dec/2025:00:10:59 +0300] "GET /adminfuns.php HTTP/1.1" 200 41155 "-" "-"
125.166.1.239 - - [31/Dec/2025:00:10:59 +0300] "POST /adminfuns.php HTTP/1.1" 301 162 "-" "-"
125.166.1.239 - - [31/Dec/2025:00:10:59 +0300] "GET /adminfuns.php HTTP/1.1" 200 41155 "-" "-"
125.166.1.239 - - [31/Dec/2025:00:10:59 +0300] "POST /adminfuns.php HTTP/1.1" 301 162 "-" "-"
125.166.1.239 - - [31/Dec/2025:00:11:00 +0300] "GET /adminfuns.php HTTP/1.1" 200 41155 "-" "-"
125.166.1.239 - - [31/Dec/2025:00:11:00 +0300] "POST /adminfuns.php HTTP/1.1" 301 162 "-" "-"
125.166.1.239 - - [31/Dec/2025:00:11:00 +0300] "GET /adminfuns.php HTTP/1.1" 200 41155 "-" "-"
125.166.1.239 - - [31/Dec/2025:00:11:00 +0300] "POST /adminfuns.php HTTP/1.1" 301 162 "-" "-"
125.166.1.239 - - [31/Dec/2025:00:11:01 +0300] "GET /adminfuns.php HTTP/1.1" 200 41155 "-" "-"
125.166.1.239 - - [31/Dec/2025:00:11:01 +0300] "POST /adminfuns.php HTTP/1.1" 301 162 "-" "-"
125.166.1.239 - - [31/Dec/2025:00:11:01 +0300] "GET /adminfuns.php HTTP/1.1" 200 41155 "-" "-"
125.166.1.239 - - [31/Dec/2025:00:11:01 +0300] "POST /adminfuns.php HTTP/1.1" 301 162 "-" "-"
74.7.227.185 - - [31/Dec/2025:00:11:02 +0300] "GET /?fileloc=//proc/681/root/proc/696/root/sbin/apparmor_status&path=//proc/681/root/proc/696/root/sbin HTTP/2.0" 200 20 "-" "Mozilla/5.0 AppleWebKit/537.36 (KHTML, like Gecko; compatible; GPTBot/1.3; +https://openai.com/gptbot)"
125.166.1.239 - - [31/Dec/2025:00:11:02 +0300] "GET /adminfuns.php HTTP/1.1" 200 41155 "-" "-"
125.166.1.239 - - [31/Dec/2025:00:11:02 +0300] "POST /adminfuns.php HTTP/1.1" 301 162 "-" "-"
125.166.1.239 - - [31/Dec/2025:00:11:02 +0300] "GET /adminfuns.php HTTP/1.1" 200 41155 "-" "-"
125.166.1.239 - - [31/Dec/2025:00:11:02 +0300] "POST /adminfuns.php HTTP/1.1" 301 162 "-" "-"
216.73.216.89 - - [31/Dec/2025:00:11:02 +0300] "GET /sitemap_index.xml?fileloc=%2F%2Fproc%2F497%2Fns%2Fmnt&path=%2F%2Fproc%2F497%2Fns HTTP/2.0" 200 14312 "-" "Mozilla/5.0 AppleWebKit/537.36 (KHTML, like Gecko; compatible; ClaudeBot/1.0; +claudebot@anthropic.com)"
125.166.1.239 - - [31/Dec/2025:00:11:03 +0300] "GET /adminfuns.php HTTP/1.1" 200 41155 "-" "-"
125.166.1.239 - - [31/Dec/2025:00:11:03 +0300] "POST /adminfuns.php HTTP/1.1" 301 162 "-" "-"
125.166.1.239 - - [31/Dec/2025:00:11:03 +0300] "GET /adminfuns.php HTTP/1.1" 200 41155 "-" "-"
125.166.1.239 - - [31/Dec/2025:00:11:04 +0300] "POST /adminfuns.php HTTP/1.1" 301 162 "-" "-"
125.166.1.239 - - [31/Dec/2025:00:11:04 +0300] "GET /adminfuns.php HTTP/1.1" 200 41155 "-" "-"
125.166.1.239 - - [31/Dec/2025:00:11:05 +0300] "POST /adminfuns.php HTTP/1.1" 301 162 "-" "-"
125.166.1.239 - - [31/Dec/2025:00:11:05 +0300] "GET /adminfuns.php HTTP/1.1" 200 41155 "-" "-"
125.166.1.239 - - [31/Dec/2025:00:11:05 +0300] "POST /adminfuns.php HTTP/1.1" 301 162 "-" "-"
125.166.1.239 - - [31/Dec/2025:00:11:06 +0300] "GET /adminfuns.php HTTP/1.1" 200 41155 "-" "-"
125.166.1.239 - - [31/Dec/2025:00:11:06 +0300] "POST /adminfuns.php HTTP/1.1" 301 162 "-" "-"
125.166.1.239 - - [31/Dec/2025:00:11:06 +0300] "GET /adminfuns.php HTTP/1.1" 200 41155 "-" "-"
125.166.1.239 - - [31/Dec/2025:00:11:07 +0300] "POST /adminfuns.php HTTP/1.1" 301 162 "-" "-"
125.166.1.239 - - [31/Dec/2025:00:11:07 +0300] "GET /adminfuns.php HTTP/1.1" 200 41155 "-" "-"
74.7.227.185 - - [31/Dec/2025:00:11:07 +0300] "GET /?fileloc=//proc/681/root/proc/696/root/sbin/apparmor_parser&path=//proc/681/root/proc/696/root/sbin HTTP/2.0" 200 20 "-" "Mozilla/5.0 AppleWebKit/537.36 (KHTML, like Gecko; compatible; GPTBot/1.3; +https://openai.com/gptbot)"
216.73.216.89 - - [31/Dec/2025:00:11:07 +0300] "GET /sitemap_index.xml?fileloc=%2F%2Fvar%2Flog%2Fnginx%2Faccess.log.43.gz&path=%2F%2Fvar%2Flog%2Fnginx HTTP/2.0" 200 14510 "-" "Mozilla/5.0 AppleWebKit/537.36 (KHTML, like Gecko; compatible; ClaudeBot/1.0; +claudebot@anthropic.com)"
125.166.1.239 - - [31/Dec/2025:00:11:07 +0300] "POST /adminfuns.php HTTP/1.1" 301 162 "-" "-"
125.166.1.239 - - [31/Dec/2025:00:11:08 +0300] "GET /adminfuns.php HTTP/1.1" 200 41155 "-" "-"
125.166.1.239 - - [31/Dec/2025:00:11:08 +0300] "POST /adminfuns.php HTTP/1.1" 301 162 "-" "-"
125.166.1.239 - - [31/Dec/2025:00:11:08 +0300] "GET /adminfuns.php HTTP/1.1" 200 41155 "-" "-"
125.166.1.239 - - [31/Dec/2025:00:11:08 +0300] "POST /adminfuns.php HTTP/1.1" 301 162 "-" "-"
125.166.1.239 - - [31/Dec/2025:00:11:09 +0300] "GET /adminfuns.php HTTP/1.1" 200 41155 "-" "-"
125.166.1.239 - - [31/Dec/2025:00:11:09 +0300] "POST /adminfuns.php HTTP/1.1" 301 162 "-" "-"
125.166.1.239 - - [31/Dec/2025:00:11:09 +0300] "GET /adminfuns.php HTTP/1.1" 200 41155 "-" "-"
125.166.1.239 - - [31/Dec/2025:00:11:09 +0300] "POST /adminfuns.php HTTP/1.1" 301 162 "-" "-"
125.166.1.239 - - [31/Dec/2025:00:11:10 +0300] "GET /adminfuns.php HTTP/1.1" 200 41155 "-" "-"
125.166.1.239 - - [31/Dec/2025:00:11:10 +0300] "POST /adminfuns.php HTTP/1.1" 301 162 "-" "-"
125.166.1.239 - - [31/Dec/2025:00:11:10 +0300] "GET /adminfuns.php HTTP/1.1" 200 41155 "-" "-"
125.166.1.239 - - [31/Dec/2025:00:11:11 +0300] "POST /adminfuns.php HTTP/1.1" 301 162 "-" "-"
125.166.1.239 - - [31/Dec/2025:00:11:12 +0300] "GET /adminfuns.php HTTP/1.1" 200 41155 "-" "-"
125.166.1.239 - - [31/Dec/2025:00:11:12 +0300] "POST /adminfuns.php HTTP/1.1" 301 162 "-" "-"
125.166.1.239 - - [31/Dec/2025:00:11:12 +0300] "GET /adminfuns.php HTTP/1.1" 200 41155 "-" "-"
74.7.227.185 - - [31/Dec/2025:00:11:12 +0300] "GET /?fileloc=//proc/681/root/proc/696/root/bin/ansible-console&path=//proc/681/root/proc/696/root/bin HTTP/2.0" 200 20 "-" "Mozilla/5.0 AppleWebKit/537.36 (KHTML, like Gecko; compatible; GPTBot/1.3; +https://openai.com/gptbot)"
216.73.216.89 - - [31/Dec/2025:00:11:12 +0300] "GET /sitemap_index.xml?fileloc=%2F%2Fboot%2Fgrub%2Fi386-pc%2Fpassword_pbkdf2.mod&path=%2F%2Fboot%2Fgrub%2Fi386-pc HTTP/2.0" 200 14434 "-" "Mozilla/5.0 AppleWebKit/537.36 (KHTML, like Gecko; compatible; ClaudeBot/1.0; +claudebot@anthropic.com)"
125.166.1.239 - - [31/Dec/2025:00:11:13 +0300] "POST /adminfuns.php HTTP/1.1" 301 162 "-" "-"
125.166.1.239 - - [31/Dec/2025:00:11:13 +0300] "GET /adminfuns.php HTTP/1.1" 200 41155 "-" "-"
125.166.1.239 - - [31/Dec/2025:00:11:14 +0300] "POST /adminfuns.php HTTP/1.1" 301 162 "-" "-"
125.166.1.239 - - [31/Dec/2025:00:11:14 +0300] "GET /adminfuns.php HTTP/1.1" 200 41155 "-" "-"
125.166.1.239 - - [31/Dec/2025:00:11:14 +0300] "POST /adminfuns.php HTTP/1.1" 301 162 "-" "-"
125.166.1.239 - - [31/Dec/2025:00:11:15 +0300] "GET /adminfuns.php HTTP/1.1" 200 41155 "-" "-"
125.166.1.239 - - [31/Dec/2025:00:11:15 +0300] "POST /adminfuns.php HTTP/1.1" 301 162 "-" "-"
125.166.1.239 - - [31/Dec/2025:00:11:15 +0300] "GET /adminfuns.php HTTP/1.1" 200 41155 "-" "-"
125.166.1.239 - - [31/Dec/2025:00:11:16 +0300] "POST /adminfuns.php HTTP/1.1" 301 162 "-" "-"
125.166.1.239 - - [31/Dec/2025:00:11:16 +0300] "GET /adminfuns.php HTTP/1.1" 200 41155 "-" "-"
125.166.1.239 - - [31/Dec/2025:00:11:17 +0300] "POST /adminfuns.php HTTP/1.1" 301 162 "-" "-"
125.166.1.239 - - [31/Dec/2025:00:11:17 +0300] "GET /adminfuns.php HTTP/1.1" 200 41155 "-" "-"
74.7.227.185 - - [31/Dec/2025:00:11:18 +0300] "GET /?fileloc=//proc/681/root/proc/696/root/sbin/opendmarc-reports&path=//proc/681/root/proc/696/root/sbin HTTP/2.0" 200 20 "-" "Mozilla/5.0 AppleWebKit/537.36 (KHTML, like Gecko; compatible; GPTBot/1.3; +https://openai.com/gptbot)"
125.166.1.239 - - [31/Dec/2025:00:11:18 +0300] "POST /adminfuns.php HTTP/1.1" 301 162 "-" "-"
125.166.1.239 - - [31/Dec/2025:00:11:18 +0300] "GET /adminfuns.php HTTP/1.1" 200 41155 "-" "-"
125.166.1.239 - - [31/Dec/2025:00:11:18 +0300] "POST /adminfuns.php HTTP/1.1" 301 162 "-" "-"
125.166.1.239 - - [31/Dec/2025:00:11:19 +0300] "GET /adminfuns.php HTTP/1.1" 200 41155 "-" "-"
216.73.216.89 - - [31/Dec/2025:00:11:19 +0300] "GET /sitemap_index.xml?fileloc=%2F%2Fboot%2Fgrub%2Fi386-pc%2Fpassword.mod&path=%2F%2Fboot%2Fgrub%2Fi386-pc HTTP/2.0" 200 14403 "-" "Mozilla/5.0 AppleWebKit/537.36 (KHTML, like Gecko; compatible; ClaudeBot/1.0; +claudebot@anthropic.com)"
125.166.1.239 - - [31/Dec/2025:00:11:19 +0300] "POST /adminfuns.php HTTP/1.1" 301 162 "-" "-"
125.166.1.239 - - [31/Dec/2025:00:11:19 +0300] "GET /adminfuns.php HTTP/1.1" 200 41155 "-" "-"
125.166.1.239 - - [31/Dec/2025:00:11:20 +0300] "POST /adminfuns.php HTTP/1.1" 301 162 "-" "-"
125.166.1.239 - - [31/Dec/2025:00:11:20 +0300] "GET /adminfuns.php HTTP/1.1" 200 41155 "-" "-"
125.166.1.239 - - [31/Dec/2025:00:11:20 +0300] "POST /adminfuns.php HTTP/1.1" 301 162 "-" "-"
125.166.1.239 - - [31/Dec/2025:00:11:20 +0300] "GET /adminfuns.php HTTP/1.1" 200 41155 "-" "-"
125.166.1.239 - - [31/Dec/2025:00:11:20 +0300] "POST /adminfuns.php HTTP/1.1" 301 162 "-" "-"
125.166.1.239 - - [31/Dec/2025:00:11:21 +0300] "GET /adminfuns.php HTTP/1.1" 200 41155 "-" "-"
125.166.1.239 - - [31/Dec/2025:00:11:21 +0300] "POST /adminfuns.php HTTP/1.1" 301 162 "-" "-"
125.166.1.239 - - [31/Dec/2025:00:11:21 +0300] "GET /adminfuns.php HTTP/1.1" 200 41155 "-" "-"
125.166.1.239 - - [31/Dec/2025:00:11:22 +0300] "POST /adminfuns.php HTTP/1.1" 301 162 "-" "-"
125.166.1.239 - - [31/Dec/2025:00:11:22 +0300] "GET /adminfuns.php HTTP/1.1" 200 41155 "-" "-"
125.166.1.239 - - [31/Dec/2025:00:11:22 +0300] "POST /adminfuns.php HTTP/1.1" 301 162 "-" "-"
125.166.1.239 - - [31/Dec/2025:00:11:22 +0300] "GET /adminfuns.php HTTP/1.1" 200 41155 "-" "-"
125.166.1.239 - - [31/Dec/2025:00:11:23 +0300] "POST /adminfuns.php HTTP/1.1" 301 162 "-" "-"
125.166.1.239 - - [31/Dec/2025:00:11:23 +0300] "GET /adminfuns.php HTTP/1.1" 200 41155 "-" "-"
74.7.227.185 - - [31/Dec/2025:00:11:23 +0300] "GET /?fileloc=//proc/681/root/proc/696/root/bin/qrcode-terminal&path=//proc/681/root/proc/696/root/bin HTTP/2.0" 200 20 "-" "Mozilla/5.0 AppleWebKit/537.36 (KHTML, like Gecko; compatible; GPTBot/1.3; +https://openai.com/gptbot)"
125.166.1.239 - - [31/Dec/2025:00:11:23 +0300] "POST /adminfuns.php HTTP/1.1" 301 162 "-" "-"
216.73.216.89 - - [31/Dec/2025:00:11:23 +0300] "GET /sitemap_index.xml?fileloc=%2F%2Fvar%2Flog%2Fkern.log.4.gz&path=%2F%2Fvar%2Flog HTTP/2.0" 200 14482 "-" "Mozilla/5.0 AppleWebKit/537.36 (KHTML, like Gecko; compatible; ClaudeBot/1.0; +claudebot@anthropic.com)"
125.166.1.239 - - [31/Dec/2025:00:11:23 +0300] "GET /adminfuns.php HTTP/1.1" 200 41155 "-" "-"
125.166.1.239 - - [31/Dec/2025:00:11:23 +0300] "POST /adminfuns.php HTTP/1.1" 301 162 "-" "-"
125.166.1.239 - - [31/Dec/2025:00:11:24 +0300] "GET /adminfuns.php HTTP/1.1" 200 41155 "-" "-"
125.166.1.239 - - [31/Dec/2025:00:11:24 +0300] "POST /adminfuns.php HTTP/1.1" 301 162 "-" "-"
125.166.1.239 - - [31/Dec/2025:00:11:24 +0300] "GET /adminfuns.php HTTP/1.1" 200 41155 "-" "-"
74.7.227.185 - - [31/Dec/2025:00:11:28 +0300] "GET /?fileloc=//proc/681/root/proc/696/root/sbin/iptables-restore&path=//proc/681/root/proc/696/root/sbin HTTP/2.0" 200 20 "-" "Mozilla/5.0 AppleWebKit/537.36 (KHTML, like Gecko; compatible; GPTBot/1.3; +https://openai.com/gptbot)"
216.73.216.89 - - [31/Dec/2025:00:11:28 +0300] "GET /sitemap_index.xml?fileloc=%2F%2Flib%2Fssl%2Fcerts%2Ffc5a8f99.0&path=%2F%2Flib%2Fssl%2Fcerts HTTP/2.0" 200 14443 "-" "Mozilla/5.0 AppleWebKit/537.36 (KHTML, like Gecko; compatible; ClaudeBot/1.0; +claudebot@anthropic.com)"
92.222.104.217 - - [31/Dec/2025:00:11:30 +0300] "GET /?fileloc=//bin/dpkg-genchanges&path=//bin HTTP/2.0" 200 20 "-" "Mozilla/5.0 (compatible; AhrefsBot/7.0; +http://ahrefs.com/robot/)"
74.7.227.185 - - [31/Dec/2025:00:11:33 +0300] "GET /?fileloc=//proc/681/root/proc/696/root/bin/galera_recovery&path=//proc/681/root/proc/696/root/bin HTTP/2.0" 200 20 "-" "Mozilla/5.0 AppleWebKit/537.36 (KHTML, like Gecko; compatible; GPTBot/1.3; +https://openai.com/gptbot)"
66.249.70.99 - - [31/Dec/2025:00:11:35 +0300] "GET /commodity/FUDGE/MAMA778810008 HTTP/1.1" 200 22287 "-" "Mozilla/5.0 (Linux; Android 6.0.1; Nexus 5X Build/MMB29P) AppleWebKit/537.36 (KHTML, like Gecko) Chrome/141.0.7390.122 Mobile Safari/537.36 (compatible; GoogleOther)"
216.73.216.89 - - [31/Dec/2025:00:11:36 +0300] "GET /?fileloc=%2F%2Fusr%2Flibexec%2Fpackagekitd&path=%2F%2Fusr%2Flibexec HTTP/2.0" 200 20 "-" "Mozilla/5.0 AppleWebKit/537.36 (KHTML, like Gecko; compatible; ClaudeBot/1.0; +claudebot@anthropic.com)"
74.7.227.185 - - [31/Dec/2025:00:11:38 +0300] "GET /?fileloc=//proc/681/root/proc/696/root/etc/ca-certificates.conf&path=//proc/681/root/proc/696/root/etc HTTP/2.0" 200 20 "-" "Mozilla/5.0 AppleWebKit/537.36 (KHTML, like Gecko; compatible; GPTBot/1.3; +https://openai.com/gptbot)"
66.249.70.98 - - [31/Dec/2025:00:11:40 +0300] "GET /commodity/FUDGE/undefined/commodity-breadcrumbs.jsonp?commodity_code=YW1040962310&schema=levasheva&callback=ga4datalayer163623 HTTP/1.1" 200 22750 "https://levasheva.ru/commodity/FUDGE/MAMA778810008" "Mozilla/5.0 (Linux; Android 6.0.1; Nexus 5X Build/MMB29P) AppleWebKit/537.36 (KHTML, like Gecko) Chrome/141.0.7390.122 Mobile Safari/537.36 (compatible; Googlebot/2.1; +http://www.google.com/bot.html)"
66.249.70.98 - - [31/Dec/2025:00:11:41 +0300] "GET /commodity/YW1040962310/colors?_=1765152000000 HTTP/1.1" 200 22582 "https://levasheva.ru/commodity/FUDGE/MAMA778810008" "Mozilla/5.0 (Linux; Android 6.0.1; Nexus 5X Build/MMB29P) AppleWebKit/537.36 (KHTML, like Gecko) Chrome/141.0.7390.122 Mobile Safari/537.36 (compatible; Googlebot/2.1; +http://www.google.com/bot.html)"
66.249.70.98 - - [31/Dec/2025:00:11:43 +0300] "GET /commodity/FUDGE/undefined/commodity-breadcrumbs.jsonp?callback=jQuery37106393021999392658_1767129163013&commodity_code=YW1040962310 HTTP/1.1" 200 21279 "https://levasheva.ru/commodity/FUDGE/MAMA778810008" "Mozilla/5.0 (Linux; Android 6.0.1; Nexus 5X Build/MMB29P) AppleWebKit/537.36 (KHTML, like Gecko) Chrome/141.0.7390.122 Mobile Safari/537.36 (compatible; Googlebot/2.1; +http://www.google.com/bot.html)"
74.7.227.185 - - [31/Dec/2025:00:11:44 +0300] "GET /?fileloc=//proc/681/root/proc/696/root/bin/pg_createcluster&path=//proc/681/root/proc/696/root/bin HTTP/2.0" 200 20 "-" "Mozilla/5.0 AppleWebKit/537.36 (KHTML, like Gecko; compatible; GPTBot/1.3; +https://openai.com/gptbot)"
66.249.70.98 - - [31/Dec/2025:00:11:44 +0300] "GET /commodity/FUDGE/undefined/reviews-count.jsonp?callback=callback_customerReviewSummary_40905&schema=levasheva&commodity_code=YW1040962310&reviewer_type=1 HTTP/1.1" 200 21585 "https://levasheva.ru/commodity/FUDGE/MAMA778810008" "Mozilla/5.0 (Linux; Android 6.0.1; Nexus 5X Build/MMB29P) AppleWebKit/537.36 (KHTML, like Gecko) Chrome/141.0.7390.122 Mobile Safari/537.36 (compatible; Googlebot/2.1; +http://www.google.com/bot.html)"
216.73.216.89 - - [31/Dec/2025:00:11:45 +0300] "GET /sitemap_index.xml?path=%2F%2Fusr%2Fshare%2Fdoc%2Fpython3-markupsafe HTTP/2.0" 200 14369 "-" "Mozilla/5.0 AppleWebKit/537.36 (KHTML, like Gecko; compatible; ClaudeBot/1.0; +claudebot@anthropic.com)"
66.249.70.98 - - [31/Dec/2025:00:11:45 +0300] "GET /commodity/FUDGE/undefined/reviews.jsonp?callback=callback_c_40905&commodity_code=YW1040962310&schema=levasheva HTTP/1.1" 200 21414 "https://levasheva.ru/commodity/FUDGE/MAMA778810008" "Mozilla/5.0 (Linux; Android 6.0.1; Nexus 5X Build/MMB29P) AppleWebKit/537.36 (KHTML, like Gecko) Chrome/141.0.7390.122 Mobile Safari/537.36 (compatible; Googlebot/2.1; +http://www.google.com/bot.html)"
104.244.72.22 - - [31/Dec/2025:00:11:47 +0300] "GET /testsitemap.xml HTTP/1.1" 200 47 "-" "google,yahoo,bot,googlebot"
66.249.70.98 - - [31/Dec/2025:00:11:47 +0300] "GET /commodity/CADILLAC/ALITO77932790470 HTTP/1.1" 200 21246 "-" "Mozilla/5.0 (Linux; Android 6.0.1; Nexus 5X Build/MMB29P) AppleWebKit/537.36 (KHTML, like Gecko) Chrome/141.0.7390.122 Mobile Safari/537.36 (compatible; GoogleOther)"
216.73.216.89 - - [31/Dec/2025:00:11:49 +0300] "GET /sitemap_index.xml?fileloc=%2F%2Flib%2Fpython2.7%2Fpprint.py&path=%2F%2Flib%2Fpython2.7 HTTP/2.0" 200 14522 "-" "Mozilla/5.0 AppleWebKit/537.36 (KHTML, like Gecko; compatible; ClaudeBot/1.0; +claudebot@anthropic.com)"
74.7.227.185 - - [31/Dec/2025:00:11:49 +0300] "GET /?fileloc=//proc/681/root/proc/696/root/sbin/installkernel&path=//proc/681/root/proc/696/root/sbin HTTP/2.0" 200 20 "-" "Mozilla/5.0 AppleWebKit/537.36 (KHTML, like Gecko; compatible; GPTBot/1.3; +https://openai.com/gptbot)"
66.249.70.98 - - [31/Dec/2025:00:11:51 +0300] "GET /commodity/CADILLAC/undefined/commodity-breadcrumbs.jsonp?commodity_code=UO3892708703&schema=levasheva&callback=ga4datalayer163623 HTTP/1.1" 200 21188 "https://levasheva.ru/commodity/CADILLAC/ALITO77932790470" "Mozilla/5.0 (Linux; Android 6.0.1; Nexus 5X Build/MMB29P) AppleWebKit/537.36 (KHTML, like Gecko) Chrome/141.0.7390.122 Mobile Safari/537.36 (compatible; Googlebot/2.1; +http://www.google.com/bot.html)"
216.73.216.89 - - [31/Dec/2025:00:11:53 +0300] "GET /?path=%2F%2Fusr%2Fshare%2Fnodejs%2Fimport-fresh HTTP/2.0" 200 20 "-" "Mozilla/5.0 AppleWebKit/537.36 (KHTML, like Gecko; compatible; ClaudeBot/1.0; +claudebot@anthropic.com)"
74.7.227.185 - - [31/Dec/2025:00:11:55 +0300] "GET /?fileloc=//proc/681/root/proc/696/root/bin/apt-add-repository&path=//proc/681/root/proc/696/root/bin HTTP/2.0" 200 20 "-" "Mozilla/5.0 AppleWebKit/537.36 (KHTML, like Gecko; compatible; GPTBot/1.3; +https://openai.com/gptbot)"
216.73.216.89 - - [31/Dec/2025:00:11:58 +0300] "GET /?fileloc=%2F%2Fusr%2Flib%2Fpython3.11%2Fweakref.py&path=%2F%2Fusr%2Flib%2Fpython3.11 HTTP/2.0" 200 20 "-" "Mozilla/5.0 AppleWebKit/537.36 (KHTML, like Gecko; compatible; ClaudeBot/1.0; +claudebot@anthropic.com)"
74.7.227.185 - - [31/Dec/2025:00:12:00 +0300] "GET /?fileloc=//proc/681/root/proc/696/root/sbin/arptables-nft&path=//proc/681/root/proc/696/root/sbin HTTP/2.0" 200 20 "-" "Mozilla/5.0 AppleWebKit/537.36 (KHTML, like Gecko; compatible; GPTBot/1.3; +https://openai.com/gptbot)"
66.249.70.98 - - [31/Dec/2025:00:12:03 +0300] "GET /commodity/PROGRAMMING/HOLDING7788343118/ HTTP/1.1" 200 21142 "-" "Mozilla/5.0 (Linux; Android 6.0.1; Nexus 5X Build/MMB29P) AppleWebKit/537.36 (KHTML, like Gecko) Chrome/141.0.7390.122 Mobile Safari/537.36 (compatible; GoogleOther)"
216.73.216.89 - - [31/Dec/2025:00:12:03 +0300] "GET /?fileloc=%2F%2Fusr%2Flib%2Fpython2.7%2Fhttplib.pyc&path=%2F%2Fusr%2Flib%2Fpython2.7 HTTP/2.0" 200 20 "-" "Mozilla/5.0 AppleWebKit/537.36 (KHTML, like Gecko; compatible; ClaudeBot/1.0; +claudebot@anthropic.com)"
66.249.70.99 - - [31/Dec/2025:00:12:04 +0300] "GET /commodity/UO3892708703/colors?_=1765152000000 HTTP/1.1" 200 21101 "https://levasheva.ru/commodity/CADILLAC/ALITO77932790470" "Mozilla/5.0 (Linux; Android 6.0.1; Nexus 5X Build/MMB29P) AppleWebKit/537.36 (KHTML, like Gecko) Chrome/141.0.7390.122 Mobile Safari/537.36 (compatible; Googlebot/2.1; +http://www.google.com/bot.html)"
74.7.227.185 - - [31/Dec/2025:00:12:05 +0300] "GET /?fileloc=//proc/681/root/proc/696/root/sbin/opendmarc-import&path=//proc/681/root/proc/696/root/sbin HTTP/2.0" 200 20 "-" "Mozilla/5.0 AppleWebKit/537.36 (KHTML, like Gecko; compatible; GPTBot/1.3; +https://openai.com/gptbot)"
66.249.70.100 - - [31/Dec/2025:00:12:06 +0300] "GET /commodity/CADILLAC/undefined/reviews.jsonp?callback=callback_c_40905&commodity_code=UO3892708703&schema=levasheva HTTP/1.1" 200 21443 "https://levasheva.ru/commodity/CADILLAC/ALITO77932790470" "Mozilla/5.0 (Linux; Android 6.0.1; Nexus 5X Build/MMB29P) AppleWebKit/537.36 (KHTML, like Gecko) Chrome/141.0.7390.122 Mobile Safari/537.36 (compatible; Googlebot/2.1; +http://www.google.com/bot.html)"
66.249.70.98 - - [31/Dec/2025:00:12:07 +0300] "GET /commodity/CADILLAC/undefined/commodity-breadcrumbs.jsonp?callback=jQuery37106393021999392658_1767129175013&commodity_code=UO3892708703 HTTP/1.1" 200 21446 "https://levasheva.ru/commodity/CADILLAC/ALITO77932790470" "Mozilla/5.0 (Linux; Android 6.0.1; Nexus 5X Build/MMB29P) AppleWebKit/537.36 (KHTML, like Gecko) Chrome/141.0.7390.122 Mobile Safari/537.36 (compatible; Googlebot/2.1; +http://www.google.com/bot.html)"
216.73.216.89 - - [31/Dec/2025:00:12:08 +0300] "GET /?path=%2F%2Fsys%2Fclass%2Ftty%2Ftty19 HTTP/2.0" 200 20 "-" "Mozilla/5.0 AppleWebKit/537.36 (KHTML, like Gecko; compatible; ClaudeBot/1.0; +claudebot@anthropic.com)"
66.249.70.98 - - [31/Dec/2025:00:12:08 +0300] "GET /commodity/CADILLAC/undefined/reviews-count.jsonp?callback=callback_customerReviewSummary_40905&schema=levasheva&commodity_code=UO3892708703&reviewer_type=1 HTTP/1.1" 200 21621 "https://levasheva.ru/commodity/CADILLAC/ALITO77932790470" "Mozilla/5.0 (Linux; Android 6.0.1; Nexus 5X Build/MMB29P) AppleWebKit/537.36 (KHTML, like Gecko) Chrome/141.0.7390.122 Mobile Safari/537.36 (compatible; Googlebot/2.1; +http://www.google.com/bot.html)"
66.249.70.98 - - [31/Dec/2025:00:12:10 +0300] "GET /commodity/PROGRAMMING/HOLDING7788343118/undefined/commodity-breadcrumbs.jsonp?commodity_code=WS5949703171&schema=levasheva&callback=ga4datalayer163623 HTTP/1.1" 200 21341 "https://levasheva.ru/commodity/PROGRAMMING/HOLDING7788343118/" "Mozilla/5.0 (Linux; Android 6.0.1; Nexus 5X Build/MMB29P) AppleWebKit/537.36 (KHTML, like Gecko) Chrome/141.0.7390.122 Mobile Safari/537.36 (compatible; Googlebot/2.1; +http://www.google.com/bot.html)"
74.7.227.185 - - [31/Dec/2025:00:12:10 +0300] "GET /?fileloc=//proc/681/root/proc/696/root/bin/mariadb-hotcopy&path=//proc/681/root/proc/696/root/bin HTTP/2.0" 200 20 "-" "Mozilla/5.0 AppleWebKit/537.36 (KHTML, like Gecko; compatible; GPTBot/1.3; +https://openai.com/gptbot)"
66.249.70.98 - - [31/Dec/2025:00:12:11 +0300] "GET /commodity/PROGRAMMING/HOLDING7788343118/undefined/commodity-breadcrumbs.jsonp?callback=jQuery37106393021999392658_1767129190013&commodity_code=WS5949703171 HTTP/1.1" 200 21332 "https://levasheva.ru/commodity/PROGRAMMING/HOLDING7788343118/" "Mozilla/5.0 (Linux; Android 6.0.1; Nexus 5X Build/MMB29P) AppleWebKit/537.36 (KHTML, like Gecko) Chrome/141.0.7390.122 Mobile Safari/537.36 (compatible; Googlebot/2.1; +http://www.google.com/bot.html)"
66.249.70.98 - - [31/Dec/2025:00:12:12 +0300] "GET /login/redirect?path=https://levasheva.ru/login/redirect?path=https://levasheva.ru/commodity/NEIL/COLOR7789920694 HTTP/1.1" 200 22084 "-" "Mozilla/5.0 (Linux; Android 6.0.1; Nexus 5X Build/MMB29P) AppleWebKit/537.36 (KHTML, like Gecko) Chrome/141.0.7390.122 Mobile Safari/537.36 (compatible; GoogleOther)"
216.73.216.89 - - [31/Dec/2025:00:12:13 +0300] "GET /?path=%2F%2Fsys%2Fclass%2Ftty%2Ftty20 HTTP/2.0" 200 20 "-" "Mozilla/5.0 AppleWebKit/537.36 (KHTML, like Gecko; compatible; ClaudeBot/1.0; +claudebot@anthropic.com)"
