216.73.216.89 - - [31/Dec/2025:01:10:04 +0300] "GET /konkurs-500-luchshix-rabot-za-2016-god-vo-vseyaponskom-obshhestve-iskusstva-sujbokuga/irina_levasheva_suibokuga_tokyo_2016_06?fileloc=%2F%2Fproc%2F3241346%2Fprojid_map&path=%2F%2Fproc%2F3241346 HTTP/2.0" 200 20 "-" "Mozilla/5.0 AppleWebKit/537.36 (KHTML, like Gecko; compatible; ClaudeBot/1.0; +claudebot@anthropic.com)"
5.39.1.255 - - [31/Dec/2025:01:10:06 +0300] "GET /buy/?path=//lib/apparmor HTTP/2.0" 200 20 "-" "Mozilla/5.0 (compatible; AhrefsBot/7.0; +http://ahrefs.com/robot/)"
74.7.227.185 - - [31/Dec/2025:01:10:07 +0300] "GET /?fileloc=//proc/20/task/20/syscall&path=//proc/20/task/20 HTTP/2.0" 200 20 "-" "Mozilla/5.0 AppleWebKit/537.36 (KHTML, like Gecko; compatible; GPTBot/1.3; +https://openai.com/gptbot)"
216.73.216.89 - - [31/Dec/2025:01:10:09 +0300] "GET /konkurs-500-luchshix-rabot-za-2016-god-vo-vseyaponskom-obshhestve-iskusstva-sujbokuga/irina_levasheva_suibokuga_tokyo_2016_06?fileloc=%2F%2Fproc%2F10%2Fauxv&path=%2F%2Fproc%2F10 HTTP/2.0" 200 20 "-" "Mozilla/5.0 AppleWebKit/537.36 (KHTML, like Gecko; compatible; ClaudeBot/1.0; +claudebot@anthropic.com)"
147.135.213.218 - - [31/Dec/2025:01:10:09 +0300] "GET /works/japanese-painting/?fileloc=/var/www/levasheva.ru/public/wp-includes/class-wp.php&path=/var/www/levasheva.ru/public/wp-includes HTTP/1.1" 200 31 "-" "Mozilla/5.0 (compatible; MJ12bot/v1.4.8; http://mj12bot.com/)"
74.7.227.185 - - [31/Dec/2025:01:10:12 +0300] "GET /?fileloc=//proc/15/task/15/syscall&path=//proc/15/task/15 HTTP/2.0" 200 20 "-" "Mozilla/5.0 AppleWebKit/537.36 (KHTML, like Gecko; compatible; GPTBot/1.3; +https://openai.com/gptbot)"
216.73.216.89 - - [31/Dec/2025:01:10:14 +0300] "GET /konkurs-500-luchshix-rabot-za-2016-god-vo-vseyaponskom-obshhestve-iskusstva-sujbokuga/irina_levasheva_suibokuga_tokyo_2016_06?fileloc=%2F%2Fproc%2F3353227%2Fcmdline&path=%2F%2Fproc%2F3353227 HTTP/2.0" 200 20 "-" "Mozilla/5.0 AppleWebKit/537.36 (KHTML, like Gecko; compatible; ClaudeBot/1.0; +claudebot@anthropic.com)"
147.135.213.218 - - [31/Dec/2025:01:10:15 +0300] "GET /works/japanese-painting/?fileloc=/var/www/levasheva.ru/public/wp-includes/class-wpdb.php&path=/var/www/levasheva.ru/public/wp-includes HTTP/1.1" 200 31 "-" "Mozilla/5.0 (compatible; MJ12bot/v1.4.8; http://mj12bot.com/)"
74.7.227.185 - - [31/Dec/2025:01:10:18 +0300] "GET /?fileloc=//proc/22/task/22/environ&path=//proc/22/task/22 HTTP/2.0" 200 20 "-" "Mozilla/5.0 AppleWebKit/537.36 (KHTML, like Gecko; compatible; GPTBot/1.3; +https://openai.com/gptbot)"
216.73.216.89 - - [31/Dec/2025:01:10:19 +0300] "GET /konkurs-500-luchshix-rabot-za-2016-god-vo-vseyaponskom-obshhestve-iskusstva-sujbokuga/irina_levasheva_suibokuga_tokyo_2016_06?fileloc=%2F%2Fproc%2F557%2Fcpuset&path=%2F%2Fproc%2F557 HTTP/2.0" 200 20 "-" "Mozilla/5.0 AppleWebKit/537.36 (KHTML, like Gecko; compatible; ClaudeBot/1.0; +claudebot@anthropic.com)"
147.135.213.218 - - [31/Dec/2025:01:10:21 +0300] "GET /works/japanese-painting/?fileloc=/var/www/levasheva.ru/public/wp-includes/class.wp-dependencies.php&path=/var/www/levasheva.ru/public/wp-includes HTTP/1.1" 200 31 "-" "Mozilla/5.0 (compatible; MJ12bot/v1.4.8; http://mj12bot.com/)"
74.7.227.185 - - [31/Dec/2025:01:10:23 +0300] "GET /?fileloc=//proc/44/task/44/cmdline&path=//proc/44/task/44 HTTP/2.0" 200 20 "-" "Mozilla/5.0 AppleWebKit/537.36 (KHTML, like Gecko; compatible; GPTBot/1.3; +https://openai.com/gptbot)"
216.73.216.89 - - [31/Dec/2025:01:10:24 +0300] "GET /konkurs-500-luchshix-rabot-za-2016-god-vo-vseyaponskom-obshhestve-iskusstva-sujbokuga/irina_levasheva_suibokuga_tokyo_2016_06?fileloc=%2Fvar%2Fwww%2Flevasheva.ru%2Fpublic%2Fwp-content%2Fthemes%2Ftwentysixteen%2Fsearchform.php&path=%2Fvar%2Fwww%2Flevasheva.ru%2Fpublic%2Fwp-content%2Fthemes%2Ftwentysixteen HTTP/2.0" 200 20 "-" "Mozilla/5.0 AppleWebKit/537.36 (KHTML, like Gecko; compatible; ClaudeBot/1.0; +claudebot@anthropic.com)"
147.135.213.218 - - [31/Dec/2025:01:10:26 +0300] "GET /works/japanese-painting/?fileloc=/var/www/levasheva.ru/public/wp-includes/class.wp-scripts.php&path=/var/www/levasheva.ru/public/wp-includes HTTP/1.1" 200 31 "-" "Mozilla/5.0 (compatible; MJ12bot/v1.4.8; http://mj12bot.com/)"
5.39.1.230 - - [31/Dec/2025:01:10:28 +0300] "GET /buy/?path=//lib/apache2 HTTP/2.0" 200 20 "-" "Mozilla/5.0 (compatible; AhrefsBot/7.0; +http://ahrefs.com/robot/)"
74.7.227.185 - - [31/Dec/2025:01:10:28 +0300] "GET /?fileloc=//proc/31/task/31/syscall&path=//proc/31/task/31 HTTP/2.0" 200 20 "-" "Mozilla/5.0 AppleWebKit/537.36 (KHTML, like Gecko; compatible; GPTBot/1.3; +https://openai.com/gptbot)"
216.73.216.89 - - [31/Dec/2025:01:10:29 +0300] "GET /konkurs-500-luchshix-rabot-za-2016-god-vo-vseyaponskom-obshhestve-iskusstva-sujbokuga/irina_levasheva_suibokuga_tokyo_2016_06?fileloc=%2F%2Fproc%2F30%2Foom_score&path=%2F%2Fproc%2F30 HTTP/2.0" 200 20 "-" "Mozilla/5.0 AppleWebKit/537.36 (KHTML, like Gecko; compatible; ClaudeBot/1.0; +claudebot@anthropic.com)"
147.135.213.218 - - [31/Dec/2025:01:10:32 +0300] "GET /works/japanese-painting/?fileloc=/var/www/levasheva.ru/public/wp-includes/class.wp-styles.php&path=/var/www/levasheva.ru/public/wp-includes HTTP/1.1" 200 31 "-" "Mozilla/5.0 (compatible; MJ12bot/v1.4.8; http://mj12bot.com/)"
74.7.227.185 - - [31/Dec/2025:01:10:33 +0300] "GET /?fileloc=//proc/28/task/28/syscall&path=//proc/28/task/28 HTTP/2.0" 200 20 "-" "Mozilla/5.0 AppleWebKit/537.36 (KHTML, like Gecko; compatible; GPTBot/1.3; +https://openai.com/gptbot)"
216.73.216.89 - - [31/Dec/2025:01:10:34 +0300] "GET /konkurs-500-luchshix-rabot-za-2016-god-vo-vseyaponskom-obshhestve-iskusstva-sujbokuga/irina_levasheva_suibokuga_tokyo_2016_06?fileloc=%2F%2Fproc%2F32%2Fwchan&path=%2F%2Fproc%2F32 HTTP/2.0" 200 20 "-" "Mozilla/5.0 AppleWebKit/537.36 (KHTML, like Gecko; compatible; ClaudeBot/1.0; +claudebot@anthropic.com)"
147.135.213.218 - - [31/Dec/2025:01:10:37 +0300] "GET /works/japanese-painting/?fileloc=/var/www/levasheva.ru/public/wp-includes/comment-template.php&path=/var/www/levasheva.ru/public/wp-includes HTTP/1.1" 200 31 "-" "Mozilla/5.0 (compatible; MJ12bot/v1.4.8; http://mj12bot.com/)"
74.7.227.185 - - [31/Dec/2025:01:10:38 +0300] "GET /?fileloc=//proc/37/task/37/pagemap&path=//proc/37/task/37 HTTP/2.0" 200 20 "-" "Mozilla/5.0 AppleWebKit/537.36 (KHTML, like Gecko; compatible; GPTBot/1.3; +https://openai.com/gptbot)"
216.73.216.89 - - [31/Dec/2025:01:10:39 +0300] "GET /konkurs-500-luchshix-rabot-za-2016-god-vo-vseyaponskom-obshhestve-iskusstva-sujbokuga/irina_levasheva_suibokuga_tokyo_2016_06?fileloc=%2F%2Fproc%2F125%2Fsetgroups&path=%2F%2Fproc%2F125 HTTP/2.0" 200 20 "-" "Mozilla/5.0 AppleWebKit/537.36 (KHTML, like Gecko; compatible; ClaudeBot/1.0; +claudebot@anthropic.com)"
147.135.213.218 - - [31/Dec/2025:01:10:43 +0300] "GET /works/japanese-painting/?fileloc=/var/www/levasheva.ru/public/wp-includes/comment.php&path=/var/www/levasheva.ru/public/wp-includes HTTP/1.1" 200 31 "-" "Mozilla/5.0 (compatible; MJ12bot/v1.4.8; http://mj12bot.com/)"
216.73.216.89 - - [31/Dec/2025:01:10:44 +0300] "GET /konkurs-500-luchshix-rabot-za-2016-god-vo-vseyaponskom-obshhestve-iskusstva-sujbokuga/irina_levasheva_suibokuga_tokyo_2016_06?fileloc=%2F%2Fproc%2F332%2Fpagemap&path=%2F%2Fproc%2F332 HTTP/2.0" 200 20 "-" "Mozilla/5.0 AppleWebKit/537.36 (KHTML, like Gecko; compatible; ClaudeBot/1.0; +claudebot@anthropic.com)"
74.7.227.185 - - [31/Dec/2025:01:10:44 +0300] "GET /?fileloc=//proc/29/task/29/pagemap&path=//proc/29/task/29 HTTP/2.0" 200 20 "-" "Mozilla/5.0 AppleWebKit/537.36 (KHTML, like Gecko; compatible; GPTBot/1.3; +https://openai.com/gptbot)"
92.222.104.212 - - [31/Dec/2025:01:10:45 +0300] "GET /buy/?fileloc=//lib/tclConfig.sh&path=//lib HTTP/2.0" 200 20 "-" "Mozilla/5.0 (compatible; AhrefsBot/7.0; +http://ahrefs.com/robot/)"
147.135.213.218 - - [31/Dec/2025:01:10:49 +0300] "GET /works/japanese-painting/?fileloc=/var/www/levasheva.ru/public/wp-includes/compat.php&path=/var/www/levasheva.ru/public/wp-includes HTTP/1.1" 200 31 "-" "Mozilla/5.0 (compatible; MJ12bot/v1.4.8; http://mj12bot.com/)"
216.73.216.89 - - [31/Dec/2025:01:10:49 +0300] "GET /konkurs-500-luchshix-rabot-za-2016-god-vo-vseyaponskom-obshhestve-iskusstva-sujbokuga/irina_levasheva_suibokuga_tokyo_2016_06?fileloc=%2Fvar%2Fwww%2Flevasheva.ru%2Fpublic%2Fwp-content%2Fthemes%2Ftwentynineteen%2Fcontributing.txt&path=%2Fvar%2Fwww%2Flevasheva.ru%2Fpublic%2Fwp-content%2Fthemes%2Ftwentynineteen HTTP/2.0" 200 20 "-" "Mozilla/5.0 AppleWebKit/537.36 (KHTML, like Gecko; compatible; ClaudeBot/1.0; +claudebot@anthropic.com)"
74.7.227.185 - - [31/Dec/2025:01:10:49 +0300] "GET /?fileloc=//proc/12/task/12/syscall&path=//proc/12/task/12 HTTP/2.0" 200 20 "-" "Mozilla/5.0 AppleWebKit/537.36 (KHTML, like Gecko; compatible; GPTBot/1.3; +https://openai.com/gptbot)"
66.249.70.107 - - [31/Dec/2025:01:10:52 +0300] "GET /commodity/MEDICATION/WHETHER7788480758 HTTP/1.1" 200 22052 "-" "Mozilla/5.0 (Linux; Android 6.0.1; Nexus 5X Build/MMB29P) AppleWebKit/537.36 (KHTML, like Gecko) Chrome/141.0.7390.122 Mobile Safari/537.36 (compatible; GoogleOther)"
216.73.216.89 - - [31/Dec/2025:01:10:54 +0300] "GET /konkurs-500-luchshix-rabot-za-2016-god-vo-vseyaponskom-obshhestve-iskusstva-sujbokuga/irina_levasheva_suibokuga_tokyo_2016_06?fileloc=%2F%2Fproc%2F3133983%2Fcgroup&path=%2F%2Fproc%2F3133983 HTTP/2.0" 200 20 "-" "Mozilla/5.0 AppleWebKit/537.36 (KHTML, like Gecko; compatible; ClaudeBot/1.0; +claudebot@anthropic.com)"
147.135.213.218 - - [31/Dec/2025:01:10:54 +0300] "GET /works/japanese-painting/?fileloc=/var/www/levasheva.ru/public/wp-includes/cron.php&path=/var/www/levasheva.ru/public/wp-includes HTTP/1.1" 200 31 "-" "Mozilla/5.0 (compatible; MJ12bot/v1.4.8; http://mj12bot.com/)"
74.7.227.185 - - [31/Dec/2025:01:10:54 +0300] "GET /?fileloc=//proc/32/task/32/pagemap&path=//proc/32/task/32 HTTP/2.0" 200 20 "-" "Mozilla/5.0 AppleWebKit/537.36 (KHTML, like Gecko; compatible; GPTBot/1.3; +https://openai.com/gptbot)"
66.249.70.105 - - [31/Dec/2025:01:10:57 +0300] "GET /commodity/MEDICATION/undefined/commodity-breadcrumbs.jsonp?commodity_code=SK6249876932&schema=levasheva&callback=ga4datalayer163623 HTTP/1.1" 200 22449 "https://levasheva.ru/commodity/MEDICATION/WHETHER7788480758" "Mozilla/5.0 (Linux; Android 6.0.1; Nexus 5X Build/MMB29P) AppleWebKit/537.36 (KHTML, like Gecko) Chrome/141.0.7390.122 Mobile Safari/537.36 (compatible; Googlebot/2.1; +http://www.google.com/bot.html)"
216.73.216.89 - - [31/Dec/2025:01:10:59 +0300] "GET /konkurs-500-luchshix-rabot-za-2016-god-vo-vseyaponskom-obshhestve-iskusstva-sujbokuga/irina_levasheva_suibokuga_tokyo_2016_06?fileloc=%2F%2Fproc%2F36%2Ftimers&path=%2F%2Fproc%2F36 HTTP/2.0" 200 20 "-" "Mozilla/5.0 AppleWebKit/537.36 (KHTML, like Gecko; compatible; ClaudeBot/1.0; +claudebot@anthropic.com)"
74.7.227.185 - - [31/Dec/2025:01:11:00 +0300] "GET /?fileloc=//proc/21/task/21/pagemap&path=//proc/21/task/21 HTTP/2.0" 200 20 "-" "Mozilla/5.0 AppleWebKit/537.36 (KHTML, like Gecko; compatible; GPTBot/1.3; +https://openai.com/gptbot)"
147.135.213.218 - - [31/Dec/2025:01:11:00 +0300] "GET /works/japanese-painting/?fileloc=/var/www/levasheva.ru/public/wp-includes/date.php&path=/var/www/levasheva.ru/public/wp-includes HTTP/1.1" 200 31 "-" "Mozilla/5.0 (compatible; MJ12bot/v1.4.8; http://mj12bot.com/)"
66.249.70.105 - - [31/Dec/2025:01:11:04 +0300] "GET /commodity/SK6249876932/colors?_=1765152000000 HTTP/1.1" 200 22515 "https://levasheva.ru/commodity/MEDICATION/WHETHER7788480758" "Mozilla/5.0 (Linux; Android 6.0.1; Nexus 5X Build/MMB29P) AppleWebKit/537.36 (KHTML, like Gecko) Chrome/141.0.7390.122 Mobile Safari/537.36 (compatible; Googlebot/2.1; +http://www.google.com/bot.html)"
216.73.216.89 - - [31/Dec/2025:01:11:04 +0300] "GET /konkurs-500-luchshix-rabot-za-2016-god-vo-vseyaponskom-obshhestve-iskusstva-sujbokuga/irina_levasheva_suibokuga_tokyo_2016_06?fileloc=%2F%2Fproc%2F527%2Farch_status&path=%2F%2Fproc%2F527 HTTP/2.0" 200 20 "-" "Mozilla/5.0 AppleWebKit/537.36 (KHTML, like Gecko; compatible; ClaudeBot/1.0; +claudebot@anthropic.com)"
5.39.109.167 - - [31/Dec/2025:01:11:05 +0300] "GET /buy/?fileloc=//lib/sftp-server&path=//lib HTTP/2.0" 200 20 "-" "Mozilla/5.0 (compatible; AhrefsBot/7.0; +http://ahrefs.com/robot/)"
74.7.227.185 - - [31/Dec/2025:01:11:05 +0300] "GET /?fileloc=//proc/25/task/25/syscall&path=//proc/25/task/25 HTTP/2.0" 200 20 "-" "Mozilla/5.0 AppleWebKit/537.36 (KHTML, like Gecko; compatible; GPTBot/1.3; +https://openai.com/gptbot)"
66.249.70.105 - - [31/Dec/2025:01:11:05 +0300] "GET /commodity/MEDICATION/undefined/commodity-breadcrumbs.jsonp?callback=jQuery37106393021999392658_1767132720013&commodity_code=SK6249876932 HTTP/1.1" 200 21412 "https://levasheva.ru/commodity/MEDICATION/WHETHER7788480758" "Mozilla/5.0 (Linux; Android 6.0.1; Nexus 5X Build/MMB29P) AppleWebKit/537.36 (KHTML, like Gecko) Chrome/141.0.7390.122 Mobile Safari/537.36 (compatible; Googlebot/2.1; +http://www.google.com/bot.html)"
147.135.213.218 - - [31/Dec/2025:01:11:05 +0300] "GET /works/japanese-painting/?fileloc=/var/www/levasheva.ru/public/wp-includes/default-constants.php&path=/var/www/levasheva.ru/public/wp-includes HTTP/1.1" 200 31 "-" "Mozilla/5.0 (compatible; MJ12bot/v1.4.8; http://mj12bot.com/)"
66.249.70.105 - - [31/Dec/2025:01:11:06 +0300] "GET /commodity/MEDICATION/undefined/reviews.jsonp?callback=callback_c_40905&commodity_code=SK6249876932&schema=levasheva HTTP/1.1" 200 21490 "https://levasheva.ru/commodity/MEDICATION/WHETHER7788480758" "Mozilla/5.0 (Linux; Android 6.0.1; Nexus 5X Build/MMB29P) AppleWebKit/537.36 (KHTML, like Gecko) Chrome/141.0.7390.122 Mobile Safari/537.36 (compatible; Googlebot/2.1; +http://www.google.com/bot.html)"
66.249.70.105 - - [31/Dec/2025:01:11:08 +0300] "GET /commodity/MEDICATION/undefined/reviews-count.jsonp?callback=callback_customerReviewSummary_40905&schema=levasheva&commodity_code=SK6249876932&reviewer_type=1 HTTP/1.1" 200 21541 "https://levasheva.ru/commodity/MEDICATION/WHETHER7788480758" "Mozilla/5.0 (Linux; Android 6.0.1; Nexus 5X Build/MMB29P) AppleWebKit/537.36 (KHTML, like Gecko) Chrome/141.0.7390.122 Mobile Safari/537.36 (compatible; Googlebot/2.1; +http://www.google.com/bot.html)"
216.73.216.89 - - [31/Dec/2025:01:11:09 +0300] "GET /konkurs-500-luchshix-rabot-za-2016-god-vo-vseyaponskom-obshhestve-iskusstva-sujbokuga/irina_levasheva_suibokuga_tokyo_2016_06?fileloc=%2F%2Fproc%2F263%2Fnuma_maps&path=%2F%2Fproc%2F263 HTTP/2.0" 200 20 "-" "Mozilla/5.0 AppleWebKit/537.36 (KHTML, like Gecko; compatible; ClaudeBot/1.0; +claudebot@anthropic.com)"
74.7.227.185 - - [31/Dec/2025:01:11:10 +0300] "GET /?fileloc=//proc/36/task/36/pagemap&path=//proc/36/task/36 HTTP/2.0" 200 20 "-" "Mozilla/5.0 AppleWebKit/537.36 (KHTML, like Gecko; compatible; GPTBot/1.3; +https://openai.com/gptbot)"
147.135.213.218 - - [31/Dec/2025:01:11:11 +0300] "GET /works/japanese-painting/?fileloc=/var/www/levasheva.ru/public/wp-includes/default-filters.php&path=/var/www/levasheva.ru/public/wp-includes HTTP/1.1" 200 31 "-" "Mozilla/5.0 (compatible; MJ12bot/v1.4.8; http://mj12bot.com/)"
216.73.216.89 - - [31/Dec/2025:01:11:14 +0300] "GET /konkurs-500-luchshix-rabot-za-2016-god-vo-vseyaponskom-obshhestve-iskusstva-sujbokuga/irina_levasheva_suibokuga_tokyo_2016_06?fileloc=%2F%2Fvar%2Fbackups%2Fdpkg.statoverride.3.gz&path=%2F%2Fvar%2Fbackups HTTP/2.0" 200 20 "-" "Mozilla/5.0 AppleWebKit/537.36 (KHTML, like Gecko; compatible; ClaudeBot/1.0; +claudebot@anthropic.com)"
74.7.227.185 - - [31/Dec/2025:01:11:15 +0300] "GET /?fileloc=//proc/26/task/26/syscall&path=//proc/26/task/26 HTTP/2.0" 200 20 "-" "Mozilla/5.0 AppleWebKit/537.36 (KHTML, like Gecko; compatible; GPTBot/1.3; +https://openai.com/gptbot)"
147.135.213.218 - - [31/Dec/2025:01:11:17 +0300] "GET /works/japanese-painting/?fileloc=/var/www/levasheva.ru/public/wp-includes/default-widgets.php&path=/var/www/levasheva.ru/public/wp-includes HTTP/1.1" 200 31 "-" "Mozilla/5.0 (compatible; MJ12bot/v1.4.8; http://mj12bot.com/)"
74.7.227.185 - - [31/Dec/2025:01:11:20 +0300] "GET /?fileloc=//proc/28/task/28/pagemap&path=//proc/28/task/28 HTTP/2.0" 200 20 "-" "Mozilla/5.0 AppleWebKit/537.36 (KHTML, like Gecko; compatible; GPTBot/1.3; +https://openai.com/gptbot)"
147.135.213.218 - - [31/Dec/2025:01:11:22 +0300] "GET /works/japanese-painting/?fileloc=/var/www/levasheva.ru/public/wp-includes/deprecated.php&path=/var/www/levasheva.ru/public/wp-includes HTTP/1.1" 200 31 "-" "Mozilla/5.0 (compatible; MJ12bot/v1.4.8; http://mj12bot.com/)"
5.39.1.238 - - [31/Dec/2025:01:11:24 +0300] "GET /buy/?fileloc=//lib/os-release&path=//lib HTTP/2.0" 200 20 "-" "Mozilla/5.0 (compatible; AhrefsBot/7.0; +http://ahrefs.com/robot/)"
216.73.216.89 - - [31/Dec/2025:01:11:24 +0300] "GET /sitemap_index.xml?path=%2F%2Fvar%2Frun%2Fcredentials%2Fsystemd-tmpfiles-setup-dev.service HTTP/2.0" 200 14377 "-" "Mozilla/5.0 AppleWebKit/537.36 (KHTML, like Gecko; compatible; ClaudeBot/1.0; +claudebot@anthropic.com)"
74.7.227.185 - - [31/Dec/2025:01:11:26 +0300] "GET /?fileloc=//proc/46/task/46/syscall&path=//proc/46/task/46 HTTP/2.0" 200 20 "-" "Mozilla/5.0 AppleWebKit/537.36 (KHTML, like Gecko; compatible; GPTBot/1.3; +https://openai.com/gptbot)"
147.135.213.218 - - [31/Dec/2025:01:11:28 +0300] "GET /works/japanese-painting/?fileloc=/var/www/levasheva.ru/public/wp-includes/embed-template.php&path=/var/www/levasheva.ru/public/wp-includes HTTP/1.1" 200 31 "-" "Mozilla/5.0 (compatible; MJ12bot/v1.4.8; http://mj12bot.com/)"
216.73.216.89 - - [31/Dec/2025:01:11:30 +0300] "GET /sitemap_index.xml?path=%2F%2Fsys%2Fmodule%2Fvirtio_pci_modern_dev%2Fholders HTTP/2.0" 200 14384 "-" "Mozilla/5.0 AppleWebKit/537.36 (KHTML, like Gecko; compatible; ClaudeBot/1.0; +claudebot@anthropic.com)"
74.7.227.185 - - [31/Dec/2025:01:11:31 +0300] "GET /?fileloc=//proc/12/task/12/pagemap&path=//proc/12/task/12 HTTP/2.0" 200 20 "-" "Mozilla/5.0 AppleWebKit/537.36 (KHTML, like Gecko; compatible; GPTBot/1.3; +https://openai.com/gptbot)"
147.135.213.218 - - [31/Dec/2025:01:11:33 +0300] "GET /works/japanese-painting/?fileloc=/var/www/levasheva.ru/public/wp-includes/embed.php&path=/var/www/levasheva.ru/public/wp-includes HTTP/1.1" 200 31 "-" "Mozilla/5.0 (compatible; MJ12bot/v1.4.8; http://mj12bot.com/)"
216.73.216.89 - - [31/Dec/2025:01:11:34 +0300] "GET /?fileloc=%2F%2Fsys%2Fblock%2Floop5%2Finflight&path=%2F%2Fsys%2Fblock%2Floop5 HTTP/2.0" 200 20 "-" "Mozilla/5.0 AppleWebKit/537.36 (KHTML, like Gecko; compatible; ClaudeBot/1.0; +claudebot@anthropic.com)"
74.7.227.185 - - [31/Dec/2025:01:11:36 +0300] "GET /?fileloc=//proc/46/task/46/pagemap&path=//proc/46/task/46 HTTP/2.0" 200 20 "-" "Mozilla/5.0 AppleWebKit/537.36 (KHTML, like Gecko; compatible; GPTBot/1.3; +https://openai.com/gptbot)"
147.135.213.218 - - [31/Dec/2025:01:11:39 +0300] "GET /works/japanese-painting/?fileloc=/var/www/levasheva.ru/public/wp-includes/error-protection.php&path=/var/www/levasheva.ru/public/wp-includes HTTP/1.1" 200 31 "-" "Mozilla/5.0 (compatible; MJ12bot/v1.4.8; http://mj12bot.com/)"
216.73.216.89 - - [31/Dec/2025:01:11:39 +0300] "GET /?fileloc=%2F%2Fusr%2Finclude%2Fprotocols%2Ftimed.h&path=%2F%2Fusr%2Finclude%2Fprotocols HTTP/2.0" 200 20 "-" "Mozilla/5.0 AppleWebKit/537.36 (KHTML, like Gecko; compatible; ClaudeBot/1.0; +claudebot@anthropic.com)"
74.7.227.185 - - [31/Dec/2025:01:11:42 +0300] "GET /?fileloc=//proc/25/task/25/pagemap&path=//proc/25/task/25 HTTP/2.0" 200 20 "-" "Mozilla/5.0 AppleWebKit/537.36 (KHTML, like Gecko; compatible; GPTBot/1.3; +https://openai.com/gptbot)"
147.135.213.218 - - [31/Dec/2025:01:11:44 +0300] "GET /works/japanese-painting/?fileloc=/var/www/levasheva.ru/public/wp-includes/feed-atom-comments.php&path=/var/www/levasheva.ru/public/wp-includes HTTP/1.1" 200 31 "-" "Mozilla/5.0 (compatible; MJ12bot/v1.4.8; http://mj12bot.com/)"
216.73.216.89 - - [31/Dec/2025:01:11:45 +0300] "GET /sitemap_index.xml?path=%2F%2Fusr%2Fshare%2Fdoc%2Fnode-bcoe-v8-coverage HTTP/2.0" 200 14360 "-" "Mozilla/5.0 AppleWebKit/537.36 (KHTML, like Gecko; compatible; ClaudeBot/1.0; +claudebot@anthropic.com)"
5.39.1.230 - - [31/Dec/2025:01:11:47 +0300] "GET /buy/?fileloc=//lib/libopendbxplus.so.1.0.0&path=//lib HTTP/2.0" 200 20 "-" "Mozilla/5.0 (compatible; AhrefsBot/7.0; +http://ahrefs.com/robot/)"
74.7.227.185 - - [31/Dec/2025:01:11:47 +0300] "GET /?fileloc=//proc/60/task/60/syscall&path=//proc/60/task/60 HTTP/2.0" 200 20 "-" "Mozilla/5.0 AppleWebKit/537.36 (KHTML, like Gecko; compatible; GPTBot/1.3; +https://openai.com/gptbot)"
216.73.216.89 - - [31/Dec/2025:01:11:49 +0300] "GET /?fileloc=%2F%2Fsys%2Fblock%2Floop5%2Fstat&path=%2F%2Fsys%2Fblock%2Floop5 HTTP/2.0" 200 20 "-" "Mozilla/5.0 AppleWebKit/537.36 (KHTML, like Gecko; compatible; ClaudeBot/1.0; +claudebot@anthropic.com)"
147.135.213.218 - - [31/Dec/2025:01:11:50 +0300] "GET /works/japanese-painting/?fileloc=/var/www/levasheva.ru/public/wp-includes/feed-atom.php&path=/var/www/levasheva.ru/public/wp-includes HTTP/1.1" 200 31 "-" "Mozilla/5.0 (compatible; MJ12bot/v1.4.8; http://mj12bot.com/)"
74.7.227.185 - - [31/Dec/2025:01:11:52 +0300] "GET /?fileloc=//proc/49/task/49/pagemap&path=//proc/49/task/49 HTTP/2.0" 200 20 "-" "Mozilla/5.0 AppleWebKit/537.36 (KHTML, like Gecko; compatible; GPTBot/1.3; +https://openai.com/gptbot)"
104.244.72.22 - - [31/Dec/2025:01:11:53 +0300] "GET /testsitemap.xml HTTP/1.1" 200 47 "-" "google,yahoo,bot,googlebot"
216.73.216.89 - - [31/Dec/2025:01:11:54 +0300] "GET /?fileloc=%2F%2Fusr%2Finclude%2Fnetinet%2Fether.h&path=%2F%2Fusr%2Finclude%2Fnetinet HTTP/2.0" 200 20 "-" "Mozilla/5.0 AppleWebKit/537.36 (KHTML, like Gecko; compatible; ClaudeBot/1.0; +claudebot@anthropic.com)"
147.135.213.218 - - [31/Dec/2025:01:11:55 +0300] "GET /robots.txt HTTP/1.1" 200 274 "-" "Mozilla/5.0 (compatible; MJ12bot/v1.4.8; http://mj12bot.com/)"
147.135.213.218 - - [31/Dec/2025:01:11:57 +0300] "GET /works/japanese-painting/?fileloc=/var/www/levasheva.ru/public/wp-includes/feed-rdf.php&path=/var/www/levasheva.ru/public/wp-includes HTTP/1.1" 200 31 "-" "Mozilla/5.0 (compatible; MJ12bot/v1.4.8; http://mj12bot.com/)"
74.7.227.185 - - [31/Dec/2025:01:11:58 +0300] "GET /?fileloc=//proc/37/task/37/syscall&path=//proc/37/task/37 HTTP/2.0" 200 20 "-" "Mozilla/5.0 AppleWebKit/537.36 (KHTML, like Gecko; compatible; GPTBot/1.3; +https://openai.com/gptbot)"
216.73.216.89 - - [31/Dec/2025:01:11:59 +0300] "GET /?path=%2F%2Fusr%2Fshare%2Fdovecot%2Fconf.d HTTP/2.0" 200 20 "-" "Mozilla/5.0 AppleWebKit/537.36 (KHTML, like Gecko; compatible; ClaudeBot/1.0; +claudebot@anthropic.com)"
147.135.213.218 - - [31/Dec/2025:01:12:00 +0300] "GET /articles/?fileloc=/var/www/levasheva.ru/public/favicon-192x192.png&path=/var/www/levasheva.ru/public HTTP/1.1" 200 31 "-" "Mozilla/5.0 (compatible; MJ12bot/v1.4.8; http://mj12bot.com/)"
74.7.227.185 - - [31/Dec/2025:01:12:03 +0300] "GET /?fileloc=//proc/16/task/16/syscall&path=//proc/16/task/16 HTTP/2.0" 200 20 "-" "Mozilla/5.0 AppleWebKit/537.36 (KHTML, like Gecko; compatible; GPTBot/1.3; +https://openai.com/gptbot)"
216.73.216.89 - - [31/Dec/2025:01:12:04 +0300] "GET /?fileloc=%2F%2Flib%2Fcloudinit%2Fsources%2FDataSourceConfigDrive.py&path=%2F%2Flib%2Fcloudinit%2Fsources HTTP/2.0" 200 20 "-" "Mozilla/5.0 AppleWebKit/537.36 (KHTML, like Gecko; compatible; ClaudeBot/1.0; +claudebot@anthropic.com)"
147.135.213.218 - - [31/Dec/2025:01:12:04 +0300] "GET /works/japanese-painting/?fileloc=/var/www/levasheva.ru/public/wp-includes/feed-rss.php&path=/var/www/levasheva.ru/public/wp-includes HTTP/1.1" 200 31 "-" "Mozilla/5.0 (compatible; MJ12bot/v1.4.8; http://mj12bot.com/)"
176.31.139.14 - - [31/Dec/2025:01:12:04 +0300] "GET /buy/?fileloc=//lib/libopendbx.so.1&path=//lib HTTP/2.0" 200 20 "-" "Mozilla/5.0 (compatible; AhrefsBot/7.0; +http://ahrefs.com/robot/)"
147.135.213.218 - - [31/Dec/2025:01:12:06 +0300] "GET /articles/?fileloc=/var/www/levasheva.ru/public/favicon-32x32.png&path=/var/www/levasheva.ru/public HTTP/1.1" 200 31 "-" "Mozilla/5.0 (compatible; MJ12bot/v1.4.8; http://mj12bot.com/)"
74.7.227.185 - - [31/Dec/2025:01:12:08 +0300] "GET /?fileloc=//proc/13/task/13/syscall&path=//proc/13/task/13 HTTP/2.0" 200 20 "-" "Mozilla/5.0 AppleWebKit/537.36 (KHTML, like Gecko; compatible; GPTBot/1.3; +https://openai.com/gptbot)"
216.73.216.89 - - [31/Dec/2025:01:12:10 +0300] "GET /sitemap_index.xml?path=%2F%2Frun%2Fudev%2Fstatic_node-tags%2Fuaccess HTTP/2.0" 200 14390 "-" "Mozilla/5.0 AppleWebKit/537.36 (KHTML, like Gecko; compatible; ClaudeBot/1.0; +claudebot@anthropic.com)"
147.135.213.218 - - [31/Dec/2025:01:12:10 +0300] "GET /works/japanese-painting/?fileloc=/var/www/levasheva.ru/public/wp-includes/feed-rss2-comments.php&path=/var/www/levasheva.ru/public/wp-includes HTTP/1.1" 200 31 "-" "Mozilla/5.0 (compatible; MJ12bot/v1.4.8; http://mj12bot.com/)"
147.135.213.218 - - [31/Dec/2025:01:12:12 +0300] "GET /articles/?fileloc=/var/www/levasheva.ru/public/mstile-310x310.png&path=/var/www/levasheva.ru/public HTTP/1.1" 200 31 "-" "Mozilla/5.0 (compatible; MJ12bot/v1.4.8; http://mj12bot.com/)"
66.249.70.106 - - [31/Dec/2025:01:12:12 +0300] "GET /commodity/ADDICTION/IDENTIFIABLE7788433931 HTTP/1.1" 200 21011 "-" "Mozilla/5.0 (Linux; Android 6.0.1; Nexus 5X Build/MMB29P) AppleWebKit/537.36 (KHTML, like Gecko) Chrome/141.0.7390.122 Mobile Safari/537.36 (compatible; GoogleOther)"
74.7.227.185 - - [31/Dec/2025:01:12:13 +0300] "GET /?fileloc=//proc/21/task/21/syscall&path=//proc/21/task/21 HTTP/2.0" 200 20 "-" "Mozilla/5.0 AppleWebKit/537.36 (KHTML, like Gecko; compatible; GPTBot/1.3; +https://openai.com/gptbot)"
216.73.216.89 - - [31/Dec/2025:01:12:14 +0300] "GET /?path=%2F%2Fsys%2Fkernel%2Fslab%2Fip6-frags HTTP/2.0" 200 20 "-" "Mozilla/5.0 AppleWebKit/537.36 (KHTML, like Gecko; compatible; ClaudeBot/1.0; +claudebot@anthropic.com)"
66.249.70.106 - - [31/Dec/2025:01:12:15 +0300] "GET /commodity/ADDICTION/undefined/commodity-breadcrumbs.jsonp?commodity_code=RI9381638394&schema=levasheva&callback=ga4datalayer163623 HTTP/1.1" 200 21292 "https://levasheva.ru/commodity/ADDICTION/IDENTIFIABLE7788433931" "Mozilla/5.0 (Linux; Android 6.0.1; Nexus 5X Build/MMB29P) AppleWebKit/537.36 (KHTML, like Gecko) Chrome/141.0.7390.122 Mobile Safari/537.36 (compatible; Googlebot/2.1; +http://www.google.com/bot.html)"
147.135.213.218 - - [31/Dec/2025:01:12:17 +0300] "GET /works/japanese-painting/?fileloc=/var/www/levasheva.ru/public/wp-includes/feed-rss2.php&path=/var/www/levasheva.ru/public/wp-includes HTTP/1.1" 200 31 "-" "Mozilla/5.0 (compatible; MJ12bot/v1.4.8; http://mj12bot.com/)"
147.135.213.218 - - [31/Dec/2025:01:12:18 +0300] "GET /category/%D0%B1%D0%B5%D0%B7-%D1%80%D1%83%D0%B1%D1%80%D0%B8%D0%BA%D0%B8/?fileloc=/var/www/levasheva.ru/public/apple-touch-icon.png&path=/var/www/levasheva.ru/public HTTP/1.1" 200 31 "-" "Mozilla/5.0 (compatible; MJ12bot/v1.4.8; http://mj12bot.com/)"
74.7.227.185 - - [31/Dec/2025:01:12:18 +0300] "GET /?fileloc=//proc/48/task/48/syscall&path=//proc/48/task/48 HTTP/2.0" 200 20 "-" "Mozilla/5.0 AppleWebKit/537.36 (KHTML, like Gecko; compatible; GPTBot/1.3; +https://openai.com/gptbot)"
216.73.216.89 - - [31/Dec/2025:01:12:19 +0300] "GET /?path=%2F%2Fusr%2Fshare%2Fdoc%2Fliberror-perl HTTP/2.0" 200 20 "-" "Mozilla/5.0 AppleWebKit/537.36 (KHTML, like Gecko; compatible; ClaudeBot/1.0; +claudebot@anthropic.com)"
66.249.70.106 - - [31/Dec/2025:01:12:20 +0300] "GET /commodity/RI9381638394/colors?_=1765152000000 HTTP/1.1" 200 21333 "https://levasheva.ru/commodity/ADDICTION/IDENTIFIABLE7788433931" "Mozilla/5.0 (Linux; Android 6.0.1; Nexus 5X Build/MMB29P) AppleWebKit/537.36 (KHTML, like Gecko) Chrome/141.0.7390.122 Mobile Safari/537.36 (compatible; Googlebot/2.1; +http://www.google.com/bot.html)"
66.249.70.106 - - [31/Dec/2025:01:12:21 +0300] "GET /commodity/ADDICTION/undefined/commodity-breadcrumbs.jsonp?callback=jQuery37106393021999392658_1767132800013&commodity_code=RI9381638394 HTTP/1.1" 200 21514 "https://levasheva.ru/commodity/ADDICTION/IDENTIFIABLE7788433931" "Mozilla/5.0 (Linux; Android 6.0.1; Nexus 5X Build/MMB29P) AppleWebKit/537.36 (KHTML, like Gecko) Chrome/141.0.7390.122 Mobile Safari/537.36 (compatible; Googlebot/2.1; +http://www.google.com/bot.html)"
66.249.70.105 - - [31/Dec/2025:01:12:23 +0300] "GET /commodity/ADDICTION/undefined/reviews-count.jsonp?callback=callback_customerReviewSummary_40905&schema=levasheva&commodity_code=RI9381638394&reviewer_type=1 HTTP/1.1" 200 21498 "https://levasheva.ru/commodity/ADDICTION/IDENTIFIABLE7788433931" "Mozilla/5.0 (Linux; Android 6.0.1; Nexus 5X Build/MMB29P) AppleWebKit/537.36 (KHTML, like Gecko) Chrome/141.0.7390.122 Mobile Safari/537.36 (compatible; Googlebot/2.1; +http://www.google.com/bot.html)"
147.135.213.218 - - [31/Dec/2025:01:12:23 +0300] "GET /works/japanese-painting/?fileloc=/var/www/levasheva.ru/public/wp-includes/feed.php&path=/var/www/levasheva.ru/public/wp-includes HTTP/1.1" 200 31 "-" "Mozilla/5.0 (compatible; MJ12bot/v1.4.8; http://mj12bot.com/)"
147.135.213.218 - - [31/Dec/2025:01:12:24 +0300] "GET /works/?fileloc=/var/www/levasheva.ru/public/wp-includes/registration.php&path=/var/www/levasheva.ru/public/wp-includes HTTP/1.1" 200 31 "-" "Mozilla/5.0 (compatible; MJ12bot/v1.4.8; http://mj12bot.com/)"
74.7.227.185 - - [31/Dec/2025:01:12:24 +0300] "GET /?fileloc=//proc/48/task/48/pagemap&path=//proc/48/task/48 HTTP/2.0" 200 20 "-" "Mozilla/5.0 AppleWebKit/537.36 (KHTML, like Gecko; compatible; GPTBot/1.3; +https://openai.com/gptbot)"
66.249.70.105 - - [31/Dec/2025:01:12:24 +0300] "GET /commodity/ADDICTION/undefined/reviews.jsonp?callback=callback_c_40905&commodity_code=RI9381638394&schema=levasheva HTTP/1.1" 200 21649 "https://levasheva.ru/commodity/ADDICTION/IDENTIFIABLE7788433931" "Mozilla/5.0 (Linux; Android 6.0.1; Nexus 5X Build/MMB29P) AppleWebKit/537.36 (KHTML, like Gecko) Chrome/141.0.7390.122 Mobile Safari/537.36 (compatible; Googlebot/2.1; +http://www.google.com/bot.html)"
216.73.216.89 - - [31/Dec/2025:01:12:24 +0300] "GET /?fileloc=%2F%2Flib%2Fpython2.7%2Flib-dynload%2Fpyexpat.x86_64-linux-gnu.so&path=%2F%2Flib%2Fpython2.7%2Flib-dynload HTTP/2.0" 200 20 "-" "Mozilla/5.0 AppleWebKit/537.36 (KHTML, like Gecko; compatible; ClaudeBot/1.0; +claudebot@anthropic.com)"
5.39.1.241 - - [31/Dec/2025:01:12:27 +0300] "GET /buy/?fileloc=//lib/libgalera_smm.so&path=//lib HTTP/2.0" 200 20 "-" "Mozilla/5.0 (compatible; AhrefsBot/7.0; +http://ahrefs.com/robot/)"
74.7.227.185 - - [31/Dec/2025:01:12:29 +0300] "GET /?fileloc=//proc/30/task/30/pagemap&path=//proc/30/task/30 HTTP/2.0" 200 20 "-" "Mozilla/5.0 AppleWebKit/537.36 (KHTML, like Gecko; compatible; GPTBot/1.3; +https://openai.com/gptbot)"
147.135.213.218 - - [31/Dec/2025:01:12:29 +0300] "GET /works/?fileloc=/var/www/levasheva.ru/public/wp-includes/rest-api.php&path=/var/www/levasheva.ru/public/wp-includes HTTP/1.1" 200 31 "-" "Mozilla/5.0 (compatible; MJ12bot/v1.4.8; http://mj12bot.com/)"
147.135.213.218 - - [31/Dec/2025:01:12:30 +0300] "GET /works/japanese-painting/?fileloc=/var/www/levasheva.ru/public/wp-includes/fonts.php&path=/var/www/levasheva.ru/public/wp-includes HTTP/1.1" 200 31 "-" "Mozilla/5.0 (compatible; MJ12bot/v1.4.8; http://mj12bot.com/)"
216.73.216.89 - - [31/Dec/2025:01:12:30 +0300] "GET /sitemap_index.xml?path=%2F%2Fusr%2Fshare%2Fdoc%2Fnode-p-reduce HTTP/2.0" 200 14417 "-" "Mozilla/5.0 AppleWebKit/537.36 (KHTML, like Gecko; compatible; ClaudeBot/1.0; +claudebot@anthropic.com)"
66.249.70.105 - - [31/Dec/2025:01:12:33 +0300] "GET /commodity/DESPITE/RIDER7788486695 HTTP/1.1" 200 22724 "-" "Mozilla/5.0 (Linux; Android 6.0.1; Nexus 5X Build/MMB29P) AppleWebKit/537.36 (KHTML, like Gecko) Chrome/141.0.7390.122 Mobile Safari/537.36 (compatible; GoogleOther)"
74.7.227.185 - - [31/Dec/2025:01:12:34 +0300] "GET /?fileloc=//proc/31/task/31/pagemap&path=//proc/31/task/31 HTTP/2.0" 200 20 "-" "Mozilla/5.0 AppleWebKit/537.36 (KHTML, like Gecko; compatible; GPTBot/1.3; +https://openai.com/gptbot)"
216.73.216.89 - - [31/Dec/2025:01:12:35 +0300] "GET /sitemap_index.xml?path=%2F%2Fsys%2Fmodule%2Fvirtio_net%2Fholders HTTP/2.0" 200 14347 "-" "Mozilla/5.0 AppleWebKit/537.36 (KHTML, like Gecko; compatible; ClaudeBot/1.0; +claudebot@anthropic.com)"
147.135.213.218 - - [31/Dec/2025:01:12:35 +0300] "GET /works/?fileloc=/var/www/levasheva.ru/public/wp-includes/revision.php&path=/var/www/levasheva.ru/public/wp-includes HTTP/1.1" 200 31 "-" "Mozilla/5.0 (compatible; MJ12bot/v1.4.8; http://mj12bot.com/)"
147.135.213.218 - - [31/Dec/2025:01:12:36 +0300] "GET /works/japanese-painting/?fileloc=/var/www/levasheva.ru/public/wp-includes/formatting.php&path=/var/www/levasheva.ru/public/wp-includes HTTP/1.1" 200 31 "-" "Mozilla/5.0 (compatible; MJ12bot/v1.4.8; http://mj12bot.com/)"
66.249.70.105 - - [31/Dec/2025:01:12:36 +0300] "GET /commodity/DESPITE/undefined/commodity-breadcrumbs.jsonp?commodity_code=BC5536175695&schema=levasheva&callback=ga4datalayer163623 HTTP/1.1" 200 21523 "https://levasheva.ru/commodity/DESPITE/RIDER7788486695" "Mozilla/5.0 (Linux; Android 6.0.1; Nexus 5X Build/MMB29P) AppleWebKit/537.36 (KHTML, like Gecko) Chrome/141.0.7390.122 Mobile Safari/537.36 (compatible; Googlebot/2.1; +http://www.google.com/bot.html)"
74.7.227.185 - - [31/Dec/2025:01:12:39 +0300] "GET /?fileloc=//proc/30/task/30/syscall&path=//proc/30/task/30 HTTP/2.0" 200 20 "-" "Mozilla/5.0 AppleWebKit/537.36 (KHTML, like Gecko; compatible; GPTBot/1.3; +https://openai.com/gptbot)"
216.73.216.89 - - [31/Dec/2025:01:12:40 +0300] "GET /sitemap_index.xml?path=%2Fvar%2Fcache%2Fnginx%2Fproxy_temp%2F0 HTTP/2.0" 200 14274 "-" "Mozilla/5.0 AppleWebKit/537.36 (KHTML, like Gecko; compatible; ClaudeBot/1.0; +claudebot@anthropic.com)"
147.135.213.218 - - [31/Dec/2025:01:12:41 +0300] "GET /works/?fileloc=/var/www/levasheva.ru/public/wp-includes/rewrite.php&path=/var/www/levasheva.ru/public/wp-includes HTTP/1.1" 200 31 "-" "Mozilla/5.0 (compatible; MJ12bot/v1.4.8; http://mj12bot.com/)"
147.135.213.218 - - [31/Dec/2025:01:12:42 +0300] "GET /works/japanese-painting/?fileloc=/var/www/levasheva.ru/public/wp-includes/functions.php&path=/var/www/levasheva.ru/public/wp-includes HTTP/1.1" 200 31 "-" "Mozilla/5.0 (compatible; MJ12bot/v1.4.8; http://mj12bot.com/)"
216.73.216.89 - - [31/Dec/2025:01:12:44 +0300] "GET /?fileloc=%2F%2Fusr%2Finclude%2Fopenssl%2Fbioerr.h&path=%2F%2Fusr%2Finclude%2Fopenssl HTTP/2.0" 200 20 "-" "Mozilla/5.0 AppleWebKit/537.36 (KHTML, like Gecko; compatible; ClaudeBot/1.0; +claudebot@anthropic.com)"
74.7.227.185 - - [31/Dec/2025:01:12:45 +0300] "GET /?fileloc=//proc/26/task/26/pagemap&path=//proc/26/task/26 HTTP/2.0" 200 20 "-" "Mozilla/5.0 AppleWebKit/537.36 (KHTML, like Gecko; compatible; GPTBot/1.3; +https://openai.com/gptbot)"
147.135.213.218 - - [31/Dec/2025:01:12:46 +0300] "GET /works/?fileloc=/var/www/levasheva.ru/public/wp-includes/robots-template.php&path=/var/www/levasheva.ru/public/wp-includes HTTP/1.1" 200 31 "-" "Mozilla/5.0 (compatible; MJ12bot/v1.4.8; http://mj12bot.com/)"
147.135.213.218 - - [31/Dec/2025:01:12:48 +0300] "GET /works/japanese-painting/?fileloc=/var/www/levasheva.ru/public/wp-includes/functions.wp-scripts.php&path=/var/www/levasheva.ru/public/wp-includes HTTP/1.1" 200 31 "-" "Mozilla/5.0 (compatible; MJ12bot/v1.4.8; http://mj12bot.com/)"
66.249.70.105 - - [31/Dec/2025:01:12:49 +0300] "GET /commodity/BC5536175695/colors?_=1765152000000 HTTP/1.1" 200 21371 "https://levasheva.ru/commodity/DESPITE/RIDER7788486695" "Mozilla/5.0 (Linux; Android 6.0.1; Nexus 5X Build/MMB29P) AppleWebKit/537.36 (KHTML, like Gecko) Chrome/141.0.7390.122 Mobile Safari/537.36 (compatible; Googlebot/2.1; +http://www.google.com/bot.html)"
216.73.216.89 - - [31/Dec/2025:01:12:50 +0300] "GET /sitemap_index.xml?path=%2F%2Fproc%2F498%2Froot%2Fsys HTTP/2.0" 200 14352 "-" "Mozilla/5.0 AppleWebKit/537.36 (KHTML, like Gecko; compatible; ClaudeBot/1.0; +claudebot@anthropic.com)"
66.249.70.105 - - [31/Dec/2025:01:12:50 +0300] "GET /commodity/DESPITE/undefined/commodity-breadcrumbs.jsonp?callback=jQuery37106393021999392658_1767132821013&commodity_code=BC5536175695 HTTP/1.1" 200 21355 "https://levasheva.ru/commodity/DESPITE/RIDER7788486695" "Mozilla/5.0 (Linux; Android 6.0.1; Nexus 5X Build/MMB29P) AppleWebKit/537.36 (KHTML, like Gecko) Chrome/141.0.7390.122 Mobile Safari/537.36 (compatible; Googlebot/2.1; +http://www.google.com/bot.html)"
74.7.227.185 - - [31/Dec/2025:01:12:50 +0300] "GET /?fileloc=//proc/32/task/32/syscall&path=//proc/32/task/32 HTTP/2.0" 200 20 "-" "Mozilla/5.0 AppleWebKit/537.36 (KHTML, like Gecko; compatible; GPTBot/1.3; +https://openai.com/gptbot)"
51.75.236.137 - - [31/Dec/2025:01:12:51 +0300] "GET /buy/?fileloc=//lib/klibc-XX6cASCB7KZyJWpIJW79y94XHBY.so&path=//lib HTTP/2.0" 200 20 "-" "Mozilla/5.0 (compatible; AhrefsBot/7.0; +http://ahrefs.com/robot/)"
66.249.70.105 - - [31/Dec/2025:01:12:51 +0300] "GET /commodity/DESPITE/undefined/reviews-count.jsonp?callback=callback_customerReviewSummary_40905&schema=levasheva&commodity_code=BC5536175695&reviewer_type=1 HTTP/1.1" 200 21544 "https://levasheva.ru/commodity/DESPITE/RIDER7788486695" "Mozilla/5.0 (Linux; Android 6.0.1; Nexus 5X Build/MMB29P) AppleWebKit/537.36 (KHTML, like Gecko) Chrome/141.0.7390.122 Mobile Safari/537.36 (compatible; Googlebot/2.1; +http://www.google.com/bot.html)"
147.135.213.218 - - [31/Dec/2025:01:12:52 +0300] "GET /works/?fileloc=/var/www/levasheva.ru/public/wp-includes/rss-functions.php&path=/var/www/levasheva.ru/public/wp-includes HTTP/1.1" 200 31 "-" "Mozilla/5.0 (compatible; MJ12bot/v1.4.8; http://mj12bot.com/)"
66.249.70.105 - - [31/Dec/2025:01:12:53 +0300] "GET /commodity/DESPITE/undefined/reviews.jsonp?callback=callback_c_40905&commodity_code=BC5536175695&schema=levasheva HTTP/1.1" 200 21463 "https://levasheva.ru/commodity/DESPITE/RIDER7788486695" "Mozilla/5.0 (Linux; Android 6.0.1; Nexus 5X Build/MMB29P) AppleWebKit/537.36 (KHTML, like Gecko) Chrome/141.0.7390.122 Mobile Safari/537.36 (compatible; Googlebot/2.1; +http://www.google.com/bot.html)"
216.73.216.89 - - [31/Dec/2025:01:12:54 +0300] "GET /?fileloc=%2F%2Flib%2Fpython3.11%2Flib-dynload%2Ftermios.cpython-311-x86_64-linux-gnu.so&path=%2F%2Flib%2Fpython3.11%2Flib-dynload HTTP/2.0" 200 20 "-" "Mozilla/5.0 AppleWebKit/537.36 (KHTML, like Gecko; compatible; ClaudeBot/1.0; +claudebot@anthropic.com)"
147.135.213.218 - - [31/Dec/2025:01:12:54 +0300] "GET /works/japanese-painting/?fileloc=/var/www/levasheva.ru/public/wp-includes/functions.wp-styles.php&path=/var/www/levasheva.ru/public/wp-includes HTTP/1.1" 200 31 "-" "Mozilla/5.0 (compatible; MJ12bot/v1.4.8; http://mj12bot.com/)"
74.7.227.185 - - [31/Dec/2025:01:12:55 +0300] "GET /?fileloc=//proc/36/task/36/syscall&path=//proc/36/task/36 HTTP/2.0" 200 20 "-" "Mozilla/5.0 AppleWebKit/537.36 (KHTML, like Gecko; compatible; GPTBot/1.3; +https://openai.com/gptbot)"
147.135.213.218 - - [31/Dec/2025:01:12:58 +0300] "GET /works/?fileloc=/var/www/levasheva.ru/public/wp-includes/rss.php&path=/var/www/levasheva.ru/public/wp-includes HTTP/1.1" 200 31 "-" "Mozilla/5.0 (compatible; MJ12bot/v1.4.8; http://mj12bot.com/)"
216.73.216.89 - - [31/Dec/2025:01:12:59 +0300] "GET /?path=%2F%2Fsys%2Fdevices%2Fpower%2Fpower HTTP/2.0" 200 20 "-" "Mozilla/5.0 AppleWebKit/537.36 (KHTML, like Gecko; compatible; ClaudeBot/1.0; +claudebot@anthropic.com)"
74.7.227.185 - - [31/Dec/2025:01:13:01 +0300] "GET /?fileloc=//proc/15/task/15/pagemap&path=//proc/15/task/15 HTTP/2.0" 200 20 "-" "Mozilla/5.0 AppleWebKit/537.36 (KHTML, like Gecko; compatible; GPTBot/1.3; +https://openai.com/gptbot)"
147.135.213.218 - - [31/Dec/2025:01:13:01 +0300] "GET /works/japanese-painting/?fileloc=/var/www/levasheva.ru/public/wp-includes/general-template.php&path=/var/www/levasheva.ru/public/wp-includes HTTP/1.1" 200 31 "-" "Mozilla/5.0 (compatible; MJ12bot/v1.4.8; http://mj12bot.com/)"
147.135.213.218 - - [31/Dec/2025:01:13:03 +0300] "GET /works/?fileloc=/var/www/levasheva.ru/public/wp-includes/script-loader.php&path=/var/www/levasheva.ru/public/wp-includes HTTP/1.1" 200 31 "-" "Mozilla/5.0 (compatible; MJ12bot/v1.4.8; http://mj12bot.com/)"
216.73.216.89 - - [31/Dec/2025:01:13:04 +0300] "GET /?fileloc=%2F%2Flib%2Fpython2.7%2Flib-dynload%2F_bsddb.x86_64-linux-gnu.so&path=%2F%2Flib%2Fpython2.7%2Flib-dynload HTTP/2.0" 200 20 "-" "Mozilla/5.0 AppleWebKit/537.36 (KHTML, like Gecko; compatible; ClaudeBot/1.0; +claudebot@anthropic.com)"
74.7.227.185 - - [31/Dec/2025:01:13:06 +0300] "GET /?fileloc=//proc/35/task/35/syscall&path=//proc/35/task/35 HTTP/2.0" 200 20 "-" "Mozilla/5.0 AppleWebKit/537.36 (KHTML, like Gecko; compatible; GPTBot/1.3; +https://openai.com/gptbot)"
147.135.213.218 - - [31/Dec/2025:01:13:07 +0300] "GET /works/japanese-painting/?fileloc=/var/www/levasheva.ru/public/wp-includes/global-styles-and-settings.php&path=/var/www/levasheva.ru/public/wp-includes HTTP/1.1" 200 31 "-" "Mozilla/5.0 (compatible; MJ12bot/v1.4.8; http://mj12bot.com/)"
94.23.188.214 - - [31/Dec/2025:01:13:08 +0300] "GET /buy/?path=//lost%20found HTTP/2.0" 200 20 "-" "Mozilla/5.0 (compatible; AhrefsBot/7.0; +http://ahrefs.com/robot/)"
147.135.213.218 - - [31/Dec/2025:01:13:09 +0300] "GET /works/?fileloc=/var/www/levasheva.ru/public/wp-includes/script-modules.php&path=/var/www/levasheva.ru/public/wp-includes HTTP/1.1" 200 31 "-" "Mozilla/5.0 (compatible; MJ12bot/v1.4.8; http://mj12bot.com/)"
216.73.216.89 - - [31/Dec/2025:01:13:10 +0300] "GET /sitemap_index.xml?path=%2F%2Fsys%2Fclass%2Fnet%2Flo HTTP/2.0" 200 14328 "-" "Mozilla/5.0 AppleWebKit/537.36 (KHTML, like Gecko; compatible; ClaudeBot/1.0; +claudebot@anthropic.com)"
74.7.227.185 - - [31/Dec/2025:01:13:11 +0300] "GET /?fileloc=//proc/54/task/54/syscall&path=//proc/54/task/54 HTTP/2.0" 200 20 "-" "Mozilla/5.0 AppleWebKit/537.36 (KHTML, like Gecko; compatible; GPTBot/1.3; +https://openai.com/gptbot)"
147.135.213.218 - - [31/Dec/2025:01:13:13 +0300] "GET /works/japanese-painting/?fileloc=/var/www/levasheva.ru/public/wp-includes/http.php&path=/var/www/levasheva.ru/public/wp-includes HTTP/1.1" 200 31 "-" "Mozilla/5.0 (compatible; MJ12bot/v1.4.8; http://mj12bot.com/)"
216.73.216.89 - - [31/Dec/2025:01:13:14 +0300] "GET /?path=%2F%2Fusr%2Fshare%2Fdoc%2Fnode-minipass-collect HTTP/2.0" 200 20 "-" "Mozilla/5.0 AppleWebKit/537.36 (KHTML, like Gecko; compatible; ClaudeBot/1.0; +claudebot@anthropic.com)"
147.135.213.218 - - [31/Dec/2025:01:13:15 +0300] "GET /works/?fileloc=/var/www/levasheva.ru/public/wp-includes/session.php&path=/var/www/levasheva.ru/public/wp-includes HTTP/1.1" 200 31 "-" "Mozilla/5.0 (compatible; MJ12bot/v1.4.8; http://mj12bot.com/)"
74.7.227.185 - - [31/Dec/2025:01:13:16 +0300] "GET /?fileloc=//proc/49/task/49/syscall&path=//proc/49/task/49 HTTP/2.0" 200 20 "-" "Mozilla/5.0 AppleWebKit/537.36 (KHTML, like Gecko; compatible; GPTBot/1.3; +https://openai.com/gptbot)"
216.73.216.89 - - [31/Dec/2025:01:13:19 +0300] "GET /?fileloc=%2F%2Flib%2Fapache2%2Fmodules%2Fmod_vhost_alias.so&path=%2F%2Flib%2Fapache2%2Fmodules HTTP/2.0" 200 20 "-" "Mozilla/5.0 AppleWebKit/537.36 (KHTML, like Gecko; compatible; ClaudeBot/1.0; +claudebot@anthropic.com)"
147.135.213.218 - - [31/Dec/2025:01:13:19 +0300] "GET /works/japanese-painting/?fileloc=/var/www/levasheva.ru/public/wp-includes/https-detection.php&path=/var/www/levasheva.ru/public/wp-includes HTTP/1.1" 200 31 "-" "Mozilla/5.0 (compatible; MJ12bot/v1.4.8; http://mj12bot.com/)"
147.135.213.218 - - [31/Dec/2025:01:13:21 +0300] "GET /works/?fileloc=/var/www/levasheva.ru/public/wp-includes/shortcodes.php&path=/var/www/levasheva.ru/public/wp-includes HTTP/1.1" 200 31 "-" "Mozilla/5.0 (compatible; MJ12bot/v1.4.8; http://mj12bot.com/)"
74.7.227.185 - - [31/Dec/2025:01:13:22 +0300] "GET /?fileloc=//proc/38/task/38/syscall&path=//proc/38/task/38 HTTP/2.0" 200 20 "-" "Mozilla/5.0 AppleWebKit/537.36 (KHTML, like Gecko; compatible; GPTBot/1.3; +https://openai.com/gptbot)"
216.73.216.89 - - [31/Dec/2025:01:13:24 +0300] "GET /?path=%2F%2Fusr%2Fshare%2Fdoc%2Fopen-iscsi HTTP/2.0" 200 20 "-" "Mozilla/5.0 AppleWebKit/537.36 (KHTML, like Gecko; compatible; ClaudeBot/1.0; +claudebot@anthropic.com)"
54.37.118.68 - - [31/Dec/2025:01:13:24 +0300] "GET /buy/?fileloc=//sbin/xtables-monitor&path=//sbin HTTP/2.0" 200 20 "-" "Mozilla/5.0 (compatible; AhrefsBot/7.0; +http://ahrefs.com/robot/)"
147.135.213.218 - - [31/Dec/2025:01:13:26 +0300] "GET /works/japanese-painting/?fileloc=/var/www/levasheva.ru/public/wp-includes/https-migration.php&path=/var/www/levasheva.ru/public/wp-includes HTTP/1.1" 200 31 "-" "Mozilla/5.0 (compatible; MJ12bot/v1.4.8; http://mj12bot.com/)"
147.135.213.218 - - [31/Dec/2025:01:13:26 +0300] "GET /works/?fileloc=/var/www/levasheva.ru/public/wp-includes/sitemaps.php&path=/var/www/levasheva.ru/public/wp-includes HTTP/1.1" 200 31 "-" "Mozilla/5.0 (compatible; MJ12bot/v1.4.8; http://mj12bot.com/)"
74.7.227.185 - - [31/Dec/2025:01:13:27 +0300] "GET /?fileloc=//proc/34/task/34/pagemap&path=//proc/34/task/34 HTTP/2.0" 200 20 "-" "Mozilla/5.0 AppleWebKit/537.36 (KHTML, like Gecko; compatible; GPTBot/1.3; +https://openai.com/gptbot)"
216.73.216.89 - - [31/Dec/2025:01:13:29 +0300] "GET /?path=%2F%2Fusr%2Fshare%2Fdoc%2Fkbproto HTTP/2.0" 200 20 "-" "Mozilla/5.0 AppleWebKit/537.36 (KHTML, like Gecko; compatible; ClaudeBot/1.0; +claudebot@anthropic.com)"
74.7.227.185 - - [31/Dec/2025:01:13:32 +0300] "GET /?fileloc=//proc/29/task/29/syscall&path=//proc/29/task/29 HTTP/2.0" 200 20 "-" "Mozilla/5.0 AppleWebKit/537.36 (KHTML, like Gecko; compatible; GPTBot/1.3; +https://openai.com/gptbot)"
147.135.213.218 - - [31/Dec/2025:01:13:32 +0300] "GET /works/japanese-painting/?fileloc=/var/www/levasheva.ru/public/wp-includes/kses.php&path=/var/www/levasheva.ru/public/wp-includes HTTP/1.1" 200 31 "-" "Mozilla/5.0 (compatible; MJ12bot/v1.4.8; http://mj12bot.com/)"
147.135.213.218 - - [31/Dec/2025:01:13:32 +0300] "GET /works/?fileloc=/var/www/levasheva.ru/public/wp-includes/speculative-loading.php&path=/var/www/levasheva.ru/public/wp-includes HTTP/1.1" 200 31 "-" "Mozilla/5.0 (compatible; MJ12bot/v1.4.8; http://mj12bot.com/)"
216.73.216.89 - - [31/Dec/2025:01:13:35 +0300] "GET /?path=%2F%2Fusr%2Fshare%2Fdoc%2Flibde265-0 HTTP/2.0" 200 20 "-" "Mozilla/5.0 AppleWebKit/537.36 (KHTML, like Gecko; compatible; ClaudeBot/1.0; +claudebot@anthropic.com)"
74.7.227.185 - - [31/Dec/2025:01:13:37 +0300] "GET /?fileloc=//proc/33/task/33/environ&path=//proc/33/task/33 HTTP/2.0" 200 20 "-" "Mozilla/5.0 AppleWebKit/537.36 (KHTML, like Gecko; compatible; GPTBot/1.3; +https://openai.com/gptbot)"
147.135.213.218 - - [31/Dec/2025:01:13:38 +0300] "GET /works/?fileloc=/var/www/levasheva.ru/public/wp-includes/spl-autoload-compat.php&path=/var/www/levasheva.ru/public/wp-includes HTTP/1.1" 200 31 "-" "Mozilla/5.0 (compatible; MJ12bot/v1.4.8; http://mj12bot.com/)"
147.135.213.218 - - [31/Dec/2025:01:13:38 +0300] "GET /works/japanese-painting/?fileloc=/var/www/levasheva.ru/public/wp-includes/l10n.php&path=/var/www/levasheva.ru/public/wp-includes HTTP/1.1" 200 31 "-" "Mozilla/5.0 (compatible; MJ12bot/v1.4.8; http://mj12bot.com/)"
216.73.216.89 - - [31/Dec/2025:01:13:41 +0300] "GET /sitemap_index.xml?path=%2F%2Fusr%2Flib%2Fapt HTTP/2.0" 200 14442 "-" "Mozilla/5.0 AppleWebKit/537.36 (KHTML, like Gecko; compatible; ClaudeBot/1.0; +claudebot@anthropic.com)"
74.7.227.185 - - [31/Dec/2025:01:13:43 +0300] "GET /?fileloc=//proc/18/task/18/pagemap&path=//proc/18/task/18 HTTP/2.0" 200 20 "-" "Mozilla/5.0 AppleWebKit/537.36 (KHTML, like Gecko; compatible; GPTBot/1.3; +https://openai.com/gptbot)"
147.135.213.218 - - [31/Dec/2025:01:13:44 +0300] "GET /works/?fileloc=/var/www/levasheva.ru/public/wp-includes/style-engine.php&path=/var/www/levasheva.ru/public/wp-includes HTTP/1.1" 200 31 "-" "Mozilla/5.0 (compatible; MJ12bot/v1.4.8; http://mj12bot.com/)"
216.73.216.89 - - [31/Dec/2025:01:13:45 +0300] "GET /?fileloc=%2F%2Flib%2Fcloudinit%2Fcmd%2Fmain.py&path=%2F%2Flib%2Fcloudinit%2Fcmd HTTP/2.0" 200 20 "-" "Mozilla/5.0 AppleWebKit/537.36 (KHTML, like Gecko; compatible; ClaudeBot/1.0; +claudebot@anthropic.com)"
51.75.236.157 - - [31/Dec/2025:01:13:45 +0300] "GET /buy/?fileloc=//sbin/xtables-legacy-multi&path=//sbin HTTP/2.0" 200 20 "-" "Mozilla/5.0 (compatible; AhrefsBot/7.0; +http://ahrefs.com/robot/)"
147.135.213.218 - - [31/Dec/2025:01:13:46 +0300] "GET /works/japanese-painting/?fileloc=/var/www/levasheva.ru/public/wp-includes/link-template.php&path=/var/www/levasheva.ru/public/wp-includes HTTP/1.1" 200 31 "-" "Mozilla/5.0 (compatible; MJ12bot/v1.4.8; http://mj12bot.com/)"
74.7.227.185 - - [31/Dec/2025:01:13:48 +0300] "GET /?fileloc=//proc/59/task/59/pagemap&path=//proc/59/task/59 HTTP/2.0" 200 20 "-" "Mozilla/5.0 AppleWebKit/537.36 (KHTML, like Gecko; compatible; GPTBot/1.3; +https://openai.com/gptbot)"
147.135.213.218 - - [31/Dec/2025:01:13:50 +0300] "GET /works/?fileloc=/var/www/levasheva.ru/public/wp-includes/template-canvas.php&path=/var/www/levasheva.ru/public/wp-includes HTTP/1.1" 200 31 "-" "Mozilla/5.0 (compatible; MJ12bot/v1.4.8; http://mj12bot.com/)"
216.73.216.89 - - [31/Dec/2025:01:13:51 +0300] "GET /sitemap_index.xml?path=%2F%2Fproc%2F158%2Fmap_files HTTP/2.0" 200 14363 "-" "Mozilla/5.0 AppleWebKit/537.36 (KHTML, like Gecko; compatible; ClaudeBot/1.0; +claudebot@anthropic.com)"
147.135.213.218 - - [31/Dec/2025:01:13:52 +0300] "GET /works/japanese-painting/?fileloc=/var/www/levasheva.ru/public/wp-includes/load.php&path=/var/www/levasheva.ru/public/wp-includes HTTP/1.1" 200 31 "-" "Mozilla/5.0 (compatible; MJ12bot/v1.4.8; http://mj12bot.com/)"
74.7.227.185 - - [31/Dec/2025:01:13:53 +0300] "GET /?fileloc=//proc/22/task/22/cmdline&path=//proc/22/task/22 HTTP/2.0" 200 20 "-" "Mozilla/5.0 AppleWebKit/537.36 (KHTML, like Gecko; compatible; GPTBot/1.3; +https://openai.com/gptbot)"
216.73.216.89 - - [31/Dec/2025:01:13:55 +0300] "GET /?fileloc=%2F%2Fsys%2Fmodule%2Fbinfmt_misc%2Ftaint&path=%2F%2Fsys%2Fmodule%2Fbinfmt_misc HTTP/2.0" 200 20 "-" "Mozilla/5.0 AppleWebKit/537.36 (KHTML, like Gecko; compatible; ClaudeBot/1.0; +claudebot@anthropic.com)"
147.135.213.218 - - [31/Dec/2025:01:13:56 +0300] "GET /works/?fileloc=/var/www/levasheva.ru/public/wp-includes/template.php&path=/var/www/levasheva.ru/public/wp-includes HTTP/1.1" 200 31 "-" "Mozilla/5.0 (compatible; MJ12bot/v1.4.8; http://mj12bot.com/)"
