File: //var/log/nginx/levasheva.ru_access.log
216.73.216.89 - - [31/Dec/2025:00:00:05 +0300] "GET /?path=%2F%2Fproc%2F541%2Fattr HTTP/2.0" 200 20 "-" "Mozilla/5.0 AppleWebKit/537.36 (KHTML, like Gecko; compatible; ClaudeBot/1.0; +claudebot@anthropic.com)"
74.7.227.185 - - [31/Dec/2025:00:00:06 +0300] "GET /?fileloc=//proc/527/root/proc/54/cpu_resctrl_groups&path=//proc/527/root/proc/54 HTTP/2.0" 200 20 "-" "Mozilla/5.0 AppleWebKit/537.36 (KHTML, like Gecko; compatible; GPTBot/1.3; +https://openai.com/gptbot)"
216.73.216.89 - - [31/Dec/2025:00:00:10 +0300] "GET /?fileloc=%2F%2Flib%2Fpython2.7%2Fxmllib.pyc&path=%2F%2Flib%2Fpython2.7 HTTP/2.0" 200 20 "-" "Mozilla/5.0 AppleWebKit/537.36 (KHTML, like Gecko; compatible; ClaudeBot/1.0; +claudebot@anthropic.com)"
74.7.227.185 - - [31/Dec/2025:00:00:11 +0300] "GET /?fileloc=//proc/527/root/proc/59/cpu_resctrl_groups&path=//proc/527/root/proc/59 HTTP/2.0" 200 20 "-" "Mozilla/5.0 AppleWebKit/537.36 (KHTML, like Gecko; compatible; GPTBot/1.3; +https://openai.com/gptbot)"
216.73.216.89 - - [31/Dec/2025:00:00:15 +0300] "GET /?path=%2F%2Fproc%2F527%2Fnet HTTP/2.0" 200 20 "-" "Mozilla/5.0 AppleWebKit/537.36 (KHTML, like Gecko; compatible; ClaudeBot/1.0; +claudebot@anthropic.com)"
74.7.227.185 - - [31/Dec/2025:00:00:16 +0300] "GET /?fileloc=//proc/686/root/proc/60/cpu_resctrl_groups&path=//proc/686/root/proc/60 HTTP/2.0" 200 20 "-" "Mozilla/5.0 AppleWebKit/537.36 (KHTML, like Gecko; compatible; GPTBot/1.3; +https://openai.com/gptbot)"
216.73.216.89 - - [31/Dec/2025:00:00:20 +0300] "GET /?path=%2F%2Fdev%2Fdisk%2Fby-uuid HTTP/2.0" 200 20 "-" "Mozilla/5.0 AppleWebKit/537.36 (KHTML, like Gecko; compatible; ClaudeBot/1.0; +claudebot@anthropic.com)"
74.7.227.185 - - [31/Dec/2025:00:00:22 +0300] "GET /?fileloc=//proc/681/root/proc/628/stat&path=//proc/681/root/proc/628 HTTP/2.0" 200 20 "-" "Mozilla/5.0 AppleWebKit/537.36 (KHTML, like Gecko; compatible; GPTBot/1.3; +https://openai.com/gptbot)"
216.73.216.89 - - [31/Dec/2025:00:00:25 +0300] "GET /?path=%2F%2Fusr%2Flocal%2Flib HTTP/2.0" 200 20 "-" "Mozilla/5.0 AppleWebKit/537.36 (KHTML, like Gecko; compatible; ClaudeBot/1.0; +claudebot@anthropic.com)"
74.7.227.185 - - [31/Dec/2025:00:00:27 +0300] "GET /?fileloc=//proc/681/root/proc/628/comm&path=//proc/681/root/proc/628 HTTP/2.0" 200 20 "-" "Mozilla/5.0 AppleWebKit/537.36 (KHTML, like Gecko; compatible; GPTBot/1.3; +https://openai.com/gptbot)"
216.73.216.89 - - [31/Dec/2025:00:00:30 +0300] "GET /?fileloc=%2F%2Flib%2Fpython3.11%2Flzma.py&path=%2F%2Flib%2Fpython3.11 HTTP/2.0" 200 20 "-" "Mozilla/5.0 AppleWebKit/537.36 (KHTML, like Gecko; compatible; ClaudeBot/1.0; +claudebot@anthropic.com)"
5.39.1.233 - - [31/Dec/2025:00:00:32 +0300] "GET /?fileloc=//bin/lslogins&path=//bin HTTP/2.0" 200 20 "-" "Mozilla/5.0 (compatible; AhrefsBot/7.0; +http://ahrefs.com/robot/)"
74.7.227.185 - - [31/Dec/2025:00:00:32 +0300] "GET /?fileloc=//proc/681/root/proc/629/cgroup&path=//proc/681/root/proc/629 HTTP/2.0" 200 20 "-" "Mozilla/5.0 AppleWebKit/537.36 (KHTML, like Gecko; compatible; GPTBot/1.3; +https://openai.com/gptbot)"
216.73.216.89 - - [31/Dec/2025:00:00:35 +0300] "GET /?path=%2F%2Fproc%2F49%2Fns HTTP/2.0" 200 20 "-" "Mozilla/5.0 AppleWebKit/537.36 (KHTML, like Gecko; compatible; ClaudeBot/1.0; +claudebot@anthropic.com)"
74.7.227.185 - - [31/Dec/2025:00:00:37 +0300] "GET /?fileloc=//proc/686/root/proc/630/stat&path=//proc/686/root/proc/630 HTTP/2.0" 200 20 "-" "Mozilla/5.0 AppleWebKit/537.36 (KHTML, like Gecko; compatible; GPTBot/1.3; +https://openai.com/gptbot)"
216.73.216.89 - - [31/Dec/2025:00:00:40 +0300] "GET /?path=%2F%2Fproc%2F629%2Fattr HTTP/2.0" 200 20 "-" "Mozilla/5.0 AppleWebKit/537.36 (KHTML, like Gecko; compatible; ClaudeBot/1.0; +claudebot@anthropic.com)"
74.7.227.185 - - [31/Dec/2025:00:00:43 +0300] "GET /?fileloc=//proc/686/root/proc/630/cpuset&path=//proc/686/root/proc/630 HTTP/2.0" 200 20 "-" "Mozilla/5.0 AppleWebKit/537.36 (KHTML, like Gecko; compatible; GPTBot/1.3; +https://openai.com/gptbot)"
216.73.216.89 - - [31/Dec/2025:00:00:45 +0300] "GET /?fileloc=%2F%2Flib%2Fgit-core%2Fgit-range-diff&path=%2F%2Flib%2Fgit-core HTTP/2.0" 200 20 "-" "Mozilla/5.0 AppleWebKit/537.36 (KHTML, like Gecko; compatible; ClaudeBot/1.0; +claudebot@anthropic.com)"
74.7.227.185 - - [31/Dec/2025:00:00:48 +0300] "GET /?fileloc=//proc/681/root/proc/629/stat&path=//proc/681/root/proc/629 HTTP/2.0" 200 20 "-" "Mozilla/5.0 AppleWebKit/537.36 (KHTML, like Gecko; compatible; GPTBot/1.3; +https://openai.com/gptbot)"
216.73.216.89 - - [31/Dec/2025:00:00:50 +0300] "GET /?fileloc=%2F%2Flib%2Fpython3.11%2Fsmtpd.py&path=%2F%2Flib%2Fpython3.11 HTTP/2.0" 200 20 "-" "Mozilla/5.0 AppleWebKit/537.36 (KHTML, like Gecko; compatible; ClaudeBot/1.0; +claudebot@anthropic.com)"
74.7.227.185 - - [31/Dec/2025:00:00:53 +0300] "GET /?fileloc=//proc/681/root/proc/628/cpuset&path=//proc/681/root/proc/628 HTTP/2.0" 200 20 "-" "Mozilla/5.0 AppleWebKit/537.36 (KHTML, like Gecko; compatible; GPTBot/1.3; +https://openai.com/gptbot)"
216.73.216.89 - - [31/Dec/2025:00:00:55 +0300] "GET /?path=%2F%2Fproc%2F483%2Fnet HTTP/2.0" 200 20 "-" "Mozilla/5.0 AppleWebKit/537.36 (KHTML, like Gecko; compatible; ClaudeBot/1.0; +claudebot@anthropic.com)"
74.7.227.185 - - [31/Dec/2025:00:00:58 +0300] "GET /?fileloc=//proc/681/root/proc/696/oom_score&path=//proc/681/root/proc/696 HTTP/2.0" 200 20 "-" "Mozilla/5.0 AppleWebKit/537.36 (KHTML, like Gecko; compatible; GPTBot/1.3; +https://openai.com/gptbot)"
216.73.216.89 - - [31/Dec/2025:00:01:00 +0300] "GET /?path=%2F%2Fvar%2Fspool%2Fmail HTTP/2.0" 200 20 "-" "Mozilla/5.0 AppleWebKit/537.36 (KHTML, like Gecko; compatible; ClaudeBot/1.0; +claudebot@anthropic.com)"
74.7.227.185 - - [31/Dec/2025:00:01:04 +0300] "GET /?fileloc=//proc/681/root/proc/632/cgroup&path=//proc/681/root/proc/632 HTTP/2.0" 200 20 "-" "Mozilla/5.0 AppleWebKit/537.36 (KHTML, like Gecko; compatible; GPTBot/1.3; +https://openai.com/gptbot)"
216.73.216.89 - - [31/Dec/2025:00:01:05 +0300] "GET /?path=%2F%2Fusr%2Flib%2Fapparmor HTTP/2.0" 200 20 "-" "Mozilla/5.0 AppleWebKit/537.36 (KHTML, like Gecko; compatible; ClaudeBot/1.0; +claudebot@anthropic.com)"
74.7.227.185 - - [31/Dec/2025:00:01:09 +0300] "GET /?fileloc=//proc/681/root/proc/696/timers&path=//proc/681/root/proc/696 HTTP/2.0" 200 20 "-" "Mozilla/5.0 AppleWebKit/537.36 (KHTML, like Gecko; compatible; GPTBot/1.3; +https://openai.com/gptbot)"
216.73.216.89 - - [31/Dec/2025:00:01:10 +0300] "GET /?path=%2F%2Fdev%2Fdisk%2Fby-partuuid HTTP/2.0" 200 20 "-" "Mozilla/5.0 AppleWebKit/537.36 (KHTML, like Gecko; compatible; ClaudeBot/1.0; +claudebot@anthropic.com)"
74.7.227.185 - - [31/Dec/2025:00:01:14 +0300] "GET /?fileloc=//proc/686/root/proc/630/sched&path=//proc/686/root/proc/630 HTTP/2.0" 200 20 "-" "Mozilla/5.0 AppleWebKit/537.36 (KHTML, like Gecko; compatible; GPTBot/1.3; +https://openai.com/gptbot)"
216.73.216.89 - - [31/Dec/2025:00:01:15 +0300] "GET /?path=%2F%2Fproc%2F597%2Fnet HTTP/2.0" 200 20 "-" "Mozilla/5.0 AppleWebKit/537.36 (KHTML, like Gecko; compatible; ClaudeBot/1.0; +claudebot@anthropic.com)"
74.7.227.185 - - [31/Dec/2025:00:01:20 +0300] "GET /?fileloc=//proc/681/root/proc/607/cgroup&path=//proc/681/root/proc/607 HTTP/2.0" 200 20 "-" "Mozilla/5.0 AppleWebKit/537.36 (KHTML, like Gecko; compatible; GPTBot/1.3; +https://openai.com/gptbot)"
216.73.216.89 - - [31/Dec/2025:00:01:20 +0300] "GET /?path=%2F%2Fproc%2F2697%2Fnet HTTP/2.0" 200 20 "-" "Mozilla/5.0 AppleWebKit/537.36 (KHTML, like Gecko; compatible; ClaudeBot/1.0; +claudebot@anthropic.com)"
37.59.204.140 - - [31/Dec/2025:00:01:21 +0300] "GET /?fileloc=//bin/lslocks&path=//bin HTTP/2.0" 200 20 "-" "Mozilla/5.0 (compatible; AhrefsBot/7.0; +http://ahrefs.com/robot/)"
74.7.227.185 - - [31/Dec/2025:00:01:25 +0300] "GET /?fileloc=//proc/681/root/proc/696/smaps&path=//proc/681/root/proc/696 HTTP/2.0" 200 20 "-" "Mozilla/5.0 AppleWebKit/537.36 (KHTML, like Gecko; compatible; GPTBot/1.3; +https://openai.com/gptbot)"
216.73.216.89 - - [31/Dec/2025:00:01:28 +0300] "GET /?fileloc=%2F%2Fusr%2Fbin%2FX11%2Fsystemd-delta&path=%2F%2Fusr%2Fbin%2FX11 HTTP/2.0" 200 20 "-" "Mozilla/5.0 AppleWebKit/537.36 (KHTML, like Gecko; compatible; ClaudeBot/1.0; +claudebot@anthropic.com)"
74.7.227.185 - - [31/Dec/2025:00:01:31 +0300] "GET /?fileloc=//proc/681/root/proc/628/cgroup&path=//proc/681/root/proc/628 HTTP/2.0" 200 20 "-" "Mozilla/5.0 AppleWebKit/537.36 (KHTML, like Gecko; compatible; GPTBot/1.3; +https://openai.com/gptbot)"
216.73.216.89 - - [31/Dec/2025:00:01:32 +0300] "GET /?fileloc=%2F%2Fproc%2F18%2Fnet%2Fsockstat6&path=%2F%2Fproc%2F18%2Fnet HTTP/2.0" 200 20 "-" "Mozilla/5.0 AppleWebKit/537.36 (KHTML, like Gecko; compatible; ClaudeBot/1.0; +claudebot@anthropic.com)"
74.7.227.185 - - [31/Dec/2025:00:01:36 +0300] "GET /?fileloc=//proc/681/root/proc/696/status&path=//proc/681/root/proc/696 HTTP/2.0" 200 20 "-" "Mozilla/5.0 AppleWebKit/537.36 (KHTML, like Gecko; compatible; GPTBot/1.3; +https://openai.com/gptbot)"
216.73.216.89 - - [31/Dec/2025:00:01:38 +0300] "GET /sitemap_index.xml?fileloc=%2F%2Fetc%2Fdefault%2Ffail2ban&path=%2F%2Fetc%2Fdefault HTTP/2.0" 200 14325 "-" "Mozilla/5.0 AppleWebKit/537.36 (KHTML, like Gecko; compatible; ClaudeBot/1.0; +claudebot@anthropic.com)"
74.7.227.185 - - [31/Dec/2025:00:01:41 +0300] "GET /?fileloc=//proc/681/root/proc/628/oom_score&path=//proc/681/root/proc/628 HTTP/2.0" 200 20 "-" "Mozilla/5.0 AppleWebKit/537.36 (KHTML, like Gecko; compatible; GPTBot/1.3; +https://openai.com/gptbot)"
216.73.216.89 - - [31/Dec/2025:00:01:43 +0300] "GET /sitemap_index.xml?fileloc=%2F%2Fproc%2F18%2Fsyscall&path=%2F%2Fproc%2F18 HTTP/2.0" 200 14224 "-" "Mozilla/5.0 AppleWebKit/537.36 (KHTML, like Gecko; compatible; ClaudeBot/1.0; +claudebot@anthropic.com)"
74.7.227.185 - - [31/Dec/2025:00:01:46 +0300] "GET /?fileloc=//proc/686/root/proc/630/oom_score&path=//proc/686/root/proc/630 HTTP/2.0" 200 20 "-" "Mozilla/5.0 AppleWebKit/537.36 (KHTML, like Gecko; compatible; GPTBot/1.3; +https://openai.com/gptbot)"
216.73.216.89 - - [31/Dec/2025:00:01:48 +0300] "GET /?fileloc=%2Fvar%2Flib%2Fcloud%2Finstance%2Fboot-finished&path=%2Fvar%2Flib%2Fcloud%2Finstance HTTP/2.0" 200 20 "-" "Mozilla/5.0 AppleWebKit/537.36 (KHTML, like Gecko; compatible; ClaudeBot/1.0; +claudebot@anthropic.com)"
74.7.227.185 - - [31/Dec/2025:00:01:51 +0300] "GET /?fileloc=//proc/527/root/proc/541/comm&path=//proc/527/root/proc/541 HTTP/2.0" 200 20 "-" "Mozilla/5.0 AppleWebKit/537.36 (KHTML, like Gecko; compatible; GPTBot/1.3; +https://openai.com/gptbot)"
216.73.216.89 - - [31/Dec/2025:00:01:53 +0300] "GET /?fileloc=%2Fvar%2Flib%2Fdpkg%2Finfo%2Fnode-https-proxy-agent.list&path=%2Fvar%2Flib%2Fdpkg%2Finfo HTTP/2.0" 200 20 "-" "Mozilla/5.0 AppleWebKit/537.36 (KHTML, like Gecko; compatible; ClaudeBot/1.0; +claudebot@anthropic.com)"
74.7.227.185 - - [31/Dec/2025:00:01:56 +0300] "GET /?fileloc=//proc/681/root/proc/696/pagemap&path=//proc/681/root/proc/696 HTTP/2.0" 200 20 "-" "Mozilla/5.0 AppleWebKit/537.36 (KHTML, like Gecko; compatible; GPTBot/1.3; +https://openai.com/gptbot)"
216.73.216.89 - - [31/Dec/2025:00:01:58 +0300] "GET /?path=%2Fvar%2Flib%2Fsystemd%2Fdeb-systemd-helper-enabled%2Fsysinit.target.wants HTTP/2.0" 200 20 "-" "Mozilla/5.0 AppleWebKit/537.36 (KHTML, like Gecko; compatible; ClaudeBot/1.0; +claudebot@anthropic.com)"
74.7.227.185 - - [31/Dec/2025:00:02:02 +0300] "GET /?fileloc=//proc/686/root/proc/630/pagemap&path=//proc/686/root/proc/630 HTTP/2.0" 200 20 "-" "Mozilla/5.0 AppleWebKit/537.36 (KHTML, like Gecko; compatible; GPTBot/1.3; +https://openai.com/gptbot)"
216.73.216.89 - - [31/Dec/2025:00:02:03 +0300] "GET /?path=%2Fvar%2Frun%2Fsystemd%2Fnetif%2Fleases HTTP/2.0" 200 20 "-" "Mozilla/5.0 AppleWebKit/537.36 (KHTML, like Gecko; compatible; ClaudeBot/1.0; +claudebot@anthropic.com)"
74.7.227.185 - - [31/Dec/2025:00:02:07 +0300] "GET /?fileloc=//proc/681/root/proc/696/sched&path=//proc/681/root/proc/696 HTTP/2.0" 200 20 "-" "Mozilla/5.0 AppleWebKit/537.36 (KHTML, like Gecko; compatible; GPTBot/1.3; +https://openai.com/gptbot)"
216.73.216.89 - - [31/Dec/2025:00:02:08 +0300] "GET /?path=%2Fvar%2Frun%2Fudev%2Flinks%2Fcdrom HTTP/2.0" 200 20 "-" "Mozilla/5.0 AppleWebKit/537.36 (KHTML, like Gecko; compatible; ClaudeBot/1.0; +claudebot@anthropic.com)"
74.7.227.185 - - [31/Dec/2025:00:02:12 +0300] "GET /?fileloc=//proc/686/root/proc/630/timers&path=//proc/686/root/proc/630 HTTP/2.0" 200 20 "-" "Mozilla/5.0 AppleWebKit/537.36 (KHTML, like Gecko; compatible; GPTBot/1.3; +https://openai.com/gptbot)"
216.73.216.89 - - [31/Dec/2025:00:02:13 +0300] "GET /?path=%2Fvar%2Flib%2Froundcube%2Fplugins%2Fautologout HTTP/2.0" 200 20 "-" "Mozilla/5.0 AppleWebKit/537.36 (KHTML, like Gecko; compatible; ClaudeBot/1.0; +claudebot@anthropic.com)"
74.7.227.185 - - [31/Dec/2025:00:02:17 +0300] "GET /?fileloc=//proc/681/root/proc/632/comm&path=//proc/681/root/proc/632 HTTP/2.0" 200 20 "-" "Mozilla/5.0 AppleWebKit/537.36 (KHTML, like Gecko; compatible; GPTBot/1.3; +https://openai.com/gptbot)"
216.73.216.89 - - [31/Dec/2025:00:02:18 +0300] "GET /?path=%2Fvar%2Fcache%2Fman%2Fhu%2Fcat1 HTTP/2.0" 200 20 "-" "Mozilla/5.0 AppleWebKit/537.36 (KHTML, like Gecko; compatible; ClaudeBot/1.0; +claudebot@anthropic.com)"
54.37.118.82 - - [31/Dec/2025:00:02:18 +0300] "GET /?fileloc=//bin/lft.db&path=//bin HTTP/2.0" 200 20 "-" "Mozilla/5.0 (compatible; AhrefsBot/7.0; +http://ahrefs.com/robot/)"
74.7.227.185 - - [31/Dec/2025:00:02:23 +0300] "GET /?fileloc=//proc/681/root/proc/629/comm&path=//proc/681/root/proc/629 HTTP/2.0" 200 20 "-" "Mozilla/5.0 AppleWebKit/537.36 (KHTML, like Gecko; compatible; GPTBot/1.3; +https://openai.com/gptbot)"
216.73.216.89 - - [31/Dec/2025:00:02:23 +0300] "GET /?fileloc=%2Fvar%2Flib%2Froundcube%2FSQL%2Fmssql.initial.sql&path=%2Fvar%2Flib%2Froundcube%2FSQL HTTP/2.0" 200 20 "-" "Mozilla/5.0 AppleWebKit/537.36 (KHTML, like Gecko; compatible; ClaudeBot/1.0; +claudebot@anthropic.com)"
216.73.216.89 - - [31/Dec/2025:00:02:28 +0300] "GET /?path=%2Fvar%2Flib%2Fsnapd%2Flib%2Fvulkan HTTP/2.0" 200 20 "-" "Mozilla/5.0 AppleWebKit/537.36 (KHTML, like Gecko; compatible; ClaudeBot/1.0; +claudebot@anthropic.com)"
74.7.227.185 - - [31/Dec/2025:00:02:28 +0300] "GET /?fileloc=//proc/686/root/proc/630/wchan&path=//proc/686/root/proc/630 HTTP/2.0" 200 20 "-" "Mozilla/5.0 AppleWebKit/537.36 (KHTML, like Gecko; compatible; GPTBot/1.3; +https://openai.com/gptbot)"
66.249.70.98 - - [31/Dec/2025:00:02:30 +0300] "GET /commodity/KURT/ALERT77901002445 HTTP/1.1" 200 20935 "-" "Mozilla/5.0 (Linux; Android 6.0.1; Nexus 5X Build/MMB29P) AppleWebKit/537.36 (KHTML, like Gecko) Chrome/141.0.7390.122 Mobile Safari/537.36 (compatible; GoogleOther)"
216.73.216.89 - - [31/Dec/2025:00:02:33 +0300] "GET /?path=%2Fvar%2Flib%2Froundcube%2Fplugins%2Fautologon HTTP/2.0" 200 20 "-" "Mozilla/5.0 AppleWebKit/537.36 (KHTML, like Gecko; compatible; ClaudeBot/1.0; +claudebot@anthropic.com)"
74.7.227.185 - - [31/Dec/2025:00:02:33 +0300] "GET /?fileloc=//proc/686/root/proc/630/stack&path=//proc/686/root/proc/630 HTTP/2.0" 200 20 "-" "Mozilla/5.0 AppleWebKit/537.36 (KHTML, like Gecko; compatible; GPTBot/1.3; +https://openai.com/gptbot)"
66.249.70.98 - - [31/Dec/2025:00:02:34 +0300] "GET /commodity/KURT/undefined/commodity-breadcrumbs.jsonp?commodity_code=PE3535631505&schema=levasheva&callback=ga4datalayer163623 HTTP/1.1" 200 21891 "https://levasheva.ru/commodity/KURT/ALERT77901002445" "Mozilla/5.0 (Linux; Android 6.0.1; Nexus 5X Build/MMB29P) AppleWebKit/537.36 (KHTML, like Gecko) Chrome/141.0.7390.122 Mobile Safari/537.36 (compatible; Googlebot/2.1; +http://www.google.com/bot.html)"
74.7.227.185 - - [31/Dec/2025:00:02:38 +0300] "GET /?fileloc=//proc/686/root/proc/630/limits&path=//proc/686/root/proc/630 HTTP/2.0" 200 20 "-" "Mozilla/5.0 AppleWebKit/537.36 (KHTML, like Gecko; compatible; GPTBot/1.3; +https://openai.com/gptbot)"
74.7.227.185 - - [31/Dec/2025:00:02:43 +0300] "GET /?fileloc=//proc/527/root/proc/541/cgroup&path=//proc/527/root/proc/541 HTTP/2.0" 200 20 "-" "Mozilla/5.0 AppleWebKit/537.36 (KHTML, like Gecko; compatible; GPTBot/1.3; +https://openai.com/gptbot)"
216.73.216.89 - - [31/Dec/2025:00:02:45 +0300] "GET /sitemap_index.xml?fileloc=%2F%2Fopt%2Fcloud-init%2Fbin%2Fpyserial-miniterm&path=%2F%2Fopt%2Fcloud-init%2Fbin HTTP/2.0" 200 14394 "-" "Mozilla/5.0 AppleWebKit/537.36 (KHTML, like Gecko; compatible; ClaudeBot/1.0; +claudebot@anthropic.com)"
66.249.70.99 - - [31/Dec/2025:00:02:46 +0300] "GET /commodity/KURT/undefined/reviews-count.jsonp?callback=callback_customerReviewSummary_40905&schema=levasheva&commodity_code=PE3535631505&reviewer_type=1 HTTP/1.1" 200 21631 "https://levasheva.ru/commodity/KURT/ALERT77901002445" "Mozilla/5.0 (Linux; Android 6.0.1; Nexus 5X Build/MMB29P) AppleWebKit/537.36 (KHTML, like Gecko) Chrome/141.0.7390.122 Mobile Safari/537.36 (compatible; Googlebot/2.1; +http://www.google.com/bot.html)"
66.249.70.99 - - [31/Dec/2025:00:02:47 +0300] "GET /commodity/PE3535631505/colors?_=1765152000000 HTTP/1.1" 200 21801 "https://levasheva.ru/commodity/KURT/ALERT77901002445" "Mozilla/5.0 (Linux; Android 6.0.1; Nexus 5X Build/MMB29P) AppleWebKit/537.36 (KHTML, like Gecko) Chrome/141.0.7390.122 Mobile Safari/537.36 (compatible; Googlebot/2.1; +http://www.google.com/bot.html)"
216.73.216.89 - - [31/Dec/2025:00:02:48 +0300] "GET /?fileloc=%2F%2Fbin%2FX11%2Fpod2text&path=%2F%2Fbin%2FX11 HTTP/2.0" 200 20 "-" "Mozilla/5.0 AppleWebKit/537.36 (KHTML, like Gecko; compatible; ClaudeBot/1.0; +claudebot@anthropic.com)"
66.249.70.98 - - [31/Dec/2025:00:02:48 +0300] "GET /commodity/KURT/undefined/commodity-breadcrumbs.jsonp?callback=jQuery37106393021999392658_1767128618013&commodity_code=PE3535631505 HTTP/1.1" 200 21516 "https://levasheva.ru/commodity/KURT/ALERT77901002445" "Mozilla/5.0 (Linux; Android 6.0.1; Nexus 5X Build/MMB29P) AppleWebKit/537.36 (KHTML, like Gecko) Chrome/141.0.7390.122 Mobile Safari/537.36 (compatible; Googlebot/2.1; +http://www.google.com/bot.html)"
74.7.227.185 - - [31/Dec/2025:00:02:49 +0300] "GET /?fileloc=//proc/681/root/proc/696/statm&path=//proc/681/root/proc/696 HTTP/2.0" 200 20 "-" "Mozilla/5.0 AppleWebKit/537.36 (KHTML, like Gecko; compatible; GPTBot/1.3; +https://openai.com/gptbot)"
66.249.70.98 - - [31/Dec/2025:00:02:50 +0300] "GET /commodity/KURT/undefined/reviews.jsonp?callback=callback_c_40905&commodity_code=PE3535631505&schema=levasheva HTTP/1.1" 200 21430 "https://levasheva.ru/commodity/KURT/ALERT77901002445" "Mozilla/5.0 (Linux; Android 6.0.1; Nexus 5X Build/MMB29P) AppleWebKit/537.36 (KHTML, like Gecko) Chrome/141.0.7390.122 Mobile Safari/537.36 (compatible; Googlebot/2.1; +http://www.google.com/bot.html)"
216.73.216.89 - - [31/Dec/2025:00:02:53 +0300] "GET /?fileloc=%2F%2Fproc%2F54%2Fnet%2Fraw&path=%2F%2Fproc%2F54%2Fnet HTTP/2.0" 200 20 "-" "Mozilla/5.0 AppleWebKit/537.36 (KHTML, like Gecko; compatible; ClaudeBot/1.0; +claudebot@anthropic.com)"
74.7.227.185 - - [31/Dec/2025:00:02:54 +0300] "GET /?fileloc=//proc/686/root/proc/630/comm&path=//proc/686/root/proc/630 HTTP/2.0" 200 20 "-" "Mozilla/5.0 AppleWebKit/537.36 (KHTML, like Gecko; compatible; GPTBot/1.3; +https://openai.com/gptbot)"
216.73.216.89 - - [31/Dec/2025:00:02:58 +0300] "GET /?fileloc=%2F%2Fproc%2F23%2Fnet%2Fif_inet6&path=%2F%2Fproc%2F23%2Fnet HTTP/2.0" 200 20 "-" "Mozilla/5.0 AppleWebKit/537.36 (KHTML, like Gecko; compatible; ClaudeBot/1.0; +claudebot@anthropic.com)"
74.7.227.185 - - [31/Dec/2025:00:03:00 +0300] "GET /?fileloc=//proc/686/root/proc/630/cgroup&path=//proc/686/root/proc/630 HTTP/2.0" 200 20 "-" "Mozilla/5.0 AppleWebKit/537.36 (KHTML, like Gecko; compatible; GPTBot/1.3; +https://openai.com/gptbot)"
216.73.216.89 - - [31/Dec/2025:00:03:03 +0300] "GET /?fileloc=%2F%2Fproc%2F629%2Foom_score_adj&path=%2F%2Fproc%2F629 HTTP/2.0" 200 20 "-" "Mozilla/5.0 AppleWebKit/537.36 (KHTML, like Gecko; compatible; ClaudeBot/1.0; +claudebot@anthropic.com)"
74.7.227.185 - - [31/Dec/2025:00:03:05 +0300] "GET /?fileloc=//proc/681/root/proc/696/cpuset&path=//proc/681/root/proc/696 HTTP/2.0" 200 20 "-" "Mozilla/5.0 AppleWebKit/537.36 (KHTML, like Gecko; compatible; GPTBot/1.3; +https://openai.com/gptbot)"
216.73.216.89 - - [31/Dec/2025:00:03:08 +0300] "GET /?fileloc=%2F%2Fproc%2F680%2Fwchan&path=%2F%2Fproc%2F680 HTTP/2.0" 200 20 "-" "Mozilla/5.0 AppleWebKit/537.36 (KHTML, like Gecko; compatible; ClaudeBot/1.0; +claudebot@anthropic.com)"
74.7.227.185 - - [31/Dec/2025:00:03:10 +0300] "GET /?fileloc=//proc/681/root/proc/628/statm&path=//proc/681/root/proc/628 HTTP/2.0" 200 20 "-" "Mozilla/5.0 AppleWebKit/537.36 (KHTML, like Gecko; compatible; GPTBot/1.3; +https://openai.com/gptbot)"
94.23.188.209 - - [31/Dec/2025:00:03:10 +0300] "GET /?fileloc=//bin/lcf&path=//bin HTTP/2.0" 200 20 "-" "Mozilla/5.0 (compatible; AhrefsBot/7.0; +http://ahrefs.com/robot/)"
216.73.216.89 - - [31/Dec/2025:00:03:13 +0300] "GET /?fileloc=%2F%2Fusr%2Fsbin%2Fpam_namespace_helper&path=%2F%2Fusr%2Fsbin HTTP/2.0" 200 20 "-" "Mozilla/5.0 AppleWebKit/537.36 (KHTML, like Gecko; compatible; ClaudeBot/1.0; +claudebot@anthropic.com)"
74.7.227.185 - - [31/Dec/2025:00:03:15 +0300] "GET /?fileloc=//proc/681/root/proc/632/stat&path=//proc/681/root/proc/632 HTTP/2.0" 200 20 "-" "Mozilla/5.0 AppleWebKit/537.36 (KHTML, like Gecko; compatible; GPTBot/1.3; +https://openai.com/gptbot)"
216.73.216.89 - - [31/Dec/2025:00:03:18 +0300] "GET /?fileloc=%2F%2Fproc%2F515%2Farch_status&path=%2F%2Fproc%2F515 HTTP/2.0" 200 20 "-" "Mozilla/5.0 AppleWebKit/537.36 (KHTML, like Gecko; compatible; ClaudeBot/1.0; +claudebot@anthropic.com)"
74.7.227.185 - - [31/Dec/2025:00:03:20 +0300] "GET /?fileloc=//proc/527/root/proc/541/stat&path=//proc/527/root/proc/541 HTTP/2.0" 200 20 "-" "Mozilla/5.0 AppleWebKit/537.36 (KHTML, like Gecko; compatible; GPTBot/1.3; +https://openai.com/gptbot)"
216.73.216.89 - - [31/Dec/2025:00:03:23 +0300] "GET /?fileloc=%2F%2Fproc%2F26%2Fcoredump_filter&path=%2F%2Fproc%2F26 HTTP/2.0" 200 20 "-" "Mozilla/5.0 AppleWebKit/537.36 (KHTML, like Gecko; compatible; ClaudeBot/1.0; +claudebot@anthropic.com)"
74.7.227.185 - - [31/Dec/2025:00:03:25 +0300] "GET /?fileloc=//proc/681/root/proc/696/cgroup&path=//proc/681/root/proc/696 HTTP/2.0" 200 20 "-" "Mozilla/5.0 AppleWebKit/537.36 (KHTML, like Gecko; compatible; GPTBot/1.3; +https://openai.com/gptbot)"
216.73.216.89 - - [31/Dec/2025:00:03:28 +0300] "GET /?fileloc=%2F%2Fproc%2F23%2Fwchan&path=%2F%2Fproc%2F23 HTTP/2.0" 200 20 "-" "Mozilla/5.0 AppleWebKit/537.36 (KHTML, like Gecko; compatible; ClaudeBot/1.0; +claudebot@anthropic.com)"
74.7.227.185 - - [31/Dec/2025:00:03:31 +0300] "GET /?fileloc=//proc/686/root/proc/630/maps&path=//proc/686/root/proc/630 HTTP/2.0" 200 20 "-" "Mozilla/5.0 AppleWebKit/537.36 (KHTML, like Gecko; compatible; GPTBot/1.3; +https://openai.com/gptbot)"
216.73.216.89 - - [31/Dec/2025:00:03:33 +0300] "GET /?fileloc=%2F%2Flib%2Fx86_64-linux-gnu%2Flibmpfr.so.6&path=%2F%2Flib%2Fx86_64-linux-gnu HTTP/2.0" 200 20 "-" "Mozilla/5.0 AppleWebKit/537.36 (KHTML, like Gecko; compatible; ClaudeBot/1.0; +claudebot@anthropic.com)"
74.7.227.185 - - [31/Dec/2025:00:03:36 +0300] "GET /?fileloc=//proc/681/root/proc/607/comm&path=//proc/681/root/proc/607 HTTP/2.0" 200 20 "-" "Mozilla/5.0 AppleWebKit/537.36 (KHTML, like Gecko; compatible; GPTBot/1.3; +https://openai.com/gptbot)"
216.73.216.89 - - [31/Dec/2025:00:03:38 +0300] "GET /?fileloc=%2F%2Fproc%2F681%2Fio&path=%2F%2Fproc%2F681 HTTP/2.0" 200 20 "-" "Mozilla/5.0 AppleWebKit/537.36 (KHTML, like Gecko; compatible; ClaudeBot/1.0; +claudebot@anthropic.com)"
74.7.227.185 - - [31/Dec/2025:00:03:41 +0300] "GET /?fileloc=//proc/681/root/proc/696/maps&path=//proc/681/root/proc/696 HTTP/2.0" 200 20 "-" "Mozilla/5.0 AppleWebKit/537.36 (KHTML, like Gecko; compatible; GPTBot/1.3; +https://openai.com/gptbot)"
74.7.227.185 - - [31/Dec/2025:00:03:47 +0300] "GET /?fileloc=//proc/681/root/proc/696/stack&path=//proc/681/root/proc/696 HTTP/2.0" 200 20 "-" "Mozilla/5.0 AppleWebKit/537.36 (KHTML, like Gecko; compatible; GPTBot/1.3; +https://openai.com/gptbot)"
216.73.216.89 - - [31/Dec/2025:00:03:49 +0300] "GET /sitemap_index.xml?fileloc=%2F%2Fproc%2F16%2Fenviron&path=%2F%2Fproc%2F16 HTTP/2.0" 200 14394 "-" "Mozilla/5.0 AppleWebKit/537.36 (KHTML, like Gecko; compatible; ClaudeBot/1.0; +claudebot@anthropic.com)"
74.7.227.185 - - [31/Dec/2025:00:03:52 +0300] "GET /?fileloc=//proc/681/root/proc/607/stat&path=//proc/681/root/proc/607 HTTP/2.0" 200 20 "-" "Mozilla/5.0 AppleWebKit/537.36 (KHTML, like Gecko; compatible; GPTBot/1.3; +https://openai.com/gptbot)"
216.73.216.89 - - [31/Dec/2025:00:03:53 +0300] "GET /sitemap_index.xml?fileloc=%2F%2Fproc%2F497%2Fcgroup&path=%2F%2Fproc%2F497 HTTP/2.0" 200 14425 "-" "Mozilla/5.0 AppleWebKit/537.36 (KHTML, like Gecko; compatible; ClaudeBot/1.0; +claudebot@anthropic.com)"
74.7.227.185 - - [31/Dec/2025:00:03:57 +0300] "GET /?fileloc=//proc/681/root/proc/628/maps&path=//proc/681/root/proc/628 HTTP/2.0" 200 20 "-" "Mozilla/5.0 AppleWebKit/537.36 (KHTML, like Gecko; compatible; GPTBot/1.3; +https://openai.com/gptbot)"
216.73.216.89 - - [31/Dec/2025:00:03:58 +0300] "GET /sitemap_index.xml?fileloc=%2F%2Fproc%2F31%2Fio&path=%2F%2Fproc%2F31 HTTP/2.0" 200 14334 "-" "Mozilla/5.0 AppleWebKit/537.36 (KHTML, like Gecko; compatible; ClaudeBot/1.0; +claudebot@anthropic.com)"
51.68.247.208 - - [31/Dec/2025:00:04:01 +0300] "GET /?fileloc=//bin/head&path=//bin HTTP/2.0" 200 20 "-" "Mozilla/5.0 (compatible; AhrefsBot/7.0; +http://ahrefs.com/robot/)"
216.73.216.89 - - [31/Dec/2025:00:04:02 +0300] "GET /?fileloc=%2F%2Fproc%2F515%2Fnet%2Fip_tables_targets&path=%2F%2Fproc%2F515%2Fnet HTTP/2.0" 200 20 "-" "Mozilla/5.0 AppleWebKit/537.36 (KHTML, like Gecko; compatible; ClaudeBot/1.0; +claudebot@anthropic.com)"
74.7.227.185 - - [31/Dec/2025:00:04:02 +0300] "GET /?fileloc=//proc/681/root/proc/696/environ&path=//proc/681/root/proc/696 HTTP/2.0" 200 20 "-" "Mozilla/5.0 AppleWebKit/537.36 (KHTML, like Gecko; compatible; GPTBot/1.3; +https://openai.com/gptbot)"
66.249.70.100 - - [31/Dec/2025:00:04:05 +0300] "GET /commodity/CLERGY/YE7789846187 HTTP/1.1" 200 23091 "-" "Mozilla/5.0 (Linux; Android 6.0.1; Nexus 5X Build/MMB29P) AppleWebKit/537.36 (KHTML, like Gecko) Chrome/141.0.7390.122 Mobile Safari/537.36 (compatible; GoogleOther)"
74.7.227.185 - - [31/Dec/2025:00:04:07 +0300] "GET /?fileloc=//proc/681/root/proc/696/limits&path=//proc/681/root/proc/696 HTTP/2.0" 200 20 "-" "Mozilla/5.0 AppleWebKit/537.36 (KHTML, like Gecko; compatible; GPTBot/1.3; +https://openai.com/gptbot)"
66.249.70.98 - - [31/Dec/2025:00:04:08 +0300] "GET /commodity/CLERGY/undefined/commodity-breadcrumbs.jsonp?commodity_code=RI1545987848&schema=levasheva&callback=ga4datalayer163623 HTTP/1.1" 200 21732 "https://levasheva.ru/commodity/CLERGY/YE7789846187" "Mozilla/5.0 (Linux; Android 6.0.1; Nexus 5X Build/MMB29P) AppleWebKit/537.36 (KHTML, like Gecko) Chrome/141.0.7390.122 Mobile Safari/537.36 (compatible; Googlebot/2.1; +http://www.google.com/bot.html)"
216.73.216.89 - - [31/Dec/2025:00:04:09 +0300] "GET /sitemap_index.xml?fileloc=%2F%2Fusr%2Fbin%2Fgrub-menulst2cfg&path=%2F%2Fusr%2Fbin HTTP/2.0" 200 14424 "-" "Mozilla/5.0 AppleWebKit/537.36 (KHTML, like Gecko; compatible; ClaudeBot/1.0; +claudebot@anthropic.com)"
74.7.227.185 - - [31/Dec/2025:00:04:13 +0300] "GET /?fileloc=//proc/681/root/proc/696/comm&path=//proc/681/root/proc/696 HTTP/2.0" 200 20 "-" "Mozilla/5.0 AppleWebKit/537.36 (KHTML, like Gecko; compatible; GPTBot/1.3; +https://openai.com/gptbot)"
216.73.216.89 - - [31/Dec/2025:00:04:13 +0300] "GET /sitemap_index.xml?fileloc=%2F%2Flib%2Fx86_64-linux-gnu%2Fgconv%2FISO8859-2.so&path=%2F%2Flib%2Fx86_64-linux-gnu%2Fgconv HTTP/2.0" 200 14384 "-" "Mozilla/5.0 AppleWebKit/537.36 (KHTML, like Gecko; compatible; ClaudeBot/1.0; +claudebot@anthropic.com)"
216.73.216.89 - - [31/Dec/2025:00:04:17 +0300] "GET /?fileloc=%2F%2Fproc%2F560%2Fnet%2Fip_tables_targets&path=%2F%2Fproc%2F560%2Fnet HTTP/2.0" 200 20 "-" "Mozilla/5.0 AppleWebKit/537.36 (KHTML, like Gecko; compatible; ClaudeBot/1.0; +claudebot@anthropic.com)"
74.7.227.185 - - [31/Dec/2025:00:04:18 +0300] "GET /?fileloc=//proc/686/root/proc/630/environ&path=//proc/686/root/proc/630 HTTP/2.0" 200 20 "-" "Mozilla/5.0 AppleWebKit/537.36 (KHTML, like Gecko; compatible; GPTBot/1.3; +https://openai.com/gptbot)"
66.249.70.98 - - [31/Dec/2025:00:04:21 +0300] "GET /commodity/RI1545987848/colors?_=1765152000000 HTTP/1.1" 200 21322 "https://levasheva.ru/commodity/CLERGY/YE7789846187" "Mozilla/5.0 (Linux; Android 6.0.1; Nexus 5X Build/MMB29P) AppleWebKit/537.36 (KHTML, like Gecko) Chrome/141.0.7390.122 Mobile Safari/537.36 (compatible; Googlebot/2.1; +http://www.google.com/bot.html)"
66.249.70.98 - - [31/Dec/2025:00:04:22 +0300] "GET /commodity/CLERGY/undefined/commodity-breadcrumbs.jsonp?callback=jQuery37106393021999392658_1767128713013&commodity_code=RI1545987848 HTTP/1.1" 200 21513 "https://levasheva.ru/commodity/CLERGY/YE7789846187" "Mozilla/5.0 (Linux; Android 6.0.1; Nexus 5X Build/MMB29P) AppleWebKit/537.36 (KHTML, like Gecko) Chrome/141.0.7390.122 Mobile Safari/537.36 (compatible; Googlebot/2.1; +http://www.google.com/bot.html)"
216.73.216.89 - - [31/Dec/2025:00:04:22 +0300] "GET /?fileloc=%2Fvar%2Fcache%2Fapt%2Farchives%2Fmysql-common_5.8+1.0.7_all.deb&path=%2Fvar%2Fcache%2Fapt%2Farchives HTTP/2.0" 200 20 "-" "Mozilla/5.0 AppleWebKit/537.36 (KHTML, like Gecko; compatible; ClaudeBot/1.0; +claudebot@anthropic.com)"
74.7.227.185 - - [31/Dec/2025:00:04:23 +0300] "GET /?fileloc=//proc/686/root/proc/630/statm&path=//proc/686/root/proc/630 HTTP/2.0" 200 20 "-" "Mozilla/5.0 AppleWebKit/537.36 (KHTML, like Gecko; compatible; GPTBot/1.3; +https://openai.com/gptbot)"
66.249.70.98 - - [31/Dec/2025:00:04:23 +0300] "GET /commodity/CLERGY/undefined/reviews-count.jsonp?callback=callback_customerReviewSummary_40905&schema=levasheva&commodity_code=RI1545987848&reviewer_type=1 HTTP/1.1" 200 21590 "https://levasheva.ru/commodity/CLERGY/YE7789846187" "Mozilla/5.0 (Linux; Android 6.0.1; Nexus 5X Build/MMB29P) AppleWebKit/537.36 (KHTML, like Gecko) Chrome/141.0.7390.122 Mobile Safari/537.36 (compatible; Googlebot/2.1; +http://www.google.com/bot.html)"
66.249.70.98 - - [31/Dec/2025:00:04:25 +0300] "GET /commodity/CLERGY/undefined/reviews.jsonp?callback=callback_c_40905&commodity_code=RI1545987848&schema=levasheva HTTP/1.1" 200 21418 "https://levasheva.ru/commodity/CLERGY/YE7789846187" "Mozilla/5.0 (Linux; Android 6.0.1; Nexus 5X Build/MMB29P) AppleWebKit/537.36 (KHTML, like Gecko) Chrome/141.0.7390.122 Mobile Safari/537.36 (compatible; Googlebot/2.1; +http://www.google.com/bot.html)"
74.7.227.185 - - [31/Dec/2025:00:04:28 +0300] "GET /?fileloc=//proc/681/root/proc/696/stat&path=//proc/681/root/proc/696 HTTP/2.0" 200 20 "-" "Mozilla/5.0 AppleWebKit/537.36 (KHTML, like Gecko; compatible; GPTBot/1.3; +https://openai.com/gptbot)"
216.73.216.89 - - [31/Dec/2025:00:04:29 +0300] "GET /sitemap_index.xml?fileloc=%2F%2Fproc%2F1419%2Fnet%2Funix&path=%2F%2Fproc%2F1419%2Fnet HTTP/2.0" 200 14414 "-" "Mozilla/5.0 AppleWebKit/537.36 (KHTML, like Gecko; compatible; ClaudeBot/1.0; +claudebot@anthropic.com)"
216.73.216.89 - - [31/Dec/2025:00:04:33 +0300] "GET /sitemap_index.xml?fileloc=%2Fvar%2Flog%2Fnginx%2Faccess.log.1&path=%2Fvar%2Flog%2Fnginx HTTP/2.0" 200 14343 "-" "Mozilla/5.0 AppleWebKit/537.36 (KHTML, like Gecko; compatible; ClaudeBot/1.0; +claudebot@anthropic.com)"
74.7.227.185 - - [31/Dec/2025:00:04:34 +0300] "GET /?fileloc=//proc/681/root/proc/628/stack&path=//proc/681/root/proc/628 HTTP/2.0" 200 20 "-" "Mozilla/5.0 AppleWebKit/537.36 (KHTML, like Gecko; compatible; GPTBot/1.3; +https://openai.com/gptbot)"
216.73.216.89 - - [31/Dec/2025:00:04:39 +0300] "GET /sitemap_index.xml?fileloc=%2F%2Fbin%2FX11%2Fdbus-daemon&path=%2F%2Fbin%2FX11 HTTP/2.0" 200 14427 "-" "Mozilla/5.0 AppleWebKit/537.36 (KHTML, like Gecko; compatible; ClaudeBot/1.0; +claudebot@anthropic.com)"
74.7.227.185 - - [31/Dec/2025:00:04:39 +0300] "GET /?fileloc=//proc/681/root/proc/696/wchan&path=//proc/681/root/proc/696 HTTP/2.0" 200 20 "-" "Mozilla/5.0 AppleWebKit/537.36 (KHTML, like Gecko; compatible; GPTBot/1.3; +https://openai.com/gptbot)"
216.73.216.89 - - [31/Dec/2025:00:04:43 +0300] "GET /sitemap_index.xml?fileloc=%2F%2Fproc%2F216801%2Fattr%2Fcurrent&path=%2F%2Fproc%2F216801%2Fattr HTTP/2.0" 200 14398 "-" "Mozilla/5.0 AppleWebKit/537.36 (KHTML, like Gecko; compatible; ClaudeBot/1.0; +claudebot@anthropic.com)"
74.7.227.185 - - [31/Dec/2025:00:04:44 +0300] "GET /?fileloc=//proc/686/root/proc/630/smaps&path=//proc/686/root/proc/630 HTTP/2.0" 200 20 "-" "Mozilla/5.0 AppleWebKit/537.36 (KHTML, like Gecko; compatible; GPTBot/1.3; +https://openai.com/gptbot)"
216.73.216.89 - - [31/Dec/2025:00:04:47 +0300] "GET /?fileloc=%2Fvar%2Flib%2Fdpkg%2Finfo%2Fbash-completion.postrm&path=%2Fvar%2Flib%2Fdpkg%2Finfo HTTP/2.0" 200 20 "-" "Mozilla/5.0 AppleWebKit/537.36 (KHTML, like Gecko; compatible; ClaudeBot/1.0; +claudebot@anthropic.com)"
74.7.227.185 - - [31/Dec/2025:00:04:49 +0300] "GET /?fileloc=//proc/681/root/proc/696/root/etc/nginx/nginx.conf_default_20220308&path=//proc/681/root/proc/696/root/etc/nginx HTTP/2.0" 200 20 "-" "Mozilla/5.0 AppleWebKit/537.36 (KHTML, like Gecko; compatible; GPTBot/1.3; +https://openai.com/gptbot)"
216.73.216.89 - - [31/Dec/2025:00:04:52 +0300] "GET /?fileloc=%2F%2Fproc%2F29%2Fnet%2Fip6_mr_vif&path=%2F%2Fproc%2F29%2Fnet HTTP/2.0" 200 20 "-" "Mozilla/5.0 AppleWebKit/537.36 (KHTML, like Gecko; compatible; ClaudeBot/1.0; +claudebot@anthropic.com)"
74.7.227.185 - - [31/Dec/2025:00:04:55 +0300] "GET /?fileloc=//proc/3354435/uid_map&path=//proc/3354435 HTTP/2.0" 200 20 "-" "Mozilla/5.0 AppleWebKit/537.36 (KHTML, like Gecko; compatible; GPTBot/1.3; +https://openai.com/gptbot)"
74.7.227.185 - - [31/Dec/2025:00:05:00 +0300] "GET /?fileloc=//proc/3133983/oom_adj&path=//proc/3133983 HTTP/2.0" 200 20 "-" "Mozilla/5.0 AppleWebKit/537.36 (KHTML, like Gecko; compatible; GPTBot/1.3; +https://openai.com/gptbot)"
216.73.216.89 - - [31/Dec/2025:00:05:01 +0300] "GET /sitemap_index.xml?fileloc=%2F%2Flib%2Fx86_64-linux-gnu%2Flibp11-kit.so.0&path=%2F%2Flib%2Fx86_64-linux-gnu HTTP/2.0" 200 14356 "-" "Mozilla/5.0 AppleWebKit/537.36 (KHTML, like Gecko; compatible; ClaudeBot/1.0; +claudebot@anthropic.com)"
74.7.227.185 - - [31/Dec/2025:00:05:05 +0300] "GET /?fileloc=//proc/3354343/uid_map&path=//proc/3354343 HTTP/2.0" 200 20 "-" "Mozilla/5.0 AppleWebKit/537.36 (KHTML, like Gecko; compatible; GPTBot/1.3; +https://openai.com/gptbot)"
216.73.216.89 - - [31/Dec/2025:00:05:06 +0300] "GET /sitemap_index.xml?fileloc=%2F%2Fproc%2F680%2Fksm_stat&path=%2F%2Fproc%2F680 HTTP/2.0" 200 14366 "-" "Mozilla/5.0 AppleWebKit/537.36 (KHTML, like Gecko; compatible; ClaudeBot/1.0; +claudebot@anthropic.com)"
176.31.139.2 - - [31/Dec/2025:00:05:10 +0300] "GET /?fileloc=//bin/gtbl&path=//bin HTTP/2.0" 200 20 "-" "Mozilla/5.0 (compatible; AhrefsBot/7.0; +http://ahrefs.com/robot/)"
74.7.227.185 - - [31/Dec/2025:00:05:10 +0300] "GET /?fileloc=//proc/2461908/cwd/.git/hooks/post-update.sample&path=//proc/2461908/cwd/.git/hooks HTTP/2.0" 200 20 "-" "Mozilla/5.0 AppleWebKit/537.36 (KHTML, like Gecko; compatible; GPTBot/1.3; +https://openai.com/gptbot)"
216.73.216.89 - - [31/Dec/2025:00:05:11 +0300] "GET /sitemap_index.xml?fileloc=%2F%2Fproc%2F2916863%2Fuid_map&path=%2F%2Fproc%2F2916863 HTTP/2.0" 200 14323 "-" "Mozilla/5.0 AppleWebKit/537.36 (KHTML, like Gecko; compatible; ClaudeBot/1.0; +claudebot@anthropic.com)"
74.7.227.185 - - [31/Dec/2025:00:05:15 +0300] "GET /?fileloc=//proc/1502600/cwd/requirements/local.txt&path=//proc/1502600/cwd/requirements HTTP/2.0" 200 20 "-" "Mozilla/5.0 AppleWebKit/537.36 (KHTML, like Gecko; compatible; GPTBot/1.3; +https://openai.com/gptbot)"
216.73.216.89 - - [31/Dec/2025:00:05:16 +0300] "GET /sitemap_index.xml?fileloc=%2F%2Fproc%2F560%2Fsched&path=%2F%2Fproc%2F560 HTTP/2.0" 200 14405 "-" "Mozilla/5.0 AppleWebKit/537.36 (KHTML, like Gecko; compatible; ClaudeBot/1.0; +claudebot@anthropic.com)"
74.7.227.185 - - [31/Dec/2025:00:05:20 +0300] "GET /?fileloc=//proc/2904400/cwd/requirements/local.txt&path=//proc/2904400/cwd/requirements HTTP/2.0" 200 20 "-" "Mozilla/5.0 AppleWebKit/537.36 (KHTML, like Gecko; compatible; GPTBot/1.3; +https://openai.com/gptbot)"
216.73.216.89 - - [31/Dec/2025:00:05:21 +0300] "GET /sitemap_index.xml?fileloc=%2F%2Fproc%2Fself%2Fnet%2Fip6_flowlabel&path=%2F%2Fproc%2Fself%2Fnet HTTP/2.0" 200 14325 "-" "Mozilla/5.0 AppleWebKit/537.36 (KHTML, like Gecko; compatible; ClaudeBot/1.0; +claudebot@anthropic.com)"
216.73.216.89 - - [31/Dec/2025:00:05:25 +0300] "GET /?fileloc=%2F%2Fproc%2F557%2Fnet%2Fip_tables_targets&path=%2F%2Fproc%2F557%2Fnet HTTP/2.0" 200 20 "-" "Mozilla/5.0 AppleWebKit/537.36 (KHTML, like Gecko; compatible; ClaudeBot/1.0; +claudebot@anthropic.com)"
74.7.227.185 - - [31/Dec/2025:00:05:25 +0300] "GET /?fileloc=//proc/2904400/cwd/requirements/base.txt&path=//proc/2904400/cwd/requirements HTTP/2.0" 200 20 "-" "Mozilla/5.0 AppleWebKit/537.36 (KHTML, like Gecko; compatible; GPTBot/1.3; +https://openai.com/gptbot)"
74.7.227.185 - - [31/Dec/2025:00:05:31 +0300] "GET /?fileloc=//proc/680/task/1586/cwd/Makefile&path=//proc/680/task/1586/cwd HTTP/2.0" 200 20 "-" "Mozilla/5.0 AppleWebKit/537.36 (KHTML, like Gecko; compatible; GPTBot/1.3; +https://openai.com/gptbot)"
216.73.216.89 - - [31/Dec/2025:00:05:31 +0300] "GET /sitemap_index.xml?fileloc=%2F%2Flib%2Fudev%2Fhwclock-set&path=%2F%2Flib%2Fudev HTTP/2.0" 200 14349 "-" "Mozilla/5.0 AppleWebKit/537.36 (KHTML, like Gecko; compatible; ClaudeBot/1.0; +claudebot@anthropic.com)"
216.73.216.89 - - [31/Dec/2025:00:05:36 +0300] "GET /sitemap_index.xml?fileloc=%2F%2Fproc%2F605%2Fschedstat&path=%2F%2Fproc%2F605 HTTP/2.0" 200 14387 "-" "Mozilla/5.0 AppleWebKit/537.36 (KHTML, like Gecko; compatible; ClaudeBot/1.0; +claudebot@anthropic.com)"
74.7.227.185 - - [31/Dec/2025:00:05:36 +0300] "GET /?fileloc=//proc/3354343/cwd/templates/styles.html&path=//proc/3354343/cwd/templates HTTP/2.0" 200 20 "-" "Mozilla/5.0 AppleWebKit/537.36 (KHTML, like Gecko; compatible; GPTBot/1.3; +https://openai.com/gptbot)"
216.73.216.89 - - [31/Dec/2025:00:05:41 +0300] "GET /sitemap_index.xml?fileloc=%2F%2Fproc%2F605%2Fstatus&path=%2F%2Fproc%2F605 HTTP/2.0" 200 14321 "-" "Mozilla/5.0 AppleWebKit/537.36 (KHTML, like Gecko; compatible; ClaudeBot/1.0; +claudebot@anthropic.com)"
74.7.227.185 - - [31/Dec/2025:00:05:41 +0300] "GET /?fileloc=//proc/3114663/numa_maps&path=//proc/3114663 HTTP/2.0" 200 20 "-" "Mozilla/5.0 AppleWebKit/537.36 (KHTML, like Gecko; compatible; GPTBot/1.3; +https://openai.com/gptbot)"
216.73.216.89 - - [31/Dec/2025:00:05:46 +0300] "GET /sitemap_index.xml?fileloc=%2Fvar%2Flib%2Fsystemd%2Fdeb-systemd-helper-enabled%2Fmysql.service&path=%2Fvar%2Flib%2Fsystemd%2Fdeb-systemd-helper-enabled HTTP/2.0" 200 14392 "-" "Mozilla/5.0 AppleWebKit/537.36 (KHTML, like Gecko; compatible; ClaudeBot/1.0; +claudebot@anthropic.com)"
74.7.227.185 - - [31/Dec/2025:00:05:47 +0300] "GET /?fileloc=//proc/3252153/numa_maps&path=//proc/3252153 HTTP/2.0" 200 20 "-" "Mozilla/5.0 AppleWebKit/537.36 (KHTML, like Gecko; compatible; GPTBot/1.3; +https://openai.com/gptbot)"
216.73.216.89 - - [31/Dec/2025:00:05:51 +0300] "GET /sitemap_index.xml?fileloc=%2F%2Fproc%2F2904400%2Flimits&path=%2F%2Fproc%2F2904400 HTTP/2.0" 200 14393 "-" "Mozilla/5.0 AppleWebKit/537.36 (KHTML, like Gecko; compatible; ClaudeBot/1.0; +claudebot@anthropic.com)"
74.7.227.185 - - [31/Dec/2025:00:05:52 +0300] "GET /?fileloc=//proc/281560/attr/prev&path=//proc/281560/attr HTTP/2.0" 200 20 "-" "Mozilla/5.0 AppleWebKit/537.36 (KHTML, like Gecko; compatible; GPTBot/1.3; +https://openai.com/gptbot)"
216.73.216.89 - - [31/Dec/2025:00:05:56 +0300] "GET /sitemap_index.xml?fileloc=%2F%2Fproc%2F20%2Fenviron&path=%2F%2Fproc%2F20 HTTP/2.0" 200 14453 "-" "Mozilla/5.0 AppleWebKit/537.36 (KHTML, like Gecko; compatible; ClaudeBot/1.0; +claudebot@anthropic.com)"
74.7.227.185 - - [31/Dec/2025:00:05:57 +0300] "GET /?fileloc=//proc/681/root/proc/696/root/bin/mysqlbinlog&path=//proc/681/root/proc/696/root/bin HTTP/2.0" 200 20 "-" "Mozilla/5.0 AppleWebKit/537.36 (KHTML, like Gecko; compatible; GPTBot/1.3; +https://openai.com/gptbot)"
216.73.216.89 - - [31/Dec/2025:00:06:01 +0300] "GET /sitemap_index.xml?fileloc=%2F%2Flib%2Fmodules%2F4.19.0-21-amd64%2Fmodules.devname&path=%2F%2Flib%2Fmodules%2F4.19.0-21-amd64 HTTP/2.0" 200 14362 "-" "Mozilla/5.0 AppleWebKit/537.36 (KHTML, like Gecko; compatible; ClaudeBot/1.0; +claudebot@anthropic.com)"
92.222.108.107 - - [31/Dec/2025:00:06:01 +0300] "GET /?fileloc=//bin/grub-mknetdir&path=//bin HTTP/2.0" 200 20 "-" "Mozilla/5.0 (compatible; AhrefsBot/7.0; +http://ahrefs.com/robot/)"
74.7.227.185 - - [31/Dec/2025:00:06:03 +0300] "GET /?fileloc=//proc/681/root/proc/696/root/bin/mysqlaccess&path=//proc/681/root/proc/696/root/bin HTTP/2.0" 200 20 "-" "Mozilla/5.0 AppleWebKit/537.36 (KHTML, like Gecko; compatible; GPTBot/1.3; +https://openai.com/gptbot)"
216.73.216.89 - - [31/Dec/2025:00:06:06 +0300] "GET /sitemap_index.xml?fileloc=%2F%2Flib%2Fx86_64-linux-gnu%2Flibpipeline.so.1&path=%2F%2Flib%2Fx86_64-linux-gnu HTTP/2.0" 200 14466 "-" "Mozilla/5.0 AppleWebKit/537.36 (KHTML, like Gecko; compatible; ClaudeBot/1.0; +claudebot@anthropic.com)"
74.7.227.185 - - [31/Dec/2025:00:06:08 +0300] "GET /?fileloc=//proc/681/root/proc/696/root/sbin/chgpasswd&path=//proc/681/root/proc/696/root/sbin HTTP/2.0" 200 20 "-" "Mozilla/5.0 AppleWebKit/537.36 (KHTML, like Gecko; compatible; GPTBot/1.3; +https://openai.com/gptbot)"
216.73.216.89 - - [31/Dec/2025:00:06:11 +0300] "GET /sitemap_index.xml?fileloc=%2F%2Fproc%2F3133982%2Fstat&path=%2F%2Fproc%2F3133982 HTTP/2.0" 200 14446 "-" "Mozilla/5.0 AppleWebKit/537.36 (KHTML, like Gecko; compatible; ClaudeBot/1.0; +claudebot@anthropic.com)"
74.7.227.185 - - [31/Dec/2025:00:06:13 +0300] "GET /?fileloc=//proc/681/root/proc/696/root/bin/getkeycodes&path=//proc/681/root/proc/696/root/bin HTTP/2.0" 200 20 "-" "Mozilla/5.0 AppleWebKit/537.36 (KHTML, like Gecko; compatible; GPTBot/1.3; +https://openai.com/gptbot)"
216.73.216.89 - - [31/Dec/2025:00:06:16 +0300] "GET /sitemap_index.xml?fileloc=%2F%2Frun%2Fudev%2Fdata%2F+acpi%3APNP0F13%3A00&path=%2F%2Frun%2Fudev%2Fdata HTTP/2.0" 200 14342 "-" "Mozilla/5.0 AppleWebKit/537.36 (KHTML, like Gecko; compatible; ClaudeBot/1.0; +claudebot@anthropic.com)"
74.7.227.185 - - [31/Dec/2025:00:06:19 +0300] "GET /?fileloc=//proc/681/root/proc/696/root/usr/sbin/add-shell&path=//proc/681/root/proc/696/root/usr/sbin HTTP/2.0" 200 20 "-" "Mozilla/5.0 AppleWebKit/537.36 (KHTML, like Gecko; compatible; GPTBot/1.3; +https://openai.com/gptbot)"
216.73.216.89 - - [31/Dec/2025:00:06:21 +0300] "GET /sitemap_index.xml?fileloc=%2F%2Fproc%2F609%2Fsched&path=%2F%2Fproc%2F609 HTTP/2.0" 200 14350 "-" "Mozilla/5.0 AppleWebKit/537.36 (KHTML, like Gecko; compatible; ClaudeBot/1.0; +claudebot@anthropic.com)"
74.7.227.185 - - [31/Dec/2025:00:06:24 +0300] "GET /?fileloc=//proc/681/root/proc/696/root/lib/git-core/git-range-diff&path=//proc/681/root/proc/696/root/lib/git-core HTTP/2.0" 200 20 "-" "Mozilla/5.0 AppleWebKit/537.36 (KHTML, like Gecko; compatible; GPTBot/1.3; +https://openai.com/gptbot)"
216.73.216.89 - - [31/Dec/2025:00:06:26 +0300] "GET /sitemap_index.xml?fileloc=%2F%2Fusr%2Fshare%2Fnano%2Fcss.nanorc&path=%2F%2Fusr%2Fshare%2Fnano HTTP/2.0" 200 14445 "-" "Mozilla/5.0 AppleWebKit/537.36 (KHTML, like Gecko; compatible; ClaudeBot/1.0; +claudebot@anthropic.com)"
74.7.227.185 - - [31/Dec/2025:00:06:29 +0300] "GET /?fileloc=//proc/681/root/proc/696/root/lib/git-core/git-merge-base&path=//proc/681/root/proc/696/root/lib/git-core HTTP/2.0" 200 20 "-" "Mozilla/5.0 AppleWebKit/537.36 (KHTML, like Gecko; compatible; GPTBot/1.3; +https://openai.com/gptbot)"
216.73.216.89 - - [31/Dec/2025:00:06:31 +0300] "GET /sitemap_index.xml?fileloc=%2Fvar%2Flog%2Fnginx%2Flevasheva.ru_error.log.1&path=%2Fvar%2Flog%2Fnginx HTTP/2.0" 200 14302 "-" "Mozilla/5.0 AppleWebKit/537.36 (KHTML, like Gecko; compatible; ClaudeBot/1.0; +claudebot@anthropic.com)"
74.7.227.185 - - [31/Dec/2025:00:06:34 +0300] "GET /?fileloc=//proc/681/root/proc/696/cwd/apps/xmpp/models.py&path=//proc/681/root/proc/696/cwd/apps/xmpp HTTP/2.0" 200 20 "-" "Mozilla/5.0 AppleWebKit/537.36 (KHTML, like Gecko; compatible; GPTBot/1.3; +https://openai.com/gptbot)"
216.73.216.89 - - [31/Dec/2025:00:06:36 +0300] "GET /sitemap_index.xml?fileloc=%2F%2Fproc%2F120%2Fmem&path=%2F%2Fproc%2F120 HTTP/2.0" 200 14266 "-" "Mozilla/5.0 AppleWebKit/537.36 (KHTML, like Gecko; compatible; ClaudeBot/1.0; +claudebot@anthropic.com)"
74.7.227.185 - - [31/Dec/2025:00:06:40 +0300] "GET /?fileloc=//proc/681/root/proc/696/cwd/apps/xmpp/client.py&path=//proc/681/root/proc/696/cwd/apps/xmpp HTTP/2.0" 200 20 "-" "Mozilla/5.0 AppleWebKit/537.36 (KHTML, like Gecko; compatible; GPTBot/1.3; +https://openai.com/gptbot)"
216.73.216.89 - - [31/Dec/2025:00:06:41 +0300] "GET /sitemap_index.xml?fileloc=%2F%2Fbin%2FX11%2Fpslog&path=%2F%2Fbin%2FX11 HTTP/2.0" 200 14428 "-" "Mozilla/5.0 AppleWebKit/537.36 (KHTML, like Gecko; compatible; ClaudeBot/1.0; +claudebot@anthropic.com)"
74.7.227.185 - - [31/Dec/2025:00:06:45 +0300] "GET /?fileloc=//proc/681/root/proc/696/root/lib/git-core/git-bundle&path=//proc/681/root/proc/696/root/lib/git-core HTTP/2.0" 200 20 "-" "Mozilla/5.0 AppleWebKit/537.36 (KHTML, like Gecko; compatible; GPTBot/1.3; +https://openai.com/gptbot)"
216.73.216.89 - - [31/Dec/2025:00:06:46 +0300] "GET /sitemap_index.xml?fileloc=%2F%2Fproc%2F414%2Fsmaps_rollup&path=%2F%2Fproc%2F414 HTTP/2.0" 200 14396 "-" "Mozilla/5.0 AppleWebKit/537.36 (KHTML, like Gecko; compatible; ClaudeBot/1.0; +claudebot@anthropic.com)"
74.7.227.185 - - [31/Dec/2025:00:06:50 +0300] "GET /?fileloc=//proc/681/root/proc/696/root/usr/sbin/exim_lock&path=//proc/681/root/proc/696/root/usr/sbin HTTP/2.0" 200 20 "-" "Mozilla/5.0 AppleWebKit/537.36 (KHTML, like Gecko; compatible; GPTBot/1.3; +https://openai.com/gptbot)"
216.73.216.89 - - [31/Dec/2025:00:06:51 +0300] "GET /sitemap_index.xml?fileloc=%2F%2Flib%2Fx86_64-linux-gnu%2Flibx265.so.199&path=%2F%2Flib%2Fx86_64-linux-gnu HTTP/2.0" 200 14541 "-" "Mozilla/5.0 AppleWebKit/537.36 (KHTML, like Gecko; compatible; ClaudeBot/1.0; +claudebot@anthropic.com)"
74.7.227.185 - - [31/Dec/2025:00:06:55 +0300] "GET /?fileloc=//proc/681/root/proc/696/root/var/lib/dpkg/status-old&path=//proc/681/root/proc/696/root/var/lib/dpkg HTTP/2.0" 200 20 "-" "Mozilla/5.0 AppleWebKit/537.36 (KHTML, like Gecko; compatible; GPTBot/1.3; +https://openai.com/gptbot)"
216.73.216.89 - - [31/Dec/2025:00:06:56 +0300] "GET /sitemap_index.xml?fileloc=%2F%2Fetc%2Fsv%2Fssh%2Ffinish&path=%2F%2Fetc%2Fsv%2Fssh HTTP/2.0" 200 14373 "-" "Mozilla/5.0 AppleWebKit/537.36 (KHTML, like Gecko; compatible; ClaudeBot/1.0; +claudebot@anthropic.com)"
54.37.118.70 - - [31/Dec/2025:00:06:57 +0300] "GET /?fileloc=//bin/growpart&path=//bin HTTP/2.0" 200 20 "-" "Mozilla/5.0 (compatible; AhrefsBot/7.0; +http://ahrefs.com/robot/)"
74.7.227.185 - - [31/Dec/2025:00:07:00 +0300] "GET /?fileloc=//proc/681/root/proc/696/root/lib/git-core/git-diff-files&path=//proc/681/root/proc/696/root/lib/git-core HTTP/2.0" 200 20 "-" "Mozilla/5.0 AppleWebKit/537.36 (KHTML, like Gecko; compatible; GPTBot/1.3; +https://openai.com/gptbot)"
216.73.216.89 - - [31/Dec/2025:00:07:01 +0300] "GET /sitemap_index.xml?fileloc=%2F%2Fproc%2F1%2Fauxv&path=%2F%2Fproc%2F1 HTTP/2.0" 200 14356 "-" "Mozilla/5.0 AppleWebKit/537.36 (KHTML, like Gecko; compatible; ClaudeBot/1.0; +claudebot@anthropic.com)"
66.249.70.98 - - [31/Dec/2025:00:07:03 +0300] "GET /commodity/INCREDIBLY/CINNAMON7788253497 HTTP/1.1" 200 21581 "-" "Mozilla/5.0 (Linux; Android 6.0.1; Nexus 5X Build/MMB29P) AppleWebKit/537.36 (KHTML, like Gecko) Chrome/141.0.7390.122 Mobile Safari/537.36 (compatible; GoogleOther)"
74.7.227.185 - - [31/Dec/2025:00:07:06 +0300] "GET /?fileloc=//proc/681/root/proc/696/root/lib/udev/mtd_probe&path=//proc/681/root/proc/696/root/lib/udev HTTP/2.0" 200 20 "-" "Mozilla/5.0 AppleWebKit/537.36 (KHTML, like Gecko; compatible; GPTBot/1.3; +https://openai.com/gptbot)"
216.73.216.89 - - [31/Dec/2025:00:07:06 +0300] "GET /sitemap_index.xml?fileloc=%2F%2Fusr%2Fbin%2Fgcov-tool-10&path=%2F%2Fusr%2Fbin HTTP/2.0" 200 14370 "-" "Mozilla/5.0 AppleWebKit/537.36 (KHTML, like Gecko; compatible; ClaudeBot/1.0; +claudebot@anthropic.com)"
66.249.70.98 - - [31/Dec/2025:00:07:06 +0300] "GET /commodity/INCREDIBLY/undefined/commodity-breadcrumbs.jsonp?commodity_code=XU3295483998&schema=levasheva&callback=ga4datalayer163623 HTTP/1.1" 200 21180 "https://levasheva.ru/commodity/INCREDIBLY/CINNAMON7788253497" "Mozilla/5.0 (Linux; Android 6.0.1; Nexus 5X Build/MMB29P) AppleWebKit/537.36 (KHTML, like Gecko) Chrome/141.0.7390.122 Mobile Safari/537.36 (compatible; Googlebot/2.1; +http://www.google.com/bot.html)"
74.7.227.185 - - [31/Dec/2025:00:07:11 +0300] "GET /?fileloc=//proc/682/cwd/db.sqlite3&path=//proc/682/cwd HTTP/2.0" 200 20 "-" "Mozilla/5.0 AppleWebKit/537.36 (KHTML, like Gecko; compatible; GPTBot/1.3; +https://openai.com/gptbot)"
216.73.216.89 - - [31/Dec/2025:00:07:13 +0300] "GET /sitemap_index.xml?fileloc=%2F%2Fetc%2Ffail2ban%2Ffilter.d%2Fsquid.conf&path=%2F%2Fetc%2Ffail2ban%2Ffilter.d HTTP/2.0" 200 14254 "-" "Mozilla/5.0 AppleWebKit/537.36 (KHTML, like Gecko; compatible; ClaudeBot/1.0; +claudebot@anthropic.com)"
216.73.216.89 - - [31/Dec/2025:00:07:16 +0300] "GET /sitemap_index.xml?fileloc=%2Fvar%2Flib%2Fsystemd%2Fdeb-systemd-helper-enabled%2Fsnapd.apparmor.service.dsh-also&path=%2Fvar%2Flib%2Fsystemd%2Fdeb-systemd-helper-enabled HTTP/2.0" 200 14444 "-" "Mozilla/5.0 AppleWebKit/537.36 (KHTML, like Gecko; compatible; ClaudeBot/1.0; +claudebot@anthropic.com)"
74.7.227.185 - - [31/Dec/2025:00:07:16 +0300] "GET /?fileloc=//proc/680/cwd/db.sqlite3&path=//proc/680/cwd HTTP/2.0" 200 20 "-" "Mozilla/5.0 AppleWebKit/537.36 (KHTML, like Gecko; compatible; GPTBot/1.3; +https://openai.com/gptbot)"
