216.73.216.89 - - [31/Dec/2025:03:40:47 +0300] "GET /sitemap_index.xml?path=%2Fvar%2Fsnap%2Fcertbot%2F5234 HTTP/2.0" 200 14303 "-" "Mozilla/5.0 AppleWebKit/537.36 (KHTML, like Gecko; compatible; ClaudeBot/1.0; +claudebot@anthropic.com)"
74.7.227.185 - - [31/Dec/2025:03:40:48 +0300] "GET /?commodity/TEXT/CPA77911811871 HTTP/2.0" 200 20 "-" "Mozilla/5.0 AppleWebKit/537.36 (KHTML, like Gecko; compatible; GPTBot/1.3; +https://openai.com/gptbot)"
216.73.216.89 - - [31/Dec/2025:03:40:50 +0300] "GET /?fileloc=%2F%2Flib%2Fsystemd%2Fsystem%2Fnetwork.target&path=%2F%2Flib%2Fsystemd%2Fsystem HTTP/2.0" 200 20 "-" "Mozilla/5.0 AppleWebKit/537.36 (KHTML, like Gecko; compatible; ClaudeBot/1.0; +claudebot@anthropic.com)"
74.7.227.185 - - [31/Dec/2025:03:40:53 +0300] "GET /?commodity/CZ/KVM778875472348 HTTP/2.0" 200 20 "-" "Mozilla/5.0 AppleWebKit/537.36 (KHTML, like Gecko; compatible; GPTBot/1.3; +https://openai.com/gptbot)"
216.73.216.89 - - [31/Dec/2025:03:40:56 +0300] "GET /sitemap_index.xml?path=%2F%2Fusr%2Flib%2Fmodules%2F6.1.0-40-amd64 HTTP/2.0" 200 14325 "-" "Mozilla/5.0 AppleWebKit/537.36 (KHTML, like Gecko; compatible; ClaudeBot/1.0; +claudebot@anthropic.com)"
74.7.227.185 - - [31/Dec/2025:03:40:59 +0300] "GET /?commodity/AVE/GHZ779162305659 HTTP/2.0" 200 20 "-" "Mozilla/5.0 AppleWebKit/537.36 (KHTML, like Gecko; compatible; GPTBot/1.3; +https://openai.com/gptbot)"
216.73.216.89 - - [31/Dec/2025:03:41:00 +0300] "GET /?fileloc=%2F%2Fproc%2F484%2Fnet%2Frt_cache&path=%2F%2Fproc%2F484%2Fnet HTTP/2.0" 200 20 "-" "Mozilla/5.0 AppleWebKit/537.36 (KHTML, like Gecko; compatible; ClaudeBot/1.0; +claudebot@anthropic.com)"
74.7.227.185 - - [31/Dec/2025:03:41:04 +0300] "GET /?commodity/ZH/REC779165367015 HTTP/2.0" 200 20 "-" "Mozilla/5.0 AppleWebKit/537.36 (KHTML, like Gecko; compatible; GPTBot/1.3; +https://openai.com/gptbot)"
216.73.216.89 - - [31/Dec/2025:03:41:05 +0300] "GET /?fileloc=%2F%2Fsys%2Fkernel%2Fbtf%2Firqbypass&path=%2F%2Fsys%2Fkernel%2Fbtf HTTP/2.0" 200 20 "-" "Mozilla/5.0 AppleWebKit/537.36 (KHTML, like Gecko; compatible; ClaudeBot/1.0; +claudebot@anthropic.com)"
74.7.227.185 - - [31/Dec/2025:03:41:09 +0300] "GET /?commodity/PD/NIP779372113608 HTTP/2.0" 200 20 "-" "Mozilla/5.0 AppleWebKit/537.36 (KHTML, like Gecko; compatible; GPTBot/1.3; +https://openai.com/gptbot)"
74.7.227.185 - - [31/Dec/2025:03:41:14 +0300] "GET /?commodity/HGH/YR779265865345 HTTP/2.0" 200 20 "-" "Mozilla/5.0 AppleWebKit/537.36 (KHTML, like Gecko; compatible; GPTBot/1.3; +https://openai.com/gptbot)"
216.73.216.89 - - [31/Dec/2025:03:41:14 +0300] "GET /sitemap_index.xml?fileloc=%2F%2Flib%2Fpython2.7%2Fencodings%2Futf_8_sig.pyc&path=%2F%2Flib%2Fpython2.7%2Fencodings HTTP/2.0" 200 14411 "-" "Mozilla/5.0 AppleWebKit/537.36 (KHTML, like Gecko; compatible; ClaudeBot/1.0; +claudebot@anthropic.com)"
216.73.216.89 - - [31/Dec/2025:03:41:17 +0300] "GET /?fileloc=%2F%2Fproc%2Fsys%2Ffs%2Foverflowgid&path=%2F%2Fproc%2Fsys%2Ffs HTTP/2.0" 200 20 "-" "Mozilla/5.0 AppleWebKit/537.36 (KHTML, like Gecko; compatible; ClaudeBot/1.0; +claudebot@anthropic.com)"
74.7.227.185 - - [31/Dec/2025:03:41:19 +0300] "GET /?commodity/FTD/CM779363542337 HTTP/2.0" 200 20 "-" "Mozilla/5.0 AppleWebKit/537.36 (KHTML, like Gecko; compatible; GPTBot/1.3; +https://openai.com/gptbot)"
5.39.109.174 - - [31/Dec/2025:03:41:20 +0300] "GET /?fileloc=//bin/chfn&path=//bin HTTP/2.0" 200 20 "-" "Mozilla/5.0 (compatible; AhrefsBot/7.0; +http://ahrefs.com/robot/)"
216.73.216.89 - - [31/Dec/2025:03:41:23 +0300] "GET /sitemap_index.xml?path=%2F%2Fusr%2Fshare%2Fdoc%2Flibnghttp2-14 HTTP/2.0" 200 14320 "-" "Mozilla/5.0 AppleWebKit/537.36 (KHTML, like Gecko; compatible; ClaudeBot/1.0; +claudebot@anthropic.com)"
74.7.227.185 - - [31/Dec/2025:03:41:24 +0300] "GET /?commodity/N/SPUR779363536709 HTTP/2.0" 200 20 "-" "Mozilla/5.0 AppleWebKit/537.36 (KHTML, like Gecko; compatible; GPTBot/1.3; +https://openai.com/gptbot)"
216.73.216.89 - - [31/Dec/2025:03:41:28 +0300] "GET /sitemap_index.xml?fileloc=%2F%2Fusr%2Fsbin%2Fswitch_root&path=%2F%2Fusr%2Fsbin HTTP/2.0" 200 14417 "-" "Mozilla/5.0 AppleWebKit/537.36 (KHTML, like Gecko; compatible; ClaudeBot/1.0; +claudebot@anthropic.com)"
74.7.227.185 - - [31/Dec/2025:03:41:30 +0300] "GET /?commodity/YORK/TM77904343295 HTTP/2.0" 200 20 "-" "Mozilla/5.0 AppleWebKit/537.36 (KHTML, like Gecko; compatible; GPTBot/1.3; +https://openai.com/gptbot)"
216.73.216.89 - - [31/Dec/2025:03:41:33 +0300] "GET /sitemap_index.xml?fileloc=%2F%2Fusr%2Fbin%2Fjoin&path=%2F%2Fusr%2Fbin HTTP/2.0" 200 14344 "-" "Mozilla/5.0 AppleWebKit/537.36 (KHTML, like Gecko; compatible; ClaudeBot/1.0; +claudebot@anthropic.com)"
74.7.227.185 - - [31/Dec/2025:03:41:35 +0300] "GET /?commodity/GNU/LAT77932825158 HTTP/2.0" 200 20 "-" "Mozilla/5.0 AppleWebKit/537.36 (KHTML, like Gecko; compatible; GPTBot/1.3; +https://openai.com/gptbot)"
216.73.216.89 - - [31/Dec/2025:03:41:37 +0300] "GET /?fileloc=%2F%2Flib%2Fx86_64-linux-gnu%2Fldscripts%2Felf_x86_64.xr&path=%2F%2Flib%2Fx86_64-linux-gnu%2Fldscripts HTTP/2.0" 200 20 "-" "Mozilla/5.0 AppleWebKit/537.36 (KHTML, like Gecko; compatible; ClaudeBot/1.0; +claudebot@anthropic.com)"
74.7.227.185 - - [31/Dec/2025:03:41:40 +0300] "GET /?commodity/UC/ALEX77911524045 HTTP/2.0" 200 20 "-" "Mozilla/5.0 AppleWebKit/537.36 (KHTML, like Gecko; compatible; GPTBot/1.3; +https://openai.com/gptbot)"
216.73.216.89 - - [31/Dec/2025:03:41:43 +0300] "GET /sitemap_index.xml?path=%2F%2Fusr%2Flib%2Fmodules%2F4.19.0-6-amd64 HTTP/2.0" 200 14338 "-" "Mozilla/5.0 AppleWebKit/537.36 (KHTML, like Gecko; compatible; ClaudeBot/1.0; +claudebot@anthropic.com)"
74.7.227.185 - - [31/Dec/2025:03:41:46 +0300] "GET /?commodity/E/RUINS77932493408 HTTP/2.0" 200 20 "-" "Mozilla/5.0 AppleWebKit/537.36 (KHTML, like Gecko; compatible; GPTBot/1.3; +https://openai.com/gptbot)"
216.73.216.89 - - [31/Dec/2025:03:41:48 +0300] "GET /sitemap_index.xml?fileloc=%2F%2Fsys%2Fmodule%2Fhid_generic%2Fcoresize&path=%2F%2Fsys%2Fmodule%2Fhid_generic HTTP/2.0" 200 14374 "-" "Mozilla/5.0 AppleWebKit/537.36 (KHTML, like Gecko; compatible; ClaudeBot/1.0; +claudebot@anthropic.com)"
101.99.88.90 - - [31/Dec/2025:03:41:49 +0300] "GET / HTTP/1.1" 301 162 "-" "Mozilla/5.0 (compatible; Googlebot/2.1; +http://www.google.com/bot.html)"
94.154.35.236 - - [31/Dec/2025:03:41:49 +0300] "HEAD /archive.zip HTTP/1.1" 301 0 "-" "Mozilla/5.0 (Windows NT 10.0; Win64; x64) AppleWebKit/537.36 (KHTML, like Gecko) Chrome/101.0.4951.67 Safari/537.36"
94.154.35.236 - - [31/Dec/2025:03:41:50 +0300] "HEAD /archive.zip HTTP/1.1" 200 0 "-" "Mozilla/5.0 (Windows NT 10.0; Win64; x64) AppleWebKit/537.36 (KHTML, like Gecko) Chrome/101.0.4951.67 Safari/537.36"
74.7.227.185 - - [31/Dec/2025:03:41:51 +0300] "GET /?commodity/FRI/WHY77901420383 HTTP/2.0" 200 20 "-" "Mozilla/5.0 AppleWebKit/537.36 (KHTML, like Gecko; compatible; GPTBot/1.3; +https://openai.com/gptbot)"
101.99.88.90 - - [31/Dec/2025:03:41:51 +0300] "GET / HTTP/1.1" 200 99664 "-" "Mozilla/5.0 (compatible; Googlebot/2.1; +http://www.google.com/bot.html)"
216.73.216.89 - - [31/Dec/2025:03:41:52 +0300] "GET /?fileloc=%2F%2Fsys%2Fmodule%2Fwatchdog%2Ftaint&path=%2F%2Fsys%2Fmodule%2Fwatchdog HTTP/2.0" 200 20 "-" "Mozilla/5.0 AppleWebKit/537.36 (KHTML, like Gecko; compatible; ClaudeBot/1.0; +claudebot@anthropic.com)"
101.99.88.90 - - [31/Dec/2025:03:41:54 +0300] "GET /commodity/FRAMEWORKS/UNIQUE77881283 HTTP/1.1" 200 98648 "-" "Mozilla/5.0 (compatible; Googlebot/2.1; +http://www.google.com/bot.html)"
74.7.227.185 - - [31/Dec/2025:03:41:56 +0300] "GET /?commodity/DL/CARB77883109125 HTTP/2.0" 200 20 "-" "Mozilla/5.0 AppleWebKit/537.36 (KHTML, like Gecko; compatible; GPTBot/1.3; +https://openai.com/gptbot)"
216.73.216.89 - - [31/Dec/2025:03:41:57 +0300] "GET /?fileloc=%2F%2Flib%2Fpython3.11%2Fencodings%2Fiso8859_13.py&path=%2F%2Flib%2Fpython3.11%2Fencodings HTTP/2.0" 200 20 "-" "Mozilla/5.0 AppleWebKit/537.36 (KHTML, like Gecko; compatible; ClaudeBot/1.0; +claudebot@anthropic.com)"
74.7.227.185 - - [31/Dec/2025:03:42:01 +0300] "GET /?commodity/ZU/DIME77932598043 HTTP/2.0" 200 20 "-" "Mozilla/5.0 AppleWebKit/537.36 (KHTML, like Gecko; compatible; GPTBot/1.3; +https://openai.com/gptbot)"
216.73.216.89 - - [31/Dec/2025:03:42:02 +0300] "GET /?fileloc=%2F%2Fproc%2Fself%2Fnet%2Fsockstat&path=%2F%2Fproc%2Fself%2Fnet HTTP/2.0" 200 20 "-" "Mozilla/5.0 AppleWebKit/537.36 (KHTML, like Gecko; compatible; ClaudeBot/1.0; +claudebot@anthropic.com)"
74.7.227.185 - - [31/Dec/2025:03:42:07 +0300] "GET /?commodity/PAW/DEW779073530736 HTTP/2.0" 200 20 "-" "Mozilla/5.0 AppleWebKit/537.36 (KHTML, like Gecko; compatible; GPTBot/1.3; +https://openai.com/gptbot)"
216.73.216.89 - - [31/Dec/2025:03:42:08 +0300] "GET /sitemap_index.xml?path=%2F%2Fusr%2Fshare%2Fdoc%2Fexim4-daemon-heavy HTTP/2.0" 200 14381 "-" "Mozilla/5.0 AppleWebKit/537.36 (KHTML, like Gecko; compatible; ClaudeBot/1.0; +claudebot@anthropic.com)"
74.7.227.185 - - [31/Dec/2025:03:42:12 +0300] "GET /?commodity/CLUE/SRL77932857446 HTTP/2.0" 200 20 "-" "Mozilla/5.0 AppleWebKit/537.36 (KHTML, like Gecko; compatible; GPTBot/1.3; +https://openai.com/gptbot)"
216.73.216.89 - - [31/Dec/2025:03:42:13 +0300] "GET /sitemap_index.xml?path=%2F%2Flib%2Flocale%2Fdoi_IN HTTP/2.0" 200 14356 "-" "Mozilla/5.0 AppleWebKit/537.36 (KHTML, like Gecko; compatible; ClaudeBot/1.0; +claudebot@anthropic.com)"
74.7.227.185 - - [31/Dec/2025:03:42:17 +0300] "GET /?commodity/TOS/MONA77932478306 HTTP/2.0" 200 20 "-" "Mozilla/5.0 AppleWebKit/537.36 (KHTML, like Gecko; compatible; GPTBot/1.3; +https://openai.com/gptbot)"
216.73.216.89 - - [31/Dec/2025:03:42:18 +0300] "GET /sitemap_index.xml?fileloc=%2F%2Flib%2Fpython2.7%2Fencodings%2Fcp950.pyc&path=%2F%2Flib%2Fpython2.7%2Fencodings HTTP/2.0" 200 14472 "-" "Mozilla/5.0 AppleWebKit/537.36 (KHTML, like Gecko; compatible; ClaudeBot/1.0; +claudebot@anthropic.com)"
74.7.227.185 - - [31/Dec/2025:03:42:22 +0300] "GET /?commodity/SYNC/ZIP77932841133 HTTP/2.0" 200 20 "-" "Mozilla/5.0 AppleWebKit/537.36 (KHTML, like Gecko; compatible; GPTBot/1.3; +https://openai.com/gptbot)"
54.37.118.95 - - [31/Dec/2025:03:42:24 +0300] "GET /?fileloc=//bin/chacl&path=//bin HTTP/2.0" 200 20 "-" "Mozilla/5.0 (compatible; AhrefsBot/7.0; +http://ahrefs.com/robot/)"
216.73.216.89 - - [31/Dec/2025:03:42:26 +0300] "GET /?fileloc=%2F%2Fusr%2Finclude%2Fxcb%2Fxproto.h&path=%2F%2Fusr%2Finclude%2Fxcb HTTP/2.0" 200 20 "-" "Mozilla/5.0 AppleWebKit/537.36 (KHTML, like Gecko; compatible; ClaudeBot/1.0; +claudebot@anthropic.com)"
74.7.227.185 - - [31/Dec/2025:03:42:28 +0300] "GET /?commodity/BEADS/GP77932885856 HTTP/2.0" 200 20 "-" "Mozilla/5.0 AppleWebKit/537.36 (KHTML, like Gecko; compatible; GPTBot/1.3; +https://openai.com/gptbot)"
216.73.216.89 - - [31/Dec/2025:03:42:32 +0300] "GET /sitemap_index.xml?fileloc=%2F%2Flib%2Fx86_64-linux-gnu%2Fldscripts%2Felf_i386.xd&path=%2F%2Flib%2Fx86_64-linux-gnu%2Fldscripts HTTP/2.0" 200 14452 "-" "Mozilla/5.0 AppleWebKit/537.36 (KHTML, like Gecko; compatible; ClaudeBot/1.0; +claudebot@anthropic.com)"
74.7.227.185 - - [31/Dec/2025:03:42:33 +0300] "GET /?commodity/THO/AMEN77924915702 HTTP/2.0" 200 20 "-" "Mozilla/5.0 AppleWebKit/537.36 (KHTML, like Gecko; compatible; GPTBot/1.3; +https://openai.com/gptbot)"
216.73.216.89 - - [31/Dec/2025:03:42:36 +0300] "GET /?fileloc=%2F%2Fproc%2F3%2Fnet%2Fnetstat&path=%2F%2Fproc%2F3%2Fnet HTTP/2.0" 200 20 "-" "Mozilla/5.0 AppleWebKit/537.36 (KHTML, like Gecko; compatible; ClaudeBot/1.0; +claudebot@anthropic.com)"
74.7.227.185 - - [31/Dec/2025:03:42:38 +0300] "GET /?commodity/OPENS/XY77883275661 HTTP/2.0" 200 20 "-" "Mozilla/5.0 AppleWebKit/537.36 (KHTML, like Gecko; compatible; GPTBot/1.3; +https://openai.com/gptbot)"
101.99.88.90 - - [31/Dec/2025:03:42:39 +0300] "GET / HTTP/1.1" 301 162 "-" "Mozilla/5.0 (compatible; Googlebot/2.1; +http://www.google.com/bot.html)"
101.99.88.90 - - [31/Dec/2025:03:42:41 +0300] "GET / HTTP/1.1" 200 99664 "-" "Mozilla/5.0 (compatible; Googlebot/2.1; +http://www.google.com/bot.html)"
216.73.216.89 - - [31/Dec/2025:03:42:42 +0300] "GET /sitemap_index.xml?path=%2F%2Fusr%2Flib%2Flocale%2Fayc_PE HTTP/2.0" 200 14331 "-" "Mozilla/5.0 AppleWebKit/537.36 (KHTML, like Gecko; compatible; ClaudeBot/1.0; +claudebot@anthropic.com)"
101.99.88.90 - - [31/Dec/2025:03:42:43 +0300] "GET /commodity/FRAMEWORKS/UNIQUE77881283 HTTP/1.1" 200 98648 "-" "Mozilla/5.0 (compatible; Googlebot/2.1; +http://www.google.com/bot.html)"
74.7.227.185 - - [31/Dec/2025:03:42:44 +0300] "GET /?commodity/VL/IRENE77914434280 HTTP/2.0" 200 20 "-" "Mozilla/5.0 AppleWebKit/537.36 (KHTML, like Gecko; compatible; GPTBot/1.3; +https://openai.com/gptbot)"
216.73.216.89 - - [31/Dec/2025:03:42:47 +0300] "GET /sitemap_index.xml?fileloc=%2F%2Fproc%2Fthread-self%2Fnet%2Fpacket&path=%2F%2Fproc%2Fthread-self%2Fnet HTTP/2.0" 200 14336 "-" "Mozilla/5.0 AppleWebKit/537.36 (KHTML, like Gecko; compatible; ClaudeBot/1.0; +claudebot@anthropic.com)"
74.7.227.185 - - [31/Dec/2025:03:42:49 +0300] "GET /?commodity/XL/NOIR77925113105 HTTP/2.0" 200 20 "-" "Mozilla/5.0 AppleWebKit/537.36 (KHTML, like Gecko; compatible; GPTBot/1.3; +https://openai.com/gptbot)"
216.73.216.89 - - [31/Dec/2025:03:42:52 +0300] "GET /sitemap_index.xml?fileloc=%2F%2Flib%2Fx86_64-linux-gnu%2Fldscripts%2Felf_i386.xdce&path=%2F%2Flib%2Fx86_64-linux-gnu%2Fldscripts HTTP/2.0" 200 14288 "-" "Mozilla/5.0 AppleWebKit/537.36 (KHTML, like Gecko; compatible; ClaudeBot/1.0; +claudebot@anthropic.com)"
74.7.227.185 - - [31/Dec/2025:03:42:54 +0300] "GET /?commodity/YDS/UNC77901192965 HTTP/2.0" 200 20 "-" "Mozilla/5.0 AppleWebKit/537.36 (KHTML, like Gecko; compatible; GPTBot/1.3; +https://openai.com/gptbot)"
216.73.216.89 - - [31/Dec/2025:03:42:56 +0300] "GET /?fileloc=%2F%2Fsys%2Fmodule%2Flibcrc32c%2Ftaint&path=%2F%2Fsys%2Fmodule%2Flibcrc32c HTTP/2.0" 200 20 "-" "Mozilla/5.0 AppleWebKit/537.36 (KHTML, like Gecko; compatible; ClaudeBot/1.0; +claudebot@anthropic.com)"
74.7.227.185 - - [31/Dec/2025:03:42:59 +0300] "GET /?commodity/NUM/RIDE77883262963 HTTP/2.0" 200 20 "-" "Mozilla/5.0 AppleWebKit/537.36 (KHTML, like Gecko; compatible; GPTBot/1.3; +https://openai.com/gptbot)"
216.73.216.89 - - [31/Dec/2025:03:43:01 +0300] "GET /?fileloc=%2F%2Flib%2Fgit-core%2Fmergetools%2Fmeld&path=%2F%2Flib%2Fgit-core%2Fmergetools HTTP/2.0" 200 20 "-" "Mozilla/5.0 AppleWebKit/537.36 (KHTML, like Gecko; compatible; ClaudeBot/1.0; +claudebot@anthropic.com)"
74.7.227.185 - - [31/Dec/2025:03:43:04 +0300] "GET /?commodity/DEG/JILL77935628352 HTTP/2.0" 200 20 "-" "Mozilla/5.0 AppleWebKit/537.36 (KHTML, like Gecko; compatible; GPTBot/1.3; +https://openai.com/gptbot)"
216.73.216.89 - - [31/Dec/2025:03:43:07 +0300] "GET /sitemap_index.xml?fileloc=%2F%2Fusr%2Fbin%2Finotifywait&path=%2F%2Fusr%2Fbin HTTP/2.0" 200 14262 "-" "Mozilla/5.0 AppleWebKit/537.36 (KHTML, like Gecko; compatible; ClaudeBot/1.0; +claudebot@anthropic.com)"
74.7.227.185 - - [31/Dec/2025:03:43:09 +0300] "GET /?commodity/LURE/LQ778964296480 HTTP/2.0" 200 20 "-" "Mozilla/5.0 AppleWebKit/537.36 (KHTML, like Gecko; compatible; GPTBot/1.3; +https://openai.com/gptbot)"
216.73.216.89 - - [31/Dec/2025:03:43:11 +0300] "GET /?fileloc=%2F%2Fproc%2F4%2Fmounts&path=%2F%2Fproc%2F4 HTTP/2.0" 200 20 "-" "Mozilla/5.0 AppleWebKit/537.36 (KHTML, like Gecko; compatible; ClaudeBot/1.0; +claudebot@anthropic.com)"
74.7.227.185 - - [31/Dec/2025:03:43:15 +0300] "GET /?commodity/Q/BLOC779372156499 HTTP/2.0" 200 20 "-" "Mozilla/5.0 AppleWebKit/537.36 (KHTML, like Gecko; compatible; GPTBot/1.3; +https://openai.com/gptbot)"
216.73.216.89 - - [31/Dec/2025:03:43:17 +0300] "GET /sitemap_index.xml?path=%2F%2Fsnap%2Fcore24%2F1243 HTTP/2.0" 200 14303 "-" "Mozilla/5.0 AppleWebKit/537.36 (KHTML, like Gecko; compatible; ClaudeBot/1.0; +claudebot@anthropic.com)"
74.7.227.185 - - [31/Dec/2025:03:43:20 +0300] "GET /?commodity/GP/DRAWS77883169513 HTTP/2.0" 200 20 "-" "Mozilla/5.0 AppleWebKit/537.36 (KHTML, like Gecko; compatible; GPTBot/1.3; +https://openai.com/gptbot)"
216.73.216.89 - - [31/Dec/2025:03:43:21 +0300] "GET /?fileloc=%2F%2Fusr%2Fsbin%2Fifconfig&path=%2F%2Fusr%2Fsbin HTTP/2.0" 200 20 "-" "Mozilla/5.0 AppleWebKit/537.36 (KHTML, like Gecko; compatible; ClaudeBot/1.0; +claudebot@anthropic.com)"
94.23.188.194 - - [31/Dec/2025:03:43:23 +0300] "GET /?fileloc=//bin/bzgrep&path=//bin HTTP/2.0" 200 20 "-" "Mozilla/5.0 (compatible; AhrefsBot/7.0; +http://ahrefs.com/robot/)"
74.7.227.185 - - [31/Dec/2025:03:43:25 +0300] "GET /?commodity/FREQ/RMS77883091026 HTTP/2.0" 200 20 "-" "Mozilla/5.0 AppleWebKit/537.36 (KHTML, like Gecko; compatible; GPTBot/1.3; +https://openai.com/gptbot)"
216.73.216.89 - - [31/Dec/2025:03:43:27 +0300] "GET /sitemap_index.xml?path=%2F%2Fsys%2Fkernel%2Fslab%2F%3AA-0000080 HTTP/2.0" 200 14440 "-" "Mozilla/5.0 AppleWebKit/537.36 (KHTML, like Gecko; compatible; ClaudeBot/1.0; +claudebot@anthropic.com)"
109.199.122.239 - - [31/Dec/2025:03:43:29 +0300] "GET /wp-admin/css/ HTTP/1.1" 302 138 "binance.com" "Mozilla/5.0 (Windows NT 10.0; Win64; x64) AppleWebKit/537.36 (KHTML, like Gecko) Chrome/90.0.4430.85 Safari/537.36"
66.249.70.106 - - [31/Dec/2025:03:43:30 +0300] "GET /commodity/ACCEPTABLE/SICKNESS7789752991 HTTP/1.1" 200 21941 "-" "Mozilla/5.0 (Linux; Android 6.0.1; Nexus 5X Build/MMB29P) AppleWebKit/537.36 (KHTML, like Gecko) Chrome/141.0.7390.122 Mobile Safari/537.36 (compatible; GoogleOther)"
109.199.122.239 - - [31/Dec/2025:03:43:30 +0300] "GET /wp-admin/css/404 HTTP/1.1" 200 31 "binance.com" "Mozilla/5.0 (Windows NT 10.0; Win64; x64) AppleWebKit/537.36 (KHTML, like Gecko) Chrome/90.0.4430.85 Safari/537.36"
74.7.227.185 - - [31/Dec/2025:03:43:30 +0300] "GET /?commodity/ERS/EMS77901330410 HTTP/2.0" 200 20 "-" "Mozilla/5.0 AppleWebKit/537.36 (KHTML, like Gecko; compatible; GPTBot/1.3; +https://openai.com/gptbot)"
216.73.216.89 - - [31/Dec/2025:03:43:31 +0300] "GET /?fileloc=%2F%2Fproc%2F46%2Fmountstats&path=%2F%2Fproc%2F46 HTTP/2.0" 200 20 "-" "Mozilla/5.0 AppleWebKit/537.36 (KHTML, like Gecko; compatible; ClaudeBot/1.0; +claudebot@anthropic.com)"
74.7.227.185 - - [31/Dec/2025:03:43:35 +0300] "GET /?commodity/RENE/WAP77896610993 HTTP/2.0" 200 20 "-" "Mozilla/5.0 AppleWebKit/537.36 (KHTML, like Gecko; compatible; GPTBot/1.3; +https://openai.com/gptbot)"
66.249.70.106 - - [31/Dec/2025:03:43:35 +0300] "GET /commodity/ACCEPTABLE/undefined/commodity-breadcrumbs.jsonp?commodity_code=FK7415473505&schema=levasheva&callback=ga4datalayer163624 HTTP/1.1" 200 20936 "https://levasheva.ru/commodity/ACCEPTABLE/SICKNESS7789752991" "Mozilla/5.0 (Linux; Android 6.0.1; Nexus 5X Build/MMB29P) AppleWebKit/537.36 (KHTML, like Gecko) Chrome/141.0.7390.122 Mobile Safari/537.36 (compatible; Googlebot/2.1; +http://www.google.com/bot.html)"
216.73.216.89 - - [31/Dec/2025:03:43:37 +0300] "GET /sitemap_index.xml?fileloc=%2F%2Fusr%2Fsbin%2Fphpdismod&path=%2F%2Fusr%2Fsbin HTTP/2.0" 200 14330 "-" "Mozilla/5.0 AppleWebKit/537.36 (KHTML, like Gecko; compatible; ClaudeBot/1.0; +claudebot@anthropic.com)"
74.7.227.185 - - [31/Dec/2025:03:43:41 +0300] "GET /?commodity/NO/FORTY77914827696 HTTP/2.0" 200 20 "-" "Mozilla/5.0 AppleWebKit/537.36 (KHTML, like Gecko; compatible; GPTBot/1.3; +https://openai.com/gptbot)"
66.249.70.105 - - [31/Dec/2025:03:43:41 +0300] "GET /commodity/FK7415473505/colors?_=1765152000000 HTTP/1.1" 200 21014 "https://levasheva.ru/commodity/ACCEPTABLE/SICKNESS7789752991" "Mozilla/5.0 (Linux; Android 6.0.1; Nexus 5X Build/MMB29P) AppleWebKit/537.36 (KHTML, like Gecko) Chrome/141.0.7390.122 Mobile Safari/537.36 (compatible; Googlebot/2.1; +http://www.google.com/bot.html)"
216.73.216.89 - - [31/Dec/2025:03:43:42 +0300] "GET /sitemap_index.xml?path=%2Fvar%2Fwww%2Flevasheva.ru%2Fpublic%2Fwp-content%2Fplugins%2Fwordpress-seo%2Fsrc%2Fgenerated HTTP/2.0" 200 14387 "-" "Mozilla/5.0 AppleWebKit/537.36 (KHTML, like Gecko; compatible; ClaudeBot/1.0; +claudebot@anthropic.com)"
66.249.70.105 - - [31/Dec/2025:03:43:42 +0300] "GET /commodity/ACCEPTABLE/undefined/commodity-breadcrumbs.jsonp?callback=jQuery37106393021999392658_1767141877013&commodity_code=FK7415473505 HTTP/1.1" 200 21380 "https://levasheva.ru/commodity/ACCEPTABLE/SICKNESS7789752991" "Mozilla/5.0 (Linux; Android 6.0.1; Nexus 5X Build/MMB29P) AppleWebKit/537.36 (KHTML, like Gecko) Chrome/141.0.7390.122 Mobile Safari/537.36 (compatible; Googlebot/2.1; +http://www.google.com/bot.html)"
66.249.70.105 - - [31/Dec/2025:03:43:44 +0300] "GET /commodity/ACCEPTABLE/undefined/reviews-count.jsonp?callback=callback_customerReviewSummary_40906&schema=levasheva&commodity_code=FK7415473505&reviewer_type=1 HTTP/1.1" 200 21305 "https://levasheva.ru/commodity/ACCEPTABLE/SICKNESS7789752991" "Mozilla/5.0 (Linux; Android 6.0.1; Nexus 5X Build/MMB29P) AppleWebKit/537.36 (KHTML, like Gecko) Chrome/141.0.7390.122 Mobile Safari/537.36 (compatible; Googlebot/2.1; +http://www.google.com/bot.html)"
66.249.70.105 - - [31/Dec/2025:03:43:45 +0300] "GET /commodity/ACCEPTABLE/undefined/reviews.jsonp?callback=callback_c_40906&commodity_code=FK7415473505&schema=levasheva HTTP/1.1" 200 21294 "https://levasheva.ru/commodity/ACCEPTABLE/SICKNESS7789752991" "Mozilla/5.0 (Linux; Android 6.0.1; Nexus 5X Build/MMB29P) AppleWebKit/537.36 (KHTML, like Gecko) Chrome/141.0.7390.122 Mobile Safari/537.36 (compatible; Googlebot/2.1; +http://www.google.com/bot.html)"
74.7.227.185 - - [31/Dec/2025:03:43:46 +0300] "GET /?commodity/IGN/COPE77893849840 HTTP/2.0" 200 20 "-" "Mozilla/5.0 AppleWebKit/537.36 (KHTML, like Gecko; compatible; GPTBot/1.3; +https://openai.com/gptbot)"
216.73.216.89 - - [31/Dec/2025:03:43:46 +0300] "GET /?fileloc=%2F%2Fusr%2Finclude%2Fncursesw%2Fcursesm.h&path=%2F%2Fusr%2Finclude%2Fncursesw HTTP/2.0" 200 20 "-" "Mozilla/5.0 AppleWebKit/537.36 (KHTML, like Gecko; compatible; ClaudeBot/1.0; +claudebot@anthropic.com)"
74.7.227.185 - - [31/Dec/2025:03:43:51 +0300] "GET /?commodity/BROS/TRI77925106172 HTTP/2.0" 200 20 "-" "Mozilla/5.0 AppleWebKit/537.36 (KHTML, like Gecko; compatible; GPTBot/1.3; +https://openai.com/gptbot)"
216.73.216.89 - - [31/Dec/2025:03:43:52 +0300] "GET /sitemap_index.xml?path=%2F%2Fusr%2Flib%2Flocale%2Faa_ER HTTP/2.0" 200 14289 "-" "Mozilla/5.0 AppleWebKit/537.36 (KHTML, like Gecko; compatible; ClaudeBot/1.0; +claudebot@anthropic.com)"
74.7.227.185 - - [31/Dec/2025:03:43:56 +0300] "GET /?commodity/ARG/AMS77886034498 HTTP/2.0" 200 20 "-" "Mozilla/5.0 AppleWebKit/537.36 (KHTML, like Gecko; compatible; GPTBot/1.3; +https://openai.com/gptbot)"
216.73.216.89 - - [31/Dec/2025:03:43:57 +0300] "GET /sitemap_index.xml?fileloc=%2F%2Fproc%2F2461908%2Fsetgroups&path=%2F%2Fproc%2F2461908 HTTP/2.0" 200 14458 "-" "Mozilla/5.0 AppleWebKit/537.36 (KHTML, like Gecko; compatible; ClaudeBot/1.0; +claudebot@anthropic.com)"
216.73.216.89 - - [31/Dec/2025:03:44:01 +0300] "GET /?fileloc=%2F%2Frun%2Fsystemd%2Finaccessible%2Freg&path=%2F%2Frun%2Fsystemd%2Finaccessible HTTP/2.0" 200 20 "-" "Mozilla/5.0 AppleWebKit/537.36 (KHTML, like Gecko; compatible; ClaudeBot/1.0; +claudebot@anthropic.com)"
74.7.227.185 - - [31/Dec/2025:03:44:01 +0300] "GET /?commodity/JUL/UBC77911616208 HTTP/2.0" 200 20 "-" "Mozilla/5.0 AppleWebKit/537.36 (KHTML, like Gecko; compatible; GPTBot/1.3; +https://openai.com/gptbot)"
216.73.216.89 - - [31/Dec/2025:03:44:06 +0300] "GET /?fileloc=%2F%2Fusr%2Fsbin%2Faddgroup&path=%2F%2Fusr%2Fsbin HTTP/2.0" 200 20 "-" "Mozilla/5.0 AppleWebKit/537.36 (KHTML, like Gecko; compatible; ClaudeBot/1.0; +claudebot@anthropic.com)"
74.7.227.185 - - [31/Dec/2025:03:44:07 +0300] "GET /?commodity/BUF/TSN77896397168 HTTP/2.0" 200 20 "-" "Mozilla/5.0 AppleWebKit/537.36 (KHTML, like Gecko; compatible; GPTBot/1.3; +https://openai.com/gptbot)"
216.73.216.89 - - [31/Dec/2025:03:44:11 +0300] "GET /?fileloc=%2F%2Fproc%2F6%2Fmountstats&path=%2F%2Fproc%2F6 HTTP/2.0" 200 20 "-" "Mozilla/5.0 AppleWebKit/537.36 (KHTML, like Gecko; compatible; ClaudeBot/1.0; +claudebot@anthropic.com)"
74.7.227.185 - - [31/Dec/2025:03:44:12 +0300] "GET /?commodity/DATE/LV77932591353 HTTP/2.0" 200 20 "-" "Mozilla/5.0 AppleWebKit/537.36 (KHTML, like Gecko; compatible; GPTBot/1.3; +https://openai.com/gptbot)"
74.7.227.185 - - [31/Dec/2025:03:44:17 +0300] "GET /?commodity/ERA/ICE77883281955 HTTP/2.0" 200 20 "-" "Mozilla/5.0 AppleWebKit/537.36 (KHTML, like Gecko; compatible; GPTBot/1.3; +https://openai.com/gptbot)"
216.73.216.89 - - [31/Dec/2025:03:44:17 +0300] "GET /sitemap_index.xml?path=%2F%2Fusr%2Flib%2Flocale%2Faa_DJ.utf8 HTTP/2.0" 200 14346 "-" "Mozilla/5.0 AppleWebKit/537.36 (KHTML, like Gecko; compatible; ClaudeBot/1.0; +claudebot@anthropic.com)"
216.73.216.89 - - [31/Dec/2025:03:44:21 +0300] "GET /?fileloc=%2F%2Fusr%2Fbin%2F%5B&path=%2F%2Fusr%2Fbin HTTP/2.0" 200 20 "-" "Mozilla/5.0 AppleWebKit/537.36 (KHTML, like Gecko; compatible; ClaudeBot/1.0; +claudebot@anthropic.com)"
74.7.227.185 - - [31/Dec/2025:03:44:23 +0300] "GET /?commodity/TLS/RAP77935785851 HTTP/2.0" 200 20 "-" "Mozilla/5.0 AppleWebKit/537.36 (KHTML, like Gecko; compatible; GPTBot/1.3; +https://openai.com/gptbot)"
216.73.216.89 - - [31/Dec/2025:03:44:27 +0300] "GET /sitemap_index.xml?fileloc=%2F%2Fsys%2Fmodule%2Fserio_raw%2Finitstate&path=%2F%2Fsys%2Fmodule%2Fserio_raw HTTP/2.0" 200 14365 "-" "Mozilla/5.0 AppleWebKit/537.36 (KHTML, like Gecko; compatible; ClaudeBot/1.0; +claudebot@anthropic.com)"
74.7.227.185 - - [31/Dec/2025:03:44:28 +0300] "GET /?commodity/EIA/BOB77883301918 HTTP/2.0" 200 20 "-" "Mozilla/5.0 AppleWebKit/537.36 (KHTML, like Gecko; compatible; GPTBot/1.3; +https://openai.com/gptbot)"
216.73.216.89 - - [31/Dec/2025:03:44:31 +0300] "GET /?path=%2F%2Fusr%2Fshare%2Fdoc%2Flibfile-find-rule-perl HTTP/2.0" 200 20 "-" "Mozilla/5.0 AppleWebKit/537.36 (KHTML, like Gecko; compatible; ClaudeBot/1.0; +claudebot@anthropic.com)"
74.7.227.185 - - [31/Dec/2025:03:44:33 +0300] "GET /?commodity/POLO/RL77896768430 HTTP/2.0" 200 20 "-" "Mozilla/5.0 AppleWebKit/537.36 (KHTML, like Gecko; compatible; GPTBot/1.3; +https://openai.com/gptbot)"
92.222.108.96 - - [31/Dec/2025:03:44:34 +0300] "GET /?fileloc=//bin/bzdiff&path=//bin HTTP/2.0" 200 20 "-" "Mozilla/5.0 (compatible; AhrefsBot/7.0; +http://ahrefs.com/robot/)"
216.73.216.89 - - [31/Dec/2025:03:44:37 +0300] "GET /sitemap_index.xml?fileloc=%2F%2Fsys%2Fmodule%2Fsha512_generic%2Finitsize&path=%2F%2Fsys%2Fmodule%2Fsha512_generic HTTP/2.0" 200 14446 "-" "Mozilla/5.0 AppleWebKit/537.36 (KHTML, like Gecko; compatible; ClaudeBot/1.0; +claudebot@anthropic.com)"
74.7.227.185 - - [31/Dec/2025:03:44:38 +0300] "GET /?commodity/MOP/HRS778869985041 HTTP/2.0" 200 20 "-" "Mozilla/5.0 AppleWebKit/537.36 (KHTML, like Gecko; compatible; GPTBot/1.3; +https://openai.com/gptbot)"
74.7.227.185 - - [31/Dec/2025:03:44:43 +0300] "GET /?commodity/SIND/EB779162550495 HTTP/2.0" 200 20 "-" "Mozilla/5.0 AppleWebKit/537.36 (KHTML, like Gecko; compatible; GPTBot/1.3; +https://openai.com/gptbot)"
216.73.216.89 - - [31/Dec/2025:03:44:45 +0300] "GET /?fileloc=%2F%2Flib%2Fsystemd%2Fsystem%2Fsystemd-journald%40.socket&path=%2F%2Flib%2Fsystemd%2Fsystem HTTP/2.0" 200 20 "-" "Mozilla/5.0 AppleWebKit/537.36 (KHTML, like Gecko; compatible; ClaudeBot/1.0; +claudebot@anthropic.com)"
74.7.227.185 - - [31/Dec/2025:03:44:49 +0300] "GET /?commodity/VI/WOKE778869554916 HTTP/2.0" 200 20 "-" "Mozilla/5.0 AppleWebKit/537.36 (KHTML, like Gecko; compatible; GPTBot/1.3; +https://openai.com/gptbot)"
74.7.227.185 - - [31/Dec/2025:03:44:54 +0300] "GET /?commodity/HER/AVI778970467243 HTTP/2.0" 200 20 "-" "Mozilla/5.0 AppleWebKit/537.36 (KHTML, like Gecko; compatible; GPTBot/1.3; +https://openai.com/gptbot)"
216.73.216.89 - - [31/Dec/2025:03:44:55 +0300] "GET /sitemap_index.xml?fileloc=%2F%2Fusr%2Finclude%2FX11%2FSunkeysym.h&path=%2F%2Fusr%2Finclude%2FX11 HTTP/2.0" 200 14446 "-" "Mozilla/5.0 AppleWebKit/537.36 (KHTML, like Gecko; compatible; ClaudeBot/1.0; +claudebot@anthropic.com)"
216.73.216.89 - - [31/Dec/2025:03:44:58 +0300] "GET /?fileloc=%2F%2Fbin%2FX11%2Fecho&path=%2F%2Fbin%2FX11 HTTP/2.0" 200 20 "-" "Mozilla/5.0 AppleWebKit/537.36 (KHTML, like Gecko; compatible; ClaudeBot/1.0; +claudebot@anthropic.com)"
74.7.227.185 - - [31/Dec/2025:03:44:59 +0300] "GET /?commodity/SUV/URN779062058465 HTTP/2.0" 200 20 "-" "Mozilla/5.0 AppleWebKit/537.36 (KHTML, like Gecko; compatible; GPTBot/1.3; +https://openai.com/gptbot)"
216.73.216.89 - - [31/Dec/2025:03:45:04 +0300] "GET /sitemap_index.xml?fileloc=%2F%2Flib%2Fx86_64-linux-gnu%2Fldscripts%2Felf_x86_64.xe&path=%2F%2Flib%2Fx86_64-linux-gnu%2Fldscripts HTTP/2.0" 200 14277 "-" "Mozilla/5.0 AppleWebKit/537.36 (KHTML, like Gecko; compatible; ClaudeBot/1.0; +claudebot@anthropic.com)"
74.7.227.185 - - [31/Dec/2025:03:45:04 +0300] "GET /?commodity/FRI/WHY77901180383 HTTP/2.0" 200 20 "-" "Mozilla/5.0 AppleWebKit/537.36 (KHTML, like Gecko; compatible; GPTBot/1.3; +https://openai.com/gptbot)"
216.73.216.89 - - [31/Dec/2025:03:45:08 +0300] "GET /?fileloc=%2F%2Frun%2Fudev%2Fdata%2Fc7%3A65&path=%2F%2Frun%2Fudev%2Fdata HTTP/2.0" 200 20 "-" "Mozilla/5.0 AppleWebKit/537.36 (KHTML, like Gecko; compatible; ClaudeBot/1.0; +claudebot@anthropic.com)"
74.7.227.185 - - [31/Dec/2025:03:45:10 +0300] "GET /?commodity/SCR/WIN77883121236 HTTP/2.0" 200 20 "-" "Mozilla/5.0 AppleWebKit/537.36 (KHTML, like Gecko; compatible; GPTBot/1.3; +https://openai.com/gptbot)"
216.73.216.89 - - [31/Dec/2025:03:45:13 +0300] "GET /?fileloc=%2F%2Fproc%2F5%2Fnet%2Funix&path=%2F%2Fproc%2F5%2Fnet HTTP/2.0" 200 20 "-" "Mozilla/5.0 AppleWebKit/537.36 (KHTML, like Gecko; compatible; ClaudeBot/1.0; +claudebot@anthropic.com)"
74.7.227.185 - - [31/Dec/2025:03:45:15 +0300] "GET /?commodity/HEARTS/TACTICAL779174370289 HTTP/2.0" 200 20 "-" "Mozilla/5.0 AppleWebKit/537.36 (KHTML, like Gecko; compatible; GPTBot/1.3; +https://openai.com/gptbot)"
216.73.216.89 - - [31/Dec/2025:03:45:19 +0300] "GET /sitemap_index.xml?path=%2F%2Fusr%2Flib%2Flocale%2Fchr_US HTTP/2.0" 200 14292 "-" "Mozilla/5.0 AppleWebKit/537.36 (KHTML, like Gecko; compatible; ClaudeBot/1.0; +claudebot@anthropic.com)"
74.7.227.185 - - [31/Dec/2025:03:45:20 +0300] "GET /?commodity/VAT/GLU779162412084 HTTP/2.0" 200 20 "-" "Mozilla/5.0 AppleWebKit/537.36 (KHTML, like Gecko; compatible; GPTBot/1.3; +https://openai.com/gptbot)"
66.249.70.107 - - [31/Dec/2025:03:45:22 +0300] "GET /commodity/SLICES/SHARPLY7789875459 HTTP/1.1" 200 21431 "-" "Mozilla/5.0 (Linux; Android 6.0.1; Nexus 5X Build/MMB29P) AppleWebKit/537.36 (KHTML, like Gecko) Chrome/141.0.7390.122 Mobile Safari/537.36 (compatible; GoogleOther)"
216.73.216.89 - - [31/Dec/2025:03:45:23 +0300] "GET /?fileloc=%2F%2Fusr%2Fbin%2FX11%2Fstreamzip&path=%2F%2Fusr%2Fbin%2FX11 HTTP/2.0" 200 20 "-" "Mozilla/5.0 AppleWebKit/537.36 (KHTML, like Gecko; compatible; ClaudeBot/1.0; +claudebot@anthropic.com)"
101.99.88.90 - - [31/Dec/2025:03:45:25 +0300] "GET / HTTP/1.1" 301 162 "-" "Mozilla/5.0 (compatible; Googlebot/2.1; +http://www.google.com/bot.html)"
74.7.227.185 - - [31/Dec/2025:03:45:25 +0300] "GET /?commodity/HB/LANE779263043089 HTTP/2.0" 200 20 "-" "Mozilla/5.0 AppleWebKit/537.36 (KHTML, like Gecko; compatible; GPTBot/1.3; +https://openai.com/gptbot)"
66.249.70.105 - - [31/Dec/2025:03:45:26 +0300] "GET /commodity/SLICES/undefined/commodity-breadcrumbs.jsonp?commodity_code=NA1226083397&schema=levasheva&callback=ga4datalayer163624 HTTP/1.1" 200 21939 "https://levasheva.ru/commodity/SLICES/SHARPLY7789875459" "Mozilla/5.0 (Linux; Android 6.0.1; Nexus 5X Build/MMB29P) AppleWebKit/537.36 (KHTML, like Gecko) Chrome/141.0.7390.122 Mobile Safari/537.36 (compatible; Googlebot/2.1; +http://www.google.com/bot.html)"
101.99.88.90 - - [31/Dec/2025:03:45:27 +0300] "GET / HTTP/1.1" 200 99664 "-" "Mozilla/5.0 (compatible; Googlebot/2.1; +http://www.google.com/bot.html)"
216.73.216.89 - - [31/Dec/2025:03:45:28 +0300] "GET /?fileloc=%2F%2Fproc%2F44%2Fnet%2Fprotocols&path=%2F%2Fproc%2F44%2Fnet HTTP/2.0" 200 20 "-" "Mozilla/5.0 AppleWebKit/537.36 (KHTML, like Gecko; compatible; ClaudeBot/1.0; +claudebot@anthropic.com)"
101.99.88.90 - - [31/Dec/2025:03:45:30 +0300] "GET /commodity/FRAMEWORKS/UNIQUE77881283 HTTP/1.1" 200 98648 "-" "Mozilla/5.0 (compatible; Googlebot/2.1; +http://www.google.com/bot.html)"
66.249.70.105 - - [31/Dec/2025:03:45:30 +0300] "GET /commodity/NA1226083397/colors?_=1765152000000 HTTP/1.1" 200 21945 "https://levasheva.ru/commodity/SLICES/SHARPLY7789875459" "Mozilla/5.0 (Linux; Android 6.0.1; Nexus 5X Build/MMB29P) AppleWebKit/537.36 (KHTML, like Gecko) Chrome/141.0.7390.122 Mobile Safari/537.36 (compatible; Googlebot/2.1; +http://www.google.com/bot.html)"
74.7.227.185 - - [31/Dec/2025:03:45:31 +0300] "GET /?commodity/DR/ROME77911683555 HTTP/2.0" 200 20 "-" "Mozilla/5.0 AppleWebKit/537.36 (KHTML, like Gecko; compatible; GPTBot/1.3; +https://openai.com/gptbot)"
66.249.70.105 - - [31/Dec/2025:03:45:32 +0300] "GET /commodity/SLICES/undefined/commodity-breadcrumbs.jsonp?callback=jQuery37106393021999392658_1767141990013&commodity_code=NA1226083397 HTTP/1.1" 200 21357 "https://levasheva.ru/commodity/SLICES/SHARPLY7789875459" "Mozilla/5.0 (Linux; Android 6.0.1; Nexus 5X Build/MMB29P) AppleWebKit/537.36 (KHTML, like Gecko) Chrome/141.0.7390.122 Mobile Safari/537.36 (compatible; Googlebot/2.1; +http://www.google.com/bot.html)"
216.73.216.89 - - [31/Dec/2025:03:45:33 +0300] "GET /?fileloc=%2F%2Fusr%2Flib%2Fsystemd%2Fsystemd-shutdown&path=%2F%2Fusr%2Flib%2Fsystemd HTTP/2.0" 200 20 "-" "Mozilla/5.0 AppleWebKit/537.36 (KHTML, like Gecko; compatible; ClaudeBot/1.0; +claudebot@anthropic.com)"
66.249.70.105 - - [31/Dec/2025:03:45:33 +0300] "GET /commodity/SLICES/undefined/reviews-count.jsonp?callback=callback_customerReviewSummary_40906&schema=levasheva&commodity_code=NA1226083397&reviewer_type=1 HTTP/1.1" 200 21222 "https://levasheva.ru/commodity/SLICES/SHARPLY7789875459" "Mozilla/5.0 (Linux; Android 6.0.1; Nexus 5X Build/MMB29P) AppleWebKit/537.36 (KHTML, like Gecko) Chrome/141.0.7390.122 Mobile Safari/537.36 (compatible; Googlebot/2.1; +http://www.google.com/bot.html)"
66.249.70.105 - - [31/Dec/2025:03:45:35 +0300] "GET /commodity/SLICES/undefined/reviews.jsonp?callback=callback_c_40906&commodity_code=NA1226083397&schema=levasheva HTTP/1.1" 200 21175 "https://levasheva.ru/commodity/SLICES/SHARPLY7789875459" "Mozilla/5.0 (Linux; Android 6.0.1; Nexus 5X Build/MMB29P) AppleWebKit/537.36 (KHTML, like Gecko) Chrome/141.0.7390.122 Mobile Safari/537.36 (compatible; Googlebot/2.1; +http://www.google.com/bot.html)"
74.7.227.185 - - [31/Dec/2025:03:45:36 +0300] "GET /?commodity/ASF/TEEN77883180430 HTTP/2.0" 200 20 "-" "Mozilla/5.0 AppleWebKit/537.36 (KHTML, like Gecko; compatible; GPTBot/1.3; +https://openai.com/gptbot)"
92.222.104.208 - - [31/Dec/2025:03:45:38 +0300] "GET /?fileloc=//bin/bunzip2&path=//bin HTTP/2.0" 200 20 "-" "Mozilla/5.0 (compatible; AhrefsBot/7.0; +http://ahrefs.com/robot/)"
216.73.216.89 - - [31/Dec/2025:03:45:39 +0300] "GET /sitemap_index.xml?fileloc=%2F%2Fproc%2Fsys%2Ffs%2Fdir-notify-enable&path=%2F%2Fproc%2Fsys%2Ffs HTTP/2.0" 200 14366 "-" "Mozilla/5.0 AppleWebKit/537.36 (KHTML, like Gecko; compatible; ClaudeBot/1.0; +claudebot@anthropic.com)"
74.7.227.185 - - [31/Dec/2025:03:45:41 +0300] "GET /?commodity/GODS/SMB77914416343 HTTP/2.0" 200 20 "-" "Mozilla/5.0 AppleWebKit/537.36 (KHTML, like Gecko; compatible; GPTBot/1.3; +https://openai.com/gptbot)"
216.73.216.89 - - [31/Dec/2025:03:45:43 +0300] "GET /?fileloc=%2F%2Frun%2Fudev%2Fdata%2Fc4%3A32&path=%2F%2Frun%2Fudev%2Fdata HTTP/2.0" 200 20 "-" "Mozilla/5.0 AppleWebKit/537.36 (KHTML, like Gecko; compatible; ClaudeBot/1.0; +claudebot@anthropic.com)"
74.7.227.185 - - [31/Dec/2025:03:45:47 +0300] "GET /?commodity/LEA/ROBE77914435941 HTTP/2.0" 200 20 "-" "Mozilla/5.0 AppleWebKit/537.36 (KHTML, like Gecko; compatible; GPTBot/1.3; +https://openai.com/gptbot)"
216.73.216.89 - - [31/Dec/2025:03:45:49 +0300] "GET /sitemap_index.xml?fileloc=%2F%2Fusr%2Finclude%2Fv8%2Fv8-container.h&path=%2F%2Fusr%2Finclude%2Fv8 HTTP/2.0" 200 14345 "-" "Mozilla/5.0 AppleWebKit/537.36 (KHTML, like Gecko; compatible; ClaudeBot/1.0; +claudebot@anthropic.com)"
74.7.227.185 - - [31/Dec/2025:03:45:52 +0300] "GET /?commodity/VOLS/BAL77932676982 HTTP/2.0" 200 20 "-" "Mozilla/5.0 AppleWebKit/537.36 (KHTML, like Gecko; compatible; GPTBot/1.3; +https://openai.com/gptbot)"
216.73.216.89 - - [31/Dec/2025:03:45:53 +0300] "GET /?path=%2Fvar%2Fwww%2Flevasheva.ru%2Fpublic%2Fwp-content%2Fplugins%2Fresponsive-lightbox%2Fassets%2Fselect2 HTTP/2.0" 200 20 "-" "Mozilla/5.0 AppleWebKit/537.36 (KHTML, like Gecko; compatible; ClaudeBot/1.0; +claudebot@anthropic.com)"
74.7.227.185 - - [31/Dec/2025:03:45:58 +0300] "GET /?commodity/TROOP/AS77883240022 HTTP/2.0" 200 20 "-" "Mozilla/5.0 AppleWebKit/537.36 (KHTML, like Gecko; compatible; GPTBot/1.3; +https://openai.com/gptbot)"
216.73.216.89 - - [31/Dec/2025:03:46:00 +0300] "GET /?fileloc=%2F%2Fsys%2Fmodule%2Fintel_rapl_msr%2Finitstate&path=%2F%2Fsys%2Fmodule%2Fintel_rapl_msr HTTP/2.0" 200 20 "-" "Mozilla/5.0 AppleWebKit/537.36 (KHTML, like Gecko; compatible; ClaudeBot/1.0; +claudebot@anthropic.com)"
74.7.227.185 - - [31/Dec/2025:03:46:03 +0300] "GET /?commodity/LING/WS778970046658 HTTP/2.0" 200 20 "-" "Mozilla/5.0 AppleWebKit/537.36 (KHTML, like Gecko; compatible; GPTBot/1.3; +https://openai.com/gptbot)"
216.73.216.89 - - [31/Dec/2025:03:46:05 +0300] "GET /sitemap_index.xml?path=%2F%2Fusr%2Fshare%2Fdoc%2Flibctf0 HTTP/2.0" 200 14543 "-" "Mozilla/5.0 AppleWebKit/537.36 (KHTML, like Gecko; compatible; ClaudeBot/1.0; +claudebot@anthropic.com)"
5.180.172.31 - - [31/Dec/2025:03:46:08 +0300] "GET /wp-json/wp/v2/posts HTTP/1.1" 301 162 "-" "Mozilla/5.0 (Windows NT 10.0; Win64; x64) AppleWebKit/537.36 (KHTML, like Gecko) Chrome/120.0.0.0 Safari/537.36"
74.7.227.185 - - [31/Dec/2025:03:46:08 +0300] "GET /?commodity/KATZ/UT779274603809 HTTP/2.0" 200 20 "-" "Mozilla/5.0 AppleWebKit/537.36 (KHTML, like Gecko; compatible; GPTBot/1.3; +https://openai.com/gptbot)"
216.73.216.89 - - [31/Dec/2025:03:46:09 +0300] "GET /?fileloc=%2F%2Flib%2Fpython3.11%2Fencodings%2Fcp950.py&path=%2F%2Flib%2Fpython3.11%2Fencodings HTTP/2.0" 200 20 "-" "Mozilla/5.0 AppleWebKit/537.36 (KHTML, like Gecko; compatible; ClaudeBot/1.0; +claudebot@anthropic.com)"
74.7.227.185 - - [31/Dec/2025:03:46:13 +0300] "GET /?commodity/EXT/URL778869640791 HTTP/2.0" 200 20 "-" "Mozilla/5.0 AppleWebKit/537.36 (KHTML, like Gecko; compatible; GPTBot/1.3; +https://openai.com/gptbot)"
216.73.216.89 - - [31/Dec/2025:03:46:15 +0300] "GET /sitemap_index.xml?fileloc=%2F%2Fusr%2Flib%2Fgit-core%2Fgit-fast-export&path=%2F%2Fusr%2Flib%2Fgit-core HTTP/2.0" 200 14441 "-" "Mozilla/5.0 AppleWebKit/537.36 (KHTML, like Gecko; compatible; ClaudeBot/1.0; +claudebot@anthropic.com)"
74.7.227.185 - - [31/Dec/2025:03:46:19 +0300] "GET /?commodity/SICK/RO779363308460 HTTP/2.0" 200 20 "-" "Mozilla/5.0 AppleWebKit/537.36 (KHTML, like Gecko; compatible; GPTBot/1.3; +https://openai.com/gptbot)"
216.73.216.89 - - [31/Dec/2025:03:46:19 +0300] "GET /?fileloc=%2F%2Fopt%2Fcloud-init%2Fbin%2Fjsondiff&path=%2F%2Fopt%2Fcloud-init%2Fbin HTTP/2.0" 200 20 "-" "Mozilla/5.0 AppleWebKit/537.36 (KHTML, like Gecko; compatible; ClaudeBot/1.0; +claudebot@anthropic.com)"
74.7.227.185 - - [31/Dec/2025:03:46:24 +0300] "GET /?commodity/HUNT/WE77922280030 HTTP/2.0" 200 20 "-" "Mozilla/5.0 AppleWebKit/537.36 (KHTML, like Gecko; compatible; GPTBot/1.3; +https://openai.com/gptbot)"
216.73.216.89 - - [31/Dec/2025:03:46:25 +0300] "GET /sitemap_index.xml?path=%2F%2Fusr%2Fshare%2Fdoc%2Fx11proto-core-dev HTTP/2.0" 200 14407 "-" "Mozilla/5.0 AppleWebKit/537.36 (KHTML, like Gecko; compatible; ClaudeBot/1.0; +claudebot@anthropic.com)"
216.73.216.89 - - [31/Dec/2025:03:46:29 +0300] "GET /?fileloc=%2F%2Flib%2Fpython2.7%2Fencodings%2Fcp1253.py&path=%2F%2Flib%2Fpython2.7%2Fencodings HTTP/2.0" 200 20 "-" "Mozilla/5.0 AppleWebKit/537.36 (KHTML, like Gecko; compatible; ClaudeBot/1.0; +claudebot@anthropic.com)"
74.7.227.185 - - [31/Dec/2025:03:46:29 +0300] "GET /?commodity/ORD/ZIFF77883013533 HTTP/2.0" 200 20 "-" "Mozilla/5.0 AppleWebKit/537.36 (KHTML, like Gecko; compatible; GPTBot/1.3; +https://openai.com/gptbot)"
192.187.120.74 - - [31/Dec/2025:03:46:31 +0300] "GET /autoload_classmap.php HTTP/2.0" 200 20 "-" "Mozilla/5.0 (Windows NT 10.0; Win64; x64) AppleWebKit/537.36 (KHTML, like Gecko) Chrome/143.0.0.0 Safari/537.36"
192.187.120.74 - - [31/Dec/2025:03:46:32 +0300] "GET /favicon.ico HTTP/2.0" 200 20 "https://levasheva.ru/autoload_classmap.php" "Mozilla/5.0 (Windows NT 10.0; Win64; x64) AppleWebKit/537.36 (KHTML, like Gecko) Chrome/143.0.0.0 Safari/537.36"
216.73.216.89 - - [31/Dec/2025:03:46:34 +0300] "GET /?path=%2F%2Fusr%2Fshare%2Fdoc%2Flibmilter1.0.1 HTTP/2.0" 200 20 "-" "Mozilla/5.0 AppleWebKit/537.36 (KHTML, like Gecko; compatible; ClaudeBot/1.0; +claudebot@anthropic.com)"
74.7.227.185 - - [31/Dec/2025:03:46:35 +0300] "GET /?commodity/ED/RENTS77883097050 HTTP/2.0" 200 20 "-" "Mozilla/5.0 AppleWebKit/537.36 (KHTML, like Gecko; compatible; GPTBot/1.3; +https://openai.com/gptbot)"
74.7.227.185 - - [31/Dec/2025:03:46:40 +0300] "GET /?commodity/IMF/SCSI77932786638 HTTP/2.0" 200 20 "-" "Mozilla/5.0 AppleWebKit/537.36 (KHTML, like Gecko; compatible; GPTBot/1.3; +https://openai.com/gptbot)"
216.73.216.89 - - [31/Dec/2025:03:46:40 +0300] "GET /sitemap_index.xml?path=%2F%2Fvar%2Fcache%2Fsnapd%2Faux HTTP/2.0" 200 14312 "-" "Mozilla/5.0 AppleWebKit/537.36 (KHTML, like Gecko; compatible; ClaudeBot/1.0; +claudebot@anthropic.com)"
92.222.108.127 - - [31/Dec/2025:03:46:43 +0300] "GET /?fileloc=//bin/base32&path=//bin HTTP/2.0" 200 20 "-" "Mozilla/5.0 (compatible; AhrefsBot/7.0; +http://ahrefs.com/robot/)"
216.73.216.89 - - [31/Dec/2025:03:46:44 +0300] "GET /?fileloc=%2F%2Frun%2Fudev%2Fdata%2F+input%3Ainput3&path=%2F%2Frun%2Fudev%2Fdata HTTP/2.0" 200 20 "-" "Mozilla/5.0 AppleWebKit/537.36 (KHTML, like Gecko; compatible; ClaudeBot/1.0; +claudebot@anthropic.com)"
74.7.227.185 - - [31/Dec/2025:03:46:45 +0300] "GET /?commodity/PDT/BIOS77932766922 HTTP/2.0" 200 20 "-" "Mozilla/5.0 AppleWebKit/537.36 (KHTML, like Gecko; compatible; GPTBot/1.3; +https://openai.com/gptbot)"
216.73.216.89 - - [31/Dec/2025:03:46:49 +0300] "GET /?fileloc=%2F%2Flib%2Fpython2.7%2Fencodings%2Fcp860.py&path=%2F%2Flib%2Fpython2.7%2Fencodings HTTP/2.0" 200 20 "-" "Mozilla/5.0 AppleWebKit/537.36 (KHTML, like Gecko; compatible; ClaudeBot/1.0; +claudebot@anthropic.com)"
74.7.227.185 - - [31/Dec/2025:03:46:50 +0300] "GET /?commodity/JS/GUESS77893622768 HTTP/2.0" 200 20 "-" "Mozilla/5.0 AppleWebKit/537.36 (KHTML, like Gecko; compatible; GPTBot/1.3; +https://openai.com/gptbot)"
216.73.216.89 - - [31/Dec/2025:03:46:55 +0300] "GET /sitemap_index.xml?fileloc=%2F%2Flib%2Fgit-core%2Fmergetools%2Fdiffuse&path=%2F%2Flib%2Fgit-core%2Fmergetools HTTP/2.0" 200 14377 "-" "Mozilla/5.0 AppleWebKit/537.36 (KHTML, like Gecko; compatible; ClaudeBot/1.0; +claudebot@anthropic.com)"
74.7.227.185 - - [31/Dec/2025:03:46:55 +0300] "GET /?commodity/VETS/RTF77885978407 HTTP/2.0" 200 20 "-" "Mozilla/5.0 AppleWebKit/537.36 (KHTML, like Gecko; compatible; GPTBot/1.3; +https://openai.com/gptbot)"
216.73.216.89 - - [31/Dec/2025:03:47:00 +0300] "GET /sitemap_index.xml?path=%2F%2Fusr%2Fshare%2Fdoc%2Fnode-babel-preset-moxy HTTP/2.0" 200 14312 "-" "Mozilla/5.0 AppleWebKit/537.36 (KHTML, like Gecko; compatible; ClaudeBot/1.0; +claudebot@anthropic.com)"
74.7.227.185 - - [31/Dec/2025:03:47:01 +0300] "GET /?commodity/TWP/LISP77886271573 HTTP/2.0" 200 20 "-" "Mozilla/5.0 AppleWebKit/537.36 (KHTML, like Gecko; compatible; GPTBot/1.3; +https://openai.com/gptbot)"
216.73.216.89 - - [31/Dec/2025:03:47:05 +0300] "GET /sitemap_index.xml?path=%2F%2Fusr%2Fshare%2Fdoc%2Fxextproto HTTP/2.0" 200 14360 "-" "Mozilla/5.0 AppleWebKit/537.36 (KHTML, like Gecko; compatible; ClaudeBot/1.0; +claudebot@anthropic.com)"
74.7.227.185 - - [31/Dec/2025:03:47:06 +0300] "GET /?commodity/DOO/SIGN77914700278 HTTP/2.0" 200 20 "-" "Mozilla/5.0 AppleWebKit/537.36 (KHTML, like Gecko; compatible; GPTBot/1.3; +https://openai.com/gptbot)"
216.73.216.89 - - [31/Dec/2025:03:47:09 +0300] "GET /?fileloc=%2F%2Fusr%2Fbin%2FX11%2Fdevdump&path=%2F%2Fusr%2Fbin%2FX11 HTTP/2.0" 200 20 "-" "Mozilla/5.0 AppleWebKit/537.36 (KHTML, like Gecko; compatible; ClaudeBot/1.0; +claudebot@anthropic.com)"
74.7.227.185 - - [31/Dec/2025:03:47:11 +0300] "GET /?commodity/ANGER/NP77914786731 HTTP/2.0" 200 20 "-" "Mozilla/5.0 AppleWebKit/537.36 (KHTML, like Gecko; compatible; GPTBot/1.3; +https://openai.com/gptbot)"
216.73.216.89 - - [31/Dec/2025:03:47:14 +0300] "GET /?fileloc=%2F%2Flib%2Fpython2.7%2Fencodings%2Fcp866.pyc&path=%2F%2Flib%2Fpython2.7%2Fencodings HTTP/2.0" 200 20 "-" "Mozilla/5.0 AppleWebKit/537.36 (KHTML, like Gecko; compatible; ClaudeBot/1.0; +claudebot@anthropic.com)"
66.249.70.105 - - [31/Dec/2025:03:47:16 +0300] "GET /commodity/CLASSICS/TER7789992748 HTTP/1.1" 200 21605 "-" "Mozilla/5.0 (Linux; Android 6.0.1; Nexus 5X Build/MMB29P) AppleWebKit/537.36 (KHTML, like Gecko) Chrome/141.0.7390.122 Mobile Safari/537.36 (compatible; GoogleOther)"
74.7.227.185 - - [31/Dec/2025:03:47:16 +0300] "GET /?commodity/DOS/PLY77935558526 HTTP/2.0" 200 20 "-" "Mozilla/5.0 AppleWebKit/537.36 (KHTML, like Gecko; compatible; GPTBot/1.3; +https://openai.com/gptbot)"
66.249.70.107 - - [31/Dec/2025:03:47:19 +0300] "GET /commodity/CLASSICS/undefined/commodity-breadcrumbs.jsonp?commodity_code=QG1472150062&schema=levasheva&callback=ga4datalayer163624 HTTP/1.1" 200 22791 "https://levasheva.ru/commodity/CLASSICS/TER7789992748" "Mozilla/5.0 (Linux; Android 6.0.1; Nexus 5X Build/MMB29P) AppleWebKit/537.36 (KHTML, like Gecko) Chrome/141.0.7390.122 Mobile Safari/537.36 (compatible; Googlebot/2.1; +http://www.google.com/bot.html)"
216.73.216.89 - - [31/Dec/2025:03:47:19 +0300] "GET /?fileloc=%2F%2Fusr%2Flib%2Fsysusers.d%2Fdbus.conf&path=%2F%2Fusr%2Flib%2Fsysusers.d HTTP/2.0" 200 20 "-" "Mozilla/5.0 AppleWebKit/537.36 (KHTML, like Gecko; compatible; ClaudeBot/1.0; +claudebot@anthropic.com)"
74.7.227.185 - - [31/Dec/2025:03:47:22 +0300] "GET /?commodity/FLOORING/READ779171420178 HTTP/2.0" 200 20 "-" "Mozilla/5.0 AppleWebKit/537.36 (KHTML, like Gecko; compatible; GPTBot/1.3; +https://openai.com/gptbot)"
216.73.216.89 - - [31/Dec/2025:03:47:24 +0300] "GET /?fileloc=%2F%2Flib%2Fx86_64-linux-gnu%2Fldscripts%2Felf_i386.xc&path=%2F%2Flib%2Fx86_64-linux-gnu%2Fldscripts HTTP/2.0" 200 20 "-" "Mozilla/5.0 AppleWebKit/537.36 (KHTML, like Gecko; compatible; ClaudeBot/1.0; +claudebot@anthropic.com)"
66.249.70.106 - - [31/Dec/2025:03:47:27 +0300] "GET /commodity/QG1472150062/colors?_=1765152000000 HTTP/1.1" 200 22534 "https://levasheva.ru/commodity/CLASSICS/TER7789992748" "Mozilla/5.0 (Linux; Android 6.0.1; Nexus 5X Build/MMB29P) AppleWebKit/537.36 (KHTML, like Gecko) Chrome/141.0.7390.122 Mobile Safari/537.36 (compatible; Googlebot/2.1; +http://www.google.com/bot.html)"
74.7.227.185 - - [31/Dec/2025:03:47:27 +0300] "GET /?commodity/LET/GAYS77896388732 HTTP/2.0" 200 20 "-" "Mozilla/5.0 AppleWebKit/537.36 (KHTML, like Gecko; compatible; GPTBot/1.3; +https://openai.com/gptbot)"
66.249.70.105 - - [31/Dec/2025:03:47:28 +0300] "GET /commodity/CLASSICS/undefined/commodity-breadcrumbs.jsonp?callback=jQuery37106393021999392658_1767142103013&commodity_code=QG1472150062 HTTP/1.1" 200 21562 "https://levasheva.ru/commodity/CLASSICS/TER7789992748" "Mozilla/5.0 (Linux; Android 6.0.1; Nexus 5X Build/MMB29P) AppleWebKit/537.36 (KHTML, like Gecko) Chrome/141.0.7390.122 Mobile Safari/537.36 (compatible; Googlebot/2.1; +http://www.google.com/bot.html)"
216.73.216.89 - - [31/Dec/2025:03:47:29 +0300] "GET /?fileloc=%2F%2Fusr%2Finclude%2FX11%2FXos.h&path=%2F%2Fusr%2Finclude%2FX11 HTTP/2.0" 200 20 "-" "Mozilla/5.0 AppleWebKit/537.36 (KHTML, like Gecko; compatible; ClaudeBot/1.0; +claudebot@anthropic.com)"
66.249.70.105 - - [31/Dec/2025:03:47:29 +0300] "GET /commodity/CLASSICS/undefined/reviews.jsonp?callback=callback_c_40906&commodity_code=QG1472150062&schema=levasheva HTTP/1.1" 200 21272 "https://levasheva.ru/commodity/CLASSICS/TER7789992748" "Mozilla/5.0 (Linux; Android 6.0.1; Nexus 5X Build/MMB29P) AppleWebKit/537.36 (KHTML, like Gecko) Chrome/141.0.7390.122 Mobile Safari/537.36 (compatible; Googlebot/2.1; +http://www.google.com/bot.html)"
66.249.70.105 - - [31/Dec/2025:03:47:31 +0300] "GET /commodity/CLASSICS/undefined/reviews-count.jsonp?callback=callback_customerReviewSummary_40906&schema=levasheva&commodity_code=QG1472150062&reviewer_type=1 HTTP/1.1" 200 21322 "https://levasheva.ru/commodity/CLASSICS/TER7789992748" "Mozilla/5.0 (Linux; Android 6.0.1; Nexus 5X Build/MMB29P) AppleWebKit/537.36 (KHTML, like Gecko) Chrome/141.0.7390.122 Mobile Safari/537.36 (compatible; Googlebot/2.1; +http://www.google.com/bot.html)"
74.7.227.185 - - [31/Dec/2025:03:47:32 +0300] "GET /?commodity/ACA/DAT779062189799 HTTP/2.0" 200 20 "-" "Mozilla/5.0 AppleWebKit/537.36 (KHTML, like Gecko; compatible; GPTBot/1.3; +https://openai.com/gptbot)"
101.99.88.90 - - [31/Dec/2025:03:47:33 +0300] "GET / HTTP/1.1" 301 162 "-" "Mozilla/5.0 (compatible; Googlebot/2.1; +http://www.google.com/bot.html)"
101.99.88.90 - - [31/Dec/2025:03:47:35 +0300] "GET / HTTP/1.1" 200 99664 "-" "Mozilla/5.0 (compatible; Googlebot/2.1; +http://www.google.com/bot.html)"
216.73.216.89 - - [31/Dec/2025:03:47:35 +0300] "GET /sitemap_index.xml?path=%2F%2Fusr%2Flib%2Flocale%2Fbr_FR.utf8 HTTP/2.0" 200 14445 "-" "Mozilla/5.0 AppleWebKit/537.36 (KHTML, like Gecko; compatible; ClaudeBot/1.0; +claudebot@anthropic.com)"
103.9.77.167 - - [31/Dec/2025:03:47:37 +0300] "POST /xmlrpc.php HTTP/2.0" 200 5254 "-" "Mozilla/5.0 (compatible; MSIE 9.0; Windows NT 10.0; WOW64; Trident/7.0)"
101.99.88.90 - - [31/Dec/2025:03:47:37 +0300] "GET /commodity/FRAMEWORKS/UNIQUE77881283 HTTP/1.1" 200 98648 "-" "Mozilla/5.0 (compatible; Googlebot/2.1; +http://www.google.com/bot.html)"
74.7.227.185 - - [31/Dec/2025:03:47:37 +0300] "GET /?commodity/LY/WOOL779073707513 HTTP/2.0" 200 20 "-" "Mozilla/5.0 AppleWebKit/537.36 (KHTML, like Gecko; compatible; GPTBot/1.3; +https://openai.com/gptbot)"
103.9.77.167 - - [31/Dec/2025:03:47:39 +0300] "POST /xmlrpc.php HTTP/2.0" 200 5254 "-" "Mozilla/5.0 (compatible; MSIE 9.0; Windows NT 10.0; WOW64; Trident/7.0)"
