216.73.216.89 - - [31/Dec/2025:01:29:30 +0300] "GET /works/japanese-painting/irina_levasheva_japan_painting_070?fileloc=%2F%2Fproc%2F26%2Fksm_merging_pages&path=%2F%2Fproc%2F26 HTTP/2.0" 200 20 "-" "Mozilla/5.0 AppleWebKit/537.36 (KHTML, like Gecko; compatible; ClaudeBot/1.0; +claudebot@anthropic.com)"
147.135.213.218 - - [31/Dec/2025:01:29:30 +0300] "GET /works/japanese-painting/?fileloc=/var/www/levasheva.ru/public/wp-includes/spl-autoload-compat.php&path=/var/www/levasheva.ru/public/wp-includes HTTP/1.1" 200 31 "-" "Mozilla/5.0 (compatible; MJ12bot/v1.4.8; http://mj12bot.com/)"
74.7.227.185 - - [31/Dec/2025:01:29:33 +0300] "GET /?fileloc=//proc/681/root/proc/696/root/bin/ar&path=//proc/681/root/proc/696/root/bin HTTP/2.0" 200 20 "-" "Mozilla/5.0 AppleWebKit/537.36 (KHTML, like Gecko; compatible; GPTBot/1.3; +https://openai.com/gptbot)"
216.73.216.89 - - [31/Dec/2025:01:29:35 +0300] "GET /works/japanese-painting/irina_levasheva_japan_painting_070?fileloc=%2F%2Fproc%2F3241344%2Farch_status&path=%2F%2Fproc%2F3241344 HTTP/2.0" 200 20 "-" "Mozilla/5.0 AppleWebKit/537.36 (KHTML, like Gecko; compatible; ClaudeBot/1.0; +claudebot@anthropic.com)"
147.135.213.218 - - [31/Dec/2025:01:29:36 +0300] "GET /works/japanese-painting/?fileloc=/var/www/levasheva.ru/public/wp-includes/style-engine.php&path=/var/www/levasheva.ru/public/wp-includes HTTP/1.1" 200 31 "-" "Mozilla/5.0 (compatible; MJ12bot/v1.4.8; http://mj12bot.com/)"
74.7.227.185 - - [31/Dec/2025:01:29:38 +0300] "GET /?fileloc=//proc/681/root/proc/696/root/bin/pip&path=//proc/681/root/proc/696/root/bin HTTP/2.0" 200 20 "-" "Mozilla/5.0 AppleWebKit/537.36 (KHTML, like Gecko; compatible; GPTBot/1.3; +https://openai.com/gptbot)"
149.7.16.180 - - [31/Dec/2025:01:29:39 +0300] "GET / HTTP/1.0" 301 162 "http://levasheva.ru/" "Mozilla/5.0 (Windows NT 10.0; Win64; x64) AppleWebKit/537.36 (KHTML, like Gecko) Chrome/130.0.0.0 Safari/537.36 CCleaner/130.0.0.0"
216.73.216.89 - - [31/Dec/2025:01:29:40 +0300] "GET /works/japanese-painting/irina_levasheva_japan_painting_070?fileloc=%2F%2Fproc%2F633%2Fksm_merging_pages&path=%2F%2Fproc%2F633 HTTP/2.0" 200 20 "-" "Mozilla/5.0 AppleWebKit/537.36 (KHTML, like Gecko; compatible; ClaudeBot/1.0; +claudebot@anthropic.com)"
149.7.16.180 - - [31/Dec/2025:01:29:40 +0300] "GET / HTTP/1.0" 200 0 "https://levasheva.ru/" "Mozilla/5.0 (Windows NT 10.0; Win64; x64) AppleWebKit/537.36 (KHTML, like Gecko) Chrome/130.0.0.0 Safari/537.36 CCleaner/130.0.0.0"
147.135.213.218 - - [31/Dec/2025:01:29:41 +0300] "GET /works/japanese-painting/?fileloc=/var/www/levasheva.ru/public/wp-includes/taxonomy.php&path=/var/www/levasheva.ru/public/wp-includes HTTP/1.1" 200 31 "-" "Mozilla/5.0 (compatible; MJ12bot/v1.4.8; http://mj12bot.com/)"
74.7.227.185 - - [31/Dec/2025:01:29:43 +0300] "GET /?fileloc=//proc/681/root/proc/696/root/bin/rrsync&path=//proc/681/root/proc/696/root/bin HTTP/2.0" 200 20 "-" "Mozilla/5.0 AppleWebKit/537.36 (KHTML, like Gecko; compatible; GPTBot/1.3; +https://openai.com/gptbot)"
216.73.216.89 - - [31/Dec/2025:01:29:45 +0300] "GET /works/japanese-painting/irina_levasheva_japan_painting_070?fileloc=%2F%2Fproc%2F187%2Fautogroup&path=%2F%2Fproc%2F187 HTTP/2.0" 200 20 "-" "Mozilla/5.0 AppleWebKit/537.36 (KHTML, like Gecko; compatible; ClaudeBot/1.0; +claudebot@anthropic.com)"
147.135.213.218 - - [31/Dec/2025:01:29:47 +0300] "GET /works/japanese-painting/?fileloc=/var/www/levasheva.ru/public/wp-includes/template-canvas.php&path=/var/www/levasheva.ru/public/wp-includes HTTP/1.1" 200 31 "-" "Mozilla/5.0 (compatible; MJ12bot/v1.4.8; http://mj12bot.com/)"
74.7.227.185 - - [31/Dec/2025:01:29:48 +0300] "GET /?fileloc=//proc/681/root/proc/696/root/bin/gpgtar&path=//proc/681/root/proc/696/root/bin HTTP/2.0" 200 20 "-" "Mozilla/5.0 AppleWebKit/537.36 (KHTML, like Gecko; compatible; GPTBot/1.3; +https://openai.com/gptbot)"
216.73.216.89 - - [31/Dec/2025:01:29:50 +0300] "GET /works/japanese-painting/irina_levasheva_japan_painting_070?fileloc=%2F%2Fbin%2Fgrub-mkfont&path=%2F%2Fbin HTTP/2.0" 200 20 "-" "Mozilla/5.0 AppleWebKit/537.36 (KHTML, like Gecko; compatible; ClaudeBot/1.0; +claudebot@anthropic.com)"
147.135.213.218 - - [31/Dec/2025:01:29:52 +0300] "GET /works/japanese-painting/?fileloc=/var/www/levasheva.ru/public/wp-includes/template-loader.php&path=/var/www/levasheva.ru/public/wp-includes HTTP/1.1" 200 31 "-" "Mozilla/5.0 (compatible; MJ12bot/v1.4.8; http://mj12bot.com/)"
74.7.227.185 - - [31/Dec/2025:01:29:54 +0300] "GET /?fileloc=//proc/681/root/proc/696/root/bin/gzip&path=//proc/681/root/proc/696/root/bin HTTP/2.0" 200 20 "-" "Mozilla/5.0 AppleWebKit/537.36 (KHTML, like Gecko; compatible; GPTBot/1.3; +https://openai.com/gptbot)"
216.73.216.89 - - [31/Dec/2025:01:29:55 +0300] "GET /works/japanese-painting/irina_levasheva_japan_painting_070?fileloc=%2Fvar%2Flog%2Fnginx%2Flevasheva.ru_access.log.5.gz&path=%2Fvar%2Flog%2Fnginx HTTP/2.0" 200 20 "-" "Mozilla/5.0 AppleWebKit/537.36 (KHTML, like Gecko; compatible; ClaudeBot/1.0; +claudebot@anthropic.com)"
147.135.213.218 - - [31/Dec/2025:01:29:58 +0300] "GET /works/japanese-painting/?fileloc=/var/www/levasheva.ru/public/wp-includes/template.php&path=/var/www/levasheva.ru/public/wp-includes HTTP/1.1" 200 31 "-" "Mozilla/5.0 (compatible; MJ12bot/v1.4.8; http://mj12bot.com/)"
74.7.227.185 - - [31/Dec/2025:01:29:59 +0300] "GET /?fileloc=//proc/681/root/proc/696/root/bin/mount&path=//proc/681/root/proc/696/root/bin HTTP/2.0" 200 20 "-" "Mozilla/5.0 AppleWebKit/537.36 (KHTML, like Gecko; compatible; GPTBot/1.3; +https://openai.com/gptbot)"
216.73.216.89 - - [31/Dec/2025:01:30:00 +0300] "GET /works/japanese-painting/irina_levasheva_japan_painting_070?fileloc=%2F%2Fbin%2FX11%2Fresizecons&path=%2F%2Fbin%2FX11 HTTP/2.0" 200 20 "-" "Mozilla/5.0 AppleWebKit/537.36 (KHTML, like Gecko; compatible; ClaudeBot/1.0; +claudebot@anthropic.com)"
147.135.213.218 - - [31/Dec/2025:01:30:03 +0300] "GET /works/japanese-painting/?fileloc=/var/www/levasheva.ru/public/wp-includes/theme-i18n.json&path=/var/www/levasheva.ru/public/wp-includes HTTP/1.1" 200 31 "-" "Mozilla/5.0 (compatible; MJ12bot/v1.4.8; http://mj12bot.com/)"
74.7.227.185 - - [31/Dec/2025:01:30:04 +0300] "GET /?fileloc=//proc/681/root/proc/696/root/bin/watch&path=//proc/681/root/proc/696/root/bin HTTP/2.0" 200 20 "-" "Mozilla/5.0 AppleWebKit/537.36 (KHTML, like Gecko; compatible; GPTBot/1.3; +https://openai.com/gptbot)"
216.73.216.89 - - [31/Dec/2025:01:30:05 +0300] "GET /works/japanese-painting/irina_levasheva_japan_painting_070?fileloc=%2F%2Fproc%2F216801%2Fauxv&path=%2F%2Fproc%2F216801 HTTP/2.0" 200 20 "-" "Mozilla/5.0 AppleWebKit/537.36 (KHTML, like Gecko; compatible; ClaudeBot/1.0; +claudebot@anthropic.com)"
147.135.213.218 - - [31/Dec/2025:01:30:09 +0300] "GET /works/japanese-painting/?fileloc=/var/www/levasheva.ru/public/wp-includes/theme-previews.php&path=/var/www/levasheva.ru/public/wp-includes HTTP/1.1" 200 31 "-" "Mozilla/5.0 (compatible; MJ12bot/v1.4.8; http://mj12bot.com/)"
216.73.216.89 - - [31/Dec/2025:01:30:10 +0300] "GET /works/japanese-painting/irina_levasheva_japan_painting_070?fileloc=%2F%2Fproc%2F3241346%2Fsched&path=%2F%2Fproc%2F3241346 HTTP/2.0" 200 20 "-" "Mozilla/5.0 AppleWebKit/537.36 (KHTML, like Gecko; compatible; ClaudeBot/1.0; +claudebot@anthropic.com)"
74.7.227.185 - - [31/Dec/2025:01:30:10 +0300] "GET /?fileloc=//proc/681/root/proc/696/root/bin/npx&path=//proc/681/root/proc/696/root/bin HTTP/2.0" 200 20 "-" "Mozilla/5.0 AppleWebKit/537.36 (KHTML, like Gecko; compatible; GPTBot/1.3; +https://openai.com/gptbot)"
37.59.204.141 - - [31/Dec/2025:01:30:12 +0300] "GET /?path=//etc/rabbitmq HTTP/2.0" 200 20 "-" "Mozilla/5.0 (compatible; AhrefsBot/7.0; +http://ahrefs.com/robot/)"
216.73.216.89 - - [31/Dec/2025:01:30:15 +0300] "GET /works/japanese-painting/irina_levasheva_japan_painting_070?fileloc=%2F%2Fbin%2FX11%2Fsocat&path=%2F%2Fbin%2FX11 HTTP/2.0" 200 20 "-" "Mozilla/5.0 AppleWebKit/537.36 (KHTML, like Gecko; compatible; ClaudeBot/1.0; +claudebot@anthropic.com)"
74.7.227.185 - - [31/Dec/2025:01:30:15 +0300] "GET /?fileloc=//proc/681/root/proc/696/root/bin/tail&path=//proc/681/root/proc/696/root/bin HTTP/2.0" 200 20 "-" "Mozilla/5.0 AppleWebKit/537.36 (KHTML, like Gecko; compatible; GPTBot/1.3; +https://openai.com/gptbot)"
216.73.216.89 - - [31/Dec/2025:01:30:20 +0300] "GET /works/japanese-painting/irina_levasheva_japan_painting_070?fileloc=%2F%2Fproc%2F3331312%2Fsetgroups&path=%2F%2Fproc%2F3331312 HTTP/2.0" 200 20 "-" "Mozilla/5.0 AppleWebKit/537.36 (KHTML, like Gecko; compatible; ClaudeBot/1.0; +claudebot@anthropic.com)"
74.7.227.185 - - [31/Dec/2025:01:30:21 +0300] "GET /?fileloc=//proc/681/root/proc/696/root/bin/ss&path=//proc/681/root/proc/696/root/bin HTTP/2.0" 200 20 "-" "Mozilla/5.0 AppleWebKit/537.36 (KHTML, like Gecko; compatible; GPTBot/1.3; +https://openai.com/gptbot)"
216.73.216.89 - - [31/Dec/2025:01:30:25 +0300] "GET /works/japanese-painting/irina_levasheva_japan_painting_070?fileloc=%2F%2Fproc%2F597%2Fcpuset&path=%2F%2Fproc%2F597 HTTP/2.0" 200 20 "-" "Mozilla/5.0 AppleWebKit/537.36 (KHTML, like Gecko; compatible; ClaudeBot/1.0; +claudebot@anthropic.com)"
74.7.227.185 - - [31/Dec/2025:01:30:26 +0300] "GET /?fileloc=//proc/681/root/proc/696/root/bin/vim&path=//proc/681/root/proc/696/root/bin HTTP/2.0" 200 20 "-" "Mozilla/5.0 AppleWebKit/537.36 (KHTML, like Gecko; compatible; GPTBot/1.3; +https://openai.com/gptbot)"
216.73.216.89 - - [31/Dec/2025:01:30:30 +0300] "GET /works/japanese-painting/irina_levasheva_japan_painting_070?fileloc=%2F%2Fproc%2F3114642%2Fcgroup&path=%2F%2Fproc%2F3114642 HTTP/2.0" 200 20 "-" "Mozilla/5.0 AppleWebKit/537.36 (KHTML, like Gecko; compatible; ClaudeBot/1.0; +claudebot@anthropic.com)"
74.7.227.185 - - [31/Dec/2025:01:30:32 +0300] "GET /?fileloc=//proc/681/root/proc/696/root/bin/sg&path=//proc/681/root/proc/696/root/bin HTTP/2.0" 200 20 "-" "Mozilla/5.0 AppleWebKit/537.36 (KHTML, like Gecko; compatible; GPTBot/1.3; +https://openai.com/gptbot)"
216.73.216.89 - - [31/Dec/2025:01:30:35 +0300] "GET /works/japanese-painting/irina_levasheva_japan_painting_070?fileloc=%2F%2Fproc%2F31%2Ftimers&path=%2F%2Fproc%2F31 HTTP/2.0" 200 20 "-" "Mozilla/5.0 AppleWebKit/537.36 (KHTML, like Gecko; compatible; ClaudeBot/1.0; +claudebot@anthropic.com)"
74.7.227.185 - - [31/Dec/2025:01:30:37 +0300] "GET /?fileloc=//proc/681/root/proc/696/root/bin/[&path=//proc/681/root/proc/696/root/bin HTTP/2.0" 200 20 "-" "Mozilla/5.0 AppleWebKit/537.36 (KHTML, like Gecko; compatible; GPTBot/1.3; +https://openai.com/gptbot)"
216.73.216.89 - - [31/Dec/2025:01:30:40 +0300] "GET /works/japanese-painting/irina_levasheva_japan_painting_070?fileloc=%2F%2Fproc%2F2916863%2Fsched&path=%2F%2Fproc%2F2916863 HTTP/2.0" 200 20 "-" "Mozilla/5.0 AppleWebKit/537.36 (KHTML, like Gecko; compatible; ClaudeBot/1.0; +claudebot@anthropic.com)"
74.7.227.185 - - [31/Dec/2025:01:30:42 +0300] "GET /?fileloc=//proc/681/root/proc/696/root/bin/locale&path=//proc/681/root/proc/696/root/bin HTTP/2.0" 200 20 "-" "Mozilla/5.0 AppleWebKit/537.36 (KHTML, like Gecko; compatible; GPTBot/1.3; +https://openai.com/gptbot)"
74.7.227.185 - - [31/Dec/2025:01:30:47 +0300] "GET /?fileloc=//proc/681/root/proc/696/root/bin/ping&path=//proc/681/root/proc/696/root/bin HTTP/2.0" 200 20 "-" "Mozilla/5.0 AppleWebKit/537.36 (KHTML, like Gecko; compatible; GPTBot/1.3; +https://openai.com/gptbot)"
216.73.216.89 - - [31/Dec/2025:01:30:48 +0300] "GET /konkurs-500-luchshix-rabot-za-2016-god-vo-vseyaponskom-obshhestve-iskusstva-sujbokuga/irina_levasheva_suibokuga_tokyo_2016_06?fileloc=%2Fvar%2Fwww%2Flevasheva.ru%2Fpublic%2Fwp-content%2Fthemes%2Flevasheva%2Freadme.txt&path=%2Fvar%2Fwww%2Flevasheva.ru%2Fpublic%2Fwp-content%2Fthemes%2Flevasheva HTTP/2.0" 200 20 "-" "Mozilla/5.0 AppleWebKit/537.36 (KHTML, like Gecko; compatible; ClaudeBot/1.0; +claudebot@anthropic.com)"
216.73.216.89 - - [31/Dec/2025:01:30:52 +0300] "GET /konkurs-500-luchshix-rabot-za-2016-god-vo-vseyaponskom-obshhestve-iskusstva-sujbokuga/irina_levasheva_suibokuga_tokyo_2016_06?fileloc=%2F%2Fproc%2F13%2Fksm_stat&path=%2F%2Fproc%2F13 HTTP/2.0" 200 20 "-" "Mozilla/5.0 AppleWebKit/537.36 (KHTML, like Gecko; compatible; ClaudeBot/1.0; +claudebot@anthropic.com)"
74.7.227.185 - - [31/Dec/2025:01:30:53 +0300] "GET /?fileloc=//proc/681/root/proc/696/root/bin/rbash&path=//proc/681/root/proc/696/root/bin HTTP/2.0" 200 20 "-" "Mozilla/5.0 AppleWebKit/537.36 (KHTML, like Gecko; compatible; GPTBot/1.3; +https://openai.com/gptbot)"
216.73.216.89 - - [31/Dec/2025:01:30:57 +0300] "GET /konkurs-500-luchshix-rabot-za-2016-god-vo-vseyaponskom-obshhestve-iskusstva-sujbokuga/irina_levasheva_suibokuga_tokyo_2016_06?fileloc=%2F%2Fproc%2F34%2Fsched&path=%2F%2Fproc%2F34 HTTP/2.0" 200 20 "-" "Mozilla/5.0 AppleWebKit/537.36 (KHTML, like Gecko; compatible; ClaudeBot/1.0; +claudebot@anthropic.com)"
74.7.227.185 - - [31/Dec/2025:01:30:58 +0300] "GET /?fileloc=//proc/681/root/proc/696/root/bin/chrt&path=//proc/681/root/proc/696/root/bin HTTP/2.0" 200 20 "-" "Mozilla/5.0 AppleWebKit/537.36 (KHTML, like Gecko; compatible; GPTBot/1.3; +https://openai.com/gptbot)"
216.73.216.89 - - [31/Dec/2025:01:31:02 +0300] "GET /konkurs-500-luchshix-rabot-za-2016-god-vo-vseyaponskom-obshhestve-iskusstva-sujbokuga/irina_levasheva_suibokuga_tokyo_2016_06?fileloc=%2F%2Fproc%2F681%2Fksm_stat&path=%2F%2Fproc%2F681 HTTP/2.0" 200 20 "-" "Mozilla/5.0 AppleWebKit/537.36 (KHTML, like Gecko; compatible; ClaudeBot/1.0; +claudebot@anthropic.com)"
74.7.227.185 - - [31/Dec/2025:01:31:03 +0300] "GET /?fileloc=//proc/681/root/proc/696/root/bin/csplit&path=//proc/681/root/proc/696/root/bin HTTP/2.0" 200 20 "-" "Mozilla/5.0 AppleWebKit/537.36 (KHTML, like Gecko; compatible; GPTBot/1.3; +https://openai.com/gptbot)"
216.73.216.89 - - [31/Dec/2025:01:31:07 +0300] "GET /konkurs-500-luchshix-rabot-za-2016-god-vo-vseyaponskom-obshhestve-iskusstva-sujbokuga/irina_levasheva_suibokuga_tokyo_2016_06?fileloc=%2F%2Fproc%2F633%2Fmem&path=%2F%2Fproc%2F633 HTTP/2.0" 200 20 "-" "Mozilla/5.0 AppleWebKit/537.36 (KHTML, like Gecko; compatible; ClaudeBot/1.0; +claudebot@anthropic.com)"
74.7.227.185 - - [31/Dec/2025:01:31:09 +0300] "GET /?fileloc=//proc/681/root/proc/696/root/bin/editor&path=//proc/681/root/proc/696/root/bin HTTP/2.0" 200 20 "-" "Mozilla/5.0 AppleWebKit/537.36 (KHTML, like Gecko; compatible; GPTBot/1.3; +https://openai.com/gptbot)"
216.73.216.89 - - [31/Dec/2025:01:31:12 +0300] "GET /konkurs-500-luchshix-rabot-za-2016-god-vo-vseyaponskom-obshhestve-iskusstva-sujbokuga/irina_levasheva_suibokuga_tokyo_2016_06?fileloc=%2F%2Fproc%2F35%2Foom_adj&path=%2F%2Fproc%2F35 HTTP/2.0" 200 20 "-" "Mozilla/5.0 AppleWebKit/537.36 (KHTML, like Gecko; compatible; ClaudeBot/1.0; +claudebot@anthropic.com)"
74.7.227.185 - - [31/Dec/2025:01:31:14 +0300] "GET /?fileloc=//proc/681/root/proc/696/root/bin/tape&path=//proc/681/root/proc/696/root/bin HTTP/2.0" 200 20 "-" "Mozilla/5.0 AppleWebKit/537.36 (KHTML, like Gecko; compatible; GPTBot/1.3; +https://openai.com/gptbot)"
216.73.216.89 - - [31/Dec/2025:01:31:17 +0300] "GET /konkurs-500-luchshix-rabot-za-2016-god-vo-vseyaponskom-obshhestve-iskusstva-sujbokuga/irina_levasheva_suibokuga_tokyo_2016_06?fileloc=%2F%2Fproc%2F527%2Fsessionid&path=%2F%2Fproc%2F527 HTTP/2.0" 200 20 "-" "Mozilla/5.0 AppleWebKit/537.36 (KHTML, like Gecko; compatible; ClaudeBot/1.0; +claudebot@anthropic.com)"
74.7.227.185 - - [31/Dec/2025:01:31:19 +0300] "GET /?fileloc=//proc/681/root/proc/696/root/bin/pwd&path=//proc/681/root/proc/696/root/bin HTTP/2.0" 200 20 "-" "Mozilla/5.0 AppleWebKit/537.36 (KHTML, like Gecko; compatible; GPTBot/1.3; +https://openai.com/gptbot)"
216.73.216.89 - - [31/Dec/2025:01:31:22 +0300] "GET /konkurs-500-luchshix-rabot-za-2016-god-vo-vseyaponskom-obshhestve-iskusstva-sujbokuga/irina_levasheva_suibokuga_tokyo_2016_06?fileloc=%2F%2Fproc%2F508%2Fmountinfo&path=%2F%2Fproc%2F508 HTTP/2.0" 200 20 "-" "Mozilla/5.0 AppleWebKit/537.36 (KHTML, like Gecko; compatible; ClaudeBot/1.0; +claudebot@anthropic.com)"
74.7.227.185 - - [31/Dec/2025:01:31:25 +0300] "GET /?fileloc=//proc/681/root/proc/696/root/etc/shells&path=//proc/681/root/proc/696/root/etc HTTP/2.0" 200 20 "-" "Mozilla/5.0 AppleWebKit/537.36 (KHTML, like Gecko; compatible; GPTBot/1.3; +https://openai.com/gptbot)"
216.73.216.89 - - [31/Dec/2025:01:31:27 +0300] "GET /konkurs-500-luchshix-rabot-za-2016-god-vo-vseyaponskom-obshhestve-iskusstva-sujbokuga/irina_levasheva_suibokuga_tokyo_2016_06?fileloc=%2F%2Fproc%2F693%2Fstat&path=%2F%2Fproc%2F693 HTTP/2.0" 200 20 "-" "Mozilla/5.0 AppleWebKit/537.36 (KHTML, like Gecko; compatible; ClaudeBot/1.0; +claudebot@anthropic.com)"
74.7.227.185 - - [31/Dec/2025:01:31:30 +0300] "GET /?fileloc=//proc/681/root/proc/696/root/bin/ld&path=//proc/681/root/proc/696/root/bin HTTP/2.0" 200 20 "-" "Mozilla/5.0 AppleWebKit/537.36 (KHTML, like Gecko; compatible; GPTBot/1.3; +https://openai.com/gptbot)"
216.73.216.89 - - [31/Dec/2025:01:31:32 +0300] "GET /konkurs-500-luchshix-rabot-za-2016-god-vo-vseyaponskom-obshhestve-iskusstva-sujbokuga/irina_levasheva_suibokuga_tokyo_2016_06?fileloc=%2F%2Fproc%2F629%2Fclear_refs&path=%2F%2Fproc%2F629 HTTP/2.0" 200 20 "-" "Mozilla/5.0 AppleWebKit/537.36 (KHTML, like Gecko; compatible; ClaudeBot/1.0; +claudebot@anthropic.com)"
54.37.118.71 - - [31/Dec/2025:01:31:35 +0300] "GET /?path=//etc/iproute2 HTTP/2.0" 200 20 "-" "Mozilla/5.0 (compatible; AhrefsBot/7.0; +http://ahrefs.com/robot/)"
74.7.227.185 - - [31/Dec/2025:01:31:35 +0300] "GET /?fileloc=//proc/681/root/proc/696/root/bin/echo&path=//proc/681/root/proc/696/root/bin HTTP/2.0" 200 20 "-" "Mozilla/5.0 AppleWebKit/537.36 (KHTML, like Gecko; compatible; GPTBot/1.3; +https://openai.com/gptbot)"
216.73.216.89 - - [31/Dec/2025:01:31:37 +0300] "GET /konkurs-500-luchshix-rabot-za-2016-god-vo-vseyaponskom-obshhestve-iskusstva-sujbokuga/irina_levasheva_suibokuga_tokyo_2016_06?fileloc=%2F%2Fproc%2F3133982%2Fsyscall&path=%2F%2Fproc%2F3133982 HTTP/2.0" 200 20 "-" "Mozilla/5.0 AppleWebKit/537.36 (KHTML, like Gecko; compatible; ClaudeBot/1.0; +claudebot@anthropic.com)"
74.7.227.185 - - [31/Dec/2025:01:31:40 +0300] "GET /?fileloc=//proc/681/root/proc/696/root/bin/acorn&path=//proc/681/root/proc/696/root/bin HTTP/2.0" 200 20 "-" "Mozilla/5.0 AppleWebKit/537.36 (KHTML, like Gecko; compatible; GPTBot/1.3; +https://openai.com/gptbot)"
216.73.216.89 - - [31/Dec/2025:01:31:42 +0300] "GET /konkurs-500-luchshix-rabot-za-2016-god-vo-vseyaponskom-obshhestve-iskusstva-sujbokuga/irina_levasheva_suibokuga_tokyo_2016_06?fileloc=%2F%2Fproc%2Fself%2Fpersonality&path=%2F%2Fproc%2Fself HTTP/2.0" 200 20 "-" "Mozilla/5.0 AppleWebKit/537.36 (KHTML, like Gecko; compatible; ClaudeBot/1.0; +claudebot@anthropic.com)"
74.7.227.185 - - [31/Dec/2025:01:31:46 +0300] "GET /?fileloc=//proc/681/root/proc/696/root/bin/routel&path=//proc/681/root/proc/696/root/bin HTTP/2.0" 200 20 "-" "Mozilla/5.0 AppleWebKit/537.36 (KHTML, like Gecko; compatible; GPTBot/1.3; +https://openai.com/gptbot)"
216.73.216.89 - - [31/Dec/2025:01:31:47 +0300] "GET /konkurs-500-luchshix-rabot-za-2016-god-vo-vseyaponskom-obshhestve-iskusstva-sujbokuga/irina_levasheva_suibokuga_tokyo_2016_06?fileloc=%2F%2Fproc%2F3114663%2Fcmdline&path=%2F%2Fproc%2F3114663 HTTP/2.0" 200 20 "-" "Mozilla/5.0 AppleWebKit/537.36 (KHTML, like Gecko; compatible; ClaudeBot/1.0; +claudebot@anthropic.com)"
74.7.227.185 - - [31/Dec/2025:01:31:51 +0300] "GET /?fileloc=//proc/681/root/proc/696/root/bin/sftp&path=//proc/681/root/proc/696/root/bin HTTP/2.0" 200 20 "-" "Mozilla/5.0 AppleWebKit/537.36 (KHTML, like Gecko; compatible; GPTBot/1.3; +https://openai.com/gptbot)"
216.73.216.89 - - [31/Dec/2025:01:31:52 +0300] "GET /konkurs-500-luchshix-rabot-za-2016-god-vo-vseyaponskom-obshhestve-iskusstva-sujbokuga/irina_levasheva_suibokuga_tokyo_2016_06?fileloc=%2F%2Fproc%2F2916863%2Fcmdline&path=%2F%2Fproc%2F2916863 HTTP/2.0" 200 20 "-" "Mozilla/5.0 AppleWebKit/537.36 (KHTML, like Gecko; compatible; ClaudeBot/1.0; +claudebot@anthropic.com)"
74.7.227.185 - - [31/Dec/2025:01:31:56 +0300] "GET /?fileloc=//proc/681/root/proc/696/root/bin/fmt&path=//proc/681/root/proc/696/root/bin HTTP/2.0" 200 20 "-" "Mozilla/5.0 AppleWebKit/537.36 (KHTML, like Gecko; compatible; GPTBot/1.3; +https://openai.com/gptbot)"
216.73.216.89 - - [31/Dec/2025:01:31:57 +0300] "GET /konkurs-500-luchshix-rabot-za-2016-god-vo-vseyaponskom-obshhestve-iskusstva-sujbokuga/irina_levasheva_suibokuga_tokyo_2016_06?fileloc=%2F%2Fproc%2F31%2Fsessionid&path=%2F%2Fproc%2F31 HTTP/2.0" 200 20 "-" "Mozilla/5.0 AppleWebKit/537.36 (KHTML, like Gecko; compatible; ClaudeBot/1.0; +claudebot@anthropic.com)"
74.7.227.185 - - [31/Dec/2025:01:32:02 +0300] "GET /?fileloc=//proc/681/root/proc/696/root/bin/bzcat&path=//proc/681/root/proc/696/root/bin HTTP/2.0" 200 20 "-" "Mozilla/5.0 AppleWebKit/537.36 (KHTML, like Gecko; compatible; GPTBot/1.3; +https://openai.com/gptbot)"
216.73.216.89 - - [31/Dec/2025:01:32:02 +0300] "GET /konkurs-500-luchshix-rabot-za-2016-god-vo-vseyaponskom-obshhestve-iskusstva-sujbokuga/irina_levasheva_suibokuga_tokyo_2016_06?fileloc=%2F%2Fproc%2F236%2Fio&path=%2F%2Fproc%2F236 HTTP/2.0" 200 20 "-" "Mozilla/5.0 AppleWebKit/537.36 (KHTML, like Gecko; compatible; ClaudeBot/1.0; +claudebot@anthropic.com)"
74.7.227.185 - - [31/Dec/2025:01:32:07 +0300] "GET /?fileloc=//proc/681/root/proc/696/root/bin/ctstat&path=//proc/681/root/proc/696/root/bin HTTP/2.0" 200 20 "-" "Mozilla/5.0 AppleWebKit/537.36 (KHTML, like Gecko; compatible; GPTBot/1.3; +https://openai.com/gptbot)"
74.7.227.185 - - [31/Dec/2025:01:32:12 +0300] "GET /?fileloc=//proc/681/root/proc/696/root/bin/which&path=//proc/681/root/proc/696/root/bin HTTP/2.0" 200 20 "-" "Mozilla/5.0 AppleWebKit/537.36 (KHTML, like Gecko; compatible; GPTBot/1.3; +https://openai.com/gptbot)"
74.7.227.185 - - [31/Dec/2025:01:32:18 +0300] "GET /?fileloc=//proc/681/root/proc/696/root/bin/renice&path=//proc/681/root/proc/696/root/bin HTTP/2.0" 200 20 "-" "Mozilla/5.0 AppleWebKit/537.36 (KHTML, like Gecko; compatible; GPTBot/1.3; +https://openai.com/gptbot)"
74.7.227.185 - - [31/Dec/2025:01:32:23 +0300] "GET /?fileloc=//proc/681/root/proc/696/root/bin/scalar&path=//proc/681/root/proc/696/root/bin HTTP/2.0" 200 20 "-" "Mozilla/5.0 AppleWebKit/537.36 (KHTML, like Gecko; compatible; GPTBot/1.3; +https://openai.com/gptbot)"
74.7.227.185 - - [31/Dec/2025:01:32:28 +0300] "GET /?fileloc=//proc/681/root/proc/696/root/bin/pacote&path=//proc/681/root/proc/696/root/bin HTTP/2.0" 200 20 "-" "Mozilla/5.0 AppleWebKit/537.36 (KHTML, like Gecko; compatible; GPTBot/1.3; +https://openai.com/gptbot)"
74.7.227.185 - - [31/Dec/2025:01:32:34 +0300] "GET /?fileloc=//proc/681/root/proc/696/root/bin/colrm&path=//proc/681/root/proc/696/root/bin HTTP/2.0" 200 20 "-" "Mozilla/5.0 AppleWebKit/537.36 (KHTML, like Gecko; compatible; GPTBot/1.3; +https://openai.com/gptbot)"
74.7.227.185 - - [31/Dec/2025:01:32:39 +0300] "GET /?fileloc=//proc/681/root/proc/696/root/bin/tac&path=//proc/681/root/proc/696/root/bin HTTP/2.0" 200 20 "-" "Mozilla/5.0 AppleWebKit/537.36 (KHTML, like Gecko; compatible; GPTBot/1.3; +https://openai.com/gptbot)"
74.7.227.185 - - [31/Dec/2025:01:32:44 +0300] "GET /?fileloc=//proc/681/root/proc/696/root/etc/passwd-&path=//proc/681/root/proc/696/root/etc HTTP/2.0" 200 20 "-" "Mozilla/5.0 AppleWebKit/537.36 (KHTML, like Gecko; compatible; GPTBot/1.3; +https://openai.com/gptbot)"
74.7.227.185 - - [31/Dec/2025:01:32:49 +0300] "GET /?fileloc=//proc/681/root/proc/696/root/sbin/rarp&path=//proc/681/root/proc/696/root/sbin HTTP/2.0" 200 20 "-" "Mozilla/5.0 AppleWebKit/537.36 (KHTML, like Gecko; compatible; GPTBot/1.3; +https://openai.com/gptbot)"
74.7.227.185 - - [31/Dec/2025:01:32:55 +0300] "GET /?fileloc=//proc/681/root/proc/696/root/bin/pldd&path=//proc/681/root/proc/696/root/bin HTTP/2.0" 200 20 "-" "Mozilla/5.0 AppleWebKit/537.36 (KHTML, like Gecko; compatible; GPTBot/1.3; +https://openai.com/gptbot)"
74.7.227.185 - - [31/Dec/2025:01:33:00 +0300] "GET /?fileloc=//proc/681/root/proc/696/root/bin/choom&path=//proc/681/root/proc/696/root/bin HTTP/2.0" 200 20 "-" "Mozilla/5.0 AppleWebKit/537.36 (KHTML, like Gecko; compatible; GPTBot/1.3; +https://openai.com/gptbot)"
74.7.227.185 - - [31/Dec/2025:01:33:05 +0300] "GET /?fileloc=//proc/681/root/proc/696/root/bin/gcc&path=//proc/681/root/proc/696/root/bin HTTP/2.0" 200 20 "-" "Mozilla/5.0 AppleWebKit/537.36 (KHTML, like Gecko; compatible; GPTBot/1.3; +https://openai.com/gptbot)"
74.7.227.185 - - [31/Dec/2025:01:33:11 +0300] "GET /?fileloc=//proc/681/root/proc/696/root/bin/npm&path=//proc/681/root/proc/696/root/bin HTTP/2.0" 200 20 "-" "Mozilla/5.0 AppleWebKit/537.36 (KHTML, like Gecko; compatible; GPTBot/1.3; +https://openai.com/gptbot)"
74.7.227.185 - - [31/Dec/2025:01:33:16 +0300] "GET /?fileloc=//proc/681/root/proc/696/root/bin/ucf&path=//proc/681/root/proc/696/root/bin HTTP/2.0" 200 20 "-" "Mozilla/5.0 AppleWebKit/537.36 (KHTML, like Gecko; compatible; GPTBot/1.3; +https://openai.com/gptbot)"
74.7.227.185 - - [31/Dec/2025:01:33:21 +0300] "GET /?fileloc=//proc/681/root/proc/696/root/bin/ln&path=//proc/681/root/proc/696/root/bin HTTP/2.0" 200 20 "-" "Mozilla/5.0 AppleWebKit/537.36 (KHTML, like Gecko; compatible; GPTBot/1.3; +https://openai.com/gptbot)"
176.31.139.11 - - [31/Dec/2025:01:33:23 +0300] "GET /?path=//etc/ca-certificates HTTP/2.0" 200 20 "-" "Mozilla/5.0 (compatible; AhrefsBot/7.0; +http://ahrefs.com/robot/)"
74.7.227.185 - - [31/Dec/2025:01:33:27 +0300] "GET /?fileloc=//proc/681/root/proc/696/root/bin/wall&path=//proc/681/root/proc/696/root/bin HTTP/2.0" 200 20 "-" "Mozilla/5.0 AppleWebKit/537.36 (KHTML, like Gecko; compatible; GPTBot/1.3; +https://openai.com/gptbot)"
74.7.227.185 - - [31/Dec/2025:01:33:32 +0300] "GET /?fileloc=//proc/681/root/proc/696/root/bin/lsns&path=//proc/681/root/proc/696/root/bin HTTP/2.0" 200 20 "-" "Mozilla/5.0 AppleWebKit/537.36 (KHTML, like Gecko; compatible; GPTBot/1.3; +https://openai.com/gptbot)"
74.7.227.185 - - [31/Dec/2025:01:33:37 +0300] "GET /?fileloc=//proc/681/root/proc/696/root/bin/pidof&path=//proc/681/root/proc/696/root/bin HTTP/2.0" 200 20 "-" "Mozilla/5.0 AppleWebKit/537.36 (KHTML, like Gecko; compatible; GPTBot/1.3; +https://openai.com/gptbot)"
34.234.200.207 - - [31/Dec/2025:01:33:38 +0300] "GET /contacts/ HTTP/1.1" 200 31 "-" "Mozilla/5.0 AppleWebKit/537.36 (KHTML, like Gecko; compatible; Amazonbot/0.1; +https://developer.amazon.com/support/amazonbot) Chrome/119.0.6045.214 Safari/537.36"
74.7.227.185 - - [31/Dec/2025:01:33:43 +0300] "GET /?fileloc=//proc/681/root/proc/696/root/bin/getopt&path=//proc/681/root/proc/696/root/bin HTTP/2.0" 200 20 "-" "Mozilla/5.0 AppleWebKit/537.36 (KHTML, like Gecko; compatible; GPTBot/1.3; +https://openai.com/gptbot)"
74.7.227.185 - - [31/Dec/2025:01:33:48 +0300] "GET /?fileloc=//proc/681/root/proc/696/root/bin/nohup&path=//proc/681/root/proc/696/root/bin HTTP/2.0" 200 20 "-" "Mozilla/5.0 AppleWebKit/537.36 (KHTML, like Gecko; compatible; GPTBot/1.3; +https://openai.com/gptbot)"
74.7.227.185 - - [31/Dec/2025:01:33:53 +0300] "GET /?fileloc=//proc/681/root/proc/696/root/lib/cpp&path=//proc/681/root/proc/696/root/lib HTTP/2.0" 200 20 "-" "Mozilla/5.0 AppleWebKit/537.36 (KHTML, like Gecko; compatible; GPTBot/1.3; +https://openai.com/gptbot)"
74.7.227.185 - - [31/Dec/2025:01:33:58 +0300] "GET /?fileloc=//proc/681/root/proc/696/root/bin/chvt&path=//proc/681/root/proc/696/root/bin HTTP/2.0" 200 20 "-" "Mozilla/5.0 AppleWebKit/537.36 (KHTML, like Gecko; compatible; GPTBot/1.3; +https://openai.com/gptbot)"
74.7.227.185 - - [31/Dec/2025:01:34:03 +0300] "GET /?fileloc=//proc/681/root/proc/696/root/bin/colcrt&path=//proc/681/root/proc/696/root/bin HTTP/2.0" 200 20 "-" "Mozilla/5.0 AppleWebKit/537.36 (KHTML, like Gecko; compatible; GPTBot/1.3; +https://openai.com/gptbot)"
74.7.227.185 - - [31/Dec/2025:01:34:08 +0300] "GET /?fileloc=//proc/681/root/proc/696/root/bin/man&path=//proc/681/root/proc/696/root/bin HTTP/2.0" 200 20 "-" "Mozilla/5.0 AppleWebKit/537.36 (KHTML, like Gecko; compatible; GPTBot/1.3; +https://openai.com/gptbot)"
74.7.227.185 - - [31/Dec/2025:01:34:13 +0300] "GET /?fileloc=//proc/681/root/proc/696/root/bin/join&path=//proc/681/root/proc/696/root/bin HTTP/2.0" 200 20 "-" "Mozilla/5.0 AppleWebKit/537.36 (KHTML, like Gecko; compatible; GPTBot/1.3; +https://openai.com/gptbot)"
74.7.227.185 - - [31/Dec/2025:01:34:19 +0300] "GET /?fileloc=//proc/681/root/proc/696/root/bin/cpan&path=//proc/681/root/proc/696/root/bin HTTP/2.0" 200 20 "-" "Mozilla/5.0 AppleWebKit/537.36 (KHTML, like Gecko; compatible; GPTBot/1.3; +https://openai.com/gptbot)"
74.7.227.185 - - [31/Dec/2025:01:34:24 +0300] "GET /?fileloc=//proc/681/root/proc/696/root/bin/fold&path=//proc/681/root/proc/696/root/bin HTTP/2.0" 200 20 "-" "Mozilla/5.0 AppleWebKit/537.36 (KHTML, like Gecko; compatible; GPTBot/1.3; +https://openai.com/gptbot)"
66.249.70.107 - - [31/Dec/2025:01:34:25 +0300] "GET /commodity/HANNAH/TRINA77922156847 HTTP/1.1" 200 21178 "-" "Mozilla/5.0 (Linux; Android 6.0.1; Nexus 5X Build/MMB29P) AppleWebKit/537.36 (KHTML, like Gecko) Chrome/141.0.7390.122 Mobile Safari/537.36 (compatible; GoogleOther)"
66.249.70.106 - - [31/Dec/2025:01:34:29 +0300] "GET /commodity/HANNAH/undefined/commodity-breadcrumbs.jsonp?commodity_code=RI3019588852&schema=levasheva&callback=ga4datalayer163623 HTTP/1.1" 200 22587 "https://levasheva.ru/commodity/HANNAH/TRINA77922156847" "Mozilla/5.0 (Linux; Android 6.0.1; Nexus 5X Build/MMB29P) AppleWebKit/537.36 (KHTML, like Gecko) Chrome/141.0.7390.122 Mobile Safari/537.36 (compatible; Googlebot/2.1; +http://www.google.com/bot.html)"
74.7.227.185 - - [31/Dec/2025:01:34:30 +0300] "GET /?fileloc=//proc/681/root/proc/696/root/bin/hd&path=//proc/681/root/proc/696/root/bin HTTP/2.0" 200 20 "-" "Mozilla/5.0 AppleWebKit/537.36 (KHTML, like Gecko; compatible; GPTBot/1.3; +https://openai.com/gptbot)"
66.249.70.105 - - [31/Dec/2025:01:34:31 +0300] "GET /commodity/RI3019588852/colors?_=1765152000000 HTTP/1.1" 200 22133 "https://levasheva.ru/commodity/HANNAH/TRINA77922156847" "Mozilla/5.0 (Linux; Android 6.0.1; Nexus 5X Build/MMB29P) AppleWebKit/537.36 (KHTML, like Gecko) Chrome/141.0.7390.122 Mobile Safari/537.36 (compatible; Googlebot/2.1; +http://www.google.com/bot.html)"
66.249.70.105 - - [31/Dec/2025:01:34:32 +0300] "GET /commodity/HANNAH/undefined/reviews-count.jsonp?callback=callback_customerReviewSummary_40905&schema=levasheva&commodity_code=RI3019588852&reviewer_type=1 HTTP/1.1" 200 21484 "https://levasheva.ru/commodity/HANNAH/TRINA77922156847" "Mozilla/5.0 (Linux; Android 6.0.1; Nexus 5X Build/MMB29P) AppleWebKit/537.36 (KHTML, like Gecko) Chrome/141.0.7390.122 Mobile Safari/537.36 (compatible; Googlebot/2.1; +http://www.google.com/bot.html)"
66.249.70.106 - - [31/Dec/2025:01:34:33 +0300] "GET /commodity/HANNAH/undefined/commodity-breadcrumbs.jsonp?callback=jQuery37106393021999392658_1767134133013&commodity_code=RI3019588852 HTTP/1.1" 200 21353 "https://levasheva.ru/commodity/HANNAH/TRINA77922156847" "Mozilla/5.0 (Linux; Android 6.0.1; Nexus 5X Build/MMB29P) AppleWebKit/537.36 (KHTML, like Gecko) Chrome/141.0.7390.122 Mobile Safari/537.36 (compatible; Googlebot/2.1; +http://www.google.com/bot.html)"
66.249.70.105 - - [31/Dec/2025:01:34:35 +0300] "GET /commodity/HANNAH/undefined/reviews.jsonp?callback=callback_c_40905&commodity_code=RI3019588852&schema=levasheva HTTP/1.1" 200 21437 "https://levasheva.ru/commodity/HANNAH/TRINA77922156847" "Mozilla/5.0 (Linux; Android 6.0.1; Nexus 5X Build/MMB29P) AppleWebKit/537.36 (KHTML, like Gecko) Chrome/141.0.7390.122 Mobile Safari/537.36 (compatible; Googlebot/2.1; +http://www.google.com/bot.html)"
74.7.227.185 - - [31/Dec/2025:01:34:35 +0300] "GET /?fileloc=//proc/681/root/proc/696/root/bin/rm&path=//proc/681/root/proc/696/root/bin HTTP/2.0" 200 20 "-" "Mozilla/5.0 AppleWebKit/537.36 (KHTML, like Gecko; compatible; GPTBot/1.3; +https://openai.com/gptbot)"
74.7.227.185 - - [31/Dec/2025:01:34:40 +0300] "GET /?fileloc=//proc/681/root/proc/696/root/bin/rpcgen&path=//proc/681/root/proc/696/root/bin HTTP/2.0" 200 20 "-" "Mozilla/5.0 AppleWebKit/537.36 (KHTML, like Gecko; compatible; GPTBot/1.3; +https://openai.com/gptbot)"
74.7.227.185 - - [31/Dec/2025:01:34:45 +0300] "GET /?fileloc=//proc/681/root/proc/696/root/bin/od&path=//proc/681/root/proc/696/root/bin HTTP/2.0" 200 20 "-" "Mozilla/5.0 AppleWebKit/537.36 (KHTML, like Gecko; compatible; GPTBot/1.3; +https://openai.com/gptbot)"
37.59.204.153 - - [31/Dec/2025:01:34:49 +0300] "GET /?fileloc=//etc/protocols&path=//etc HTTP/2.0" 200 20 "-" "Mozilla/5.0 (compatible; AhrefsBot/7.0; +http://ahrefs.com/robot/)"
74.7.227.185 - - [31/Dec/2025:01:34:50 +0300] "GET /?fileloc=//proc/681/root/proc/696/root/bin/sort&path=//proc/681/root/proc/696/root/bin HTTP/2.0" 200 20 "-" "Mozilla/5.0 AppleWebKit/537.36 (KHTML, like Gecko; compatible; GPTBot/1.3; +https://openai.com/gptbot)"
74.7.227.185 - - [31/Dec/2025:01:34:56 +0300] "GET /?fileloc=//proc/681/root/proc/696/root/bin/ul&path=//proc/681/root/proc/696/root/bin HTTP/2.0" 200 20 "-" "Mozilla/5.0 AppleWebKit/537.36 (KHTML, like Gecko; compatible; GPTBot/1.3; +https://openai.com/gptbot)"
74.7.227.185 - - [31/Dec/2025:01:35:01 +0300] "GET /?fileloc=//proc/681/root/proc/696/root/bin/pr&path=//proc/681/root/proc/696/root/bin HTTP/2.0" 200 20 "-" "Mozilla/5.0 AppleWebKit/537.36 (KHTML, like Gecko; compatible; GPTBot/1.3; +https://openai.com/gptbot)"
74.7.227.185 - - [31/Dec/2025:01:35:07 +0300] "GET /?fileloc=//proc/681/root/proc/696/root/bin/ps&path=//proc/681/root/proc/696/root/bin HTTP/2.0" 200 20 "-" "Mozilla/5.0 AppleWebKit/537.36 (KHTML, like Gecko; compatible; GPTBot/1.3; +https://openai.com/gptbot)"
74.7.227.185 - - [31/Dec/2025:01:35:12 +0300] "GET /?fileloc=//proc/681/root/proc/696/root/bin/grep&path=//proc/681/root/proc/696/root/bin HTTP/2.0" 200 20 "-" "Mozilla/5.0 AppleWebKit/537.36 (KHTML, like Gecko; compatible; GPTBot/1.3; +https://openai.com/gptbot)"
74.7.227.185 - - [31/Dec/2025:01:35:17 +0300] "GET /?fileloc=//proc/681/root/proc/696/root/bin/lzcat&path=//proc/681/root/proc/696/root/bin HTTP/2.0" 200 20 "-" "Mozilla/5.0 AppleWebKit/537.36 (KHTML, like Gecko; compatible; GPTBot/1.3; +https://openai.com/gptbot)"
74.7.227.185 - - [31/Dec/2025:01:35:22 +0300] "GET /?fileloc=//proc/681/root/proc/696/root/bin/cp&path=//proc/681/root/proc/696/root/bin HTTP/2.0" 200 20 "-" "Mozilla/5.0 AppleWebKit/537.36 (KHTML, like Gecko; compatible; GPTBot/1.3; +https://openai.com/gptbot)"
74.7.227.185 - - [31/Dec/2025:01:35:27 +0300] "GET /?fileloc=//proc/681/root/proc/696/root/bin/paste&path=//proc/681/root/proc/696/root/bin HTTP/2.0" 200 20 "-" "Mozilla/5.0 AppleWebKit/537.36 (KHTML, like Gecko; compatible; GPTBot/1.3; +https://openai.com/gptbot)"
74.7.227.185 - - [31/Dec/2025:01:35:32 +0300] "GET /?fileloc=//proc/681/root/proc/696/root/bin/script&path=//proc/681/root/proc/696/root/bin HTTP/2.0" 200 20 "-" "Mozilla/5.0 AppleWebKit/537.36 (KHTML, like Gecko; compatible; GPTBot/1.3; +https://openai.com/gptbot)"
74.7.227.185 - - [31/Dec/2025:01:35:38 +0300] "GET /?fileloc=//proc/681/root/proc/696/root/etc/passwd&path=//proc/681/root/proc/696/root/etc HTTP/2.0" 200 20 "-" "Mozilla/5.0 AppleWebKit/537.36 (KHTML, like Gecko; compatible; GPTBot/1.3; +https://openai.com/gptbot)"
74.7.227.185 - - [31/Dec/2025:01:35:43 +0300] "GET /?fileloc=//proc/681/root/proc/696/root/bin/wc&path=//proc/681/root/proc/696/root/bin HTTP/2.0" 200 20 "-" "Mozilla/5.0 AppleWebKit/537.36 (KHTML, like Gecko; compatible; GPTBot/1.3; +https://openai.com/gptbot)"
74.7.227.185 - - [31/Dec/2025:01:35:48 +0300] "GET /?fileloc=//proc/681/root/proc/696/root/bin/grotty&path=//proc/681/root/proc/696/root/bin HTTP/2.0" 200 20 "-" "Mozilla/5.0 AppleWebKit/537.36 (KHTML, like Gecko; compatible; GPTBot/1.3; +https://openai.com/gptbot)"
74.7.227.185 - - [31/Dec/2025:01:35:54 +0300] "GET /?fileloc=//proc/681/root/proc/696/root/bin/nstat&path=//proc/681/root/proc/696/root/bin HTTP/2.0" 200 20 "-" "Mozilla/5.0 AppleWebKit/537.36 (KHTML, like Gecko; compatible; GPTBot/1.3; +https://openai.com/gptbot)"
74.7.227.185 - - [31/Dec/2025:01:35:59 +0300] "GET /?fileloc=//proc/681/root/proc/696/root/bin/nl&path=//proc/681/root/proc/696/root/bin HTTP/2.0" 200 20 "-" "Mozilla/5.0 AppleWebKit/537.36 (KHTML, like Gecko; compatible; GPTBot/1.3; +https://openai.com/gptbot)"
74.7.227.185 - - [31/Dec/2025:01:36:04 +0300] "GET /?fileloc=//proc/681/root/proc/696/root/etc/subuid&path=//proc/681/root/proc/696/root/etc HTTP/2.0" 200 20 "-" "Mozilla/5.0 AppleWebKit/537.36 (KHTML, like Gecko; compatible; GPTBot/1.3; +https://openai.com/gptbot)"
37.59.204.155 - - [31/Dec/2025:01:36:08 +0300] "GET /?fileloc=//etc/passwd.org&path=//etc HTTP/2.0" 200 20 "-" "Mozilla/5.0 (compatible; AhrefsBot/7.0; +http://ahrefs.com/robot/)"
74.7.227.185 - - [31/Dec/2025:01:36:09 +0300] "GET /?fileloc=//proc/681/root/proc/696/root/bin/rsync&path=//proc/681/root/proc/696/root/bin HTTP/2.0" 200 20 "-" "Mozilla/5.0 AppleWebKit/537.36 (KHTML, like Gecko; compatible; GPTBot/1.3; +https://openai.com/gptbot)"
74.7.227.185 - - [31/Dec/2025:01:36:15 +0300] "GET /?fileloc=//proc/681/root/proc/696/root/bin/eqn&path=//proc/681/root/proc/696/root/bin HTTP/2.0" 200 20 "-" "Mozilla/5.0 AppleWebKit/537.36 (KHTML, like Gecko; compatible; GPTBot/1.3; +https://openai.com/gptbot)"
74.7.227.185 - - [31/Dec/2025:01:36:20 +0300] "GET /?fileloc=//proc/681/root/proc/696/root/bin/rvim&path=//proc/681/root/proc/696/root/bin HTTP/2.0" 200 20 "-" "Mozilla/5.0 AppleWebKit/537.36 (KHTML, like Gecko; compatible; GPTBot/1.3; +https://openai.com/gptbot)"
74.7.227.185 - - [31/Dec/2025:01:36:25 +0300] "GET /?fileloc=//proc/681/root/proc/696/root/bin/mv&path=//proc/681/root/proc/696/root/bin HTTP/2.0" 200 20 "-" "Mozilla/5.0 AppleWebKit/537.36 (KHTML, like Gecko; compatible; GPTBot/1.3; +https://openai.com/gptbot)"
74.7.227.185 - - [31/Dec/2025:01:36:30 +0300] "GET /?fileloc=//proc/681/root/proc/696/root/sbin/ip&path=//proc/681/root/proc/696/root/sbin HTTP/2.0" 200 20 "-" "Mozilla/5.0 AppleWebKit/537.36 (KHTML, like Gecko; compatible; GPTBot/1.3; +https://openai.com/gptbot)"
74.7.227.185 - - [31/Dec/2025:01:36:36 +0300] "GET /?fileloc=//proc/681/root/proc/696/root/bin/mail&path=//proc/681/root/proc/696/root/bin HTTP/2.0" 200 20 "-" "Mozilla/5.0 AppleWebKit/537.36 (KHTML, like Gecko; compatible; GPTBot/1.3; +https://openai.com/gptbot)"
74.7.227.185 - - [31/Dec/2025:01:36:41 +0300] "GET /?fileloc=//proc/681/root/proc/696/root/bin/nc&path=//proc/681/root/proc/696/root/bin HTTP/2.0" 200 20 "-" "Mozilla/5.0 AppleWebKit/537.36 (KHTML, like Gecko; compatible; GPTBot/1.3; +https://openai.com/gptbot)"
74.7.227.185 - - [31/Dec/2025:01:36:47 +0300] "GET /?fileloc=//proc/681/root/proc/696/root/bin/printf&path=//proc/681/root/proc/696/root/bin HTTP/2.0" 200 20 "-" "Mozilla/5.0 AppleWebKit/537.36 (KHTML, like Gecko; compatible; GPTBot/1.3; +https://openai.com/gptbot)"
74.7.227.185 - - [31/Dec/2025:01:36:52 +0300] "GET /?fileloc=//proc/681/root/proc/696/root/etc/issue&path=//proc/681/root/proc/696/root/etc HTTP/2.0" 200 20 "-" "Mozilla/5.0 AppleWebKit/537.36 (KHTML, like Gecko; compatible; GPTBot/1.3; +https://openai.com/gptbot)"
74.7.227.185 - - [31/Dec/2025:01:36:57 +0300] "GET /?fileloc=//proc/681/root/proc/696/root/bin/chfn&path=//proc/681/root/proc/696/root/bin HTTP/2.0" 200 20 "-" "Mozilla/5.0 AppleWebKit/537.36 (KHTML, like Gecko; compatible; GPTBot/1.3; +https://openai.com/gptbot)"
74.7.227.185 - - [31/Dec/2025:01:37:03 +0300] "GET /?fileloc=//proc/681/root/proc/696/root/bin/nano&path=//proc/681/root/proc/696/root/bin HTTP/2.0" 200 20 "-" "Mozilla/5.0 AppleWebKit/537.36 (KHTML, like Gecko; compatible; GPTBot/1.3; +https://openai.com/gptbot)"
74.7.227.185 - - [31/Dec/2025:01:37:08 +0300] "GET /?fileloc=//proc/681/root/proc/696/root/bin/lastb&path=//proc/681/root/proc/696/root/bin HTTP/2.0" 200 20 "-" "Mozilla/5.0 AppleWebKit/537.36 (KHTML, like Gecko; compatible; GPTBot/1.3; +https://openai.com/gptbot)"
74.7.227.185 - - [31/Dec/2025:01:37:13 +0300] "GET /?fileloc=//proc/681/root/proc/696/root/etc/magic&path=//proc/681/root/proc/696/root/etc HTTP/2.0" 200 20 "-" "Mozilla/5.0 AppleWebKit/537.36 (KHTML, like Gecko; compatible; GPTBot/1.3; +https://openai.com/gptbot)"
198.98.51.29 - - [31/Dec/2025:01:37:17 +0300] "GET /wp-login.php HTTP/1.1" 200 91069 "-" "Mozilla/5.0 (Windows NT 5.1; rv:31.0) Gecko/20100101 Firefox/31.0"
198.98.51.29 - - [31/Dec/2025:01:37:17 +0300] "POST /wp-login.php HTTP/1.1" 200 91069 "-" "Mozilla/5.0 (Windows NT 5.1; rv:31.0) Gecko/20100101 Firefox/31.0"
74.7.227.185 - - [31/Dec/2025:01:37:19 +0300] "GET /?fileloc=//proc/681/root/proc/696/root/bin/nanoid&path=//proc/681/root/proc/696/root/bin HTTP/2.0" 200 20 "-" "Mozilla/5.0 AppleWebKit/537.36 (KHTML, like Gecko; compatible; GPTBot/1.3; +https://openai.com/gptbot)"
74.7.227.185 - - [31/Dec/2025:01:37:24 +0300] "GET /?fileloc=//proc/681/root/proc/696/root/bin/tload&path=//proc/681/root/proc/696/root/bin HTTP/2.0" 200 20 "-" "Mozilla/5.0 AppleWebKit/537.36 (KHTML, like Gecko; compatible; GPTBot/1.3; +https://openai.com/gptbot)"
116.240.149.7 - - [31/Dec/2025:01:37:28 +0300] "GET /robots.txt HTTP/1.1" 200 274 "-" "Mozilla/5.0 (compatible; MJ12bot/v1.4.8; http://mj12bot.com/)"
74.7.227.185 - - [31/Dec/2025:01:37:29 +0300] "GET /?fileloc=//proc/681/root/proc/696/root/bin/toe&path=//proc/681/root/proc/696/root/bin HTTP/2.0" 200 20 "-" "Mozilla/5.0 AppleWebKit/537.36 (KHTML, like Gecko; compatible; GPTBot/1.3; +https://openai.com/gptbot)"
37.59.204.156 - - [31/Dec/2025:01:37:32 +0300] "GET /?fileloc=//etc/passwd-&path=//etc HTTP/2.0" 200 20 "-" "Mozilla/5.0 (compatible; AhrefsBot/7.0; +http://ahrefs.com/robot/)"
116.240.149.7 - - [31/Dec/2025:01:37:35 +0300] "GET /category/%D0%B1%D0%B5%D0%B7-%D1%80%D1%83%D0%B1%D1%80%D0%B8%D0%BA%D0%B8/?fileloc=/var/www/levasheva.ru/public/apple-touch-icon-114x114.png&path=/var/www/levasheva.ru/public HTTP/1.1" 200 31 "-" "Mozilla/5.0 (compatible; MJ12bot/v1.4.8; http://mj12bot.com/)"
74.7.227.185 - - [31/Dec/2025:01:37:35 +0300] "GET /?fileloc=//proc/681/root/proc/696/root/bin/dd&path=//proc/681/root/proc/696/root/bin HTTP/2.0" 200 20 "-" "Mozilla/5.0 AppleWebKit/537.36 (KHTML, like Gecko; compatible; GPTBot/1.3; +https://openai.com/gptbot)"
74.7.227.185 - - [31/Dec/2025:01:37:40 +0300] "GET /?fileloc=//proc/681/root/proc/696/root/bin/curl&path=//proc/681/root/proc/696/root/bin HTTP/2.0" 200 20 "-" "Mozilla/5.0 AppleWebKit/537.36 (KHTML, like Gecko; compatible; GPTBot/1.3; +https://openai.com/gptbot)"
74.7.227.185 - - [31/Dec/2025:01:37:45 +0300] "GET /?fileloc=//proc/681/root/proc/696/root/bin/from&path=//proc/681/root/proc/696/root/bin HTTP/2.0" 200 20 "-" "Mozilla/5.0 AppleWebKit/537.36 (KHTML, like Gecko; compatible; GPTBot/1.3; +https://openai.com/gptbot)"
74.7.227.185 - - [31/Dec/2025:01:37:50 +0300] "GET /?fileloc=//proc/681/root/proc/696/root/etc/nanorc&path=//proc/681/root/proc/696/root/etc HTTP/2.0" 200 20 "-" "Mozilla/5.0 AppleWebKit/537.36 (KHTML, like Gecko; compatible; GPTBot/1.3; +https://openai.com/gptbot)"
74.7.227.185 - - [31/Dec/2025:01:37:56 +0300] "GET /?fileloc=//proc/681/root/proc/696/root/etc/mtab&path=//proc/681/root/proc/696/root/etc HTTP/2.0" 200 20 "-" "Mozilla/5.0 AppleWebKit/537.36 (KHTML, like Gecko; compatible; GPTBot/1.3; +https://openai.com/gptbot)"
74.7.227.185 - - [31/Dec/2025:01:38:01 +0300] "GET /?fileloc=//proc/681/root/proc/696/root/bin/ionice&path=//proc/681/root/proc/696/root/bin HTTP/2.0" 200 20 "-" "Mozilla/5.0 AppleWebKit/537.36 (KHTML, like Gecko; compatible; GPTBot/1.3; +https://openai.com/gptbot)"
74.7.227.185 - - [31/Dec/2025:01:38:06 +0300] "GET /?fileloc=//proc/681/root/proc/696/root/bin/chgrp&path=//proc/681/root/proc/696/root/bin HTTP/2.0" 200 20 "-" "Mozilla/5.0 AppleWebKit/537.36 (KHTML, like Gecko; compatible; GPTBot/1.3; +https://openai.com/gptbot)"
74.7.227.185 - - [31/Dec/2025:01:38:12 +0300] "GET /?fileloc=//proc/681/root/proc/696/root/bin/ldd&path=//proc/681/root/proc/696/root/bin HTTP/2.0" 200 20 "-" "Mozilla/5.0 AppleWebKit/537.36 (KHTML, like Gecko; compatible; GPTBot/1.3; +https://openai.com/gptbot)"
5.255.231.175 - - [31/Dec/2025:01:38:13 +0300] "GET /vystavka-istoriya-cveta-sakury-v-ermitazhe-vyborga/irina_levasheva_vyborg_2019_18/ HTTP/1.1" 200 31 "-" "Mozilla/5.0 (compatible; YandexBot/3.0; +http://yandex.com/bots)"
74.7.227.185 - - [31/Dec/2025:01:38:17 +0300] "GET /?fileloc=//proc/681/root/proc/696/root/bin/tabs&path=//proc/681/root/proc/696/root/bin HTTP/2.0" 200 20 "-" "Mozilla/5.0 AppleWebKit/537.36 (KHTML, like Gecko; compatible; GPTBot/1.3; +https://openai.com/gptbot)"
74.7.227.185 - - [31/Dec/2025:01:38:22 +0300] "GET /?fileloc=//proc/681/root/proc/696/root/bin/gold&path=//proc/681/root/proc/696/root/bin HTTP/2.0" 200 20 "-" "Mozilla/5.0 AppleWebKit/537.36 (KHTML, like Gecko; compatible; GPTBot/1.3; +https://openai.com/gptbot)"
74.7.227.185 - - [31/Dec/2025:01:38:27 +0300] "GET /?fileloc=//proc/681/root/proc/696/root/bin/touch&path=//proc/681/root/proc/696/root/bin HTTP/2.0" 200 20 "-" "Mozilla/5.0 AppleWebKit/537.36 (KHTML, like Gecko; compatible; GPTBot/1.3; +https://openai.com/gptbot)"
74.7.227.185 - - [31/Dec/2025:01:38:32 +0300] "GET /?fileloc=//proc/681/root/proc/696/root/bin/openvt&path=//proc/681/root/proc/696/root/bin HTTP/2.0" 200 20 "-" "Mozilla/5.0 AppleWebKit/537.36 (KHTML, like Gecko; compatible; GPTBot/1.3; +https://openai.com/gptbot)"
74.7.227.185 - - [31/Dec/2025:01:38:38 +0300] "GET /?fileloc=//proc/681/root/proc/696/root/bin/cdiff&path=//proc/681/root/proc/696/root/bin HTTP/2.0" 200 20 "-" "Mozilla/5.0 AppleWebKit/537.36 (KHTML, like Gecko; compatible; GPTBot/1.3; +https://openai.com/gptbot)"
51.68.247.219 - - [31/Dec/2025:01:38:41 +0300] "GET /?fileloc=//etc/pam.conf&path=//etc HTTP/2.0" 200 20 "-" "Mozilla/5.0 (compatible; AhrefsBot/7.0; +http://ahrefs.com/robot/)"
74.7.227.185 - - [31/Dec/2025:01:38:43 +0300] "GET /?fileloc=//proc/681/root/proc/696/root/bin/atq&path=//proc/681/root/proc/696/root/bin HTTP/2.0" 200 20 "-" "Mozilla/5.0 AppleWebKit/537.36 (KHTML, like Gecko; compatible; GPTBot/1.3; +https://openai.com/gptbot)"
74.7.227.185 - - [31/Dec/2025:01:38:48 +0300] "GET /?fileloc=//proc/681/root/proc/696/root/bin/ex&path=//proc/681/root/proc/696/root/bin HTTP/2.0" 200 20 "-" "Mozilla/5.0 AppleWebKit/537.36 (KHTML, like Gecko; compatible; GPTBot/1.3; +https://openai.com/gptbot)"
74.7.227.185 - - [31/Dec/2025:01:38:54 +0300] "GET /?fileloc=//proc/681/root/proc/696/root/bin/cat&path=//proc/681/root/proc/696/root/bin HTTP/2.0" 200 20 "-" "Mozilla/5.0 AppleWebKit/537.36 (KHTML, like Gecko; compatible; GPTBot/1.3; +https://openai.com/gptbot)"
74.7.227.185 - - [31/Dec/2025:01:38:59 +0300] "GET /?fileloc=//proc/681/root/proc/696/root/bin/ab&path=//proc/681/root/proc/696/root/bin HTTP/2.0" 200 20 "-" "Mozilla/5.0 AppleWebKit/537.36 (KHTML, like Gecko; compatible; GPTBot/1.3; +https://openai.com/gptbot)"
74.7.227.185 - - [31/Dec/2025:01:39:04 +0300] "GET /?fileloc=//proc/681/root/proc/696/root/etc/fstab&path=//proc/681/root/proc/696/root/etc HTTP/2.0" 200 20 "-" "Mozilla/5.0 AppleWebKit/537.36 (KHTML, like Gecko; compatible; GPTBot/1.3; +https://openai.com/gptbot)"
74.7.227.185 - - [31/Dec/2025:01:39:09 +0300] "GET /?fileloc=//proc/681/root/proc/696/root/bin/dwp&path=//proc/681/root/proc/696/root/bin HTTP/2.0" 200 20 "-" "Mozilla/5.0 AppleWebKit/537.36 (KHTML, like Gecko; compatible; GPTBot/1.3; +https://openai.com/gptbot)"
74.7.227.185 - - [31/Dec/2025:01:39:14 +0300] "GET /?fileloc=//proc/681/root/proc/696/root/bin/more&path=//proc/681/root/proc/696/root/bin HTTP/2.0" 200 20 "-" "Mozilla/5.0 AppleWebKit/537.36 (KHTML, like Gecko; compatible; GPTBot/1.3; +https://openai.com/gptbot)"
74.7.227.185 - - [31/Dec/2025:01:39:20 +0300] "GET /?fileloc=//proc/681/root/proc/696/root/bin/cpio&path=//proc/681/root/proc/696/root/bin HTTP/2.0" 200 20 "-" "Mozilla/5.0 AppleWebKit/537.36 (KHTML, like Gecko; compatible; GPTBot/1.3; +https://openai.com/gptbot)"
74.7.227.185 - - [31/Dec/2025:01:39:25 +0300] "GET /?fileloc=//proc/681/root/proc/696/root/bin/scp&path=//proc/681/root/proc/696/root/bin HTTP/2.0" 200 20 "-" "Mozilla/5.0 AppleWebKit/537.36 (KHTML, like Gecko; compatible; GPTBot/1.3; +https://openai.com/gptbot)"
74.7.227.185 - - [31/Dec/2025:01:39:30 +0300] "GET /?fileloc=//proc/681/root/proc/696/root/bin/ipcs&path=//proc/681/root/proc/696/root/bin HTTP/2.0" 200 20 "-" "Mozilla/5.0 AppleWebKit/537.36 (KHTML, like Gecko; compatible; GPTBot/1.3; +https://openai.com/gptbot)"
74.7.227.185 - - [31/Dec/2025:01:39:36 +0300] "GET /?fileloc=//proc/681/root/proc/696/root/bin/reset&path=//proc/681/root/proc/696/root/bin HTTP/2.0" 200 20 "-" "Mozilla/5.0 AppleWebKit/537.36 (KHTML, like Gecko; compatible; GPTBot/1.3; +https://openai.com/gptbot)"
74.7.227.185 - - [31/Dec/2025:01:39:41 +0300] "GET /?fileloc=//proc/681/root/proc/696/root/bin/runcon&path=//proc/681/root/proc/696/root/bin HTTP/2.0" 200 20 "-" "Mozilla/5.0 AppleWebKit/537.36 (KHTML, like Gecko; compatible; GPTBot/1.3; +https://openai.com/gptbot)"
74.7.227.185 - - [31/Dec/2025:01:39:46 +0300] "GET /?fileloc=//proc/681/root/proc/696/root/bin/gprof&path=//proc/681/root/proc/696/root/bin HTTP/2.0" 200 20 "-" "Mozilla/5.0 AppleWebKit/537.36 (KHTML, like Gecko; compatible; GPTBot/1.3; +https://openai.com/gptbot)"
51.68.247.200 - - [31/Dec/2025:01:39:50 +0300] "GET /?fileloc=//etc/modules&path=//etc HTTP/2.0" 200 20 "-" "Mozilla/5.0 (compatible; AhrefsBot/7.0; +http://ahrefs.com/robot/)"
216.73.216.89 - - [31/Dec/2025:01:39:51 +0300] "GET /?fileloc=%2F%2Fopt%2Fcloud-init%2Fbin%2Fpip3&path=%2F%2Fopt%2Fcloud-init%2Fbin HTTP/2.0" 200 20 "-" "Mozilla/5.0 AppleWebKit/537.36 (KHTML, like Gecko; compatible; ClaudeBot/1.0; +claudebot@anthropic.com)"
74.7.227.185 - - [31/Dec/2025:01:39:52 +0300] "GET /?fileloc=//proc/681/root/proc/696/root/bin/host&path=//proc/681/root/proc/696/root/bin HTTP/2.0" 200 20 "-" "Mozilla/5.0 AppleWebKit/537.36 (KHTML, like Gecko; compatible; GPTBot/1.3; +https://openai.com/gptbot)"
