87.250.224.234 - - [31/Dec/2025:02:05:42 +0300] "GET /vystavka-rozhdestvo-na-tretyakovke/irina_levasheva_tretiyakovka_02 HTTP/1.1" 200 31 "-" "Mozilla/5.0 (compatible; YandexMarket/2.0; +http://yandex.com/bots)"
216.73.216.89 - - [31/Dec/2025:02:05:44 +0300] "GET /?path=%2F%2Fusr%2Fshare%2Fnodejs%2Ftype-check HTTP/2.0" 200 20 "-" "Mozilla/5.0 AppleWebKit/537.36 (KHTML, like Gecko; compatible; ClaudeBot/1.0; +claudebot@anthropic.com)"
74.7.227.185 - - [31/Dec/2025:02:05:46 +0300] "GET /?commodity/MOVIE/GAIN779239662486 HTTP/2.0" 200 20 "-" "Mozilla/5.0 AppleWebKit/537.36 (KHTML, like Gecko; compatible; GPTBot/1.3; +https://openai.com/gptbot)"
216.73.216.89 - - [31/Dec/2025:02:05:48 +0300] "GET /?path=%2F%2Fusr%2Fshare%2Fdoc%2Fnode-acorn-node HTTP/2.0" 200 20 "-" "Mozilla/5.0 AppleWebKit/537.36 (KHTML, like Gecko; compatible; ClaudeBot/1.0; +claudebot@anthropic.com)"
74.7.227.185 - - [31/Dec/2025:02:05:52 +0300] "GET /?commodity/SEWAGE/VIZ779236819632 HTTP/2.0" 200 20 "-" "Mozilla/5.0 AppleWebKit/537.36 (KHTML, like Gecko; compatible; GPTBot/1.3; +https://openai.com/gptbot)"
216.73.216.89 - - [31/Dec/2025:02:05:53 +0300] "GET /?path=%2F%2Fusr%2Fshare%2Fnode_modules%2Fis-arguments HTTP/2.0" 200 20 "-" "Mozilla/5.0 AppleWebKit/537.36 (KHTML, like Gecko; compatible; ClaudeBot/1.0; +claudebot@anthropic.com)"
176.31.139.17 - - [31/Dec/2025:02:05:55 +0300] "GET /?pilihan&path=/var/www/levasheva.ru/public/wp-includes/interactivity-api HTTP/2.0" 200 20 "-" "Mozilla/5.0 (compatible; AhrefsBot/7.0; +http://ahrefs.com/robot/)"
74.7.227.185 - - [31/Dec/2025:02:05:57 +0300] "GET /?commodity/ASKED/PPS779239797891 HTTP/2.0" 200 20 "-" "Mozilla/5.0 AppleWebKit/537.36 (KHTML, like Gecko; compatible; GPTBot/1.3; +https://openai.com/gptbot)"
216.73.216.89 - - [31/Dec/2025:02:05:58 +0300] "GET /?path=%2F%2Fusr%2Fshare%2Fnode_modules%2Flodash.keys HTTP/2.0" 200 20 "-" "Mozilla/5.0 AppleWebKit/537.36 (KHTML, like Gecko; compatible; ClaudeBot/1.0; +claudebot@anthropic.com)"
74.7.227.185 - - [31/Dec/2025:02:06:02 +0300] "GET /?commodity/BILLED/IA778837683467 HTTP/2.0" 200 20 "-" "Mozilla/5.0 AppleWebKit/537.36 (KHTML, like Gecko; compatible; GPTBot/1.3; +https://openai.com/gptbot)"
216.73.216.89 - - [31/Dec/2025:02:06:03 +0300] "GET /?path=%2F%2Fusr%2Fshare%2Fnodejs%2Fpath-is-inside HTTP/2.0" 200 20 "-" "Mozilla/5.0 AppleWebKit/537.36 (KHTML, like Gecko; compatible; ClaudeBot/1.0; +claudebot@anthropic.com)"
74.7.227.185 - - [31/Dec/2025:02:06:07 +0300] "GET /?commodity/DEED/BORE778838031896 HTTP/2.0" 200 20 "-" "Mozilla/5.0 AppleWebKit/537.36 (KHTML, like Gecko; compatible; GPTBot/1.3; +https://openai.com/gptbot)"
216.73.216.89 - - [31/Dec/2025:02:06:08 +0300] "GET /?path=%2F%2Fsys%2Fmodule%2Fkvm_intel%2Fholders HTTP/2.0" 200 20 "-" "Mozilla/5.0 AppleWebKit/537.36 (KHTML, like Gecko; compatible; ClaudeBot/1.0; +claudebot@anthropic.com)"
74.7.227.185 - - [31/Dec/2025:02:06:12 +0300] "GET /?commodity/WARP/JANE779139163631 HTTP/2.0" 200 20 "-" "Mozilla/5.0 AppleWebKit/537.36 (KHTML, like Gecko; compatible; GPTBot/1.3; +https://openai.com/gptbot)"
216.73.216.89 - - [31/Dec/2025:02:06:13 +0300] "GET /?path=%2F%2Fusr%2Fshare%2Fnodejs%2Fis-path-inside HTTP/2.0" 200 20 "-" "Mozilla/5.0 AppleWebKit/537.36 (KHTML, like Gecko; compatible; ClaudeBot/1.0; +claudebot@anthropic.com)"
74.7.227.185 - - [31/Dec/2025:02:06:18 +0300] "GET /?commodity/CRAP/JERK778840714547 HTTP/2.0" 200 20 "-" "Mozilla/5.0 AppleWebKit/537.36 (KHTML, like Gecko; compatible; GPTBot/1.3; +https://openai.com/gptbot)"
216.73.216.89 - - [31/Dec/2025:02:06:18 +0300] "GET /?path=%2F%2Fusr%2Fshare%2Fnode_modules%2Flodash.tail HTTP/2.0" 200 20 "-" "Mozilla/5.0 AppleWebKit/537.36 (KHTML, like Gecko; compatible; ClaudeBot/1.0; +claudebot@anthropic.com)"
74.7.227.185 - - [31/Dec/2025:02:06:23 +0300] "GET /?fileloc=//proc/28/task/28/status&path=//proc/28/task/28 HTTP/2.0" 200 20 "-" "Mozilla/5.0 AppleWebKit/537.36 (KHTML, like Gecko; compatible; GPTBot/1.3; +https://openai.com/gptbot)"
216.73.216.89 - - [31/Dec/2025:02:06:23 +0300] "GET /?path=%2F%2Fsys%2Fmodule%2Fcrc32c_intel%2Fnotes HTTP/2.0" 200 20 "-" "Mozilla/5.0 AppleWebKit/537.36 (KHTML, like Gecko; compatible; ClaudeBot/1.0; +claudebot@anthropic.com)"
216.73.216.89 - - [31/Dec/2025:02:06:28 +0300] "GET /?path=%2F%2Fusr%2Fshare%2Fnode_modules%2Flodash.flowright HTTP/2.0" 200 20 "-" "Mozilla/5.0 AppleWebKit/537.36 (KHTML, like Gecko; compatible; ClaudeBot/1.0; +claudebot@anthropic.com)"
74.7.227.185 - - [31/Dec/2025:02:06:28 +0300] "GET /?fileloc=//proc/10/task/10/status&path=//proc/10/task/10 HTTP/2.0" 200 20 "-" "Mozilla/5.0 AppleWebKit/537.36 (KHTML, like Gecko; compatible; GPTBot/1.3; +https://openai.com/gptbot)"
216.73.216.89 - - [31/Dec/2025:02:06:33 +0300] "GET /?path=%2F%2Fusr%2Fshare%2Fnode_modules%2Flodash.multiply HTTP/2.0" 200 20 "-" "Mozilla/5.0 AppleWebKit/537.36 (KHTML, like Gecko; compatible; ClaudeBot/1.0; +claudebot@anthropic.com)"
74.7.227.185 - - [31/Dec/2025:02:06:34 +0300] "GET /?fileloc=//proc/25/task/25/sched&path=//proc/25/task/25 HTTP/2.0" 200 20 "-" "Mozilla/5.0 AppleWebKit/537.36 (KHTML, like Gecko; compatible; GPTBot/1.3; +https://openai.com/gptbot)"
216.73.216.89 - - [31/Dec/2025:02:06:38 +0300] "GET /?path=%2F%2Fusr%2Fshare%2Fnode_modules%2Flodash.cond HTTP/2.0" 200 20 "-" "Mozilla/5.0 AppleWebKit/537.36 (KHTML, like Gecko; compatible; ClaudeBot/1.0; +claudebot@anthropic.com)"
74.7.227.185 - - [31/Dec/2025:02:06:39 +0300] "GET /?fileloc=//proc/59/task/59/cpuset&path=//proc/59/task/59 HTTP/2.0" 200 20 "-" "Mozilla/5.0 AppleWebKit/537.36 (KHTML, like Gecko; compatible; GPTBot/1.3; +https://openai.com/gptbot)"
216.73.216.89 - - [31/Dec/2025:02:06:43 +0300] "GET /?path=%2F%2Fusr%2Fshare%2Fnode_modules%2Fansi-styles HTTP/2.0" 200 20 "-" "Mozilla/5.0 AppleWebKit/537.36 (KHTML, like Gecko; compatible; ClaudeBot/1.0; +claudebot@anthropic.com)"
74.7.227.185 - - [31/Dec/2025:02:06:44 +0300] "GET /?fileloc=//proc/18/task/18/statm&path=//proc/18/task/18 HTTP/2.0" 200 20 "-" "Mozilla/5.0 AppleWebKit/537.36 (KHTML, like Gecko; compatible; GPTBot/1.3; +https://openai.com/gptbot)"
216.73.216.89 - - [31/Dec/2025:02:06:48 +0300] "GET /?path=%2F%2Fusr%2Fshare%2Fnodejs%2Fgensync HTTP/2.0" 200 20 "-" "Mozilla/5.0 AppleWebKit/537.36 (KHTML, like Gecko; compatible; ClaudeBot/1.0; +claudebot@anthropic.com)"
74.7.227.185 - - [31/Dec/2025:02:06:50 +0300] "GET /?fileloc=//proc/20/task/20/limits&path=//proc/20/task/20 HTTP/2.0" 200 20 "-" "Mozilla/5.0 AppleWebKit/537.36 (KHTML, like Gecko; compatible; GPTBot/1.3; +https://openai.com/gptbot)"
66.249.70.105 - - [31/Dec/2025:02:06:51 +0300] "GET /commodity/SCARCE/SPECIALISTS7788225055 HTTP/1.1" 200 21199 "-" "Mozilla/5.0 (Linux; Android 6.0.1; Nexus 5X Build/MMB29P) AppleWebKit/537.36 (KHTML, like Gecko) Chrome/141.0.7390.122 Mobile Safari/537.36 (compatible; GoogleOther)"
216.73.216.89 - - [31/Dec/2025:02:06:53 +0300] "GET /?fileloc=%2F%2Fusr%2Flib%2Fpython2.7%2Fpprint.py&path=%2F%2Fusr%2Flib%2Fpython2.7 HTTP/2.0" 200 20 "-" "Mozilla/5.0 AppleWebKit/537.36 (KHTML, like Gecko; compatible; ClaudeBot/1.0; +claudebot@anthropic.com)"
74.7.227.185 - - [31/Dec/2025:02:06:55 +0300] "GET /?fileloc=//proc/38/task/38/limits&path=//proc/38/task/38 HTTP/2.0" 200 20 "-" "Mozilla/5.0 AppleWebKit/537.36 (KHTML, like Gecko; compatible; GPTBot/1.3; +https://openai.com/gptbot)"
66.249.70.107 - - [31/Dec/2025:02:06:55 +0300] "GET /commodity/SCARCE/undefined/commodity-breadcrumbs.jsonp?commodity_code=ZY3599789635&schema=levasheva&callback=ga4datalayer163623 HTTP/1.1" 200 21800 "https://levasheva.ru/commodity/SCARCE/SPECIALISTS7788225055" "Mozilla/5.0 (Linux; Android 6.0.1; Nexus 5X Build/MMB29P) AppleWebKit/537.36 (KHTML, like Gecko) Chrome/141.0.7390.122 Mobile Safari/537.36 (compatible; Googlebot/2.1; +http://www.google.com/bot.html)"
66.249.70.106 - - [31/Dec/2025:02:06:57 +0300] "GET /commodity/ZY3599789635/colors?_=1765152000000 HTTP/1.1" 200 21873 "https://levasheva.ru/commodity/SCARCE/SPECIALISTS7788225055" "Mozilla/5.0 (Linux; Android 6.0.1; Nexus 5X Build/MMB29P) AppleWebKit/537.36 (KHTML, like Gecko) Chrome/141.0.7390.122 Mobile Safari/537.36 (compatible; Googlebot/2.1; +http://www.google.com/bot.html)"
66.249.70.106 - - [31/Dec/2025:02:06:58 +0300] "GET /commodity/SCARCE/undefined/commodity-breadcrumbs.jsonp?callback=jQuery37106393021999392658_1767136079013&commodity_code=ZY3599789635 HTTP/1.1" 200 21420 "https://levasheva.ru/commodity/SCARCE/SPECIALISTS7788225055" "Mozilla/5.0 (Linux; Android 6.0.1; Nexus 5X Build/MMB29P) AppleWebKit/537.36 (KHTML, like Gecko) Chrome/141.0.7390.122 Mobile Safari/537.36 (compatible; Googlebot/2.1; +http://www.google.com/bot.html)"
216.73.216.89 - - [31/Dec/2025:02:06:58 +0300] "GET /?path=%2F%2Fusr%2Fshare%2Fdoc%2Fnode-babel-plugin-syntax-async-generators HTTP/2.0" 200 20 "-" "Mozilla/5.0 AppleWebKit/537.36 (KHTML, like Gecko; compatible; ClaudeBot/1.0; +claudebot@anthropic.com)"
66.249.70.106 - - [31/Dec/2025:02:06:59 +0300] "GET /commodity/SCARCE/undefined/reviews-count.jsonp?callback=callback_customerReviewSummary_40905&schema=levasheva&commodity_code=ZY3599789635&reviewer_type=1 HTTP/1.1" 200 21558 "https://levasheva.ru/commodity/SCARCE/SPECIALISTS7788225055" "Mozilla/5.0 (Linux; Android 6.0.1; Nexus 5X Build/MMB29P) AppleWebKit/537.36 (KHTML, like Gecko) Chrome/141.0.7390.122 Mobile Safari/537.36 (compatible; Googlebot/2.1; +http://www.google.com/bot.html)"
74.7.227.185 - - [31/Dec/2025:02:07:00 +0300] "GET /?fileloc=//proc/28/task/28/cpuset&path=//proc/28/task/28 HTTP/2.0" 200 20 "-" "Mozilla/5.0 AppleWebKit/537.36 (KHTML, like Gecko; compatible; GPTBot/1.3; +https://openai.com/gptbot)"
66.249.70.105 - - [31/Dec/2025:02:07:01 +0300] "GET /commodity/INDIGO/COMFORTABLY7789516072 HTTP/1.1" 200 21287 "-" "Mozilla/5.0 (Linux; Android 6.0.1; Nexus 5X Build/MMB29P) AppleWebKit/537.36 (KHTML, like Gecko) Chrome/141.0.7390.122 Mobile Safari/537.36 (compatible; GoogleOther)"
66.249.70.105 - - [31/Dec/2025:02:07:03 +0300] "GET /commodity/SCARCE/undefined/reviews.jsonp?callback=callback_c_40905&commodity_code=ZY3599789635&schema=levasheva HTTP/1.1" 200 21385 "https://levasheva.ru/commodity/SCARCE/SPECIALISTS7788225055" "Mozilla/5.0 (Linux; Android 6.0.1; Nexus 5X Build/MMB29P) AppleWebKit/537.36 (KHTML, like Gecko) Chrome/141.0.7390.122 Mobile Safari/537.36 (compatible; Googlebot/2.1; +http://www.google.com/bot.html)"
216.73.216.89 - - [31/Dec/2025:02:07:03 +0300] "GET /?path=%2F%2Fusr%2Fshare%2Fnodejs%2Flodash.intersectionby HTTP/2.0" 200 20 "-" "Mozilla/5.0 AppleWebKit/537.36 (KHTML, like Gecko; compatible; ClaudeBot/1.0; +claudebot@anthropic.com)"
66.249.70.105 - - [31/Dec/2025:02:07:04 +0300] "GET /commodity/INDIGO/undefined/commodity-breadcrumbs.jsonp?commodity_code=YW6708958930&schema=levasheva&callback=ga4datalayer163623 HTTP/1.1" 200 21885 "https://levasheva.ru/commodity/INDIGO/COMFORTABLY7789516072" "Mozilla/5.0 (Linux; Android 6.0.1; Nexus 5X Build/MMB29P) AppleWebKit/537.36 (KHTML, like Gecko) Chrome/141.0.7390.122 Mobile Safari/537.36 (compatible; Googlebot/2.1; +http://www.google.com/bot.html)"
66.249.70.105 - - [31/Dec/2025:02:07:05 +0300] "GET /commodity/INDIGO/undefined/commodity-breadcrumbs.jsonp?callback=jQuery37106393021999392658_1767136089013&commodity_code=YW6708958930 HTTP/1.1" 200 21490 "https://levasheva.ru/commodity/INDIGO/COMFORTABLY7789516072" "Mozilla/5.0 (Linux; Android 6.0.1; Nexus 5X Build/MMB29P) AppleWebKit/537.36 (KHTML, like Gecko) Chrome/141.0.7390.122 Mobile Safari/537.36 (compatible; Googlebot/2.1; +http://www.google.com/bot.html)"
74.7.227.185 - - [31/Dec/2025:02:07:05 +0300] "GET /?fileloc=//proc/30/task/30/smaps&path=//proc/30/task/30 HTTP/2.0" 200 20 "-" "Mozilla/5.0 AppleWebKit/537.36 (KHTML, like Gecko; compatible; GPTBot/1.3; +https://openai.com/gptbot)"
66.249.70.105 - - [31/Dec/2025:02:07:06 +0300] "GET /commodity/YW6708958930/colors?_=1765152000000 HTTP/1.1" 200 21730 "https://levasheva.ru/commodity/INDIGO/COMFORTABLY7789516072" "Mozilla/5.0 (Linux; Android 6.0.1; Nexus 5X Build/MMB29P) AppleWebKit/537.36 (KHTML, like Gecko) Chrome/141.0.7390.122 Mobile Safari/537.36 (compatible; Googlebot/2.1; +http://www.google.com/bot.html)"
54.37.118.66 - - [31/Dec/2025:02:07:07 +0300] "GET /?pilihan&path=/var/www/levasheva.ru/public/wp-includes/widgets HTTP/2.0" 200 20 "-" "Mozilla/5.0 (compatible; AhrefsBot/7.0; +http://ahrefs.com/robot/)"
66.249.70.105 - - [31/Dec/2025:02:07:08 +0300] "GET /commodity/INDIGO/undefined/reviews.jsonp?callback=callback_c_40905&commodity_code=YW6708958930&schema=levasheva HTTP/1.1" 200 21405 "https://levasheva.ru/commodity/INDIGO/COMFORTABLY7789516072" "Mozilla/5.0 (Linux; Android 6.0.1; Nexus 5X Build/MMB29P) AppleWebKit/537.36 (KHTML, like Gecko) Chrome/141.0.7390.122 Mobile Safari/537.36 (compatible; Googlebot/2.1; +http://www.google.com/bot.html)"
216.73.216.89 - - [31/Dec/2025:02:07:08 +0300] "GET /?path=%2F%2Fusr%2Fshare%2Fnode_modules%2Fregenerator-runtime HTTP/2.0" 200 20 "-" "Mozilla/5.0 AppleWebKit/537.36 (KHTML, like Gecko; compatible; ClaudeBot/1.0; +claudebot@anthropic.com)"
66.249.70.105 - - [31/Dec/2025:02:07:09 +0300] "GET /commodity/INDIGO/undefined/reviews-count.jsonp?callback=callback_customerReviewSummary_40905&schema=levasheva&commodity_code=YW6708958930&reviewer_type=1 HTTP/1.1" 200 21588 "https://levasheva.ru/commodity/INDIGO/COMFORTABLY7789516072" "Mozilla/5.0 (Linux; Android 6.0.1; Nexus 5X Build/MMB29P) AppleWebKit/537.36 (KHTML, like Gecko) Chrome/141.0.7390.122 Mobile Safari/537.36 (compatible; Googlebot/2.1; +http://www.google.com/bot.html)"
74.7.227.185 - - [31/Dec/2025:02:07:11 +0300] "GET /?fileloc=//proc/12/task/12/sched&path=//proc/12/task/12 HTTP/2.0" 200 20 "-" "Mozilla/5.0 AppleWebKit/537.36 (KHTML, like Gecko; compatible; GPTBot/1.3; +https://openai.com/gptbot)"
66.249.70.105 - - [31/Dec/2025:02:07:11 +0300] "GET /commodity/AMT/READILY7789668165 HTTP/1.1" 200 22080 "-" "Mozilla/5.0 (Linux; Android 6.0.1; Nexus 5X Build/MMB29P) AppleWebKit/537.36 (KHTML, like Gecko) Chrome/141.0.7390.122 Mobile Safari/537.36 (compatible; GoogleOther)"
216.73.216.89 - - [31/Dec/2025:02:07:13 +0300] "GET /?path=%2F%2Fusr%2Fshare%2Fdoc%2Fnode-errno HTTP/2.0" 200 20 "-" "Mozilla/5.0 AppleWebKit/537.36 (KHTML, like Gecko; compatible; ClaudeBot/1.0; +claudebot@anthropic.com)"
66.249.70.105 - - [31/Dec/2025:02:07:13 +0300] "GET /commodity/AMT/undefined/commodity-breadcrumbs.jsonp?commodity_code=RI8359439751&schema=levasheva&callback=ga4datalayer163623 HTTP/1.1" 200 21924 "https://levasheva.ru/commodity/AMT/READILY7789668165" "Mozilla/5.0 (Linux; Android 6.0.1; Nexus 5X Build/MMB29P) AppleWebKit/537.36 (KHTML, like Gecko) Chrome/141.0.7390.122 Mobile Safari/537.36 (compatible; Googlebot/2.1; +http://www.google.com/bot.html)"
74.7.227.185 - - [31/Dec/2025:02:07:16 +0300] "GET /?fileloc=//proc/48/task/48/cpuset&path=//proc/48/task/48 HTTP/2.0" 200 20 "-" "Mozilla/5.0 AppleWebKit/537.36 (KHTML, like Gecko; compatible; GPTBot/1.3; +https://openai.com/gptbot)"
66.249.70.105 - - [31/Dec/2025:02:07:18 +0300] "GET /category HTTP/1.1" 200 21231 "-" "Mozilla/5.0 (Linux; Android 6.0.1; Nexus 5X Build/MMB29P) AppleWebKit/537.36 (KHTML, like Gecko) Chrome/141.0.7390.122 Mobile Safari/537.36 (compatible; GoogleOther)"
216.73.216.89 - - [31/Dec/2025:02:07:18 +0300] "GET /?path=%2F%2Fusr%2Fshare%2Fnodejs%2Fregexpu-core HTTP/2.0" 200 20 "-" "Mozilla/5.0 AppleWebKit/537.36 (KHTML, like Gecko; compatible; ClaudeBot/1.0; +claudebot@anthropic.com)"
74.7.227.185 - - [31/Dec/2025:02:07:21 +0300] "GET /?fileloc=//proc/16/task/16/sched&path=//proc/16/task/16 HTTP/2.0" 200 20 "-" "Mozilla/5.0 AppleWebKit/537.36 (KHTML, like Gecko; compatible; GPTBot/1.3; +https://openai.com/gptbot)"
216.73.216.89 - - [31/Dec/2025:02:07:23 +0300] "GET /?path=%2F%2Fsys%2Fmodule%2Fvirtio_net%2Fnotes HTTP/2.0" 200 20 "-" "Mozilla/5.0 AppleWebKit/537.36 (KHTML, like Gecko; compatible; ClaudeBot/1.0; +claudebot@anthropic.com)"
66.249.70.105 - - [31/Dec/2025:02:07:25 +0300] "GET /commodity/OBJ/BACH77922330227 HTTP/1.1" 200 22416 "-" "Mozilla/5.0 (Linux; Android 6.0.1; Nexus 5X Build/MMB29P) AppleWebKit/537.36 (KHTML, like Gecko) Chrome/141.0.7390.122 Mobile Safari/537.36 (compatible; GoogleOther)"
66.249.70.105 - - [31/Dec/2025:02:07:26 +0300] "GET /commodity/AMT/undefined/reviews.jsonp?callback=callback_c_40905&commodity_code=RI8359439751&schema=levasheva HTTP/1.1" 200 21521 "https://levasheva.ru/commodity/AMT/READILY7789668165" "Mozilla/5.0 (Linux; Android 6.0.1; Nexus 5X Build/MMB29P) AppleWebKit/537.36 (KHTML, like Gecko) Chrome/141.0.7390.122 Mobile Safari/537.36 (compatible; Googlebot/2.1; +http://www.google.com/bot.html)"
74.7.227.185 - - [31/Dec/2025:02:07:27 +0300] "GET /?fileloc=//proc/21/task/21/wchan&path=//proc/21/task/21 HTTP/2.0" 200 20 "-" "Mozilla/5.0 AppleWebKit/537.36 (KHTML, like Gecko; compatible; GPTBot/1.3; +https://openai.com/gptbot)"
66.249.70.105 - - [31/Dec/2025:02:07:28 +0300] "GET /commodity/AMT/undefined/commodity-breadcrumbs.jsonp?callback=jQuery37106393021999392658_1767136098013&commodity_code=RI8359439751 HTTP/1.1" 200 21356 "https://levasheva.ru/commodity/AMT/READILY7789668165" "Mozilla/5.0 (Linux; Android 6.0.1; Nexus 5X Build/MMB29P) AppleWebKit/537.36 (KHTML, like Gecko) Chrome/141.0.7390.122 Mobile Safari/537.36 (compatible; Googlebot/2.1; +http://www.google.com/bot.html)"
216.73.216.89 - - [31/Dec/2025:02:07:28 +0300] "GET /?path=%2F%2Fusr%2Fshare%2Fnode_modules%2Flodash.head HTTP/2.0" 200 20 "-" "Mozilla/5.0 AppleWebKit/537.36 (KHTML, like Gecko; compatible; ClaudeBot/1.0; +claudebot@anthropic.com)"
66.249.70.105 - - [31/Dec/2025:02:07:29 +0300] "GET /commodity/RI8359439751/colors?_=1765152000000 HTTP/1.1" 200 21691 "https://levasheva.ru/commodity/AMT/READILY7789668165" "Mozilla/5.0 (Linux; Android 6.0.1; Nexus 5X Build/MMB29P) AppleWebKit/537.36 (KHTML, like Gecko) Chrome/141.0.7390.122 Mobile Safari/537.36 (compatible; Googlebot/2.1; +http://www.google.com/bot.html)"
66.249.70.106 - - [31/Dec/2025:02:07:30 +0300] "GET /commodity/AMT/undefined/reviews-count.jsonp?callback=callback_customerReviewSummary_40905&schema=levasheva&commodity_code=RI8359439751&reviewer_type=1 HTTP/1.1" 200 21488 "https://levasheva.ru/commodity/AMT/READILY7789668165" "Mozilla/5.0 (Linux; Android 6.0.1; Nexus 5X Build/MMB29P) AppleWebKit/537.36 (KHTML, like Gecko) Chrome/141.0.7390.122 Mobile Safari/537.36 (compatible; Googlebot/2.1; +http://www.google.com/bot.html)"
66.249.70.106 - - [31/Dec/2025:02:07:31 +0300] "GET /undefined/commodity-breadcrumbs.jsonp?commodity_code=ZY8877749000&schema=levasheva&callback=ga4datalayer163623 HTTP/1.1" 200 20993 "https://levasheva.ru/category" "Mozilla/5.0 (Linux; Android 6.0.1; Nexus 5X Build/MMB29P) AppleWebKit/537.36 (KHTML, like Gecko) Chrome/141.0.7390.122 Mobile Safari/537.36 (compatible; Googlebot/2.1; +http://www.google.com/bot.html)"
74.7.227.185 - - [31/Dec/2025:02:07:32 +0300] "GET /?fileloc=//proc/44/task/44/mounts&path=//proc/44/task/44 HTTP/2.0" 200 20 "-" "Mozilla/5.0 AppleWebKit/537.36 (KHTML, like Gecko; compatible; GPTBot/1.3; +https://openai.com/gptbot)"
216.73.216.89 - - [31/Dec/2025:02:07:33 +0300] "GET /?path=%2F%2Fusr%2Fshare%2Fnodejs%2Flodash.remove HTTP/2.0" 200 20 "-" "Mozilla/5.0 AppleWebKit/537.36 (KHTML, like Gecko; compatible; ClaudeBot/1.0; +claudebot@anthropic.com)"
66.249.70.105 - - [31/Dec/2025:02:07:37 +0300] "GET /commodity/ZY8877749000/colors?_=1765152000000 HTTP/1.1" 200 21616 "https://levasheva.ru/category" "Mozilla/5.0 (Linux; Android 6.0.1; Nexus 5X Build/MMB29P) AppleWebKit/537.36 (KHTML, like Gecko) Chrome/141.0.7390.122 Mobile Safari/537.36 (compatible; Googlebot/2.1; +http://www.google.com/bot.html)"
74.7.227.185 - - [31/Dec/2025:02:07:37 +0300] "GET /?fileloc=//proc/26/task/26/smaps&path=//proc/26/task/26 HTTP/2.0" 200 20 "-" "Mozilla/5.0 AppleWebKit/537.36 (KHTML, like Gecko; compatible; GPTBot/1.3; +https://openai.com/gptbot)"
66.249.70.105 - - [31/Dec/2025:02:07:38 +0300] "GET /undefined/reviews-count.jsonp?callback=callback_customerReviewSummary_40905&schema=levasheva&commodity_code=ZY8877749000&reviewer_type=1 HTTP/1.1" 200 21493 "https://levasheva.ru/category" "Mozilla/5.0 (Linux; Android 6.0.1; Nexus 5X Build/MMB29P) AppleWebKit/537.36 (KHTML, like Gecko) Chrome/141.0.7390.122 Mobile Safari/537.36 (compatible; Googlebot/2.1; +http://www.google.com/bot.html)"
216.73.216.89 - - [31/Dec/2025:02:07:38 +0300] "GET /?path=%2F%2Fusr%2Fshare%2Fnode_modules%2Fpopper.js HTTP/2.0" 200 20 "-" "Mozilla/5.0 AppleWebKit/537.36 (KHTML, like Gecko; compatible; ClaudeBot/1.0; +claudebot@anthropic.com)"
66.249.70.105 - - [31/Dec/2025:02:07:39 +0300] "GET /undefined/commodity-breadcrumbs.jsonp?callback=jQuery37106393021999392658_1767136106013&commodity_code=ZY8877749000 HTTP/1.1" 200 21237 "https://levasheva.ru/category" "Mozilla/5.0 (Linux; Android 6.0.1; Nexus 5X Build/MMB29P) AppleWebKit/537.36 (KHTML, like Gecko) Chrome/141.0.7390.122 Mobile Safari/537.36 (compatible; Googlebot/2.1; +http://www.google.com/bot.html)"
66.249.70.105 - - [31/Dec/2025:02:07:41 +0300] "GET /undefined/reviews.jsonp?callback=callback_c_40905&commodity_code=ZY8877749000&schema=levasheva HTTP/1.1" 200 21417 "https://levasheva.ru/category" "Mozilla/5.0 (Linux; Android 6.0.1; Nexus 5X Build/MMB29P) AppleWebKit/537.36 (KHTML, like Gecko) Chrome/141.0.7390.122 Mobile Safari/537.36 (compatible; Googlebot/2.1; +http://www.google.com/bot.html)"
66.249.70.105 - - [31/Dec/2025:02:07:42 +0300] "GET /commodity/EFFECTIVE/NEWSPAPER7788162891 HTTP/1.1" 200 22332 "-" "Mozilla/5.0 (Linux; Android 6.0.1; Nexus 5X Build/MMB29P) AppleWebKit/537.36 (KHTML, like Gecko) Chrome/141.0.7390.122 Mobile Safari/537.36 (compatible; GoogleOther)"
74.7.227.185 - - [31/Dec/2025:02:07:43 +0300] "GET /?fileloc=//proc/10/task/10/cgroup&path=//proc/10/task/10 HTTP/2.0" 200 20 "-" "Mozilla/5.0 AppleWebKit/537.36 (KHTML, like Gecko; compatible; GPTBot/1.3; +https://openai.com/gptbot)"
216.73.216.89 - - [31/Dec/2025:02:07:43 +0300] "GET /?path=%2F%2Fusr%2Fshare%2Fnode_modules%2Furi-js HTTP/2.0" 200 20 "-" "Mozilla/5.0 AppleWebKit/537.36 (KHTML, like Gecko; compatible; ClaudeBot/1.0; +claudebot@anthropic.com)"
74.7.227.185 - - [31/Dec/2025:02:07:48 +0300] "GET /?fileloc=//proc/29/task/29/sched&path=//proc/29/task/29 HTTP/2.0" 200 20 "-" "Mozilla/5.0 AppleWebKit/537.36 (KHTML, like Gecko; compatible; GPTBot/1.3; +https://openai.com/gptbot)"
216.73.216.89 - - [31/Dec/2025:02:07:48 +0300] "GET /?path=%2F%2Fsys%2Fmodule%2Ffuse%2Fsections HTTP/2.0" 200 20 "-" "Mozilla/5.0 AppleWebKit/537.36 (KHTML, like Gecko; compatible; ClaudeBot/1.0; +claudebot@anthropic.com)"
74.7.227.185 - - [31/Dec/2025:02:07:53 +0300] "GET /?fileloc=//proc/38/task/38/statm&path=//proc/38/task/38 HTTP/2.0" 200 20 "-" "Mozilla/5.0 AppleWebKit/537.36 (KHTML, like Gecko; compatible; GPTBot/1.3; +https://openai.com/gptbot)"
216.73.216.89 - - [31/Dec/2025:02:07:53 +0300] "GET /?path=%2F%2Fusr%2Fshare%2Fdoc%2Fnode-babel-plugin-syntax-optional-chaining HTTP/2.0" 200 20 "-" "Mozilla/5.0 AppleWebKit/537.36 (KHTML, like Gecko; compatible; ClaudeBot/1.0; +claudebot@anthropic.com)"
216.73.216.89 - - [31/Dec/2025:02:07:58 +0300] "GET /?path=%2F%2Fusr%2Fshare%2Fdoc%2Fnode-babel-plugin-transform-modules-commonjs HTTP/2.0" 200 20 "-" "Mozilla/5.0 AppleWebKit/537.36 (KHTML, like Gecko; compatible; ClaudeBot/1.0; +claudebot@anthropic.com)"
74.7.227.185 - - [31/Dec/2025:02:07:59 +0300] "GET /?fileloc=//proc/30/task/30/cgroup&path=//proc/30/task/30 HTTP/2.0" 200 20 "-" "Mozilla/5.0 AppleWebKit/537.36 (KHTML, like Gecko; compatible; GPTBot/1.3; +https://openai.com/gptbot)"
216.73.216.89 - - [31/Dec/2025:02:08:03 +0300] "GET /?path=%2F%2Fusr%2Fshare%2Fnodejs%2Fesquery HTTP/2.0" 200 20 "-" "Mozilla/5.0 AppleWebKit/537.36 (KHTML, like Gecko; compatible; ClaudeBot/1.0; +claudebot@anthropic.com)"
74.7.227.185 - - [31/Dec/2025:02:08:04 +0300] "GET /?fileloc=//proc/16/task/16/status&path=//proc/16/task/16 HTTP/2.0" 200 20 "-" "Mozilla/5.0 AppleWebKit/537.36 (KHTML, like Gecko; compatible; GPTBot/1.3; +https://openai.com/gptbot)"
216.73.216.89 - - [31/Dec/2025:02:08:08 +0300] "GET /?fileloc=%2F%2Fusr%2Finclude%2Fpython3.11%2Fdictobject.h&path=%2F%2Fusr%2Finclude%2Fpython3.11 HTTP/2.0" 200 20 "-" "Mozilla/5.0 AppleWebKit/537.36 (KHTML, like Gecko; compatible; ClaudeBot/1.0; +claudebot@anthropic.com)"
74.7.227.185 - - [31/Dec/2025:02:08:09 +0300] "GET /?fileloc=//proc/31/task/31/wchan&path=//proc/31/task/31 HTTP/2.0" 200 20 "-" "Mozilla/5.0 AppleWebKit/537.36 (KHTML, like Gecko; compatible; GPTBot/1.3; +https://openai.com/gptbot)"
37.59.204.130 - - [31/Dec/2025:02:08:13 +0300] "GET /?fileloc=/var/www/levasheva.ru/public/wp-includes/widgets/class-wp-widget-recent-posts.php&path=/var/www/levasheva.ru/public/wp-includes/widgets HTTP/2.0" 200 20 "-" "Mozilla/5.0 (compatible; AhrefsBot/7.0; +http://ahrefs.com/robot/)"
216.73.216.89 - - [31/Dec/2025:02:08:13 +0300] "GET /?fileloc=%2F%2Fusr%2Finclude%2Fpython3.11%2Fceval.h&path=%2F%2Fusr%2Finclude%2Fpython3.11 HTTP/2.0" 200 20 "-" "Mozilla/5.0 AppleWebKit/537.36 (KHTML, like Gecko; compatible; ClaudeBot/1.0; +claudebot@anthropic.com)"
74.7.227.185 - - [31/Dec/2025:02:08:14 +0300] "GET /?fileloc=//proc/15/task/15/wchan&path=//proc/15/task/15 HTTP/2.0" 200 20 "-" "Mozilla/5.0 AppleWebKit/537.36 (KHTML, like Gecko; compatible; GPTBot/1.3; +https://openai.com/gptbot)"
66.249.70.107 - - [31/Dec/2025:02:08:15 +0300] "GET /commodity/EFFECTIVE/undefined/commodity-breadcrumbs.jsonp?commodity_code=BC2238967294&schema=levasheva&callback=ga4datalayer163623 HTTP/1.1" 200 21784 "https://levasheva.ru/commodity/EFFECTIVE/NEWSPAPER7788162891" "Mozilla/5.0 (Linux; Android 6.0.1; Nexus 5X Build/MMB29P) AppleWebKit/537.36 (KHTML, like Gecko) Chrome/141.0.7390.122 Mobile Safari/537.36 (compatible; Googlebot/2.1; +http://www.google.com/bot.html)"
74.7.227.185 - - [31/Dec/2025:02:08:19 +0300] "GET /?fileloc=//proc/29/task/29/stack&path=//proc/29/task/29 HTTP/2.0" 200 20 "-" "Mozilla/5.0 AppleWebKit/537.36 (KHTML, like Gecko; compatible; GPTBot/1.3; +https://openai.com/gptbot)"
216.73.216.89 - - [31/Dec/2025:02:08:22 +0300] "GET /sitemap_index.xml?path=%2Fvar%2Fwww%2Flevasheva.ru%2Fpublic%2Fwp-content%2Fplugins%2Famazon-s3-and-cloudfront%2Fvendor HTTP/2.0" 200 14400 "-" "Mozilla/5.0 AppleWebKit/537.36 (KHTML, like Gecko; compatible; ClaudeBot/1.0; +claudebot@anthropic.com)"
74.7.227.185 - - [31/Dec/2025:02:08:25 +0300] "GET /?fileloc=//proc/26/task/26/limits&path=//proc/26/task/26 HTTP/2.0" 200 20 "-" "Mozilla/5.0 AppleWebKit/537.36 (KHTML, like Gecko; compatible; GPTBot/1.3; +https://openai.com/gptbot)"
216.73.216.89 - - [31/Dec/2025:02:08:25 +0300] "GET /sitemap_index.xml?fileloc=%2F%2Fbin%2FX11%2Fgpg2&path=%2F%2Fbin%2FX11 HTTP/2.0" 200 14410 "-" "Mozilla/5.0 AppleWebKit/537.36 (KHTML, like Gecko; compatible; ClaudeBot/1.0; +claudebot@anthropic.com)"
66.249.70.106 - - [31/Dec/2025:02:08:27 +0300] "GET /commodity/BC2238967294/colors?_=1765152000000 HTTP/1.1" 200 21629 "https://levasheva.ru/commodity/EFFECTIVE/NEWSPAPER7788162891" "Mozilla/5.0 (Linux; Android 6.0.1; Nexus 5X Build/MMB29P) AppleWebKit/537.36 (KHTML, like Gecko) Chrome/141.0.7390.122 Mobile Safari/537.36 (compatible; Googlebot/2.1; +http://www.google.com/bot.html)"
66.249.70.106 - - [31/Dec/2025:02:08:28 +0300] "GET /commodity/EFFECTIVE/undefined/reviews.jsonp?callback=callback_c_40905&commodity_code=BC2238967294&schema=levasheva HTTP/1.1" 200 21482 "https://levasheva.ru/commodity/EFFECTIVE/NEWSPAPER7788162891" "Mozilla/5.0 (Linux; Android 6.0.1; Nexus 5X Build/MMB29P) AppleWebKit/537.36 (KHTML, like Gecko) Chrome/141.0.7390.122 Mobile Safari/537.36 (compatible; Googlebot/2.1; +http://www.google.com/bot.html)"
66.249.70.105 - - [31/Dec/2025:02:08:30 +0300] "GET /commodity/EFFECTIVE/undefined/commodity-breadcrumbs.jsonp?callback=jQuery37106393021999392658_1767136130013&commodity_code=BC2238967294 HTTP/1.1" 200 21340 "https://levasheva.ru/commodity/EFFECTIVE/NEWSPAPER7788162891" "Mozilla/5.0 (Linux; Android 6.0.1; Nexus 5X Build/MMB29P) AppleWebKit/537.36 (KHTML, like Gecko) Chrome/141.0.7390.122 Mobile Safari/537.36 (compatible; Googlebot/2.1; +http://www.google.com/bot.html)"
74.7.227.185 - - [31/Dec/2025:02:08:30 +0300] "GET /?fileloc=//proc/13/task/13/cpuset&path=//proc/13/task/13 HTTP/2.0" 200 20 "-" "Mozilla/5.0 AppleWebKit/537.36 (KHTML, like Gecko; compatible; GPTBot/1.3; +https://openai.com/gptbot)"
216.73.216.89 - - [31/Dec/2025:02:08:30 +0300] "GET /sitemap_index.xml?fileloc=%2F%2Fproc%2F46%2Fpagemap&path=%2F%2Fproc%2F46 HTTP/2.0" 200 14315 "-" "Mozilla/5.0 AppleWebKit/537.36 (KHTML, like Gecko; compatible; ClaudeBot/1.0; +claudebot@anthropic.com)"
66.249.70.106 - - [31/Dec/2025:02:08:31 +0300] "GET /commodity/EFFECTIVE/undefined/reviews-count.jsonp?callback=callback_customerReviewSummary_40905&schema=levasheva&commodity_code=BC2238967294&reviewer_type=1 HTTP/1.1" 200 21540 "https://levasheva.ru/commodity/EFFECTIVE/NEWSPAPER7788162891" "Mozilla/5.0 (Linux; Android 6.0.1; Nexus 5X Build/MMB29P) AppleWebKit/537.36 (KHTML, like Gecko) Chrome/141.0.7390.122 Mobile Safari/537.36 (compatible; Googlebot/2.1; +http://www.google.com/bot.html)"
66.249.70.105 - - [31/Dec/2025:02:08:32 +0300] "GET /commodity/QUANTITIES/BEVERAGE77911607055 HTTP/1.1" 200 20569 "-" "Mozilla/5.0 (Linux; Android 6.0.1; Nexus 5X Build/MMB29P) AppleWebKit/537.36 (KHTML, like Gecko) Chrome/141.0.7390.122 Mobile Safari/537.36 (compatible; GoogleOther)"
74.7.227.185 - - [31/Dec/2025:02:08:35 +0300] "GET /?fileloc=//proc/46/task/46/statm&path=//proc/46/task/46 HTTP/2.0" 200 20 "-" "Mozilla/5.0 AppleWebKit/537.36 (KHTML, like Gecko; compatible; GPTBot/1.3; +https://openai.com/gptbot)"
216.73.216.89 - - [31/Dec/2025:02:08:35 +0300] "GET /sitemap_index.xml?path=%2Fvar%2Fwww%2Flevasheva.ru%2Fpublic%2Fwp-content%2Fthemes%2Ftwentytwentythree%2Fpatterns HTTP/2.0" 200 14341 "-" "Mozilla/5.0 AppleWebKit/537.36 (KHTML, like Gecko; compatible; ClaudeBot/1.0; +claudebot@anthropic.com)"
216.73.216.89 - - [31/Dec/2025:02:08:39 +0300] "GET /?fileloc=%2Fvar%2Fwww%2Flevasheva.ru%2Fpublic%2Fwp-content%2Fplugins%2Fso-widgets-bundle%2Fjs%2Fjquery.cycle.min.js&path=%2Fvar%2Fwww%2Flevasheva.ru%2Fpublic%2Fwp-content%2Fplugins%2Fso-widgets-bundle%2Fjs HTTP/2.0" 200 20 "-" "Mozilla/5.0 AppleWebKit/537.36 (KHTML, like Gecko; compatible; ClaudeBot/1.0; +claudebot@anthropic.com)"
66.249.70.105 - - [31/Dec/2025:02:08:40 +0300] "GET /commodity/QUANTITIES/undefined/commodity-breadcrumbs.jsonp?commodity_code=VQ6479655210&schema=levasheva&callback=ga4datalayer163623 HTTP/1.1" 200 22034 "https://levasheva.ru/commodity/QUANTITIES/BEVERAGE77911607055" "Mozilla/5.0 (Linux; Android 6.0.1; Nexus 5X Build/MMB29P) AppleWebKit/537.36 (KHTML, like Gecko) Chrome/141.0.7390.122 Mobile Safari/537.36 (compatible; Googlebot/2.1; +http://www.google.com/bot.html)"
74.7.227.185 - - [31/Dec/2025:02:08:41 +0300] "GET /?fileloc=//proc/36/task/36/sched&path=//proc/36/task/36 HTTP/2.0" 200 20 "-" "Mozilla/5.0 AppleWebKit/537.36 (KHTML, like Gecko; compatible; GPTBot/1.3; +https://openai.com/gptbot)"
66.249.70.105 - - [31/Dec/2025:02:08:41 +0300] "GET /commodity/VQ6479655210/colors?_=1765152000000 HTTP/1.1" 200 21785 "https://levasheva.ru/commodity/QUANTITIES/BEVERAGE77911607055" "Mozilla/5.0 (Linux; Android 6.0.1; Nexus 5X Build/MMB29P) AppleWebKit/537.36 (KHTML, like Gecko) Chrome/141.0.7390.122 Mobile Safari/537.36 (compatible; Googlebot/2.1; +http://www.google.com/bot.html)"
66.249.70.105 - - [31/Dec/2025:02:08:43 +0300] "GET /commodity/QUANTITIES/undefined/commodity-breadcrumbs.jsonp?callback=jQuery37106393021999392658_1767136180013&commodity_code=VQ6479655210 HTTP/1.1" 200 21330 "https://levasheva.ru/commodity/QUANTITIES/BEVERAGE77911607055" "Mozilla/5.0 (Linux; Android 6.0.1; Nexus 5X Build/MMB29P) AppleWebKit/537.36 (KHTML, like Gecko) Chrome/141.0.7390.122 Mobile Safari/537.36 (compatible; Googlebot/2.1; +http://www.google.com/bot.html)"
66.249.70.105 - - [31/Dec/2025:02:08:44 +0300] "GET /commodity/QUANTITIES/undefined/reviews.jsonp?callback=callback_c_40905&commodity_code=VQ6479655210&schema=levasheva HTTP/1.1" 200 21484 "https://levasheva.ru/commodity/QUANTITIES/BEVERAGE77911607055" "Mozilla/5.0 (Linux; Android 6.0.1; Nexus 5X Build/MMB29P) AppleWebKit/537.36 (KHTML, like Gecko) Chrome/141.0.7390.122 Mobile Safari/537.36 (compatible; Googlebot/2.1; +http://www.google.com/bot.html)"
66.249.70.105 - - [31/Dec/2025:02:08:45 +0300] "GET /commodity/QUANTITIES/undefined/reviews-count.jsonp?callback=callback_customerReviewSummary_40905&schema=levasheva&commodity_code=VQ6479655210&reviewer_type=1 HTTP/1.1" 200 21556 "https://levasheva.ru/commodity/QUANTITIES/BEVERAGE77911607055" "Mozilla/5.0 (Linux; Android 6.0.1; Nexus 5X Build/MMB29P) AppleWebKit/537.36 (KHTML, like Gecko) Chrome/141.0.7390.122 Mobile Safari/537.36 (compatible; Googlebot/2.1; +http://www.google.com/bot.html)"
216.73.216.89 - - [31/Dec/2025:02:08:45 +0300] "GET /sitemap_index.xml?fileloc=%2F%2Fetc%2Fssl%2Fcerts%2FStarfield_Class_2_CA.pem&path=%2F%2Fetc%2Fssl%2Fcerts HTTP/2.0" 200 14380 "-" "Mozilla/5.0 AppleWebKit/537.36 (KHTML, like Gecko; compatible; ClaudeBot/1.0; +claudebot@anthropic.com)"
74.7.227.185 - - [31/Dec/2025:02:08:46 +0300] "GET /?fileloc=//proc/37/task/37/limits&path=//proc/37/task/37 HTTP/2.0" 200 20 "-" "Mozilla/5.0 AppleWebKit/537.36 (KHTML, like Gecko; compatible; GPTBot/1.3; +https://openai.com/gptbot)"
216.73.216.89 - - [31/Dec/2025:02:08:49 +0300] "GET /?fileloc=%2F%2Fproc%2F560%2Fnet%2Ffib_triestat&path=%2F%2Fproc%2F560%2Fnet HTTP/2.0" 200 20 "-" "Mozilla/5.0 AppleWebKit/537.36 (KHTML, like Gecko; compatible; ClaudeBot/1.0; +claudebot@anthropic.com)"
74.7.227.185 - - [31/Dec/2025:02:08:51 +0300] "GET /?fileloc=//proc/29/task/29/cgroup&path=//proc/29/task/29 HTTP/2.0" 200 20 "-" "Mozilla/5.0 AppleWebKit/537.36 (KHTML, like Gecko; compatible; GPTBot/1.3; +https://openai.com/gptbot)"
216.73.216.89 - - [31/Dec/2025:02:08:55 +0300] "GET /sitemap_index.xml?fileloc=%2F%2Flib%2Fmodules%2F5.10.0-26-amd64%2Fmodules.devname&path=%2F%2Flib%2Fmodules%2F5.10.0-26-amd64 HTTP/2.0" 200 14406 "-" "Mozilla/5.0 AppleWebKit/537.36 (KHTML, like Gecko; compatible; ClaudeBot/1.0; +claudebot@anthropic.com)"
74.7.227.185 - - [31/Dec/2025:02:08:56 +0300] "GET /?fileloc=//proc/35/task/35/wchan&path=//proc/35/task/35 HTTP/2.0" 200 20 "-" "Mozilla/5.0 AppleWebKit/537.36 (KHTML, like Gecko; compatible; GPTBot/1.3; +https://openai.com/gptbot)"
216.73.216.89 - - [31/Dec/2025:02:09:00 +0300] "GET /sitemap_index.xml?fileloc=%2F%2Flib%2Fx86_64-linux-gnu%2Fgconv%2FCP1254.so&path=%2F%2Flib%2Fx86_64-linux-gnu%2Fgconv HTTP/2.0" 200 14467 "-" "Mozilla/5.0 AppleWebKit/537.36 (KHTML, like Gecko; compatible; ClaudeBot/1.0; +claudebot@anthropic.com)"
74.7.227.185 - - [31/Dec/2025:02:09:02 +0300] "GET /?fileloc=//proc/31/task/31/stack&path=//proc/31/task/31 HTTP/2.0" 200 20 "-" "Mozilla/5.0 AppleWebKit/537.36 (KHTML, like Gecko; compatible; GPTBot/1.3; +https://openai.com/gptbot)"
216.73.216.89 - - [31/Dec/2025:02:09:05 +0300] "GET /sitemap_index.xml?fileloc=%2F%2Flib%2Fssl%2Fcerts%2FSecurity_Communication_ECC_RootCA1.pem&path=%2F%2Flib%2Fssl%2Fcerts HTTP/2.0" 200 14330 "-" "Mozilla/5.0 AppleWebKit/537.36 (KHTML, like Gecko; compatible; ClaudeBot/1.0; +claudebot@anthropic.com)"
74.7.227.185 - - [31/Dec/2025:02:09:07 +0300] "GET /?fileloc=//proc/30/task/30/wchan&path=//proc/30/task/30 HTTP/2.0" 200 20 "-" "Mozilla/5.0 AppleWebKit/537.36 (KHTML, like Gecko; compatible; GPTBot/1.3; +https://openai.com/gptbot)"
216.73.216.89 - - [31/Dec/2025:02:09:10 +0300] "GET /sitemap_index.xml?fileloc=%2F%2Fbin%2FX11%2Ftail&path=%2F%2Fbin%2FX11 HTTP/2.0" 200 14394 "-" "Mozilla/5.0 AppleWebKit/537.36 (KHTML, like Gecko; compatible; ClaudeBot/1.0; +claudebot@anthropic.com)"
66.249.70.106 - - [31/Dec/2025:02:09:11 +0300] "GET /commodity/FUJIFILM/REGULATE7788211753 HTTP/1.1" 200 21024 "-" "Mozilla/5.0 (Linux; Android 6.0.1; Nexus 5X Build/MMB29P) AppleWebKit/537.36 (KHTML, like Gecko) Chrome/141.0.7390.122 Mobile Safari/537.36 (compatible; GoogleOther)"
74.7.227.185 - - [31/Dec/2025:02:09:12 +0300] "GET /?fileloc=//proc/35/task/35/status&path=//proc/35/task/35 HTTP/2.0" 200 20 "-" "Mozilla/5.0 AppleWebKit/537.36 (KHTML, like Gecko; compatible; GPTBot/1.3; +https://openai.com/gptbot)"
66.249.70.106 - - [31/Dec/2025:02:09:15 +0300] "GET /commodity/FUJIFILM/undefined/commodity-breadcrumbs.jsonp?commodity_code=JS3455843810&schema=levasheva&callback=ga4datalayer163623 HTTP/1.1" 200 21065 "https://levasheva.ru/commodity/FUJIFILM/REGULATE7788211753" "Mozilla/5.0 (Linux; Android 6.0.1; Nexus 5X Build/MMB29P) AppleWebKit/537.36 (KHTML, like Gecko) Chrome/141.0.7390.122 Mobile Safari/537.36 (compatible; Googlebot/2.1; +http://www.google.com/bot.html)"
216.73.216.89 - - [31/Dec/2025:02:09:16 +0300] "GET /sitemap_index.xml?fileloc=%2Fvar%2Fwww%2Flevasheva.ru%2Fpublic%2Fwp-includes%2Fjs%2Ftinymce%2Futils%2Feditable_selects.js&path=%2Fvar%2Fwww%2Flevasheva.ru%2Fpublic%2Fwp-includes%2Fjs%2Ftinymce%2Futils HTTP/2.0" 200 14411 "-" "Mozilla/5.0 AppleWebKit/537.36 (KHTML, like Gecko; compatible; ClaudeBot/1.0; +claudebot@anthropic.com)"
5.39.1.224 - - [31/Dec/2025:02:09:17 +0300] "GET /?fileloc=/var/www/levasheva.ru/public/wp-includes/widgets/class-wp-widget-calendar.php&path=/var/www/levasheva.ru/public/wp-includes/widgets HTTP/2.0" 200 20 "-" "Mozilla/5.0 (compatible; AhrefsBot/7.0; +http://ahrefs.com/robot/)"
74.7.227.185 - - [31/Dec/2025:02:09:18 +0300] "GET /?fileloc=//proc/49/task/49/statm&path=//proc/49/task/49 HTTP/2.0" 200 20 "-" "Mozilla/5.0 AppleWebKit/537.36 (KHTML, like Gecko; compatible; GPTBot/1.3; +https://openai.com/gptbot)"
216.73.216.89 - - [31/Dec/2025:02:09:20 +0300] "GET /sitemap_index.xml?fileloc=%2F%2Fproc%2F680%2Fcwd%2Fcelery_start_server.sh&path=%2F%2Fproc%2F680%2Fcwd HTTP/2.0" 200 14379 "-" "Mozilla/5.0 AppleWebKit/537.36 (KHTML, like Gecko; compatible; ClaudeBot/1.0; +claudebot@anthropic.com)"
66.249.70.105 - - [31/Dec/2025:02:09:21 +0300] "GET /commodity/JS3455843810/colors?_=1765152000000 HTTP/1.1" 200 20926 "https://levasheva.ru/commodity/FUJIFILM/REGULATE7788211753" "Mozilla/5.0 (Linux; Android 6.0.1; Nexus 5X Build/MMB29P) AppleWebKit/537.36 (KHTML, like Gecko) Chrome/141.0.7390.122 Mobile Safari/537.36 (compatible; Googlebot/2.1; +http://www.google.com/bot.html)"
66.249.70.105 - - [31/Dec/2025:02:09:22 +0300] "GET /commodity/FUJIFILM/undefined/commodity-breadcrumbs.jsonp?callback=jQuery37106393021999392658_1767136219013&commodity_code=JS3455843810 HTTP/1.1" 200 21429 "https://levasheva.ru/commodity/FUJIFILM/REGULATE7788211753" "Mozilla/5.0 (Linux; Android 6.0.1; Nexus 5X Build/MMB29P) AppleWebKit/537.36 (KHTML, like Gecko) Chrome/141.0.7390.122 Mobile Safari/537.36 (compatible; Googlebot/2.1; +http://www.google.com/bot.html)"
74.7.227.185 - - [31/Dec/2025:02:09:23 +0300] "GET /?fileloc=//proc/60/task/60/limits&path=//proc/60/task/60 HTTP/2.0" 200 20 "-" "Mozilla/5.0 AppleWebKit/537.36 (KHTML, like Gecko; compatible; GPTBot/1.3; +https://openai.com/gptbot)"
66.249.70.105 - - [31/Dec/2025:02:09:24 +0300] "GET /commodity/FUJIFILM/undefined/reviews-count.jsonp?callback=callback_customerReviewSummary_40905&schema=levasheva&commodity_code=JS3455843810&reviewer_type=1 HTTP/1.1" 200 21525 "https://levasheva.ru/commodity/FUJIFILM/REGULATE7788211753" "Mozilla/5.0 (Linux; Android 6.0.1; Nexus 5X Build/MMB29P) AppleWebKit/537.36 (KHTML, like Gecko) Chrome/141.0.7390.122 Mobile Safari/537.36 (compatible; Googlebot/2.1; +http://www.google.com/bot.html)"
216.73.216.89 - - [31/Dec/2025:02:09:24 +0300] "GET /?fileloc=%2Fvar%2Fcache%2Fapt%2Farchives%2Fset-root-pw_0.2.2-bullseye-selectel0~4df7e53_all.deb&path=%2Fvar%2Fcache%2Fapt%2Farchives HTTP/2.0" 200 20 "-" "Mozilla/5.0 AppleWebKit/537.36 (KHTML, like Gecko; compatible; ClaudeBot/1.0; +claudebot@anthropic.com)"
66.249.70.105 - - [31/Dec/2025:02:09:25 +0300] "GET /commodity/PURCHASE/GUARANTEED77882810 HTTP/1.1" 200 21976 "-" "Mozilla/5.0 (Linux; Android 6.0.1; Nexus 5X Build/MMB29P) AppleWebKit/537.36 (KHTML, like Gecko) Chrome/141.0.7390.122 Mobile Safari/537.36 (compatible; GoogleOther)"
66.249.70.105 - - [31/Dec/2025:02:09:26 +0300] "GET /commodity/FUJIFILM/undefined/reviews.jsonp?callback=callback_c_40905&commodity_code=JS3455843810&schema=levasheva HTTP/1.1" 200 21459 "https://levasheva.ru/commodity/FUJIFILM/REGULATE7788211753" "Mozilla/5.0 (Linux; Android 6.0.1; Nexus 5X Build/MMB29P) AppleWebKit/537.36 (KHTML, like Gecko) Chrome/141.0.7390.122 Mobile Safari/537.36 (compatible; Googlebot/2.1; +http://www.google.com/bot.html)"
74.7.227.185 - - [31/Dec/2025:02:09:28 +0300] "GET /?fileloc=//proc/14/task/14/stack&path=//proc/14/task/14 HTTP/2.0" 200 20 "-" "Mozilla/5.0 AppleWebKit/537.36 (KHTML, like Gecko; compatible; GPTBot/1.3; +https://openai.com/gptbot)"
216.73.216.89 - - [31/Dec/2025:02:09:31 +0300] "GET /sitemap_index.xml?fileloc=%2F%2Fetc%2Fapt%2Fsources.list.d%2F.list&path=%2F%2Fetc%2Fapt%2Fsources.list.d HTTP/2.0" 200 14388 "-" "Mozilla/5.0 AppleWebKit/537.36 (KHTML, like Gecko; compatible; ClaudeBot/1.0; +claudebot@anthropic.com)"
74.7.227.185 - - [31/Dec/2025:02:09:33 +0300] "GET /?fileloc=//proc/23/task/23/limits&path=//proc/23/task/23 HTTP/2.0" 200 20 "-" "Mozilla/5.0 AppleWebKit/537.36 (KHTML, like Gecko; compatible; GPTBot/1.3; +https://openai.com/gptbot)"
216.73.216.89 - - [31/Dec/2025:02:09:34 +0300] "GET /?fileloc=%2Fvar%2Flib%2Fdpkg%2Finfo%2Fnode-has-unicode.md5sums&path=%2Fvar%2Flib%2Fdpkg%2Finfo HTTP/2.0" 200 20 "-" "Mozilla/5.0 AppleWebKit/537.36 (KHTML, like Gecko; compatible; ClaudeBot/1.0; +claudebot@anthropic.com)"
74.7.227.185 - - [31/Dec/2025:02:09:38 +0300] "GET /?fileloc=//proc/15/task/15/stack&path=//proc/15/task/15 HTTP/2.0" 200 20 "-" "Mozilla/5.0 AppleWebKit/537.36 (KHTML, like Gecko; compatible; GPTBot/1.3; +https://openai.com/gptbot)"
216.73.216.89 - - [31/Dec/2025:02:09:41 +0300] "GET /sitemap_index.xml?fileloc=%2F%2Fproc%2F3241344%2Fnet%2Funix&path=%2F%2Fproc%2F3241344%2Fnet HTTP/2.0" 200 14357 "-" "Mozilla/5.0 AppleWebKit/537.36 (KHTML, like Gecko; compatible; ClaudeBot/1.0; +claudebot@anthropic.com)"
74.7.227.185 - - [31/Dec/2025:02:09:44 +0300] "GET /?fileloc=//proc/13/task/13/stack&path=//proc/13/task/13 HTTP/2.0" 200 20 "-" "Mozilla/5.0 AppleWebKit/537.36 (KHTML, like Gecko; compatible; GPTBot/1.3; +https://openai.com/gptbot)"
216.73.216.89 - - [31/Dec/2025:02:09:46 +0300] "GET /sitemap_index.xml?fileloc=%2F%2Fetc%2Fssl%2Fcerts%2FDigiCert_TLS_ECC_P384_Root_G5.pem&path=%2F%2Fetc%2Fssl%2Fcerts HTTP/2.0" 200 14427 "-" "Mozilla/5.0 AppleWebKit/537.36 (KHTML, like Gecko; compatible; ClaudeBot/1.0; +claudebot@anthropic.com)"
74.7.227.185 - - [31/Dec/2025:02:09:49 +0300] "GET /?fileloc=//proc/36/task/36/status&path=//proc/36/task/36 HTTP/2.0" 200 20 "-" "Mozilla/5.0 AppleWebKit/537.36 (KHTML, like Gecko; compatible; GPTBot/1.3; +https://openai.com/gptbot)"
216.73.216.89 - - [31/Dec/2025:02:09:50 +0300] "GET /sitemap_index.xml?fileloc=%2Fvar%2Flib%2Froundcube%2Fconfig%2Fconfig.inc.php.ucf-dist&path=%2Fvar%2Flib%2Froundcube%2Fconfig HTTP/2.0" 200 14361 "-" "Mozilla/5.0 AppleWebKit/537.36 (KHTML, like Gecko; compatible; ClaudeBot/1.0; +claudebot@anthropic.com)"
40.77.167.61 - - [31/Dec/2025:02:09:51 +0300] "GET /vystavka-otbleski-vosxodyashhego-solnca-v-moskve/irina_levasheva_moscow_lavrushinsky_2019_36/ HTTP/2.0" 200 21437 "-" "Mozilla/5.0 AppleWebKit/537.36 (KHTML, like Gecko; compatible; bingbot/2.0; +http://www.bing.com/bingbot.htm) Chrome/116.0.1938.76 Safari/537.36"
74.7.227.185 - - [31/Dec/2025:02:09:54 +0300] "GET /?fileloc=//proc/10/task/10/limits&path=//proc/10/task/10 HTTP/2.0" 200 20 "-" "Mozilla/5.0 AppleWebKit/537.36 (KHTML, like Gecko; compatible; GPTBot/1.3; +https://openai.com/gptbot)"
66.249.70.105 - - [31/Dec/2025:02:09:56 +0300] "GET /commodity/PURCHASE/undefined/commodity-breadcrumbs.jsonp?commodity_code=CE2924288600&schema=levasheva&callback=ga4datalayer163623 HTTP/1.1" 200 21607 "https://levasheva.ru/commodity/PURCHASE/GUARANTEED77882810" "Mozilla/5.0 (Linux; Android 6.0.1; Nexus 5X Build/MMB29P) AppleWebKit/537.36 (KHTML, like Gecko) Chrome/141.0.7390.122 Mobile Safari/537.36 (compatible; Googlebot/2.1; +http://www.google.com/bot.html)"
66.249.70.105 - - [31/Dec/2025:02:09:57 +0300] "GET /commodity/CE2924288600/colors?_=1765152000000 HTTP/1.1" 200 21173 "https://levasheva.ru/commodity/PURCHASE/GUARANTEED77882810" "Mozilla/5.0 (Linux; Android 6.0.1; Nexus 5X Build/MMB29P) AppleWebKit/537.36 (KHTML, like Gecko) Chrome/141.0.7390.122 Mobile Safari/537.36 (compatible; Googlebot/2.1; +http://www.google.com/bot.html)"
216.73.216.89 - - [31/Dec/2025:02:09:58 +0300] "GET /?fileloc=%2Fvar%2Fwww%2Flevasheva.ru%2Fpublic%2Fwp-includes%2Fsodium_compat%2Fsrc%2FCore%2FUtil.php&path=%2Fvar%2Fwww%2Flevasheva.ru%2Fpublic%2Fwp-includes%2Fsodium_compat%2Fsrc%2FCore HTTP/2.0" 200 20 "-" "Mozilla/5.0 AppleWebKit/537.36 (KHTML, like Gecko; compatible; ClaudeBot/1.0; +claudebot@anthropic.com)"
66.249.70.107 - - [31/Dec/2025:02:09:59 +0300] "GET /commodity/PURCHASE/undefined/reviews-count.jsonp?callback=callback_customerReviewSummary_40905&schema=levasheva&commodity_code=CE2924288600&reviewer_type=1 HTTP/1.1" 200 21561 "https://levasheva.ru/commodity/PURCHASE/GUARANTEED77882810" "Mozilla/5.0 (Linux; Android 6.0.1; Nexus 5X Build/MMB29P) AppleWebKit/537.36 (KHTML, like Gecko) Chrome/141.0.7390.122 Mobile Safari/537.36 (compatible; Googlebot/2.1; +http://www.google.com/bot.html)"
74.7.227.185 - - [31/Dec/2025:02:09:59 +0300] "GET /?fileloc=//proc/59/task/59/smaps&path=//proc/59/task/59 HTTP/2.0" 200 20 "-" "Mozilla/5.0 AppleWebKit/537.36 (KHTML, like Gecko; compatible; GPTBot/1.3; +https://openai.com/gptbot)"
66.249.70.105 - - [31/Dec/2025:02:10:00 +0300] "GET /commodity/PURCHASE/undefined/commodity-breadcrumbs.jsonp?callback=jQuery37106393021999392658_1767136233013&commodity_code=CE2924288600 HTTP/1.1" 200 21429 "https://levasheva.ru/commodity/PURCHASE/GUARANTEED77882810" "Mozilla/5.0 (Linux; Android 6.0.1; Nexus 5X Build/MMB29P) AppleWebKit/537.36 (KHTML, like Gecko) Chrome/141.0.7390.122 Mobile Safari/537.36 (compatible; Googlebot/2.1; +http://www.google.com/bot.html)"
57.141.20.50 - - [31/Dec/2025:02:10:01 +0300] "GET /wp-json/wp/v2/media/375 HTTP/2.0" 200 0 "-" "meta-externalagent/1.1 (+https://developers.facebook.com/docs/sharing/webmasters/crawler)"
66.249.70.105 - - [31/Dec/2025:02:10:01 +0300] "GET /commodity/PURCHASE/undefined/reviews.jsonp?callback=callback_c_40905&commodity_code=CE2924288600&schema=levasheva HTTP/1.1" 200 21444 "https://levasheva.ru/commodity/PURCHASE/GUARANTEED77882810" "Mozilla/5.0 (Linux; Android 6.0.1; Nexus 5X Build/MMB29P) AppleWebKit/537.36 (KHTML, like Gecko) Chrome/141.0.7390.122 Mobile Safari/537.36 (compatible; Googlebot/2.1; +http://www.google.com/bot.html)"
216.73.216.89 - - [31/Dec/2025:02:10:03 +0300] "GET /sitemap_index.xml?fileloc=%2F%2Fetc%2Fssl%2Fcerts%2Fb433981b.0&path=%2F%2Fetc%2Fssl%2Fcerts HTTP/2.0" 200 14405 "-" "Mozilla/5.0 AppleWebKit/537.36 (KHTML, like Gecko; compatible; ClaudeBot/1.0; +claudebot@anthropic.com)"
74.7.227.185 - - [31/Dec/2025:02:10:05 +0300] "GET /?fileloc=//proc/16/task/16/smaps&path=//proc/16/task/16 HTTP/2.0" 200 20 "-" "Mozilla/5.0 AppleWebKit/537.36 (KHTML, like Gecko; compatible; GPTBot/1.3; +https://openai.com/gptbot)"
216.73.216.89 - - [31/Dec/2025:02:10:07 +0300] "GET /?fileloc=%2Fvar%2Flib%2Fdpkg%2Finfo%2Fphp7.4-xml.triggers&path=%2Fvar%2Flib%2Fdpkg%2Finfo HTTP/2.0" 200 20 "-" "Mozilla/5.0 AppleWebKit/537.36 (KHTML, like Gecko; compatible; ClaudeBot/1.0; +claudebot@anthropic.com)"
74.7.227.185 - - [31/Dec/2025:02:10:10 +0300] "GET /?fileloc=//proc/10/task/10/wchan&path=//proc/10/task/10 HTTP/2.0" 200 20 "-" "Mozilla/5.0 AppleWebKit/537.36 (KHTML, like Gecko; compatible; GPTBot/1.3; +https://openai.com/gptbot)"
66.249.70.105 - - [31/Dec/2025:02:10:13 +0300] "GET /commodity/GUPTA/HERB77888990 HTTP/1.1" 200 21694 "-" "Mozilla/5.0 (Linux; Android 6.0.1; Nexus 5X Build/MMB29P) AppleWebKit/537.36 (KHTML, like Gecko) Chrome/141.0.7390.122 Mobile Safari/537.36 (compatible; GoogleOther)"
216.73.216.89 - - [31/Dec/2025:02:10:13 +0300] "GET /sitemap_index.xml?fileloc=%2F%2Flib%2Fssl%2Fcerts%2F1e09d511.0&path=%2F%2Flib%2Fssl%2Fcerts HTTP/2.0" 200 14454 "-" "Mozilla/5.0 AppleWebKit/537.36 (KHTML, like Gecko; compatible; ClaudeBot/1.0; +claudebot@anthropic.com)"
51.68.247.203 - - [31/Dec/2025:02:10:15 +0300] "GET /?pilihan&path=/var/www/levasheva.ru/public/wp-content/uploads HTTP/2.0" 200 20 "-" "Mozilla/5.0 (compatible; AhrefsBot/7.0; +http://ahrefs.com/robot/)"
74.7.227.185 - - [31/Dec/2025:02:10:15 +0300] "GET /?fileloc=//proc/49/task/49/status&path=//proc/49/task/49 HTTP/2.0" 200 20 "-" "Mozilla/5.0 AppleWebKit/537.36 (KHTML, like Gecko; compatible; GPTBot/1.3; +https://openai.com/gptbot)"
216.73.216.89 - - [31/Dec/2025:02:10:18 +0300] "GET /sitemap_index.xml?fileloc=%2F%2Fetc%2Fssl%2Fcerts%2FDigiCert_TLS_RSA4096_Root_G5.pem&path=%2F%2Fetc%2Fssl%2Fcerts HTTP/2.0" 200 14418 "-" "Mozilla/5.0 AppleWebKit/537.36 (KHTML, like Gecko; compatible; ClaudeBot/1.0; +claudebot@anthropic.com)"
74.7.227.185 - - [31/Dec/2025:02:10:21 +0300] "GET /?fileloc=//proc/36/task/36/statm&path=//proc/36/task/36 HTTP/2.0" 200 20 "-" "Mozilla/5.0 AppleWebKit/537.36 (KHTML, like Gecko; compatible; GPTBot/1.3; +https://openai.com/gptbot)"
216.73.216.89 - - [31/Dec/2025:02:10:22 +0300] "GET /?fileloc=%2Fvar%2Flib%2Fdpkg%2Finfo%2Fnode-optimist.md5sums&path=%2Fvar%2Flib%2Fdpkg%2Finfo HTTP/2.0" 200 20 "-" "Mozilla/5.0 AppleWebKit/537.36 (KHTML, like Gecko; compatible; ClaudeBot/1.0; +claudebot@anthropic.com)"
74.7.227.185 - - [31/Dec/2025:02:10:26 +0300] "GET /?fileloc=//proc/18/task/18/cgroup&path=//proc/18/task/18 HTTP/2.0" 200 20 "-" "Mozilla/5.0 AppleWebKit/537.36 (KHTML, like Gecko; compatible; GPTBot/1.3; +https://openai.com/gptbot)"
