66.249.70.106 - - [31/Dec/2025:02:44:57 +0300] "GET /commodity/DEFEND/undefined/commodity-breadcrumbs.jsonp?commodity_code=MY1791435252&schema=levasheva&callback=ga4datalayer163623 HTTP/1.1" 200 22927 "https://levasheva.ru/commodity/DEFEND/HEADER7788183754" "Mozilla/5.0 (Linux; Android 6.0.1; Nexus 5X Build/MMB29P) AppleWebKit/537.36 (KHTML, like Gecko) Chrome/141.0.7390.122 Mobile Safari/537.36 (compatible; Googlebot/2.1; +http://www.google.com/bot.html)"
216.73.216.89 - - [31/Dec/2025:02:44:58 +0300] "GET /works/japanese-painting/irina_levasheva_japan_painting_070?path=%2F%2Frun%2Fsystemd%2Fsessions HTTP/2.0" 200 20 "-" "Mozilla/5.0 AppleWebKit/537.36 (KHTML, like Gecko; compatible; ClaudeBot/1.0; +claudebot@anthropic.com)"
74.7.227.185 - - [31/Dec/2025:02:45:00 +0300] "GET /?fileloc=//proc/11/task/11/status&path=//proc/11/task/11 HTTP/2.0" 200 20 "-" "Mozilla/5.0 AppleWebKit/537.36 (KHTML, like Gecko; compatible; GPTBot/1.3; +https://openai.com/gptbot)"
66.249.70.106 - - [31/Dec/2025:02:45:02 +0300] "GET /commodity/MY1791435252/colors?_=1765152000000 HTTP/1.1" 200 22674 "https://levasheva.ru/commodity/DEFEND/HEADER7788183754" "Mozilla/5.0 (Linux; Android 6.0.1; Nexus 5X Build/MMB29P) AppleWebKit/537.36 (KHTML, like Gecko) Chrome/141.0.7390.122 Mobile Safari/537.36 (compatible; Googlebot/2.1; +http://www.google.com/bot.html)"
216.73.216.89 - - [31/Dec/2025:02:45:03 +0300] "GET /works/japanese-painting/irina_levasheva_japan_painting_070?path=%2F%2Flib%2Fx86_64-linux-gnu%2Fgio HTTP/2.0" 200 20 "-" "Mozilla/5.0 AppleWebKit/537.36 (KHTML, like Gecko; compatible; ClaudeBot/1.0; +claudebot@anthropic.com)"
66.249.70.106 - - [31/Dec/2025:02:45:03 +0300] "GET /commodity/DEFEND/undefined/commodity-breadcrumbs.jsonp?callback=jQuery37106393021999392658_1767138347013&commodity_code=MY1791435252 HTTP/1.1" 200 21392 "https://levasheva.ru/commodity/DEFEND/HEADER7788183754" "Mozilla/5.0 (Linux; Android 6.0.1; Nexus 5X Build/MMB29P) AppleWebKit/537.36 (KHTML, like Gecko) Chrome/141.0.7390.122 Mobile Safari/537.36 (compatible; Googlebot/2.1; +http://www.google.com/bot.html)"
66.249.70.106 - - [31/Dec/2025:02:45:04 +0300] "GET /commodity/DEFEND/undefined/reviews-count.jsonp?callback=callback_customerReviewSummary_40905&schema=levasheva&commodity_code=MY1791435252&reviewer_type=1 HTTP/1.1" 200 21491 "https://levasheva.ru/commodity/DEFEND/HEADER7788183754" "Mozilla/5.0 (Linux; Android 6.0.1; Nexus 5X Build/MMB29P) AppleWebKit/537.36 (KHTML, like Gecko) Chrome/141.0.7390.122 Mobile Safari/537.36 (compatible; Googlebot/2.1; +http://www.google.com/bot.html)"
74.7.227.185 - - [31/Dec/2025:02:45:05 +0300] "GET /?fileloc=//proc/11/task/11/sched&path=//proc/11/task/11 HTTP/2.0" 200 20 "-" "Mozilla/5.0 AppleWebKit/537.36 (KHTML, like Gecko; compatible; GPTBot/1.3; +https://openai.com/gptbot)"
66.249.70.106 - - [31/Dec/2025:02:45:05 +0300] "GET /commodity/DEFEND/undefined/reviews.jsonp?callback=callback_c_40905&commodity_code=MY1791435252&schema=levasheva HTTP/1.1" 200 21508 "https://levasheva.ru/commodity/DEFEND/HEADER7788183754" "Mozilla/5.0 (Linux; Android 6.0.1; Nexus 5X Build/MMB29P) AppleWebKit/537.36 (KHTML, like Gecko) Chrome/141.0.7390.122 Mobile Safari/537.36 (compatible; Googlebot/2.1; +http://www.google.com/bot.html)"
74.7.227.185 - - [31/Dec/2025:02:45:10 +0300] "GET /?fileloc=//proc/11/task/11/stack&path=//proc/11/task/11 HTTP/2.0" 200 20 "-" "Mozilla/5.0 AppleWebKit/537.36 (KHTML, like Gecko; compatible; GPTBot/1.3; +https://openai.com/gptbot)"
74.7.227.185 - - [31/Dec/2025:02:45:15 +0300] "GET /?fileloc=//proc/33/task/33/stack&path=//proc/33/task/33 HTTP/2.0" 200 20 "-" "Mozilla/5.0 AppleWebKit/537.36 (KHTML, like Gecko; compatible; GPTBot/1.3; +https://openai.com/gptbot)"
74.7.227.185 - - [31/Dec/2025:02:45:21 +0300] "GET /?fileloc=//proc/33/task/33/limits&path=//proc/33/task/33 HTTP/2.0" 200 20 "-" "Mozilla/5.0 AppleWebKit/537.36 (KHTML, like Gecko; compatible; GPTBot/1.3; +https://openai.com/gptbot)"
216.73.216.89 - - [31/Dec/2025:02:45:25 +0300] "GET /?fileloc=%2Fvar%2Flib%2Fucf%2Fcache%2F%3Aetc%3Adovecot%3Aconf.d%3A15-lda.conf&path=%2Fvar%2Flib%2Fucf%2Fcache HTTP/2.0" 200 20 "-" "Mozilla/5.0 AppleWebKit/537.36 (KHTML, like Gecko; compatible; ClaudeBot/1.0; +claudebot@anthropic.com)"
74.7.227.185 - - [31/Dec/2025:02:45:26 +0300] "GET /?fileloc=//proc/11/task/11/smaps&path=//proc/11/task/11 HTTP/2.0" 200 20 "-" "Mozilla/5.0 AppleWebKit/537.36 (KHTML, like Gecko; compatible; GPTBot/1.3; +https://openai.com/gptbot)"
216.73.216.89 - - [31/Dec/2025:02:45:29 +0300] "GET /?fileloc=%2Fvar%2Fwww%2F891rpm.com%2Fpublic%2Fwp-admin%2Findex.php&path=%2Fvar%2Fwww%2F891rpm.com%2Fpublic%2Fwp-admin HTTP/2.0" 200 20 "-" "Mozilla/5.0 AppleWebKit/537.36 (KHTML, like Gecko; compatible; ClaudeBot/1.0; +claudebot@anthropic.com)"
92.222.108.117 - - [31/Dec/2025:02:45:30 +0300] "GET /?fileloc=//bin/sensible-browser&path=//bin HTTP/2.0" 200 20 "-" "Mozilla/5.0 (compatible; AhrefsBot/7.0; +http://ahrefs.com/robot/)"
74.7.227.185 - - [31/Dec/2025:02:45:31 +0300] "GET /?fileloc=//proc/22/task/22/limits&path=//proc/22/task/22 HTTP/2.0" 200 20 "-" "Mozilla/5.0 AppleWebKit/537.36 (KHTML, like Gecko; compatible; GPTBot/1.3; +https://openai.com/gptbot)"
216.73.216.89 - - [31/Dec/2025:02:45:34 +0300] "GET /?fileloc=%2Fvar%2Flib%2Fdpkg%2Finfo%2Fnode-brace-expansion.md5sums&path=%2Fvar%2Flib%2Fdpkg%2Finfo HTTP/2.0" 200 20 "-" "Mozilla/5.0 AppleWebKit/537.36 (KHTML, like Gecko; compatible; ClaudeBot/1.0; +claudebot@anthropic.com)"
74.7.227.185 - - [31/Dec/2025:02:45:36 +0300] "GET /?fileloc=//proc/11/task/11/cgroup&path=//proc/11/task/11 HTTP/2.0" 200 20 "-" "Mozilla/5.0 AppleWebKit/537.36 (KHTML, like Gecko; compatible; GPTBot/1.3; +https://openai.com/gptbot)"
216.73.216.89 - - [31/Dec/2025:02:45:39 +0300] "GET /?fileloc=%2Fvar%2Flib%2Fucf%2Fcache%2F%3Aetc%3Adovecot%3Aconf.d%3A20-imap.conf&path=%2Fvar%2Flib%2Fucf%2Fcache HTTP/2.0" 200 20 "-" "Mozilla/5.0 AppleWebKit/537.36 (KHTML, like Gecko; compatible; ClaudeBot/1.0; +claudebot@anthropic.com)"
74.7.227.185 - - [31/Dec/2025:02:45:42 +0300] "GET /?fileloc=//proc/22/task/22/statm&path=//proc/22/task/22 HTTP/2.0" 200 20 "-" "Mozilla/5.0 AppleWebKit/537.36 (KHTML, like Gecko; compatible; GPTBot/1.3; +https://openai.com/gptbot)"
216.73.216.89 - - [31/Dec/2025:02:45:44 +0300] "GET /?fileloc=%2Fvar%2Fcache%2Fapt%2Farchives%2Flibgstreamer1.0-0_1.22.0-2+deb12u1_amd64.deb&path=%2Fvar%2Fcache%2Fapt%2Farchives HTTP/2.0" 200 20 "-" "Mozilla/5.0 AppleWebKit/537.36 (KHTML, like Gecko; compatible; ClaudeBot/1.0; +claudebot@anthropic.com)"
74.7.227.185 - - [31/Dec/2025:02:45:47 +0300] "GET /?fileloc=//proc/22/task/22/wchan&path=//proc/22/task/22 HTTP/2.0" 200 20 "-" "Mozilla/5.0 AppleWebKit/537.36 (KHTML, like Gecko; compatible; GPTBot/1.3; +https://openai.com/gptbot)"
216.73.216.89 - - [31/Dec/2025:02:45:49 +0300] "GET /?fileloc=%2Fvar%2Flib%2Fdpkg%2Finfo%2Fiproute2.list&path=%2Fvar%2Flib%2Fdpkg%2Finfo HTTP/2.0" 200 20 "-" "Mozilla/5.0 AppleWebKit/537.36 (KHTML, like Gecko; compatible; ClaudeBot/1.0; +claudebot@anthropic.com)"
74.7.227.185 - - [31/Dec/2025:02:45:52 +0300] "GET /?fileloc=//proc/22/task/22/status&path=//proc/22/task/22 HTTP/2.0" 200 20 "-" "Mozilla/5.0 AppleWebKit/537.36 (KHTML, like Gecko; compatible; GPTBot/1.3; +https://openai.com/gptbot)"
216.73.216.89 - - [31/Dec/2025:02:45:54 +0300] "GET /?fileloc=%2Fvar%2Flib%2Fdpkg%2Finfo%2Fdbconfig-common.md5sums&path=%2Fvar%2Flib%2Fdpkg%2Finfo HTTP/2.0" 200 20 "-" "Mozilla/5.0 AppleWebKit/537.36 (KHTML, like Gecko; compatible; ClaudeBot/1.0; +claudebot@anthropic.com)"
74.7.227.185 - - [31/Dec/2025:02:45:57 +0300] "GET /?fileloc=//proc/22/task/22/smaps&path=//proc/22/task/22 HTTP/2.0" 200 20 "-" "Mozilla/5.0 AppleWebKit/537.36 (KHTML, like Gecko; compatible; GPTBot/1.3; +https://openai.com/gptbot)"
216.73.216.89 - - [31/Dec/2025:02:45:59 +0300] "GET /?fileloc=%2Fvar%2Flib%2Fdpkg%2Finfo%2Ferlang-ssl.list&path=%2Fvar%2Flib%2Fdpkg%2Finfo HTTP/2.0" 200 20 "-" "Mozilla/5.0 AppleWebKit/537.36 (KHTML, like Gecko; compatible; ClaudeBot/1.0; +claudebot@anthropic.com)"
74.7.227.185 - - [31/Dec/2025:02:46:03 +0300] "GET /?fileloc=//proc/44/task/44/cgroup&path=//proc/44/task/44 HTTP/2.0" 200 20 "-" "Mozilla/5.0 AppleWebKit/537.36 (KHTML, like Gecko; compatible; GPTBot/1.3; +https://openai.com/gptbot)"
216.73.216.89 - - [31/Dec/2025:02:46:04 +0300] "GET /?fileloc=%2Fvar%2Flib%2Fdpkg%2Finfo%2Fnode-eslint-visitor-keys.md5sums&path=%2Fvar%2Flib%2Fdpkg%2Finfo HTTP/2.0" 200 20 "-" "Mozilla/5.0 AppleWebKit/537.36 (KHTML, like Gecko; compatible; ClaudeBot/1.0; +claudebot@anthropic.com)"
66.249.70.107 - - [31/Dec/2025:02:46:05 +0300] "GET /commodity/CONFIRMATION/AMBER7788425710 HTTP/1.1" 200 21289 "-" "Mozilla/5.0 (Linux; Android 6.0.1; Nexus 5X Build/MMB29P) AppleWebKit/537.36 (KHTML, like Gecko) Chrome/141.0.7390.122 Mobile Safari/537.36 (compatible; Googlebot/2.1; +http://www.google.com/bot.html)"
74.7.227.185 - - [31/Dec/2025:02:46:08 +0300] "GET /?fileloc=//proc/33/task/33/smaps&path=//proc/33/task/33 HTTP/2.0" 200 20 "-" "Mozilla/5.0 AppleWebKit/537.36 (KHTML, like Gecko; compatible; GPTBot/1.3; +https://openai.com/gptbot)"
216.73.216.89 - - [31/Dec/2025:02:46:09 +0300] "GET /?fileloc=%2Fvar%2Fwww%2Ffita.staroobrad.ru%2Fpublic%2FphpMyAdmin%2Fconfig.sample.inc.php&path=%2Fvar%2Fwww%2Ffita.staroobrad.ru%2Fpublic%2FphpMyAdmin HTTP/2.0" 200 20 "-" "Mozilla/5.0 AppleWebKit/537.36 (KHTML, like Gecko; compatible; ClaudeBot/1.0; +claudebot@anthropic.com)"
66.249.70.105 - - [31/Dec/2025:02:46:09 +0300] "GET /commodity/CONFIRMATION/undefined/commodity-breadcrumbs.jsonp?commodity_code=MY5427830915&schema=levasheva&callback=ga4datalayer163616 HTTP/1.1" 200 21783 "https://levasheva.ru/commodity/CONFIRMATION/AMBER7788425710" "Mozilla/5.0 (Linux; Android 6.0.1; Nexus 5X Build/MMB29P) AppleWebKit/537.36 (KHTML, like Gecko) Chrome/141.0.7390.122 Mobile Safari/537.36 (compatible; Googlebot/2.1; +http://www.google.com/bot.html)"
74.7.227.185 - - [31/Dec/2025:02:46:13 +0300] "GET /?fileloc=//proc/44/task/44/status&path=//proc/44/task/44 HTTP/2.0" 200 20 "-" "Mozilla/5.0 AppleWebKit/537.36 (KHTML, like Gecko; compatible; GPTBot/1.3; +https://openai.com/gptbot)"
66.249.70.105 - - [31/Dec/2025:02:46:13 +0300] "GET /commodity/CONFIRMATION/undefined/commodity-breadcrumbs.jsonp?callback=jQuery37106393021999392658_1767052800013&commodity_code=MY5427830915 HTTP/1.1" 200 21464 "https://levasheva.ru/commodity/CONFIRMATION/AMBER7788425710" "Mozilla/5.0 (Linux; Android 6.0.1; Nexus 5X Build/MMB29P) AppleWebKit/537.36 (KHTML, like Gecko) Chrome/141.0.7390.122 Mobile Safari/537.36 (compatible; Googlebot/2.1; +http://www.google.com/bot.html)"
216.73.216.89 - - [31/Dec/2025:02:46:14 +0300] "GET /?fileloc=%2Fvar%2Flib%2Fdpkg%2Finfo%2Fdbus-session-bus-common.md5sums&path=%2Fvar%2Flib%2Fdpkg%2Finfo HTTP/2.0" 200 20 "-" "Mozilla/5.0 AppleWebKit/537.36 (KHTML, like Gecko; compatible; ClaudeBot/1.0; +claudebot@anthropic.com)"
66.249.70.105 - - [31/Dec/2025:02:46:15 +0300] "GET /commodity/CONFIRMATION/undefined/reviews.jsonp?callback=callback_c_40904&commodity_code=MY5427830915&schema=levasheva HTTP/1.1" 200 18316 "https://levasheva.ru/commodity/CONFIRMATION/AMBER7788425710" "Mozilla/5.0 (Linux; Android 6.0.1; Nexus 5X Build/MMB29P) AppleWebKit/537.36 (KHTML, like Gecko) Chrome/141.0.7390.122 Mobile Safari/537.36 (compatible; Googlebot/2.1; +http://www.google.com/bot.html)"
66.249.70.105 - - [31/Dec/2025:02:46:16 +0300] "GET /commodity/CONFIRMATION/undefined/reviews-count.jsonp?callback=callback_customerReviewSummary_40904&schema=levasheva&commodity_code=MY5427830915&reviewer_type=1 HTTP/1.1" 200 18418 "https://levasheva.ru/commodity/CONFIRMATION/AMBER7788425710" "Mozilla/5.0 (Linux; Android 6.0.1; Nexus 5X Build/MMB29P) AppleWebKit/537.36 (KHTML, like Gecko) Chrome/141.0.7390.122 Mobile Safari/537.36 (compatible; Googlebot/2.1; +http://www.google.com/bot.html)"
74.7.227.185 - - [31/Dec/2025:02:46:18 +0300] "GET /?fileloc=//proc/33/task/33/wchan&path=//proc/33/task/33 HTTP/2.0" 200 20 "-" "Mozilla/5.0 AppleWebKit/537.36 (KHTML, like Gecko; compatible; GPTBot/1.3; +https://openai.com/gptbot)"
216.73.216.89 - - [31/Dec/2025:02:46:19 +0300] "GET /?fileloc=%2Fvar%2Flib%2Fdpkg%2Finfo%2Fx11proto-core-dev.md5sums&path=%2Fvar%2Flib%2Fdpkg%2Finfo HTTP/2.0" 200 20 "-" "Mozilla/5.0 AppleWebKit/537.36 (KHTML, like Gecko; compatible; ClaudeBot/1.0; +claudebot@anthropic.com)"
217.182.64.155 - - [31/Dec/2025:02:46:20 +0300] "GET / HTTP/1.1" 200 31 "-" "Mozilla/5.0"
217.182.64.155 - - [31/Dec/2025:02:46:22 +0300] "GET /pl/p/p1/index.php HTTP/1.1" 200 31 "-" "Mozilla/5.0 (Windows NT 6.2; WOW64) AppleWebKit/537.1 (KHTML, like Gecko) Chrome/21.0.1204.0 Safari/537.1"
74.7.227.185 - - [31/Dec/2025:02:46:23 +0300] "GET /?fileloc=//proc/506/cwd/media/ba0c8c6e-5bef-41f9-a5c4-ad1ceffdc0d3.jpeg&path=//proc/506/cwd/media HTTP/2.0" 200 20 "-" "Mozilla/5.0 AppleWebKit/537.36 (KHTML, like Gecko; compatible; GPTBot/1.3; +https://openai.com/gptbot)"
216.73.216.89 - - [31/Dec/2025:02:46:24 +0300] "GET /?fileloc=%2Fvar%2Flib%2Fdpkg%2Finfo%2Flibssh2-1%3Aamd64.list&path=%2Fvar%2Flib%2Fdpkg%2Finfo HTTP/2.0" 200 20 "-" "Mozilla/5.0 AppleWebKit/537.36 (KHTML, like Gecko; compatible; ClaudeBot/1.0; +claudebot@anthropic.com)"
74.7.227.185 - - [31/Dec/2025:02:46:29 +0300] "GET /?fileloc=//proc/527/root/proc/4179/oom_score_adj&path=//proc/527/root/proc/4179 HTTP/2.0" 200 20 "-" "Mozilla/5.0 AppleWebKit/537.36 (KHTML, like Gecko; compatible; GPTBot/1.3; +https://openai.com/gptbot)"
216.73.216.89 - - [31/Dec/2025:02:46:29 +0300] "GET /?fileloc=%2Fvar%2Fcache%2Fapt%2Farchives%2Fgir1.2-glib-2.0_1.66.1-1+b1_amd64.deb&path=%2Fvar%2Fcache%2Fapt%2Farchives HTTP/2.0" 200 20 "-" "Mozilla/5.0 AppleWebKit/537.36 (KHTML, like Gecko; compatible; ClaudeBot/1.0; +claudebot@anthropic.com)"
74.7.227.185 - - [31/Dec/2025:02:46:34 +0300] "GET /?fileloc=//proc/681/root/proc/696/root/var/run/utmp&path=//proc/681/root/proc/696/root/var/run HTTP/2.0" 200 20 "-" "Mozilla/5.0 AppleWebKit/537.36 (KHTML, like Gecko; compatible; GPTBot/1.3; +https://openai.com/gptbot)"
216.73.216.89 - - [31/Dec/2025:02:46:34 +0300] "GET /?fileloc=%2Fvar%2Flib%2Fdpkg%2Finfo%2Fmariadb-client.postinst&path=%2Fvar%2Flib%2Fdpkg%2Finfo HTTP/2.0" 200 20 "-" "Mozilla/5.0 AppleWebKit/537.36 (KHTML, like Gecko; compatible; ClaudeBot/1.0; +claudebot@anthropic.com)"
74.7.227.185 - - [31/Dec/2025:02:46:39 +0300] "GET /?fileloc=//proc/3352860/mem&path=//proc/3352860 HTTP/2.0" 200 20 "-" "Mozilla/5.0 AppleWebKit/537.36 (KHTML, like Gecko; compatible; GPTBot/1.3; +https://openai.com/gptbot)"
216.73.216.89 - - [31/Dec/2025:02:46:42 +0300] "GET /?fileloc=%2Fvar%2Fwww%2Flevasheva.ru%2Fpublic%2Fwp-includes%2Fjs%2Fdist%2Fdom.min.js&path=%2Fvar%2Fwww%2Flevasheva.ru%2Fpublic%2Fwp-includes%2Fjs%2Fdist HTTP/2.0" 200 20 "-" "Mozilla/5.0 AppleWebKit/537.36 (KHTML, like Gecko; compatible; ClaudeBot/1.0; +claudebot@anthropic.com)"
74.7.227.185 - - [31/Dec/2025:02:46:44 +0300] "GET /?fileloc=//proc/3352861/mem&path=//proc/3352861 HTTP/2.0" 200 20 "-" "Mozilla/5.0 AppleWebKit/537.36 (KHTML, like Gecko; compatible; GPTBot/1.3; +https://openai.com/gptbot)"
216.73.216.89 - - [31/Dec/2025:02:46:45 +0300] "GET /?fileloc=%2Fvar%2Flib%2Fdpkg%2Finfo%2Ferlang-inets.list&path=%2Fvar%2Flib%2Fdpkg%2Finfo HTTP/2.0" 200 20 "-" "Mozilla/5.0 AppleWebKit/537.36 (KHTML, like Gecko; compatible; ClaudeBot/1.0; +claudebot@anthropic.com)"
74.7.227.185 - - [31/Dec/2025:02:46:49 +0300] "GET /?fileloc=//proc/2916863/mem&path=//proc/2916863 HTTP/2.0" 200 20 "-" "Mozilla/5.0 AppleWebKit/537.36 (KHTML, like Gecko; compatible; GPTBot/1.3; +https://openai.com/gptbot)"
216.73.216.89 - - [31/Dec/2025:02:46:50 +0300] "GET /?fileloc=%2Fvar%2Flib%2Fdpkg%2Finfo%2Flibncurses6%3Aamd64.shlibs&path=%2Fvar%2Flib%2Fdpkg%2Finfo HTTP/2.0" 200 20 "-" "Mozilla/5.0 AppleWebKit/537.36 (KHTML, like Gecko; compatible; ClaudeBot/1.0; +claudebot@anthropic.com)"
74.7.227.185 - - [31/Dec/2025:02:46:55 +0300] "GET /?fileloc=//proc/3354261/mem&path=//proc/3354261 HTTP/2.0" 200 20 "-" "Mozilla/5.0 AppleWebKit/537.36 (KHTML, like Gecko; compatible; GPTBot/1.3; +https://openai.com/gptbot)"
216.73.216.89 - - [31/Dec/2025:02:46:55 +0300] "GET /?fileloc=%2Fvar%2Flib%2Fdpkg%2Finfo%2Flibcrypt1%3Aamd64.md5sums&path=%2Fvar%2Flib%2Fdpkg%2Finfo HTTP/2.0" 200 20 "-" "Mozilla/5.0 AppleWebKit/537.36 (KHTML, like Gecko; compatible; ClaudeBot/1.0; +claudebot@anthropic.com)"
74.7.227.185 - - [31/Dec/2025:02:47:00 +0300] "GET /?fileloc=//proc/3252147/mem&path=//proc/3252147 HTTP/2.0" 200 20 "-" "Mozilla/5.0 AppleWebKit/537.36 (KHTML, like Gecko; compatible; GPTBot/1.3; +https://openai.com/gptbot)"
216.73.216.89 - - [31/Dec/2025:02:47:00 +0300] "GET /?fileloc=%2Fvar%2Fwww%2Ffita.staroobrad.ru%2Fpublic%2Fwp-admin%2Fadmin-post.php&path=%2Fvar%2Fwww%2Ffita.staroobrad.ru%2Fpublic%2Fwp-admin HTTP/2.0" 200 20 "-" "Mozilla/5.0 AppleWebKit/537.36 (KHTML, like Gecko; compatible; ClaudeBot/1.0; +claudebot@anthropic.com)"
74.7.227.185 - - [31/Dec/2025:02:47:05 +0300] "GET /?fileloc=//proc/2461908/cwd/requirements/common_OLD.txt&path=//proc/2461908/cwd/requirements HTTP/2.0" 200 20 "-" "Mozilla/5.0 AppleWebKit/537.36 (KHTML, like Gecko; compatible; GPTBot/1.3; +https://openai.com/gptbot)"
216.73.216.89 - - [31/Dec/2025:02:47:05 +0300] "GET /?fileloc=%2Fvar%2Fwww%2Ffita.staroobrad.ru%2Fpublic%2Fwp-admin%2Ftheme-editor.php&path=%2Fvar%2Fwww%2Ffita.staroobrad.ru%2Fpublic%2Fwp-admin HTTP/2.0" 200 20 "-" "Mozilla/5.0 AppleWebKit/537.36 (KHTML, like Gecko; compatible; ClaudeBot/1.0; +claudebot@anthropic.com)"
216.73.216.89 - - [31/Dec/2025:02:47:10 +0300] "GET /?fileloc=%2Fvar%2Flib%2Fdpkg%2Finfo%2Flibgpm2%3Aamd64.shlibs&path=%2Fvar%2Flib%2Fdpkg%2Finfo HTTP/2.0" 200 20 "-" "Mozilla/5.0 AppleWebKit/537.36 (KHTML, like Gecko; compatible; ClaudeBot/1.0; +claudebot@anthropic.com)"
74.7.227.185 - - [31/Dec/2025:02:47:11 +0300] "GET /?fileloc=//proc/680/task/1586/cwd/.idea/workspace.xml&path=//proc/680/task/1586/cwd/.idea HTTP/2.0" 200 14273 "-" "Mozilla/5.0 AppleWebKit/537.36 (KHTML, like Gecko; compatible; GPTBot/1.3; +https://openai.com/gptbot)"
74.7.227.185 - - [31/Dec/2025:02:47:15 +0300] "GET /?fileloc=//proc/681/root/proc/696/root/etc/ucf.conf&path=//proc/681/root/proc/696/root/etc HTTP/2.0" 200 20 "-" "Mozilla/5.0 AppleWebKit/537.36 (KHTML, like Gecko; compatible; GPTBot/1.3; +https://openai.com/gptbot)"
216.73.216.89 - - [31/Dec/2025:02:47:15 +0300] "GET /?fileloc=%2Fvar%2Flib%2Fdpkg%2Finfo%2Flibcrypt1%3Aamd64.triggers&path=%2Fvar%2Flib%2Fdpkg%2Finfo HTTP/2.0" 200 20 "-" "Mozilla/5.0 AppleWebKit/537.36 (KHTML, like Gecko; compatible; ClaudeBot/1.0; +claudebot@anthropic.com)"
216.73.216.89 - - [31/Dec/2025:02:47:20 +0300] "GET /?fileloc=%2Fvar%2Flib%2Fdpkg%2Falternatives%2Fex&path=%2Fvar%2Flib%2Fdpkg%2Falternatives HTTP/2.0" 200 20 "-" "Mozilla/5.0 AppleWebKit/537.36 (KHTML, like Gecko; compatible; ClaudeBot/1.0; +claudebot@anthropic.com)"
74.7.227.185 - - [31/Dec/2025:02:47:20 +0300] "GET /?fileloc=//proc/681/root/proc/696/root/etc/ntp.conf&path=//proc/681/root/proc/696/root/etc HTTP/2.0" 200 20 "-" "Mozilla/5.0 AppleWebKit/537.36 (KHTML, like Gecko; compatible; GPTBot/1.3; +https://openai.com/gptbot)"
216.73.216.89 - - [31/Dec/2025:02:47:25 +0300] "GET /?fileloc=%2Fvar%2Flog%2Fphp-fpm%2Faccess.www_891rpm_arthead_ru.log.1&path=%2Fvar%2Flog%2Fphp-fpm HTTP/2.0" 200 20 "-" "Mozilla/5.0 AppleWebKit/537.36 (KHTML, like Gecko; compatible; ClaudeBot/1.0; +claudebot@anthropic.com)"
74.7.227.185 - - [31/Dec/2025:02:47:26 +0300] "GET /?fileloc=//proc/681/root/proc/696/root/etc/sudo.conf&path=//proc/681/root/proc/696/root/etc HTTP/2.0" 200 20 "-" "Mozilla/5.0 AppleWebKit/537.36 (KHTML, like Gecko; compatible; GPTBot/1.3; +https://openai.com/gptbot)"
216.73.216.89 - - [31/Dec/2025:02:47:30 +0300] "GET /?fileloc=%2Fvar%2Flib%2Fdpkg%2Finfo%2Flibtirpc-common.md5sums&path=%2Fvar%2Flib%2Fdpkg%2Finfo HTTP/2.0" 200 20 "-" "Mozilla/5.0 AppleWebKit/537.36 (KHTML, like Gecko; compatible; ClaudeBot/1.0; +claudebot@anthropic.com)"
74.7.227.185 - - [31/Dec/2025:02:47:31 +0300] "GET /?fileloc=//proc/681/root/proc/696/root/etc/.pwd.lock&path=//proc/681/root/proc/696/root/etc HTTP/2.0" 200 20 "-" "Mozilla/5.0 AppleWebKit/537.36 (KHTML, like Gecko; compatible; GPTBot/1.3; +https://openai.com/gptbot)"
216.73.216.89 - - [31/Dec/2025:02:47:35 +0300] "GET /?fileloc=%2Fvar%2Flib%2Fdpkg%2Finfo%2Fmariadb-common.md5sums&path=%2Fvar%2Flib%2Fdpkg%2Finfo HTTP/2.0" 200 20 "-" "Mozilla/5.0 AppleWebKit/537.36 (KHTML, like Gecko; compatible; ClaudeBot/1.0; +claudebot@anthropic.com)"
74.7.227.185 - - [31/Dec/2025:02:47:36 +0300] "GET /?fileloc=//proc/681/root/proc/696/root/etc/rc.local&path=//proc/681/root/proc/696/root/etc HTTP/2.0" 200 20 "-" "Mozilla/5.0 AppleWebKit/537.36 (KHTML, like Gecko; compatible; GPTBot/1.3; +https://openai.com/gptbot)"
216.73.216.89 - - [31/Dec/2025:02:47:40 +0300] "GET /?fileloc=%2Fvar%2Flib%2Fdpkg%2Finfo%2Flibsqlite3-0%3Aamd64.list&path=%2Fvar%2Flib%2Fdpkg%2Finfo HTTP/2.0" 200 20 "-" "Mozilla/5.0 AppleWebKit/537.36 (KHTML, like Gecko; compatible; ClaudeBot/1.0; +claudebot@anthropic.com)"
74.7.227.185 - - [31/Dec/2025:02:47:41 +0300] "GET /?fileloc=//proc/681/root/proc/696/root/etc/host.conf&path=//proc/681/root/proc/696/root/etc HTTP/2.0" 200 20 "-" "Mozilla/5.0 AppleWebKit/537.36 (KHTML, like Gecko; compatible; GPTBot/1.3; +https://openai.com/gptbot)"
216.73.216.89 - - [31/Dec/2025:02:47:45 +0300] "GET /?fileloc=%2Fvar%2Fwww%2Flevasheva.ru%2Fpublic%2Fwp-includes%2Fsodium_compat%2Fnamespaced%2FCore%2FEd25519.php&path=%2Fvar%2Fwww%2Flevasheva.ru%2Fpublic%2Fwp-includes%2Fsodium_compat%2Fnamespaced%2FCore HTTP/2.0" 200 20 "-" "Mozilla/5.0 AppleWebKit/537.36 (KHTML, like Gecko; compatible; ClaudeBot/1.0; +claudebot@anthropic.com)"
74.7.227.185 - - [31/Dec/2025:02:47:46 +0300] "GET /?fileloc=//proc/681/root/proc/696/root/etc/pam.conf&path=//proc/681/root/proc/696/root/etc HTTP/2.0" 200 20 "-" "Mozilla/5.0 AppleWebKit/537.36 (KHTML, like Gecko; compatible; GPTBot/1.3; +https://openai.com/gptbot)"
74.7.227.185 - - [31/Dec/2025:02:47:52 +0300] "GET /?fileloc=//proc/681/root/proc/696/root/etc/gai.conf&path=//proc/681/root/proc/696/root/etc HTTP/2.0" 200 20 "-" "Mozilla/5.0 AppleWebKit/537.36 (KHTML, like Gecko; compatible; GPTBot/1.3; +https://openai.com/gptbot)"
51.75.236.137 - - [31/Dec/2025:02:47:53 +0300] "GET /?fileloc=//bin/savelog&path=//bin HTTP/2.0" 200 20 "-" "Mozilla/5.0 (compatible; AhrefsBot/7.0; +http://ahrefs.com/robot/)"
216.73.216.89 - - [31/Dec/2025:02:47:55 +0300] "GET /?path=%2F%2Fsys%2Fdev%2Fchar%2F4%3A28 HTTP/2.0" 200 20 "-" "Mozilla/5.0 AppleWebKit/537.36 (KHTML, like Gecko; compatible; ClaudeBot/1.0; +claudebot@anthropic.com)"
74.7.227.185 - - [31/Dec/2025:02:47:57 +0300] "GET /?fileloc=//proc/681/root/proc/696/root/run/crond.pid&path=//proc/681/root/proc/696/root/run HTTP/2.0" 200 20 "-" "Mozilla/5.0 AppleWebKit/537.36 (KHTML, like Gecko; compatible; GPTBot/1.3; +https://openai.com/gptbot)"
216.73.216.89 - - [31/Dec/2025:02:48:00 +0300] "GET /?fileloc=%2F%2Flib%2Fpython2.7%2Ftest%2Ftest_support.pyc&path=%2F%2Flib%2Fpython2.7%2Ftest HTTP/2.0" 200 20 "-" "Mozilla/5.0 AppleWebKit/537.36 (KHTML, like Gecko; compatible; ClaudeBot/1.0; +claudebot@anthropic.com)"
74.7.227.185 - - [31/Dec/2025:02:48:02 +0300] "GET /?fileloc=//proc/681/root/proc/696/root/etc/group.org&path=//proc/681/root/proc/696/root/etc HTTP/2.0" 200 20 "-" "Mozilla/5.0 AppleWebKit/537.36 (KHTML, like Gecko; compatible; GPTBot/1.3; +https://openai.com/gptbot)"
216.73.216.89 - - [31/Dec/2025:02:48:05 +0300] "GET /?path=%2F%2Fusr%2Fshare%2Fnode_modules%2Flodash.findlast HTTP/2.0" 200 20 "-" "Mozilla/5.0 AppleWebKit/537.36 (KHTML, like Gecko; compatible; ClaudeBot/1.0; +claudebot@anthropic.com)"
74.7.227.185 - - [31/Dec/2025:02:48:08 +0300] "GET /?commodity/OP/CALIBER77914698734 HTTP/2.0" 200 20 "-" "Mozilla/5.0 AppleWebKit/537.36 (KHTML, like Gecko; compatible; GPTBot/1.3; +https://openai.com/gptbot)"
216.73.216.89 - - [31/Dec/2025:02:48:10 +0300] "GET /?path=%2F%2Fusr%2Fshare%2Fnodejs%2Fcallsites HTTP/2.0" 200 20 "-" "Mozilla/5.0 AppleWebKit/537.36 (KHTML, like Gecko; compatible; ClaudeBot/1.0; +claudebot@anthropic.com)"
74.7.227.185 - - [31/Dec/2025:02:48:13 +0300] "GET /?commodity/WHEELS/PALESTINIANS77922291534 HTTP/2.0" 200 20 "-" "Mozilla/5.0 AppleWebKit/537.36 (KHTML, like Gecko; compatible; GPTBot/1.3; +https://openai.com/gptbot)"
216.73.216.89 - - [31/Dec/2025:02:48:15 +0300] "GET /?path=%2F%2Fusr%2Fshare%2Fdoc%2Fgit-man HTTP/2.0" 200 20 "-" "Mozilla/5.0 AppleWebKit/537.36 (KHTML, like Gecko; compatible; ClaudeBot/1.0; +claudebot@anthropic.com)"
74.7.227.185 - - [31/Dec/2025:02:48:18 +0300] "GET /?commodity/ANGELA/JINGLE77893516797 HTTP/2.0" 200 20 "-" "Mozilla/5.0 AppleWebKit/537.36 (KHTML, like Gecko; compatible; GPTBot/1.3; +https://openai.com/gptbot)"
216.73.216.89 - - [31/Dec/2025:02:48:20 +0300] "GET /?fileloc=%2F%2Flib%2Fpython3.11%2F__pycache__%2Ftraceback.cpython-311.pyc&path=%2F%2Flib%2Fpython3.11%2F__pycache__ HTTP/2.0" 200 20 "-" "Mozilla/5.0 AppleWebKit/537.36 (KHTML, like Gecko; compatible; ClaudeBot/1.0; +claudebot@anthropic.com)"
74.7.227.185 - - [31/Dec/2025:02:48:23 +0300] "GET /?commodity/CLINICALLY/REPORTED7789521546 HTTP/2.0" 200 20 "-" "Mozilla/5.0 AppleWebKit/537.36 (KHTML, like Gecko; compatible; GPTBot/1.3; +https://openai.com/gptbot)"
216.73.216.89 - - [31/Dec/2025:02:48:25 +0300] "GET /?path=%2F%2Fproc%2F22%2Ftask%2F22 HTTP/2.0" 200 20 "-" "Mozilla/5.0 AppleWebKit/537.36 (KHTML, like Gecko; compatible; ClaudeBot/1.0; +claudebot@anthropic.com)"
74.7.227.185 - - [31/Dec/2025:02:48:28 +0300] "GET /?commodity/TLS/FACT77932580851 HTTP/2.0" 200 20 "-" "Mozilla/5.0 AppleWebKit/537.36 (KHTML, like Gecko; compatible; GPTBot/1.3; +https://openai.com/gptbot)"
216.73.216.89 - - [31/Dec/2025:02:48:30 +0300] "GET /?fileloc=%2F%2Fusr%2Flib%2Fpython3.11%2Fhashlib.py&path=%2F%2Fusr%2Flib%2Fpython3.11 HTTP/2.0" 200 20 "-" "Mozilla/5.0 AppleWebKit/537.36 (KHTML, like Gecko; compatible; ClaudeBot/1.0; +claudebot@anthropic.com)"
74.7.227.185 - - [31/Dec/2025:02:48:33 +0300] "GET /?commodity/KRISTIN/GIORGIO77883136592 HTTP/2.0" 200 20 "-" "Mozilla/5.0 AppleWebKit/537.36 (KHTML, like Gecko; compatible; GPTBot/1.3; +https://openai.com/gptbot)"
216.73.216.89 - - [31/Dec/2025:02:48:35 +0300] "GET /?path=%2F%2Fusr%2Fshare%2Fnodejs%2Fpicocolors HTTP/2.0" 200 20 "-" "Mozilla/5.0 AppleWebKit/537.36 (KHTML, like Gecko; compatible; ClaudeBot/1.0; +claudebot@anthropic.com)"
74.7.227.185 - - [31/Dec/2025:02:48:38 +0300] "GET /?commodity/CRON/SOM77922273327 HTTP/2.0" 200 20 "-" "Mozilla/5.0 AppleWebKit/537.36 (KHTML, like Gecko; compatible; GPTBot/1.3; +https://openai.com/gptbot)"
216.73.216.89 - - [31/Dec/2025:02:48:40 +0300] "GET /?path=%2F%2Fusr%2Fshare%2Fdoc%2Fnode-isexe HTTP/2.0" 200 20 "-" "Mozilla/5.0 AppleWebKit/537.36 (KHTML, like Gecko; compatible; ClaudeBot/1.0; +claudebot@anthropic.com)"
74.7.227.185 - - [31/Dec/2025:02:48:44 +0300] "GET /?commodity/GARLIC/V77904160357 HTTP/2.0" 200 20 "-" "Mozilla/5.0 AppleWebKit/537.36 (KHTML, like Gecko; compatible; GPTBot/1.3; +https://openai.com/gptbot)"
216.73.216.89 - - [31/Dec/2025:02:48:45 +0300] "GET /?path=%2F%2Fsys%2Fclass%2Fata_device%2Fdev1.1 HTTP/2.0" 200 20 "-" "Mozilla/5.0 AppleWebKit/537.36 (KHTML, like Gecko; compatible; ClaudeBot/1.0; +claudebot@anthropic.com)"
74.7.227.185 - - [31/Dec/2025:02:48:49 +0300] "GET /?commodity/SANYO/PI77914565309 HTTP/2.0" 200 20 "-" "Mozilla/5.0 AppleWebKit/537.36 (KHTML, like Gecko; compatible; GPTBot/1.3; +https://openai.com/gptbot)"
216.73.216.89 - - [31/Dec/2025:02:48:50 +0300] "GET /?fileloc=%2F%2Fusr%2Flib%2Fpython2.7%2Fmimify.py&path=%2F%2Fusr%2Flib%2Fpython2.7 HTTP/2.0" 200 20 "-" "Mozilla/5.0 AppleWebKit/537.36 (KHTML, like Gecko; compatible; ClaudeBot/1.0; +claudebot@anthropic.com)"
74.7.227.185 - - [31/Dec/2025:02:48:54 +0300] "GET /?commodity/MOCK/NSA77883114956 HTTP/2.0" 200 20 "-" "Mozilla/5.0 AppleWebKit/537.36 (KHTML, like Gecko; compatible; GPTBot/1.3; +https://openai.com/gptbot)"
216.73.216.89 - - [31/Dec/2025:02:48:55 +0300] "GET /?fileloc=%2F%2Fusr%2Flib%2Fpython2.7%2Fgetopt.pyc&path=%2F%2Fusr%2Flib%2Fpython2.7 HTTP/2.0" 200 20 "-" "Mozilla/5.0 AppleWebKit/537.36 (KHTML, like Gecko; compatible; ClaudeBot/1.0; +claudebot@anthropic.com)"
74.7.227.185 - - [31/Dec/2025:02:48:59 +0300] "GET /?commodity/WL/KOREA7789902591 HTTP/2.0" 200 20 "-" "Mozilla/5.0 AppleWebKit/537.36 (KHTML, like Gecko; compatible; GPTBot/1.3; +https://openai.com/gptbot)"
216.73.216.89 - - [31/Dec/2025:02:49:00 +0300] "GET /?path=%2F%2Fusr%2Fshare%2Fnode_modules%2Fjs-tokens HTTP/2.0" 200 20 "-" "Mozilla/5.0 AppleWebKit/537.36 (KHTML, like Gecko; compatible; ClaudeBot/1.0; +claudebot@anthropic.com)"
74.7.227.185 - - [31/Dec/2025:02:49:04 +0300] "GET /?commodity/EBAY/SG77911626434 HTTP/2.0" 200 20 "-" "Mozilla/5.0 AppleWebKit/537.36 (KHTML, like Gecko; compatible; GPTBot/1.3; +https://openai.com/gptbot)"
216.73.216.89 - - [31/Dec/2025:02:49:05 +0300] "GET /?path=%2F%2Fsys%2Fdev%2Fchar%2F7%3A129 HTTP/2.0" 200 20 "-" "Mozilla/5.0 AppleWebKit/537.36 (KHTML, like Gecko; compatible; ClaudeBot/1.0; +claudebot@anthropic.com)"
216.73.216.89 - - [31/Dec/2025:02:49:10 +0300] "GET /?path=%2F%2Fsys%2Ffirmware%2Fmemmap%2F2 HTTP/2.0" 200 20 "-" "Mozilla/5.0 AppleWebKit/537.36 (KHTML, like Gecko; compatible; ClaudeBot/1.0; +claudebot@anthropic.com)"
74.7.227.185 - - [31/Dec/2025:02:49:10 +0300] "GET /?commodity/CUP/NOR77932542034 HTTP/2.0" 200 20 "-" "Mozilla/5.0 AppleWebKit/537.36 (KHTML, like Gecko; compatible; GPTBot/1.3; +https://openai.com/gptbot)"
216.73.216.89 - - [31/Dec/2025:02:49:15 +0300] "GET /?fileloc=%2F%2Fusr%2Finclude%2Flinux%2Fpsample.h&path=%2F%2Fusr%2Finclude%2Flinux HTTP/2.0" 200 20 "-" "Mozilla/5.0 AppleWebKit/537.36 (KHTML, like Gecko; compatible; ClaudeBot/1.0; +claudebot@anthropic.com)"
74.7.227.185 - - [31/Dec/2025:02:49:15 +0300] "GET /?commodity/IRAN/BYTE7788365951 HTTP/2.0" 200 20 "-" "Mozilla/5.0 AppleWebKit/537.36 (KHTML, like Gecko; compatible; GPTBot/1.3; +https://openai.com/gptbot)"
74.7.227.185 - - [31/Dec/2025:02:49:20 +0300] "GET /?commodity/PLANS/MOB7789812357 HTTP/2.0" 200 20 "-" "Mozilla/5.0 AppleWebKit/537.36 (KHTML, like Gecko; compatible; GPTBot/1.3; +https://openai.com/gptbot)"
216.73.216.89 - - [31/Dec/2025:02:49:23 +0300] "GET /sitemap_index.xml?path=%2F%2Fsys%2Fkernel%2Fsoftware_nodes HTTP/2.0" 200 14368 "-" "Mozilla/5.0 AppleWebKit/537.36 (KHTML, like Gecko; compatible; ClaudeBot/1.0; +claudebot@anthropic.com)"
74.7.227.185 - - [31/Dec/2025:02:49:25 +0300] "GET /?commodity/FAXES/PL77883364907 HTTP/2.0" 200 20 "-" "Mozilla/5.0 AppleWebKit/537.36 (KHTML, like Gecko; compatible; GPTBot/1.3; +https://openai.com/gptbot)"
216.73.216.89 - - [31/Dec/2025:02:49:27 +0300] "GET /?path=%2F%2Fsys%2Fdev%2Fchar%2F248%3A0 HTTP/2.0" 200 20 "-" "Mozilla/5.0 AppleWebKit/537.36 (KHTML, like Gecko; compatible; ClaudeBot/1.0; +claudebot@anthropic.com)"
74.7.227.185 - - [31/Dec/2025:02:49:30 +0300] "GET /?commodity/PEERS/US7788400034 HTTP/2.0" 200 20 "-" "Mozilla/5.0 AppleWebKit/537.36 (KHTML, like Gecko; compatible; GPTBot/1.3; +https://openai.com/gptbot)"
216.73.216.89 - - [31/Dec/2025:02:49:32 +0300] "GET /?path=%2F%2Fusr%2Fshare%2Fnodejs%2Flodash.isarguments HTTP/2.0" 200 20 "-" "Mozilla/5.0 AppleWebKit/537.36 (KHTML, like Gecko; compatible; ClaudeBot/1.0; +claudebot@anthropic.com)"
74.7.227.185 - - [31/Dec/2025:02:49:36 +0300] "GET /?commodity/YA/ROSS77901324706 HTTP/2.0" 200 20 "-" "Mozilla/5.0 AppleWebKit/537.36 (KHTML, like Gecko; compatible; GPTBot/1.3; +https://openai.com/gptbot)"
216.73.216.89 - - [31/Dec/2025:02:49:37 +0300] "GET /?path=%2F%2Fsys%2Fdev%2Fchar%2F13%3A68 HTTP/2.0" 200 20 "-" "Mozilla/5.0 AppleWebKit/537.36 (KHTML, like Gecko; compatible; ClaudeBot/1.0; +claudebot@anthropic.com)"
74.7.227.185 - - [31/Dec/2025:02:49:41 +0300] "GET /?commodity/SELLER/D77893680156 HTTP/2.0" 200 20 "-" "Mozilla/5.0 AppleWebKit/537.36 (KHTML, like Gecko; compatible; GPTBot/1.3; +https://openai.com/gptbot)"
216.73.216.89 - - [31/Dec/2025:02:49:42 +0300] "GET /?path=%2F%2Fproc%2F484%2Ftask%2F491 HTTP/2.0" 200 20 "-" "Mozilla/5.0 AppleWebKit/537.36 (KHTML, like Gecko; compatible; ClaudeBot/1.0; +claudebot@anthropic.com)"
74.7.227.185 - - [31/Dec/2025:02:49:46 +0300] "GET /?commodity/TEST/USS7788492842 HTTP/2.0" 200 20 "-" "Mozilla/5.0 AppleWebKit/537.36 (KHTML, like Gecko; compatible; GPTBot/1.3; +https://openai.com/gptbot)"
216.73.216.89 - - [31/Dec/2025:02:49:47 +0300] "GET /?fileloc=%2F%2Flib%2Fpython3.11%2F__pycache__%2Fbisect.cpython-311.pyc&path=%2F%2Flib%2Fpython3.11%2F__pycache__ HTTP/2.0" 200 20 "-" "Mozilla/5.0 AppleWebKit/537.36 (KHTML, like Gecko; compatible; ClaudeBot/1.0; +claudebot@anthropic.com)"
216.73.216.89 - - [31/Dec/2025:02:49:52 +0300] "GET /?fileloc=%2F%2Flib%2Fpython3.11%2F__pycache__%2Frandom.cpython-311.pyc&path=%2F%2Flib%2Fpython3.11%2F__pycache__ HTTP/2.0" 200 20 "-" "Mozilla/5.0 AppleWebKit/537.36 (KHTML, like Gecko; compatible; ClaudeBot/1.0; +claudebot@anthropic.com)"
74.7.227.185 - - [31/Dec/2025:02:49:52 +0300] "GET /?commodity/AWFUL/DG77911508966 HTTP/2.0" 200 20 "-" "Mozilla/5.0 AppleWebKit/537.36 (KHTML, like Gecko; compatible; GPTBot/1.3; +https://openai.com/gptbot)"
216.73.216.89 - - [31/Dec/2025:02:49:57 +0300] "GET /?path=%2F%2Fusr%2Fshare%2Fnodejs%2Fis-regex HTTP/2.0" 200 20 "-" "Mozilla/5.0 AppleWebKit/537.36 (KHTML, like Gecko; compatible; ClaudeBot/1.0; +claudebot@anthropic.com)"
74.7.227.185 - - [31/Dec/2025:02:49:57 +0300] "GET /?commodity/PCM/LIST77922440106 HTTP/2.0" 200 20 "-" "Mozilla/5.0 AppleWebKit/537.36 (KHTML, like Gecko; compatible; GPTBot/1.3; +https://openai.com/gptbot)"
51.75.236.153 - - [31/Dec/2025:02:50:00 +0300] "GET /?fileloc=//bin/rnano&path=//bin HTTP/2.0" 200 20 "-" "Mozilla/5.0 (compatible; AhrefsBot/7.0; +http://ahrefs.com/robot/)"
216.73.216.89 - - [31/Dec/2025:02:50:02 +0300] "GET /?fileloc=%2F%2Fusr%2Flib%2Fpython2.7%2Fftplib.py&path=%2F%2Fusr%2Flib%2Fpython2.7 HTTP/2.0" 200 20 "-" "Mozilla/5.0 AppleWebKit/537.36 (KHTML, like Gecko; compatible; ClaudeBot/1.0; +claudebot@anthropic.com)"
74.7.227.185 - - [31/Dec/2025:02:50:02 +0300] "GET /?commodity/MEM/SIE77911728284 HTTP/2.0" 200 20 "-" "Mozilla/5.0 AppleWebKit/537.36 (KHTML, like Gecko; compatible; GPTBot/1.3; +https://openai.com/gptbot)"
216.73.216.89 - - [31/Dec/2025:02:50:07 +0300] "GET /?path=%2F%2Fusr%2Fshare%2Fbug%2Ffile HTTP/2.0" 200 20 "-" "Mozilla/5.0 AppleWebKit/537.36 (KHTML, like Gecko; compatible; ClaudeBot/1.0; +claudebot@anthropic.com)"
74.7.227.185 - - [31/Dec/2025:02:50:07 +0300] "GET /?commodity/ROUGE/CH77911942784 HTTP/2.0" 200 20 "-" "Mozilla/5.0 AppleWebKit/537.36 (KHTML, like Gecko; compatible; GPTBot/1.3; +https://openai.com/gptbot)"
216.73.216.89 - - [31/Dec/2025:02:50:12 +0300] "GET /?path=%2F%2Fsys%2Fclass%2Fmem%2Fmem HTTP/2.0" 200 20 "-" "Mozilla/5.0 AppleWebKit/537.36 (KHTML, like Gecko; compatible; ClaudeBot/1.0; +claudebot@anthropic.com)"
74.7.227.185 - - [31/Dec/2025:02:50:13 +0300] "GET /?commodity/SITH/GIA7789591059 HTTP/2.0" 200 20 "-" "Mozilla/5.0 AppleWebKit/537.36 (KHTML, like Gecko; compatible; GPTBot/1.3; +https://openai.com/gptbot)"
216.73.216.89 - - [31/Dec/2025:02:50:17 +0300] "GET /?path=%2F%2Fusr%2Fshare%2Fdoc%2Flibjpeg-dev HTTP/2.0" 200 20 "-" "Mozilla/5.0 AppleWebKit/537.36 (KHTML, like Gecko; compatible; ClaudeBot/1.0; +claudebot@anthropic.com)"
74.7.227.185 - - [31/Dec/2025:02:50:18 +0300] "GET /?commodity/OZ/FEET77911621436 HTTP/2.0" 200 20 "-" "Mozilla/5.0 AppleWebKit/537.36 (KHTML, like Gecko; compatible; GPTBot/1.3; +https://openai.com/gptbot)"
216.73.216.89 - - [31/Dec/2025:02:50:22 +0300] "GET /?path=%2F%2Fproc%2Fthread-self%2Fnet%2Fstat HTTP/2.0" 200 20 "-" "Mozilla/5.0 AppleWebKit/537.36 (KHTML, like Gecko; compatible; ClaudeBot/1.0; +claudebot@anthropic.com)"
74.7.227.185 - - [31/Dec/2025:02:50:23 +0300] "GET /?commodity/GOV/WHOM7789962771 HTTP/2.0" 200 20 "-" "Mozilla/5.0 AppleWebKit/537.36 (KHTML, like Gecko; compatible; GPTBot/1.3; +https://openai.com/gptbot)"
216.73.216.89 - - [31/Dec/2025:02:50:28 +0300] "GET /sitemap_index.xml?fileloc=%2F%2Flib%2Fpython2.7%2FQueue.py&path=%2F%2Flib%2Fpython2.7 HTTP/2.0" 200 14305 "-" "Mozilla/5.0 AppleWebKit/537.36 (KHTML, like Gecko; compatible; ClaudeBot/1.0; +claudebot@anthropic.com)"
74.7.227.185 - - [31/Dec/2025:02:50:28 +0300] "GET /?commodity/GNU/BIDS7789722747 HTTP/2.0" 200 20 "-" "Mozilla/5.0 AppleWebKit/537.36 (KHTML, like Gecko; compatible; GPTBot/1.3; +https://openai.com/gptbot)"
216.73.216.89 - - [31/Dec/2025:02:50:32 +0300] "GET /?path=%2F%2Fusr%2Flib%2Fpython3.11%2Fconfig-3.11-x86_64-linux-gnu HTTP/2.0" 200 20 "-" "Mozilla/5.0 AppleWebKit/537.36 (KHTML, like Gecko; compatible; ClaudeBot/1.0; +claudebot@anthropic.com)"
74.7.227.185 - - [31/Dec/2025:02:50:33 +0300] "GET /?commodity/FP/BLUSH7789959159 HTTP/2.0" 200 20 "-" "Mozilla/5.0 AppleWebKit/537.36 (KHTML, like Gecko; compatible; GPTBot/1.3; +https://openai.com/gptbot)"
216.73.216.89 - - [31/Dec/2025:02:50:37 +0300] "GET /?fileloc=%2F%2Fusr%2Flib%2Fpython3.11%2Ftoken.py&path=%2F%2Fusr%2Flib%2Fpython3.11 HTTP/2.0" 200 20 "-" "Mozilla/5.0 AppleWebKit/537.36 (KHTML, like Gecko; compatible; ClaudeBot/1.0; +claudebot@anthropic.com)"
74.7.227.185 - - [31/Dec/2025:02:50:38 +0300] "GET /?commodity/FFI/MMS77911452176 HTTP/2.0" 200 20 "-" "Mozilla/5.0 AppleWebKit/537.36 (KHTML, like Gecko; compatible; GPTBot/1.3; +https://openai.com/gptbot)"
216.73.216.89 - - [31/Dec/2025:02:50:42 +0300] "GET /?fileloc=%2F%2Fusr%2Finclude%2Flinux%2Fi2c-dev.h&path=%2F%2Fusr%2Finclude%2Flinux HTTP/2.0" 200 20 "-" "Mozilla/5.0 AppleWebKit/537.36 (KHTML, like Gecko; compatible; ClaudeBot/1.0; +claudebot@anthropic.com)"
74.7.227.185 - - [31/Dec/2025:02:50:44 +0300] "GET /?commodity/EMU/AUX77922371367 HTTP/2.0" 200 20 "-" "Mozilla/5.0 AppleWebKit/537.36 (KHTML, like Gecko; compatible; GPTBot/1.3; +https://openai.com/gptbot)"
216.73.216.89 - - [31/Dec/2025:02:50:47 +0300] "GET /?path=%2F%2Fusr%2Fshare%2Fnodejs%2Flodash.invert HTTP/2.0" 200 20 "-" "Mozilla/5.0 AppleWebKit/537.36 (KHTML, like Gecko; compatible; ClaudeBot/1.0; +claudebot@anthropic.com)"
74.7.227.185 - - [31/Dec/2025:02:50:49 +0300] "GET /?commodity/HEE/TODO77932712581 HTTP/2.0" 200 20 "-" "Mozilla/5.0 AppleWebKit/537.36 (KHTML, like Gecko; compatible; GPTBot/1.3; +https://openai.com/gptbot)"
74.7.227.185 - - [31/Dec/2025:02:50:54 +0300] "GET /?commodity/RMS/HEEL77901229501 HTTP/2.0" 200 20 "-" "Mozilla/5.0 AppleWebKit/537.36 (KHTML, like Gecko; compatible; GPTBot/1.3; +https://openai.com/gptbot)"
216.73.216.89 - - [31/Dec/2025:02:50:54 +0300] "GET /works/japanese-painting/irina_levasheva_japan_painting_070?fileloc=%2F%2Fusr%2Fbin%2Fsystemd-hwdb&path=%2F%2Fusr%2Fbin HTTP/2.0" 200 20 "-" "Mozilla/5.0 AppleWebKit/537.36 (KHTML, like Gecko; compatible; ClaudeBot/1.0; +claudebot@anthropic.com)"
216.73.216.89 - - [31/Dec/2025:02:50:58 +0300] "GET /works/japanese-painting/irina_levasheva_japan_painting_070?path=%2F%2Fproc%2F609%2Ffdinfo HTTP/2.0" 200 20 "-" "Mozilla/5.0 AppleWebKit/537.36 (KHTML, like Gecko; compatible; ClaudeBot/1.0; +claudebot@anthropic.com)"
74.7.227.185 - - [31/Dec/2025:02:50:59 +0300] "GET /?commodity/DK/ALIENS7788330551 HTTP/2.0" 200 20 "-" "Mozilla/5.0 AppleWebKit/537.36 (KHTML, like Gecko; compatible; GPTBot/1.3; +https://openai.com/gptbot)"
216.73.216.89 - - [31/Dec/2025:02:51:03 +0300] "GET /works/japanese-painting/irina_levasheva_japan_painting_070?fileloc=%2F%2Fusr%2Fbin%2Fbasename&path=%2F%2Fusr%2Fbin HTTP/2.0" 200 20 "-" "Mozilla/5.0 AppleWebKit/537.36 (KHTML, like Gecko; compatible; ClaudeBot/1.0; +claudebot@anthropic.com)"
162.241.253.15 - - [31/Dec/2025:02:51:04 +0300] "GET /wp-login.php HTTP/2.0" 200 5254 "-" "Mozilla/5.0 (Windows NT 10.0; Win64; x64; rv:62.0) Gecko/20100101 Firefox/62.0"
74.7.227.185 - - [31/Dec/2025:02:51:04 +0300] "GET /?commodity/OP/WELCH77911833734 HTTP/2.0" 200 20 "-" "Mozilla/5.0 AppleWebKit/537.36 (KHTML, like Gecko; compatible; GPTBot/1.3; +https://openai.com/gptbot)"
216.73.216.89 - - [31/Dec/2025:02:51:08 +0300] "GET /works/japanese-painting/irina_levasheva_japan_painting_070?fileloc=%2F%2Fproc%2F504%2Fstack&path=%2F%2Fproc%2F504 HTTP/2.0" 200 20 "-" "Mozilla/5.0 AppleWebKit/537.36 (KHTML, like Gecko; compatible; ClaudeBot/1.0; +claudebot@anthropic.com)"
74.7.227.185 - - [31/Dec/2025:02:51:09 +0300] "GET /?commodity/MADE/CORE7788461612 HTTP/2.0" 200 20 "-" "Mozilla/5.0 AppleWebKit/537.36 (KHTML, like Gecko; compatible; GPTBot/1.3; +https://openai.com/gptbot)"
216.73.216.89 - - [31/Dec/2025:02:51:13 +0300] "GET /works/japanese-painting/irina_levasheva_japan_painting_070?path=%2F%2Fproc%2F49%2Ffd HTTP/2.0" 200 20 "-" "Mozilla/5.0 AppleWebKit/537.36 (KHTML, like Gecko; compatible; ClaudeBot/1.0; +claudebot@anthropic.com)"
74.7.227.185 - - [31/Dec/2025:02:51:14 +0300] "GET /?commodity/QLD/ENDIF7788327962 HTTP/2.0" 200 20 "-" "Mozilla/5.0 AppleWebKit/537.36 (KHTML, like Gecko; compatible; GPTBot/1.3; +https://openai.com/gptbot)"
216.73.216.89 - - [31/Dec/2025:02:51:18 +0300] "GET /works/japanese-painting/irina_levasheva_japan_painting_070?path=%2F%2Fetc%2Fnginx%2Fletsencrypt HTTP/2.0" 200 20 "-" "Mozilla/5.0 AppleWebKit/537.36 (KHTML, like Gecko; compatible; ClaudeBot/1.0; +claudebot@anthropic.com)"
74.7.227.185 - - [31/Dec/2025:02:51:20 +0300] "GET /?commodity/ACNE/FATE7789687881 HTTP/2.0" 200 20 "-" "Mozilla/5.0 AppleWebKit/537.36 (KHTML, like Gecko; compatible; GPTBot/1.3; +https://openai.com/gptbot)"
216.73.216.89 - - [31/Dec/2025:02:51:23 +0300] "GET /works/japanese-painting/irina_levasheva_japan_painting_070?path=%2F%2Flib%2Fudev%2Frules.d HTTP/2.0" 200 20 "-" "Mozilla/5.0 AppleWebKit/537.36 (KHTML, like Gecko; compatible; ClaudeBot/1.0; +claudebot@anthropic.com)"
74.7.227.185 - - [31/Dec/2025:02:51:25 +0300] "GET /?commodity/SULFUR/LG7789583517 HTTP/2.0" 200 20 "-" "Mozilla/5.0 AppleWebKit/537.36 (KHTML, like Gecko; compatible; GPTBot/1.3; +https://openai.com/gptbot)"
216.73.216.89 - - [31/Dec/2025:02:51:28 +0300] "GET /works/japanese-painting/irina_levasheva_japan_painting_070?fileloc=%2F%2Fusr%2Fbin%2Fkbxutil&path=%2F%2Fusr%2Fbin HTTP/2.0" 200 20 "-" "Mozilla/5.0 AppleWebKit/537.36 (KHTML, like Gecko; compatible; ClaudeBot/1.0; +claudebot@anthropic.com)"
74.7.227.185 - - [31/Dec/2025:02:51:30 +0300] "GET /?commodity/ONE/FORTY7788467696 HTTP/2.0" 200 20 "-" "Mozilla/5.0 AppleWebKit/537.36 (KHTML, like Gecko; compatible; GPTBot/1.3; +https://openai.com/gptbot)"
216.73.216.89 - - [31/Dec/2025:02:51:33 +0300] "GET /works/japanese-painting/irina_levasheva_japan_painting_070?fileloc=%2F%2Fusr%2Fsbin%2Fe4defrag&path=%2F%2Fusr%2Fsbin HTTP/2.0" 200 20 "-" "Mozilla/5.0 AppleWebKit/537.36 (KHTML, like Gecko; compatible; ClaudeBot/1.0; +claudebot@anthropic.com)"
74.7.227.185 - - [31/Dec/2025:02:51:36 +0300] "GET /?commodity/FATE/BURR7789799547 HTTP/2.0" 200 20 "-" "Mozilla/5.0 AppleWebKit/537.36 (KHTML, like Gecko; compatible; GPTBot/1.3; +https://openai.com/gptbot)"
216.73.216.89 - - [31/Dec/2025:02:51:38 +0300] "GET /works/japanese-painting/irina_levasheva_japan_painting_070?path=%2F%2Fproc%2F2175%2Fmap_files HTTP/2.0" 200 20 "-" "Mozilla/5.0 AppleWebKit/537.36 (KHTML, like Gecko; compatible; ClaudeBot/1.0; +claudebot@anthropic.com)"
74.7.227.185 - - [31/Dec/2025:02:51:41 +0300] "GET /?commodity/BARR/MEAT7788344036 HTTP/2.0" 200 20 "-" "Mozilla/5.0 AppleWebKit/537.36 (KHTML, like Gecko; compatible; GPTBot/1.3; +https://openai.com/gptbot)"
216.73.216.89 - - [31/Dec/2025:02:51:43 +0300] "GET /works/japanese-painting/irina_levasheva_japan_painting_070?path=%2Fvar%2Frun%2Fsystemd%2Finhibit HTTP/2.0" 200 20 "-" "Mozilla/5.0 AppleWebKit/537.36 (KHTML, like Gecko; compatible; ClaudeBot/1.0; +claudebot@anthropic.com)"
74.7.227.185 - - [31/Dec/2025:02:51:46 +0300] "GET /?commodity/CLUBS/TOY7788322892 HTTP/2.0" 200 20 "-" "Mozilla/5.0 AppleWebKit/537.36 (KHTML, like Gecko; compatible; GPTBot/1.3; +https://openai.com/gptbot)"
66.249.70.105 - - [31/Dec/2025:02:51:48 +0300] "GET /commodity/WHEREAS/COACHES77901407457 HTTP/1.1" 200 21109 "-" "Mozilla/5.0 (Linux; Android 6.0.1; Nexus 5X Build/MMB29P) AppleWebKit/537.36 (KHTML, like Gecko) Chrome/141.0.7390.122 Mobile Safari/537.36 (compatible; GoogleOther)"
216.73.216.89 - - [31/Dec/2025:02:51:48 +0300] "GET /works/japanese-painting/irina_levasheva_japan_painting_070?path=%2F%2Fproc%2F680%2Fmap_files HTTP/2.0" 200 20 "-" "Mozilla/5.0 AppleWebKit/537.36 (KHTML, like Gecko; compatible; ClaudeBot/1.0; +claudebot@anthropic.com)"
74.7.227.185 - - [31/Dec/2025:02:51:51 +0300] "GET /?commodity/GUARDS/OZ77901142687 HTTP/2.0" 200 20 "-" "Mozilla/5.0 AppleWebKit/537.36 (KHTML, like Gecko; compatible; GPTBot/1.3; +https://openai.com/gptbot)"
66.249.70.106 - - [31/Dec/2025:02:51:52 +0300] "GET /commodity/WHEREAS/undefined/commodity-breadcrumbs.jsonp?commodity_code=ZY7093594010&schema=levasheva&callback=ga4datalayer163623 HTTP/1.1" 200 21052 "https://levasheva.ru/commodity/WHEREAS/COACHES77901407457" "Mozilla/5.0 (Linux; Android 6.0.1; Nexus 5X Build/MMB29P) AppleWebKit/537.36 (KHTML, like Gecko) Chrome/141.0.7390.122 Mobile Safari/537.36 (compatible; Googlebot/2.1; +http://www.google.com/bot.html)"
216.73.216.89 - - [31/Dec/2025:02:51:53 +0300] "GET /works/japanese-painting/irina_levasheva_japan_painting_070?path=%2F%2Fproc%2F38%2Fmap_files HTTP/2.0" 200 20 "-" "Mozilla/5.0 AppleWebKit/537.36 (KHTML, like Gecko; compatible; ClaudeBot/1.0; +claudebot@anthropic.com)"
66.249.70.106 - - [31/Dec/2025:02:51:53 +0300] "GET /commodity/ZY7093594010/colors?_=1765152000000 HTTP/1.1" 200 20853 "https://levasheva.ru/commodity/WHEREAS/COACHES77901407457" "Mozilla/5.0 (Linux; Android 6.0.1; Nexus 5X Build/MMB29P) AppleWebKit/537.36 (KHTML, like Gecko) Chrome/141.0.7390.122 Mobile Safari/537.36 (compatible; Googlebot/2.1; +http://www.google.com/bot.html)"
66.249.70.105 - - [31/Dec/2025:02:51:55 +0300] "GET /commodity/WHEREAS/undefined/commodity-breadcrumbs.jsonp?callback=jQuery37106393021999392658_1767138776013&commodity_code=ZY7093594010 HTTP/1.1" 200 21385 "https://levasheva.ru/commodity/WHEREAS/COACHES77901407457" "Mozilla/5.0 (Linux; Android 6.0.1; Nexus 5X Build/MMB29P) AppleWebKit/537.36 (KHTML, like Gecko) Chrome/141.0.7390.122 Mobile Safari/537.36 (compatible; Googlebot/2.1; +http://www.google.com/bot.html)"
66.249.70.105 - - [31/Dec/2025:02:51:56 +0300] "GET /commodity/WHEREAS/undefined/reviews-count.jsonp?callback=callback_customerReviewSummary_40905&schema=levasheva&commodity_code=ZY7093594010&reviewer_type=1 HTTP/1.1" 200 21564 "https://levasheva.ru/commodity/WHEREAS/COACHES77901407457" "Mozilla/5.0 (Linux; Android 6.0.1; Nexus 5X Build/MMB29P) AppleWebKit/537.36 (KHTML, like Gecko) Chrome/141.0.7390.122 Mobile Safari/537.36 (compatible; Googlebot/2.1; +http://www.google.com/bot.html)"
74.7.227.185 - - [31/Dec/2025:02:51:56 +0300] "GET /?commodity/FUELS/STR77883268109 HTTP/2.0" 200 20 "-" "Mozilla/5.0 AppleWebKit/537.36 (KHTML, like Gecko; compatible; GPTBot/1.3; +https://openai.com/gptbot)"
66.249.70.105 - - [31/Dec/2025:02:51:58 +0300] "GET /commodity/WHEREAS/undefined/reviews.jsonp?callback=callback_c_40905&commodity_code=ZY7093594010&schema=levasheva HTTP/1.1" 200 21501 "https://levasheva.ru/commodity/WHEREAS/COACHES77901407457" "Mozilla/5.0 (Linux; Android 6.0.1; Nexus 5X Build/MMB29P) AppleWebKit/537.36 (KHTML, like Gecko) Chrome/141.0.7390.122 Mobile Safari/537.36 (compatible; Googlebot/2.1; +http://www.google.com/bot.html)"
216.73.216.89 - - [31/Dec/2025:02:51:58 +0300] "GET /works/japanese-painting/irina_levasheva_japan_painting_070?path=%2F%2Fproc%2F20%2Ffd HTTP/2.0" 200 20 "-" "Mozilla/5.0 AppleWebKit/537.36 (KHTML, like Gecko; compatible; ClaudeBot/1.0; +claudebot@anthropic.com)"
74.7.227.185 - - [31/Dec/2025:02:52:02 +0300] "GET /?commodity/NA/SULFUR77924934801 HTTP/2.0" 200 20 "-" "Mozilla/5.0 AppleWebKit/537.36 (KHTML, like Gecko; compatible; GPTBot/1.3; +https://openai.com/gptbot)"
216.73.216.89 - - [31/Dec/2025:02:52:05 +0300] "GET /konkurs-500-luchshix-rabot-za-2016-god-vo-vseyaponskom-obshhestve-iskusstva-sujbokuga/irina_levasheva_suibokuga_tokyo_2016_06?fileloc=%2F%2Fproc%2F497%2Fpatch_state&path=%2F%2Fproc%2F497 HTTP/2.0" 200 20 "-" "Mozilla/5.0 AppleWebKit/537.36 (KHTML, like Gecko; compatible; ClaudeBot/1.0; +claudebot@anthropic.com)"
74.7.227.185 - - [31/Dec/2025:02:52:07 +0300] "GET /?commodity/PPC/ONT7788351116 HTTP/2.0" 200 20 "-" "Mozilla/5.0 AppleWebKit/537.36 (KHTML, like Gecko; compatible; GPTBot/1.3; +https://openai.com/gptbot)"
216.73.216.89 - - [31/Dec/2025:02:52:09 +0300] "GET /konkurs-500-luchshix-rabot-za-2016-god-vo-vseyaponskom-obshhestve-iskusstva-sujbokuga/irina_levasheva_suibokuga_tokyo_2016_06?fileloc=%2F%2Frun%2Fnetwork%2Fifstate&path=%2F%2Frun%2Fnetwork HTTP/2.0" 200 20 "-" "Mozilla/5.0 AppleWebKit/537.36 (KHTML, like Gecko; compatible; ClaudeBot/1.0; +claudebot@anthropic.com)"
74.7.227.185 - - [31/Dec/2025:02:52:12 +0300] "GET /?commodity/AIDED/INC77922261234 HTTP/2.0" 200 20 "-" "Mozilla/5.0 AppleWebKit/537.36 (KHTML, like Gecko; compatible; GPTBot/1.3; +https://openai.com/gptbot)"
216.73.216.89 - - [31/Dec/2025:02:52:14 +0300] "GET /konkurs-500-luchshix-rabot-za-2016-god-vo-vseyaponskom-obshhestve-iskusstva-sujbokuga/irina_levasheva_suibokuga_tokyo_2016_06?fileloc=%2F%2Fproc%2Fdriver%2Frtc&path=%2F%2Fproc%2Fdriver HTTP/2.0" 200 20 "-" "Mozilla/5.0 AppleWebKit/537.36 (KHTML, like Gecko; compatible; ClaudeBot/1.0; +claudebot@anthropic.com)"
74.7.227.185 - - [31/Dec/2025:02:52:17 +0300] "GET /?commodity/WOES/MINT77922225171 HTTP/2.0" 200 20 "-" "Mozilla/5.0 AppleWebKit/537.36 (KHTML, like Gecko; compatible; GPTBot/1.3; +https://openai.com/gptbot)"
