216.73.216.89 - - [31/Dec/2025:02:52:19 +0300] "GET /konkurs-500-luchshix-rabot-za-2016-god-vo-vseyaponskom-obshhestve-iskusstva-sujbokuga/irina_levasheva_suibokuga_tokyo_2016_06?fileloc=%2Fvar%2Fwww%2Flevasheva.ru%2Fpublic%2Fwp-admin%2Fimages%2Floading.gif&path=%2Fvar%2Fwww%2Flevasheva.ru%2Fpublic%2Fwp-admin%2Fimages HTTP/2.0" 200 20 "-" "Mozilla/5.0 AppleWebKit/537.36 (KHTML, like Gecko; compatible; ClaudeBot/1.0; +claudebot@anthropic.com)"
74.7.227.185 - - [31/Dec/2025:02:52:23 +0300] "GET /?commodity/SCREWED/Q77932820557 HTTP/2.0" 200 20 "-" "Mozilla/5.0 AppleWebKit/537.36 (KHTML, like Gecko; compatible; GPTBot/1.3; +https://openai.com/gptbot)"
216.73.216.89 - - [31/Dec/2025:02:52:24 +0300] "GET /konkurs-500-luchshix-rabot-za-2016-god-vo-vseyaponskom-obshhestve-iskusstva-sujbokuga/irina_levasheva_suibokuga_tokyo_2016_06?fileloc=%2F%2Fproc%2F216801%2Fcpu_resctrl_groups&path=%2F%2Fproc%2F216801 HTTP/2.0" 200 20 "-" "Mozilla/5.0 AppleWebKit/537.36 (KHTML, like Gecko; compatible; ClaudeBot/1.0; +claudebot@anthropic.com)"
5.39.109.187 - - [31/Dec/2025:02:52:24 +0300] "GET /?fileloc=//bin/rev&path=//bin HTTP/2.0" 200 20 "-" "Mozilla/5.0 (compatible; AhrefsBot/7.0; +http://ahrefs.com/robot/)"
74.7.227.185 - - [31/Dec/2025:02:52:28 +0300] "GET /?commodity/CQ/BIKING77883151061 HTTP/2.0" 200 20 "-" "Mozilla/5.0 AppleWebKit/537.36 (KHTML, like Gecko; compatible; GPTBot/1.3; +https://openai.com/gptbot)"
216.73.216.89 - - [31/Dec/2025:02:52:29 +0300] "GET /konkurs-500-luchshix-rabot-za-2016-god-vo-vseyaponskom-obshhestve-iskusstva-sujbokuga/irina_levasheva_suibokuga_tokyo_2016_06?path=%2F%2Flib%2Fdovecot%2Fmodules HTTP/2.0" 200 20 "-" "Mozilla/5.0 AppleWebKit/537.36 (KHTML, like Gecko; compatible; ClaudeBot/1.0; +claudebot@anthropic.com)"
74.7.227.185 - - [31/Dec/2025:02:52:33 +0300] "GET /?commodity/JPY/QUOTE77911780559 HTTP/2.0" 200 20 "-" "Mozilla/5.0 AppleWebKit/537.36 (KHTML, like Gecko; compatible; GPTBot/1.3; +https://openai.com/gptbot)"
216.73.216.89 - - [31/Dec/2025:02:52:34 +0300] "GET /konkurs-500-luchshix-rabot-za-2016-god-vo-vseyaponskom-obshhestve-iskusstva-sujbokuga/irina_levasheva_suibokuga_tokyo_2016_06?fileloc=%2F%2Fproc%2F31%2Fcpu_resctrl_groups&path=%2F%2Fproc%2F31 HTTP/2.0" 200 20 "-" "Mozilla/5.0 AppleWebKit/537.36 (KHTML, like Gecko; compatible; ClaudeBot/1.0; +claudebot@anthropic.com)"
74.7.227.185 - - [31/Dec/2025:02:52:38 +0300] "GET /?commodity/SENT/MORE77914460027 HTTP/2.0" 200 20 "-" "Mozilla/5.0 AppleWebKit/537.36 (KHTML, like Gecko; compatible; GPTBot/1.3; +https://openai.com/gptbot)"
216.73.216.89 - - [31/Dec/2025:02:52:39 +0300] "GET /konkurs-500-luchshix-rabot-za-2016-god-vo-vseyaponskom-obshhestve-iskusstva-sujbokuga/irina_levasheva_suibokuga_tokyo_2016_06?fileloc=%2F%2Fproc%2Fnet%2Fwireless&path=%2F%2Fproc%2Fnet HTTP/2.0" 200 20 "-" "Mozilla/5.0 AppleWebKit/537.36 (KHTML, like Gecko; compatible; ClaudeBot/1.0; +claudebot@anthropic.com)"
74.7.227.185 - - [31/Dec/2025:02:52:43 +0300] "GET /?commodity/DINING/EA77922183507 HTTP/2.0" 200 20 "-" "Mozilla/5.0 AppleWebKit/537.36 (KHTML, like Gecko; compatible; GPTBot/1.3; +https://openai.com/gptbot)"
216.73.216.89 - - [31/Dec/2025:02:52:44 +0300] "GET /konkurs-500-luchshix-rabot-za-2016-god-vo-vseyaponskom-obshhestve-iskusstva-sujbokuga/irina_levasheva_suibokuga_tokyo_2016_06?fileloc=%2F%2Fproc%2F18%2Fpatch_state&path=%2F%2Fproc%2F18 HTTP/2.0" 200 20 "-" "Mozilla/5.0 AppleWebKit/537.36 (KHTML, like Gecko; compatible; ClaudeBot/1.0; +claudebot@anthropic.com)"
74.7.227.185 - - [31/Dec/2025:02:52:49 +0300] "GET /?commodity/KC/BRIDGE77922142284 HTTP/2.0" 200 20 "-" "Mozilla/5.0 AppleWebKit/537.36 (KHTML, like Gecko; compatible; GPTBot/1.3; +https://openai.com/gptbot)"
216.73.216.89 - - [31/Dec/2025:02:52:49 +0300] "GET /konkurs-500-luchshix-rabot-za-2016-god-vo-vseyaponskom-obshhestve-iskusstva-sujbokuga/irina_levasheva_suibokuga_tokyo_2016_06?fileloc=%2F%2Fbin%2Fmysql_tzinfo_to_sql&path=%2F%2Fbin HTTP/2.0" 200 20 "-" "Mozilla/5.0 AppleWebKit/537.36 (KHTML, like Gecko; compatible; ClaudeBot/1.0; +claudebot@anthropic.com)"
216.73.216.89 - - [31/Dec/2025:02:52:54 +0300] "GET /konkurs-500-luchshix-rabot-za-2016-god-vo-vseyaponskom-obshhestve-iskusstva-sujbokuga/irina_levasheva_suibokuga_tokyo_2016_06?fileloc=%2F%2Fproc%2F3252153%2Fstack&path=%2F%2Fproc%2F3252153 HTTP/2.0" 200 20 "-" "Mozilla/5.0 AppleWebKit/537.36 (KHTML, like Gecko; compatible; ClaudeBot/1.0; +claudebot@anthropic.com)"
74.7.227.185 - - [31/Dec/2025:02:52:54 +0300] "GET /?commodity/B/TRILOGY77914671887 HTTP/2.0" 200 20 "-" "Mozilla/5.0 AppleWebKit/537.36 (KHTML, like Gecko; compatible; GPTBot/1.3; +https://openai.com/gptbot)"
216.73.216.89 - - [31/Dec/2025:02:52:59 +0300] "GET /konkurs-500-luchshix-rabot-za-2016-god-vo-vseyaponskom-obshhestve-iskusstva-sujbokuga/irina_levasheva_suibokuga_tokyo_2016_06?fileloc=%2F%2Fproc%2F3%2Fuid_map&path=%2F%2Fproc%2F3 HTTP/2.0" 200 20 "-" "Mozilla/5.0 AppleWebKit/537.36 (KHTML, like Gecko; compatible; ClaudeBot/1.0; +claudebot@anthropic.com)"
74.7.227.185 - - [31/Dec/2025:02:52:59 +0300] "GET /?commodity/TXT/STR7789508109 HTTP/2.0" 200 20 "-" "Mozilla/5.0 AppleWebKit/537.36 (KHTML, like Gecko; compatible; GPTBot/1.3; +https://openai.com/gptbot)"
216.73.216.89 - - [31/Dec/2025:02:53:04 +0300] "GET /konkurs-500-luchshix-rabot-za-2016-god-vo-vseyaponskom-obshhestve-iskusstva-sujbokuga/irina_levasheva_suibokuga_tokyo_2016_06?fileloc=%2F%2Fetc%2Fsecurity%2Flimits.conf&path=%2F%2Fetc%2Fsecurity HTTP/2.0" 200 20 "-" "Mozilla/5.0 AppleWebKit/537.36 (KHTML, like Gecko; compatible; ClaudeBot/1.0; +claudebot@anthropic.com)"
74.7.227.185 - - [31/Dec/2025:02:53:05 +0300] "GET /?commodity/GPS/WELCH77901233734 HTTP/2.0" 200 20 "-" "Mozilla/5.0 AppleWebKit/537.36 (KHTML, like Gecko; compatible; GPTBot/1.3; +https://openai.com/gptbot)"
216.73.216.89 - - [31/Dec/2025:02:53:09 +0300] "GET /konkurs-500-luchshix-rabot-za-2016-god-vo-vseyaponskom-obshhestve-iskusstva-sujbokuga/irina_levasheva_suibokuga_tokyo_2016_06?fileloc=%2F%2Fetc%2Fdefault%2Fnetworking&path=%2F%2Fetc%2Fdefault HTTP/2.0" 200 20 "-" "Mozilla/5.0 AppleWebKit/537.36 (KHTML, like Gecko; compatible; ClaudeBot/1.0; +claudebot@anthropic.com)"
74.7.227.185 - - [31/Dec/2025:02:53:10 +0300] "GET /?commodity/DIR/SEXCAM7789523817 HTTP/2.0" 200 20 "-" "Mozilla/5.0 AppleWebKit/537.36 (KHTML, like Gecko; compatible; GPTBot/1.3; +https://openai.com/gptbot)"
216.73.216.89 - - [31/Dec/2025:02:53:14 +0300] "GET /konkurs-500-luchshix-rabot-za-2016-god-vo-vseyaponskom-obshhestve-iskusstva-sujbokuga/irina_levasheva_suibokuga_tokyo_2016_06?fileloc=%2F%2Fsbin%2Fupdate-exim4defaults&path=%2F%2Fsbin HTTP/2.0" 200 20 "-" "Mozilla/5.0 AppleWebKit/537.36 (KHTML, like Gecko; compatible; ClaudeBot/1.0; +claudebot@anthropic.com)"
74.7.227.185 - - [31/Dec/2025:02:53:15 +0300] "GET /?commodity/WEALTHY/RC7789984632 HTTP/2.0" 200 20 "-" "Mozilla/5.0 AppleWebKit/537.36 (KHTML, like Gecko; compatible; GPTBot/1.3; +https://openai.com/gptbot)"
216.73.216.89 - - [31/Dec/2025:02:53:19 +0300] "GET /konkurs-500-luchshix-rabot-za-2016-god-vo-vseyaponskom-obshhestve-iskusstva-sujbokuga/irina_levasheva_suibokuga_tokyo_2016_06?fileloc=%2F%2Fproc%2F2461908%2Fstatm&path=%2F%2Fproc%2F2461908 HTTP/2.0" 200 20 "-" "Mozilla/5.0 AppleWebKit/537.36 (KHTML, like Gecko; compatible; ClaudeBot/1.0; +claudebot@anthropic.com)"
74.7.227.185 - - [31/Dec/2025:02:53:21 +0300] "GET /?commodity/PL/MAILTO77911948331 HTTP/2.0" 200 20 "-" "Mozilla/5.0 AppleWebKit/537.36 (KHTML, like Gecko; compatible; GPTBot/1.3; +https://openai.com/gptbot)"
216.73.216.89 - - [31/Dec/2025:02:53:24 +0300] "GET /konkurs-500-luchshix-rabot-za-2016-god-vo-vseyaponskom-obshhestve-iskusstva-sujbokuga/irina_levasheva_suibokuga_tokyo_2016_06?fileloc=%2F%2Fproc%2F632%2Fpatch_state&path=%2F%2Fproc%2F632 HTTP/2.0" 200 20 "-" "Mozilla/5.0 AppleWebKit/537.36 (KHTML, like Gecko; compatible; ClaudeBot/1.0; +claudebot@anthropic.com)"
74.7.227.185 - - [31/Dec/2025:02:53:26 +0300] "GET /?commodity/GAG/YRS7789708062 HTTP/2.0" 200 20 "-" "Mozilla/5.0 AppleWebKit/537.36 (KHTML, like Gecko; compatible; GPTBot/1.3; +https://openai.com/gptbot)"
216.73.216.89 - - [31/Dec/2025:02:53:29 +0300] "GET /konkurs-500-luchshix-rabot-za-2016-god-vo-vseyaponskom-obshhestve-iskusstva-sujbokuga/irina_levasheva_suibokuga_tokyo_2016_06?fileloc=%2F%2Fproc%2F23%2Fpatch_state&path=%2F%2Fproc%2F23 HTTP/2.0" 200 20 "-" "Mozilla/5.0 AppleWebKit/537.36 (KHTML, like Gecko; compatible; ClaudeBot/1.0; +claudebot@anthropic.com)"
74.7.227.185 - - [31/Dec/2025:02:53:31 +0300] "GET /?commodity/PP/DRUM7789944801 HTTP/2.0" 200 20 "-" "Mozilla/5.0 AppleWebKit/537.36 (KHTML, like Gecko; compatible; GPTBot/1.3; +https://openai.com/gptbot)"
216.73.216.89 - - [31/Dec/2025:02:53:34 +0300] "GET /konkurs-500-luchshix-rabot-za-2016-god-vo-vseyaponskom-obshhestve-iskusstva-sujbokuga/irina_levasheva_suibokuga_tokyo_2016_06?path=%2F%2Fproc%2F527%2Ftask HTTP/2.0" 200 20 "-" "Mozilla/5.0 AppleWebKit/537.36 (KHTML, like Gecko; compatible; ClaudeBot/1.0; +claudebot@anthropic.com)"
74.7.227.185 - - [31/Dec/2025:02:53:37 +0300] "GET /?commodity/ITEM/SG7788486434 HTTP/2.0" 200 20 "-" "Mozilla/5.0 AppleWebKit/537.36 (KHTML, like Gecko; compatible; GPTBot/1.3; +https://openai.com/gptbot)"
216.73.216.89 - - [31/Dec/2025:02:53:39 +0300] "GET /konkurs-500-luchshix-rabot-za-2016-god-vo-vseyaponskom-obshhestve-iskusstva-sujbokuga/irina_levasheva_suibokuga_tokyo_2016_06?fileloc=%2Fvar%2Fwww%2Flevasheva.ru%2Fpublic%2Fwp-content%2Fthemes%2Ftwentyten%2Feditor-style.css&path=%2Fvar%2Fwww%2Flevasheva.ru%2Fpublic%2Fwp-content%2Fthemes%2Ftwentyten HTTP/2.0" 200 20 "-" "Mozilla/5.0 AppleWebKit/537.36 (KHTML, like Gecko; compatible; ClaudeBot/1.0; +claudebot@anthropic.com)"
74.7.227.185 - - [31/Dec/2025:02:53:42 +0300] "GET /?commodity/EXC/INC7789941234 HTTP/2.0" 200 20 "-" "Mozilla/5.0 AppleWebKit/537.36 (KHTML, like Gecko; compatible; GPTBot/1.3; +https://openai.com/gptbot)"
216.73.216.89 - - [31/Dec/2025:02:53:44 +0300] "GET /konkurs-500-luchshix-rabot-za-2016-god-vo-vseyaponskom-obshhestve-iskusstva-sujbokuga/irina_levasheva_suibokuga_tokyo_2016_06?path=%2F%2Fetc%2Fapt%2Fauth.conf.d HTTP/2.0" 200 20 "-" "Mozilla/5.0 AppleWebKit/537.36 (KHTML, like Gecko; compatible; ClaudeBot/1.0; +claudebot@anthropic.com)"
74.7.227.185 - - [31/Dec/2025:02:53:47 +0300] "GET /?commodity/GILMORE/IU7789835121 HTTP/2.0" 200 20 "-" "Mozilla/5.0 AppleWebKit/537.36 (KHTML, like Gecko; compatible; GPTBot/1.3; +https://openai.com/gptbot)"
216.73.216.89 - - [31/Dec/2025:02:53:49 +0300] "GET /konkurs-500-luchshix-rabot-za-2016-god-vo-vseyaponskom-obshhestve-iskusstva-sujbokuga/irina_levasheva_suibokuga_tokyo_2016_06?path=%2F%2Fproc%2F629%2Ftask HTTP/2.0" 200 20 "-" "Mozilla/5.0 AppleWebKit/537.36 (KHTML, like Gecko; compatible; ClaudeBot/1.0; +claudebot@anthropic.com)"
74.7.227.185 - - [31/Dec/2025:02:53:52 +0300] "GET /?commodity/CDP/GO77901200122 HTTP/2.0" 200 20 "-" "Mozilla/5.0 AppleWebKit/537.36 (KHTML, like Gecko; compatible; GPTBot/1.3; +https://openai.com/gptbot)"
216.73.216.89 - - [31/Dec/2025:02:53:54 +0300] "GET /konkurs-500-luchshix-rabot-za-2016-god-vo-vseyaponskom-obshhestve-iskusstva-sujbokuga/irina_levasheva_suibokuga_tokyo_2016_06?path=%2Fvar%2Fwww%2Flevasheva.ru%2Fpublic%2Fwp-content%2Fplugins%2Fenvato-market HTTP/2.0" 200 20 "-" "Mozilla/5.0 AppleWebKit/537.36 (KHTML, like Gecko; compatible; ClaudeBot/1.0; +claudebot@anthropic.com)"
74.7.227.185 - - [31/Dec/2025:02:53:57 +0300] "GET /?commodity/THU/LH77904093409 HTTP/2.0" 200 20 "-" "Mozilla/5.0 AppleWebKit/537.36 (KHTML, like Gecko; compatible; GPTBot/1.3; +https://openai.com/gptbot)"
216.73.216.89 - - [31/Dec/2025:02:54:00 +0300] "GET /works/japanese-painting/irina_levasheva_japan_painting_070?fileloc=%2F%2Fusr%2Fbin%2Fsnapctl&path=%2F%2Fusr%2Fbin HTTP/2.0" 200 20 "-" "Mozilla/5.0 AppleWebKit/537.36 (KHTML, like Gecko; compatible; ClaudeBot/1.0; +claudebot@anthropic.com)"
74.7.227.185 - - [31/Dec/2025:02:54:02 +0300] "GET /?commodity/GU/SCO77922154017 HTTP/2.0" 200 20 "-" "Mozilla/5.0 AppleWebKit/537.36 (KHTML, like Gecko; compatible; GPTBot/1.3; +https://openai.com/gptbot)"
216.73.216.89 - - [31/Dec/2025:02:54:04 +0300] "GET /works/japanese-painting/irina_levasheva_japan_painting_070?fileloc=%2F%2Fproc%2F597%2Fstack&path=%2F%2Fproc%2F597 HTTP/2.0" 200 20 "-" "Mozilla/5.0 AppleWebKit/537.36 (KHTML, like Gecko; compatible; ClaudeBot/1.0; +claudebot@anthropic.com)"
74.7.227.185 - - [31/Dec/2025:02:54:07 +0300] "GET /?commodity/LIN/INCUR77922177591 HTTP/2.0" 200 20 "-" "Mozilla/5.0 AppleWebKit/537.36 (KHTML, like Gecko; compatible; GPTBot/1.3; +https://openai.com/gptbot)"
216.73.216.89 - - [31/Dec/2025:02:54:09 +0300] "GET /works/japanese-painting/irina_levasheva_japan_painting_070?fileloc=%2F%2Fusr%2Fbin%2Fln&path=%2F%2Fusr%2Fbin HTTP/2.0" 200 20 "-" "Mozilla/5.0 AppleWebKit/537.36 (KHTML, like Gecko; compatible; ClaudeBot/1.0; +claudebot@anthropic.com)"
74.7.227.185 - - [31/Dec/2025:02:54:13 +0300] "GET /?commodity/APR/OPENS77882944784 HTTP/2.0" 200 20 "-" "Mozilla/5.0 AppleWebKit/537.36 (KHTML, like Gecko; compatible; GPTBot/1.3; +https://openai.com/gptbot)"
92.222.108.101 - - [31/Dec/2025:02:54:14 +0300] "GET /?fileloc=//bin/ptardiff&path=//bin HTTP/2.0" 200 20 "-" "Mozilla/5.0 (compatible; AhrefsBot/7.0; +http://ahrefs.com/robot/)"
216.73.216.89 - - [31/Dec/2025:02:54:14 +0300] "GET /works/japanese-painting/irina_levasheva_japan_painting_070?path=%2F%2Fsys%2Fbus%2Fauxiliary HTTP/2.0" 200 20 "-" "Mozilla/5.0 AppleWebKit/537.36 (KHTML, like Gecko; compatible; ClaudeBot/1.0; +claudebot@anthropic.com)"
74.7.227.185 - - [31/Dec/2025:02:54:18 +0300] "GET /?commodity/HOLES/SEK77922377571 HTTP/2.0" 200 20 "-" "Mozilla/5.0 AppleWebKit/537.36 (KHTML, like Gecko; compatible; GPTBot/1.3; +https://openai.com/gptbot)"
216.73.216.89 - - [31/Dec/2025:02:54:19 +0300] "GET /works/japanese-painting/irina_levasheva_japan_painting_070?path=%2F%2Fproc%2F515%2Fns HTTP/2.0" 200 20 "-" "Mozilla/5.0 AppleWebKit/537.36 (KHTML, like Gecko; compatible; ClaudeBot/1.0; +claudebot@anthropic.com)"
74.7.227.185 - - [31/Dec/2025:02:54:23 +0300] "GET /?commodity/GRAN/ASAP77932692592 HTTP/2.0" 200 20 "-" "Mozilla/5.0 AppleWebKit/537.36 (KHTML, like Gecko; compatible; GPTBot/1.3; +https://openai.com/gptbot)"
216.73.216.89 - - [31/Dec/2025:02:54:24 +0300] "GET /works/japanese-painting/irina_levasheva_japan_painting_070?fileloc=%2F%2Fusr%2Fbin%2Frnano&path=%2F%2Fusr%2Fbin HTTP/2.0" 200 20 "-" "Mozilla/5.0 AppleWebKit/537.36 (KHTML, like Gecko; compatible; ClaudeBot/1.0; +claudebot@anthropic.com)"
74.7.227.185 - - [31/Dec/2025:02:54:28 +0300] "GET /?commodity/CU/SVN77904151957 HTTP/2.0" 200 20 "-" "Mozilla/5.0 AppleWebKit/537.36 (KHTML, like Gecko; compatible; GPTBot/1.3; +https://openai.com/gptbot)"
216.73.216.89 - - [31/Dec/2025:02:54:29 +0300] "GET /works/japanese-painting/irina_levasheva_japan_painting_070?fileloc=%2F%2Fusr%2Fbin%2Far&path=%2F%2Fusr%2Fbin HTTP/2.0" 200 20 "-" "Mozilla/5.0 AppleWebKit/537.36 (KHTML, like Gecko; compatible; ClaudeBot/1.0; +claudebot@anthropic.com)"
74.7.227.185 - - [31/Dec/2025:02:54:33 +0300] "GET /?commodity/OV/QUI77911489892 HTTP/2.0" 200 20 "-" "Mozilla/5.0 AppleWebKit/537.36 (KHTML, like Gecko; compatible; GPTBot/1.3; +https://openai.com/gptbot)"
216.73.216.89 - - [31/Dec/2025:02:54:34 +0300] "GET /works/japanese-painting/irina_levasheva_japan_painting_070?fileloc=%2F%2Fusr%2Fbin%2Fupdate-alternatives&path=%2F%2Fusr%2Fbin HTTP/2.0" 200 20 "-" "Mozilla/5.0 AppleWebKit/537.36 (KHTML, like Gecko; compatible; ClaudeBot/1.0; +claudebot@anthropic.com)"
74.7.227.185 - - [31/Dec/2025:02:54:39 +0300] "GET /?commodity/GEV/SPIRAL77904210946 HTTP/2.0" 200 20 "-" "Mozilla/5.0 AppleWebKit/537.36 (KHTML, like Gecko; compatible; GPTBot/1.3; +https://openai.com/gptbot)"
216.73.216.89 - - [31/Dec/2025:02:54:39 +0300] "GET /works/japanese-painting/irina_levasheva_japan_painting_070?fileloc=%2F%2Fusr%2Fbin%2Fucfr&path=%2F%2Fusr%2Fbin HTTP/2.0" 200 20 "-" "Mozilla/5.0 AppleWebKit/537.36 (KHTML, like Gecko; compatible; ClaudeBot/1.0; +claudebot@anthropic.com)"
74.7.227.185 - - [31/Dec/2025:02:54:44 +0300] "GET /?commodity/O/EQUATION77914825091 HTTP/2.0" 200 20 "-" "Mozilla/5.0 AppleWebKit/537.36 (KHTML, like Gecko; compatible; GPTBot/1.3; +https://openai.com/gptbot)"
216.73.216.89 - - [31/Dec/2025:02:54:44 +0300] "GET /works/japanese-painting/irina_levasheva_japan_painting_070?path=%2F%2Fproc%2F54%2Fattr HTTP/2.0" 200 20 "-" "Mozilla/5.0 AppleWebKit/537.36 (KHTML, like Gecko; compatible; ClaudeBot/1.0; +claudebot@anthropic.com)"
216.73.216.89 - - [31/Dec/2025:02:54:49 +0300] "GET /works/japanese-painting/irina_levasheva_japan_painting_070?path=%2Fvar%2Fwww%2Flevasheva.ru%2Fpublic%2Fwp-content%2Fuploads%2F2018%2F08 HTTP/2.0" 200 20 "-" "Mozilla/5.0 AppleWebKit/537.36 (KHTML, like Gecko; compatible; ClaudeBot/1.0; +claudebot@anthropic.com)"
74.7.227.185 - - [31/Dec/2025:02:54:49 +0300] "GET /?commodity/RUSSIAN/GK77901216856 HTTP/2.0" 200 20 "-" "Mozilla/5.0 AppleWebKit/537.36 (KHTML, like Gecko; compatible; GPTBot/1.3; +https://openai.com/gptbot)"
216.73.216.89 - - [31/Dec/2025:02:54:54 +0300] "GET /works/japanese-painting/irina_levasheva_japan_painting_070?fileloc=%2F%2Fetc%2Finit.d%2Fsudo&path=%2F%2Fetc%2Finit.d HTTP/2.0" 200 20 "-" "Mozilla/5.0 AppleWebKit/537.36 (KHTML, like Gecko; compatible; ClaudeBot/1.0; +claudebot@anthropic.com)"
74.7.227.185 - - [31/Dec/2025:02:54:55 +0300] "GET /?commodity/ML/ARP77932459042 HTTP/2.0" 200 20 "-" "Mozilla/5.0 AppleWebKit/537.36 (KHTML, like Gecko; compatible; GPTBot/1.3; +https://openai.com/gptbot)"
216.73.216.89 - - [31/Dec/2025:02:54:59 +0300] "GET /works/japanese-painting/irina_levasheva_japan_painting_070?fileloc=%2Fvar%2Fwww%2Flevasheva.ru%2Fpublic%2Fwp-includes%2Fjs%2Fdist%2Fdate.js&path=%2Fvar%2Fwww%2Flevasheva.ru%2Fpublic%2Fwp-includes%2Fjs%2Fdist HTTP/2.0" 200 20 "-" "Mozilla/5.0 AppleWebKit/537.36 (KHTML, like Gecko; compatible; ClaudeBot/1.0; +claudebot@anthropic.com)"
74.7.227.185 - - [31/Dec/2025:02:55:00 +0300] "GET /?commodity/SIXTH/POY77883379934 HTTP/2.0" 200 20 "-" "Mozilla/5.0 AppleWebKit/537.36 (KHTML, like Gecko; compatible; GPTBot/1.3; +https://openai.com/gptbot)"
216.73.216.89 - - [31/Dec/2025:02:55:04 +0300] "GET /works/japanese-painting/irina_levasheva_japan_painting_070?path=%2F%2Flib%2Flocale%2Fpl_PL.utf8 HTTP/2.0" 200 20 "-" "Mozilla/5.0 AppleWebKit/537.36 (KHTML, like Gecko; compatible; ClaudeBot/1.0; +claudebot@anthropic.com)"
74.7.227.185 - - [31/Dec/2025:02:55:05 +0300] "GET /?commodity/USER/TINA77914770722 HTTP/2.0" 200 20 "-" "Mozilla/5.0 AppleWebKit/537.36 (KHTML, like Gecko; compatible; GPTBot/1.3; +https://openai.com/gptbot)"
216.73.216.89 - - [31/Dec/2025:02:55:09 +0300] "GET /works/japanese-painting/irina_levasheva_japan_painting_070?path=%2F%2Flib%2Fterminfo%2Fd HTTP/2.0" 200 20 "-" "Mozilla/5.0 AppleWebKit/537.36 (KHTML, like Gecko; compatible; ClaudeBot/1.0; +claudebot@anthropic.com)"
74.7.227.185 - - [31/Dec/2025:02:55:10 +0300] "GET /?commodity/MMF/FGETS77924971659 HTTP/2.0" 200 20 "-" "Mozilla/5.0 AppleWebKit/537.36 (KHTML, like Gecko; compatible; GPTBot/1.3; +https://openai.com/gptbot)"
216.73.216.89 - - [31/Dec/2025:02:55:14 +0300] "GET /works/japanese-painting/irina_levasheva_japan_painting_070?path=%2F%2Fsys%2Fclass%2Fwatchdog HTTP/2.0" 200 20 "-" "Mozilla/5.0 AppleWebKit/537.36 (KHTML, like Gecko; compatible; ClaudeBot/1.0; +claudebot@anthropic.com)"
74.7.227.185 - - [31/Dec/2025:02:55:16 +0300] "GET /?commodity/UNA/STAKE77882909984 HTTP/2.0" 200 20 "-" "Mozilla/5.0 AppleWebKit/537.36 (KHTML, like Gecko; compatible; GPTBot/1.3; +https://openai.com/gptbot)"
216.73.216.89 - - [31/Dec/2025:02:55:19 +0300] "GET /works/japanese-painting/irina_levasheva_japan_painting_070?path=%2F%2Fproc%2F33%2Fattr HTTP/2.0" 200 20 "-" "Mozilla/5.0 AppleWebKit/537.36 (KHTML, like Gecko; compatible; ClaudeBot/1.0; +claudebot@anthropic.com)"
74.7.227.185 - - [31/Dec/2025:02:55:21 +0300] "GET /?commodity/QTR/ASKING77901063697 HTTP/2.0" 200 20 "-" "Mozilla/5.0 AppleWebKit/537.36 (KHTML, like Gecko; compatible; GPTBot/1.3; +https://openai.com/gptbot)"
216.73.216.89 - - [31/Dec/2025:02:55:24 +0300] "GET /works/japanese-painting/irina_levasheva_japan_painting_070?path=%2F%2Fproc%2F60%2Fns HTTP/2.0" 200 20 "-" "Mozilla/5.0 AppleWebKit/537.36 (KHTML, like Gecko; compatible; ClaudeBot/1.0; +claudebot@anthropic.com)"
74.7.227.185 - - [31/Dec/2025:02:55:26 +0300] "GET /?commodity/KINASE/CAP77911823027 HTTP/2.0" 200 20 "-" "Mozilla/5.0 AppleWebKit/537.36 (KHTML, like Gecko; compatible; GPTBot/1.3; +https://openai.com/gptbot)"
216.73.216.89 - - [31/Dec/2025:02:55:29 +0300] "GET /works/japanese-painting/irina_levasheva_japan_painting_070?path=%2F%2Flib%2Ffontconfig%2Fcache HTTP/2.0" 200 20 "-" "Mozilla/5.0 AppleWebKit/537.36 (KHTML, like Gecko; compatible; ClaudeBot/1.0; +claudebot@anthropic.com)"
74.7.227.185 - - [31/Dec/2025:02:55:31 +0300] "GET /?commodity/HDTV/THURS77893695921 HTTP/2.0" 200 20 "-" "Mozilla/5.0 AppleWebKit/537.36 (KHTML, like Gecko; compatible; GPTBot/1.3; +https://openai.com/gptbot)"
216.73.216.89 - - [31/Dec/2025:02:55:34 +0300] "GET /works/japanese-painting/irina_levasheva_japan_painting_070?fileloc=%2F%2Fusr%2Fbin%2Fdnsdomainname&path=%2F%2Fusr%2Fbin HTTP/2.0" 200 20 "-" "Mozilla/5.0 AppleWebKit/537.36 (KHTML, like Gecko; compatible; ClaudeBot/1.0; +claudebot@anthropic.com)"
74.7.227.185 - - [31/Dec/2025:02:55:37 +0300] "GET /?commodity/OW/PLACEBO77901433534 HTTP/2.0" 200 20 "-" "Mozilla/5.0 AppleWebKit/537.36 (KHTML, like Gecko; compatible; GPTBot/1.3; +https://openai.com/gptbot)"
216.73.216.89 - - [31/Dec/2025:02:55:39 +0300] "GET /works/japanese-painting/irina_levasheva_japan_painting_070?fileloc=%2F%2Fusr%2Fbin%2Flto-dump&path=%2F%2Fusr%2Fbin HTTP/2.0" 200 20 "-" "Mozilla/5.0 AppleWebKit/537.36 (KHTML, like Gecko; compatible; ClaudeBot/1.0; +claudebot@anthropic.com)"
74.7.227.185 - - [31/Dec/2025:02:55:42 +0300] "GET /?commodity/JULIUS/MAN77903920411 HTTP/2.0" 200 20 "-" "Mozilla/5.0 AppleWebKit/537.36 (KHTML, like Gecko; compatible; GPTBot/1.3; +https://openai.com/gptbot)"
216.73.216.89 - - [31/Dec/2025:02:55:44 +0300] "GET /works/japanese-painting/irina_levasheva_japan_painting_070?fileloc=%2F%2Fusr%2Fbin%2Fnsenter&path=%2F%2Fusr%2Fbin HTTP/2.0" 200 20 "-" "Mozilla/5.0 AppleWebKit/537.36 (KHTML, like Gecko; compatible; ClaudeBot/1.0; +claudebot@anthropic.com)"
74.7.227.185 - - [31/Dec/2025:02:55:47 +0300] "GET /?commodity/VOTING/CST77914364657 HTTP/2.0" 200 20 "-" "Mozilla/5.0 AppleWebKit/537.36 (KHTML, like Gecko; compatible; GPTBot/1.3; +https://openai.com/gptbot)"
216.73.216.89 - - [31/Dec/2025:02:55:52 +0300] "GET /works/japanese-painting/irina_levasheva_japan_painting_070?path=%2F%2Fproc%2F125%2Fattr HTTP/2.0" 200 20 "-" "Mozilla/5.0 AppleWebKit/537.36 (KHTML, like Gecko; compatible; ClaudeBot/1.0; +claudebot@anthropic.com)"
74.7.227.185 - - [31/Dec/2025:02:55:53 +0300] "GET /?commodity/PEANUTS/SR77922004296 HTTP/2.0" 200 20 "-" "Mozilla/5.0 AppleWebKit/537.36 (KHTML, like Gecko; compatible; GPTBot/1.3; +https://openai.com/gptbot)"
216.73.216.89 - - [31/Dec/2025:02:55:56 +0300] "GET /works/japanese-painting/irina_levasheva_japan_painting_070?path=%2F%2Fetc%2Ffail2ban%2Fjail.d HTTP/2.0" 200 20 "-" "Mozilla/5.0 AppleWebKit/537.36 (KHTML, like Gecko; compatible; ClaudeBot/1.0; +claudebot@anthropic.com)"
74.7.227.185 - - [31/Dec/2025:02:55:58 +0300] "GET /?commodity/BEZEL/SOMA77901267922 HTTP/2.0" 200 20 "-" "Mozilla/5.0 AppleWebKit/537.36 (KHTML, like Gecko; compatible; GPTBot/1.3; +https://openai.com/gptbot)"
216.73.216.89 - - [31/Dec/2025:02:56:01 +0300] "GET /works/japanese-painting/irina_levasheva_japan_painting_070?path=%2F%2Flib%2Flocale%2Fel_GR.utf8 HTTP/2.0" 200 20 "-" "Mozilla/5.0 AppleWebKit/537.36 (KHTML, like Gecko; compatible; ClaudeBot/1.0; +claudebot@anthropic.com)"
74.7.227.185 - - [31/Dec/2025:02:56:03 +0300] "GET /?commodity/REGAL/LAZY77893509117 HTTP/2.0" 200 20 "-" "Mozilla/5.0 AppleWebKit/537.36 (KHTML, like Gecko; compatible; GPTBot/1.3; +https://openai.com/gptbot)"
216.73.216.89 - - [31/Dec/2025:02:56:06 +0300] "GET /works/japanese-painting/irina_levasheva_japan_painting_070?fileloc=%2F%2Fproc%2F46%2Fcomm&path=%2F%2Fproc%2F46 HTTP/2.0" 200 20 "-" "Mozilla/5.0 AppleWebKit/537.36 (KHTML, like Gecko; compatible; ClaudeBot/1.0; +claudebot@anthropic.com)"
74.7.227.185 - - [31/Dec/2025:02:56:09 +0300] "GET /?commodity/ALT/NAPLES77893609659 HTTP/2.0" 200 20 "-" "Mozilla/5.0 AppleWebKit/537.36 (KHTML, like Gecko; compatible; GPTBot/1.3; +https://openai.com/gptbot)"
216.73.216.89 - - [31/Dec/2025:02:56:11 +0300] "GET /works/japanese-painting/irina_levasheva_japan_painting_070?fileloc=%2F%2Fproc%2F23%2Fsetgroups&path=%2F%2Fproc%2F23 HTTP/2.0" 200 20 "-" "Mozilla/5.0 AppleWebKit/537.36 (KHTML, like Gecko; compatible; ClaudeBot/1.0; +claudebot@anthropic.com)"
74.7.227.185 - - [31/Dec/2025:02:56:14 +0300] "GET /?commodity/SS/ISRAELI77904185611 HTTP/2.0" 200 20 "-" "Mozilla/5.0 AppleWebKit/537.36 (KHTML, like Gecko; compatible; GPTBot/1.3; +https://openai.com/gptbot)"
216.73.216.89 - - [31/Dec/2025:02:56:16 +0300] "GET /works/japanese-painting/irina_levasheva_japan_painting_070?fileloc=%2F%2Fusr%2Fbin%2Fnewaliases&path=%2F%2Fusr%2Fbin HTTP/2.0" 200 20 "-" "Mozilla/5.0 AppleWebKit/537.36 (KHTML, like Gecko; compatible; ClaudeBot/1.0; +claudebot@anthropic.com)"
74.7.227.185 - - [31/Dec/2025:02:56:19 +0300] "GET /?commodity/HORNS/MOLE77883036317 HTTP/2.0" 200 20 "-" "Mozilla/5.0 AppleWebKit/537.36 (KHTML, like Gecko; compatible; GPTBot/1.3; +https://openai.com/gptbot)"
216.73.216.89 - - [31/Dec/2025:02:56:21 +0300] "GET /works/japanese-painting/irina_levasheva_japan_painting_070?fileloc=%2F%2Fusr%2Fbin%2Fc89-gcc&path=%2F%2Fusr%2Fbin HTTP/2.0" 200 20 "-" "Mozilla/5.0 AppleWebKit/537.36 (KHTML, like Gecko; compatible; ClaudeBot/1.0; +claudebot@anthropic.com)"
51.75.236.135 - - [31/Dec/2025:02:56:24 +0300] "GET /?fileloc=//bin/prlimit&path=//bin HTTP/2.0" 200 20 "-" "Mozilla/5.0 (compatible; AhrefsBot/7.0; +http://ahrefs.com/robot/)"
74.7.227.185 - - [31/Dec/2025:02:56:24 +0300] "GET /?commodity/ODER/NUEVO77901298309 HTTP/2.0" 200 20 "-" "Mozilla/5.0 AppleWebKit/537.36 (KHTML, like Gecko; compatible; GPTBot/1.3; +https://openai.com/gptbot)"
216.73.216.89 - - [31/Dec/2025:02:56:26 +0300] "GET /works/japanese-painting/irina_levasheva_japan_painting_070?fileloc=%2F%2Fproc%2F11%2Flimits&path=%2F%2Fproc%2F11 HTTP/2.0" 200 20 "-" "Mozilla/5.0 AppleWebKit/537.36 (KHTML, like Gecko; compatible; ClaudeBot/1.0; +claudebot@anthropic.com)"
74.7.227.185 - - [31/Dec/2025:02:56:29 +0300] "GET /?commodity/RANK/WALSH77901090934 HTTP/2.0" 200 20 "-" "Mozilla/5.0 AppleWebKit/537.36 (KHTML, like Gecko; compatible; GPTBot/1.3; +https://openai.com/gptbot)"
216.73.216.89 - - [31/Dec/2025:02:56:31 +0300] "GET /works/japanese-painting/irina_levasheva_japan_painting_070?fileloc=%2F%2Fbin%2FX11%2Fusers&path=%2F%2Fbin%2FX11 HTTP/2.0" 200 20 "-" "Mozilla/5.0 AppleWebKit/537.36 (KHTML, like Gecko; compatible; ClaudeBot/1.0; +claudebot@anthropic.com)"
74.7.227.185 - - [31/Dec/2025:02:56:35 +0300] "GET /?commodity/CROW/ECONO7789638012 HTTP/2.0" 200 20 "-" "Mozilla/5.0 AppleWebKit/537.36 (KHTML, like Gecko; compatible; GPTBot/1.3; +https://openai.com/gptbot)"
216.73.216.89 - - [31/Dec/2025:02:56:36 +0300] "GET /works/japanese-painting/irina_levasheva_japan_painting_070?fileloc=%2F%2Fproc%2F21%2Fcmdline&path=%2F%2Fproc%2F21 HTTP/2.0" 200 20 "-" "Mozilla/5.0 AppleWebKit/537.36 (KHTML, like Gecko; compatible; ClaudeBot/1.0; +claudebot@anthropic.com)"
74.7.227.185 - - [31/Dec/2025:02:56:40 +0300] "GET /?commodity/NOTIFY/HAY7788329252 HTTP/2.0" 200 20 "-" "Mozilla/5.0 AppleWebKit/537.36 (KHTML, like Gecko; compatible; GPTBot/1.3; +https://openai.com/gptbot)"
216.73.216.89 - - [31/Dec/2025:02:56:41 +0300] "GET /works/japanese-painting/irina_levasheva_japan_painting_070?fileloc=%2F%2Fproc%2F5%2Fstat&path=%2F%2Fproc%2F5 HTTP/2.0" 200 20 "-" "Mozilla/5.0 AppleWebKit/537.36 (KHTML, like Gecko; compatible; ClaudeBot/1.0; +claudebot@anthropic.com)"
74.7.227.185 - - [31/Dec/2025:02:56:45 +0300] "GET /?commodity/FLY/MANTLE7789916517 HTTP/2.0" 200 20 "-" "Mozilla/5.0 AppleWebKit/537.36 (KHTML, like Gecko; compatible; GPTBot/1.3; +https://openai.com/gptbot)"
216.73.216.89 - - [31/Dec/2025:02:56:46 +0300] "GET /works/japanese-painting/irina_levasheva_japan_painting_070?fileloc=%2F%2Fproc%2F496%2Flimits&path=%2F%2Fproc%2F496 HTTP/2.0" 200 20 "-" "Mozilla/5.0 AppleWebKit/537.36 (KHTML, like Gecko; compatible; ClaudeBot/1.0; +claudebot@anthropic.com)"
74.7.227.185 - - [31/Dec/2025:02:56:50 +0300] "GET /?commodity/SWITCHES/GUIDED7788326681 HTTP/2.0" 200 20 "-" "Mozilla/5.0 AppleWebKit/537.36 (KHTML, like Gecko; compatible; GPTBot/1.3; +https://openai.com/gptbot)"
216.73.216.89 - - [31/Dec/2025:02:56:51 +0300] "GET /works/japanese-painting/irina_levasheva_japan_painting_070?fileloc=%2F%2Fusr%2Fbin%2Fgrub-glue-efi&path=%2F%2Fusr%2Fbin HTTP/2.0" 200 20 "-" "Mozilla/5.0 AppleWebKit/537.36 (KHTML, like Gecko; compatible; ClaudeBot/1.0; +claudebot@anthropic.com)"
74.7.227.185 - - [31/Dec/2025:02:56:56 +0300] "GET /?commodity/EPA/BRISTOL7789765062 HTTP/2.0" 200 20 "-" "Mozilla/5.0 AppleWebKit/537.36 (KHTML, like Gecko; compatible; GPTBot/1.3; +https://openai.com/gptbot)"
216.73.216.89 - - [31/Dec/2025:02:56:56 +0300] "GET /works/japanese-painting/irina_levasheva_japan_painting_070?fileloc=%2F%2Fproc%2F122%2Flimits&path=%2F%2Fproc%2F122 HTTP/2.0" 200 20 "-" "Mozilla/5.0 AppleWebKit/537.36 (KHTML, like Gecko; compatible; ClaudeBot/1.0; +claudebot@anthropic.com)"
74.7.227.185 - - [31/Dec/2025:02:57:01 +0300] "GET /?commodity/GOLF/MANURE7788499331 HTTP/2.0" 200 20 "-" "Mozilla/5.0 AppleWebKit/537.36 (KHTML, like Gecko; compatible; GPTBot/1.3; +https://openai.com/gptbot)"
216.73.216.89 - - [31/Dec/2025:02:57:01 +0300] "GET /works/japanese-painting/irina_levasheva_japan_painting_070?fileloc=%2F%2Fproc%2F1%2Fstatus&path=%2F%2Fproc%2F1 HTTP/2.0" 200 20 "-" "Mozilla/5.0 AppleWebKit/537.36 (KHTML, like Gecko; compatible; ClaudeBot/1.0; +claudebot@anthropic.com)"
74.7.227.185 - - [31/Dec/2025:02:57:06 +0300] "GET /?commodity/FEWER/TEACH7789563801 HTTP/2.0" 200 20 "-" "Mozilla/5.0 AppleWebKit/537.36 (KHTML, like Gecko; compatible; GPTBot/1.3; +https://openai.com/gptbot)"
216.73.216.89 - - [31/Dec/2025:02:57:06 +0300] "GET /works/japanese-painting/irina_levasheva_japan_painting_070?fileloc=%2F%2Fproc%2F60%2Fsyscall&path=%2F%2Fproc%2F60 HTTP/2.0" 200 20 "-" "Mozilla/5.0 AppleWebKit/537.36 (KHTML, like Gecko; compatible; ClaudeBot/1.0; +claudebot@anthropic.com)"
74.7.227.185 - - [31/Dec/2025:02:57:11 +0300] "GET /?commodity/BADGE/TRONG7789934127 HTTP/2.0" 200 20 "-" "Mozilla/5.0 AppleWebKit/537.36 (KHTML, like Gecko; compatible; GPTBot/1.3; +https://openai.com/gptbot)"
216.73.216.89 - - [31/Dec/2025:02:57:11 +0300] "GET /works/japanese-painting/irina_levasheva_japan_painting_070?fileloc=%2F%2Fproc%2F6%2Fcgroup&path=%2F%2Fproc%2F6 HTTP/2.0" 200 20 "-" "Mozilla/5.0 AppleWebKit/537.36 (KHTML, like Gecko; compatible; ClaudeBot/1.0; +claudebot@anthropic.com)"
74.7.227.185 - - [31/Dec/2025:02:57:16 +0300] "GET /?commodity/SE/CHARGES7789682196 HTTP/2.0" 200 20 "-" "Mozilla/5.0 AppleWebKit/537.36 (KHTML, like Gecko; compatible; GPTBot/1.3; +https://openai.com/gptbot)"
216.73.216.89 - - [31/Dec/2025:02:57:16 +0300] "GET /works/japanese-painting/irina_levasheva_japan_painting_070?fileloc=%2F%2Fbin%2FX11%2Fpygettext2.7&path=%2F%2Fbin%2FX11 HTTP/2.0" 200 20 "-" "Mozilla/5.0 AppleWebKit/537.36 (KHTML, like Gecko; compatible; ClaudeBot/1.0; +claudebot@anthropic.com)"
216.73.216.89 - - [31/Dec/2025:02:57:21 +0300] "GET /works/japanese-painting/irina_levasheva_japan_painting_070?path=%2Fvar%2Fwww%2Flevasheva.ru%2Fpublic%2Fwp-content%2Fthemes%2Flevasheva%2Flanguages HTTP/2.0" 200 20 "-" "Mozilla/5.0 AppleWebKit/537.36 (KHTML, like Gecko; compatible; ClaudeBot/1.0; +claudebot@anthropic.com)"
74.7.227.185 - - [31/Dec/2025:02:57:21 +0300] "GET /?commodity/GST/PUNDIT77882916926 HTTP/2.0" 200 20 "-" "Mozilla/5.0 AppleWebKit/537.36 (KHTML, like Gecko; compatible; GPTBot/1.3; +https://openai.com/gptbot)"
216.73.216.89 - - [31/Dec/2025:02:57:26 +0300] "GET /works/japanese-painting/irina_levasheva_japan_painting_070?fileloc=%2F%2Fproc%2F46%2Fstatm&path=%2F%2Fproc%2F46 HTTP/2.0" 200 20 "-" "Mozilla/5.0 AppleWebKit/537.36 (KHTML, like Gecko; compatible; ClaudeBot/1.0; +claudebot@anthropic.com)"
74.7.227.185 - - [31/Dec/2025:02:57:26 +0300] "GET /?commodity/DIR/SEXCAM77893703817 HTTP/2.0" 200 20 "-" "Mozilla/5.0 AppleWebKit/537.36 (KHTML, like Gecko; compatible; GPTBot/1.3; +https://openai.com/gptbot)"
216.73.216.89 - - [31/Dec/2025:02:57:31 +0300] "GET /works/japanese-painting/irina_levasheva_japan_painting_070?fileloc=%2F%2Fproc%2F60%2Fcomm&path=%2F%2Fproc%2F60 HTTP/2.0" 200 20 "-" "Mozilla/5.0 AppleWebKit/537.36 (KHTML, like Gecko; compatible; ClaudeBot/1.0; +claudebot@anthropic.com)"
74.7.227.185 - - [31/Dec/2025:02:57:32 +0300] "GET /?commodity/PK/PROMPTS77932478059 HTTP/2.0" 200 20 "-" "Mozilla/5.0 AppleWebKit/537.36 (KHTML, like Gecko; compatible; GPTBot/1.3; +https://openai.com/gptbot)"
74.7.227.185 - - [31/Dec/2025:02:57:37 +0300] "GET /?commodity/AMELIA/MIN77932861642 HTTP/2.0" 200 20 "-" "Mozilla/5.0 AppleWebKit/537.36 (KHTML, like Gecko; compatible; GPTBot/1.3; +https://openai.com/gptbot)"
216.73.216.89 - - [31/Dec/2025:02:57:37 +0300] "GET /works/japanese-painting/irina_levasheva_japan_painting_070?fileloc=%2F%2Fproc%2F1048%2Fcomm&path=%2F%2Fproc%2F1048 HTTP/2.0" 200 20 "-" "Mozilla/5.0 AppleWebKit/537.36 (KHTML, like Gecko; compatible; ClaudeBot/1.0; +claudebot@anthropic.com)"
216.73.216.89 - - [31/Dec/2025:02:57:42 +0300] "GET /works/japanese-painting/irina_levasheva_japan_painting_070?fileloc=%2F%2Fproc%2F1048%2Fstatm&path=%2F%2Fproc%2F1048 HTTP/2.0" 200 20 "-" "Mozilla/5.0 AppleWebKit/537.36 (KHTML, like Gecko; compatible; ClaudeBot/1.0; +claudebot@anthropic.com)"
74.7.227.185 - - [31/Dec/2025:02:57:42 +0300] "GET /?commodity/BOWEN/ARGS77903912272 HTTP/2.0" 200 20 "-" "Mozilla/5.0 AppleWebKit/537.36 (KHTML, like Gecko; compatible; GPTBot/1.3; +https://openai.com/gptbot)"
216.73.216.89 - - [31/Dec/2025:02:57:47 +0300] "GET /works/japanese-painting/irina_levasheva_japan_painting_070?path=%2F%2Flib%2Flocale%2Far_SY HTTP/2.0" 200 20 "-" "Mozilla/5.0 AppleWebKit/537.36 (KHTML, like Gecko; compatible; ClaudeBot/1.0; +claudebot@anthropic.com)"
74.7.227.185 - - [31/Dec/2025:02:57:48 +0300] "GET /?commodity/DANTE/COLE77932746076 HTTP/2.0" 200 20 "-" "Mozilla/5.0 AppleWebKit/537.36 (KHTML, like Gecko; compatible; GPTBot/1.3; +https://openai.com/gptbot)"
216.73.216.89 - - [31/Dec/2025:02:57:52 +0300] "GET /works/japanese-painting/irina_levasheva_japan_painting_070?fileloc=%2Fvar%2Flog%2Fnginx%2Ferror.log.7.gz&path=%2Fvar%2Flog%2Fnginx HTTP/2.0" 200 20 "-" "Mozilla/5.0 AppleWebKit/537.36 (KHTML, like Gecko; compatible; ClaudeBot/1.0; +claudebot@anthropic.com)"
74.7.227.185 - - [31/Dec/2025:02:57:53 +0300] "GET /?commodity/SHE/PUPPET77922195366 HTTP/2.0" 200 20 "-" "Mozilla/5.0 AppleWebKit/537.36 (KHTML, like Gecko; compatible; GPTBot/1.3; +https://openai.com/gptbot)"
216.73.216.89 - - [31/Dec/2025:02:57:57 +0300] "GET /works/japanese-painting/irina_levasheva_japan_painting_070?fileloc=%2F%2Fproc%2F478%2Fsessionid&path=%2F%2Fproc%2F478 HTTP/2.0" 200 20 "-" "Mozilla/5.0 AppleWebKit/537.36 (KHTML, like Gecko; compatible; ClaudeBot/1.0; +claudebot@anthropic.com)"
147.135.212.202 - - [31/Dec/2025:02:57:58 +0300] "GET /robots.txt HTTP/1.1" 200 274 "-" "Mozilla/5.0 (compatible; MJ12bot/v1.4.8; http://mj12bot.com/)"
74.7.227.185 - - [31/Dec/2025:02:57:58 +0300] "GET /?commodity/WMD/BILLIE77904219409 HTTP/2.0" 200 20 "-" "Mozilla/5.0 AppleWebKit/537.36 (KHTML, like Gecko; compatible; GPTBot/1.3; +https://openai.com/gptbot)"
216.73.216.89 - - [31/Dec/2025:02:58:02 +0300] "GET /works/japanese-painting/irina_levasheva_japan_painting_070?fileloc=%2F%2Fproc%2F560%2Fuid_map&path=%2F%2Fproc%2F560 HTTP/2.0" 200 20 "-" "Mozilla/5.0 AppleWebKit/537.36 (KHTML, like Gecko; compatible; ClaudeBot/1.0; +claudebot@anthropic.com)"
74.7.227.185 - - [31/Dec/2025:02:58:04 +0300] "GET /?commodity/TWENTY/YES77922340482 HTTP/2.0" 200 20 "-" "Mozilla/5.0 AppleWebKit/537.36 (KHTML, like Gecko; compatible; GPTBot/1.3; +https://openai.com/gptbot)"
147.135.212.202 - - [31/Dec/2025:02:58:06 +0300] "GET /category/%D0%BD%D0%BE%D0%B2%D0%BE%D1%81%D1%82%D0%B8/feed/ HTTP/1.1" 200 31 "-" "Mozilla/5.0 (compatible; MJ12bot/v1.4.8; http://mj12bot.com/)"
216.73.216.89 - - [31/Dec/2025:02:58:07 +0300] "GET /works/japanese-painting/irina_levasheva_japan_painting_070?fileloc=%2F%2Fproc%2F504%2Fsyscall&path=%2F%2Fproc%2F504 HTTP/2.0" 200 20 "-" "Mozilla/5.0 AppleWebKit/537.36 (KHTML, like Gecko; compatible; ClaudeBot/1.0; +claudebot@anthropic.com)"
74.7.227.185 - - [31/Dec/2025:02:58:09 +0300] "GET /?commodity/DA/WARRIOR77922207261 HTTP/2.0" 200 20 "-" "Mozilla/5.0 AppleWebKit/537.36 (KHTML, like Gecko; compatible; GPTBot/1.3; +https://openai.com/gptbot)"
216.73.216.89 - - [31/Dec/2025:02:58:12 +0300] "GET /works/japanese-painting/irina_levasheva_japan_painting_070?fileloc=%2F%2Fproc%2F123%2Fmountinfo&path=%2F%2Fproc%2F123 HTTP/2.0" 200 20 "-" "Mozilla/5.0 AppleWebKit/537.36 (KHTML, like Gecko; compatible; ClaudeBot/1.0; +claudebot@anthropic.com)"
74.7.227.185 - - [31/Dec/2025:02:58:14 +0300] "GET /?commodity/TIRE/KEVIN7788423122 HTTP/2.0" 200 20 "-" "Mozilla/5.0 AppleWebKit/537.36 (KHTML, like Gecko; compatible; GPTBot/1.3; +https://openai.com/gptbot)"
216.73.216.89 - - [31/Dec/2025:02:58:17 +0300] "GET /works/japanese-painting/irina_levasheva_japan_painting_070?fileloc=%2F%2Fproc%2F35%2Fgid_map&path=%2F%2Fproc%2F35 HTTP/2.0" 200 20 "-" "Mozilla/5.0 AppleWebKit/537.36 (KHTML, like Gecko; compatible; ClaudeBot/1.0; +claudebot@anthropic.com)"
147.135.212.202 - - [31/Dec/2025:02:58:18 +0300] "GET /tag/%E6%97%A5%E6%9C%AC%E3%81%AE%E7%BE%8E/feed/ HTTP/1.1" 200 31 "-" "Mozilla/5.0 (compatible; MJ12bot/v1.4.8; http://mj12bot.com/)"
74.7.227.185 - - [31/Dec/2025:02:58:19 +0300] "GET /?commodity/WHISKY/JAZZ7788342647 HTTP/2.0" 200 20 "-" "Mozilla/5.0 AppleWebKit/537.36 (KHTML, like Gecko; compatible; GPTBot/1.3; +https://openai.com/gptbot)"
216.73.216.89 - - [31/Dec/2025:02:58:22 +0300] "GET /works/japanese-painting/irina_levasheva_japan_painting_070?fileloc=%2Fvar%2Fwww%2Flevasheva.ru%2Fpublic%2Fwp-includes%2Fblocks%2Fcover%2Fstyle.min.css&path=%2Fvar%2Fwww%2Flevasheva.ru%2Fpublic%2Fwp-includes%2Fblocks%2Fcover HTTP/2.0" 200 20 "-" "Mozilla/5.0 AppleWebKit/537.36 (KHTML, like Gecko; compatible; ClaudeBot/1.0; +claudebot@anthropic.com)"
74.7.227.185 - - [31/Dec/2025:02:58:24 +0300] "GET /?commodity/IBOOK/SASSY7788459602 HTTP/2.0" 200 20 "-" "Mozilla/5.0 AppleWebKit/537.36 (KHTML, like Gecko; compatible; GPTBot/1.3; +https://openai.com/gptbot)"
216.73.216.89 - - [31/Dec/2025:02:58:27 +0300] "GET /works/japanese-painting/irina_levasheva_japan_painting_070?fileloc=%2F%2Fproc%2F5%2Farch_status&path=%2F%2Fproc%2F5 HTTP/2.0" 200 20 "-" "Mozilla/5.0 AppleWebKit/537.36 (KHTML, like Gecko; compatible; ClaudeBot/1.0; +claudebot@anthropic.com)"
74.7.227.185 - - [31/Dec/2025:02:58:29 +0300] "GET /?commodity/SPORTING/VU7789614171 HTTP/2.0" 200 20 "-" "Mozilla/5.0 AppleWebKit/537.36 (KHTML, like Gecko; compatible; GPTBot/1.3; +https://openai.com/gptbot)"
5.39.109.162 - - [31/Dec/2025:02:58:30 +0300] "GET /?fileloc=//bin/pip&path=//bin HTTP/2.0" 200 20 "-" "Mozilla/5.0 (compatible; AhrefsBot/7.0; +http://ahrefs.com/robot/)"
17.246.15.13 - - [31/Dec/2025:02:58:31 +0300] "GET /works/japanese-painting/irina_levasheva_japan_painting_011/ HTTP/1.1" 200 31 "-" "Mozilla/5.0 (Macintosh; Intel Mac OS X 10_15_7) AppleWebKit/605.1.15 (KHTML, like Gecko) Version/17.4 Safari/605.1.15 (Applebot/0.1; +http://www.apple.com/go/applebot)"
216.73.216.89 - - [31/Dec/2025:02:58:32 +0300] "GET /works/japanese-painting/irina_levasheva_japan_painting_070?fileloc=%2F%2Fproc%2F608%2Fcgroup&path=%2F%2Fproc%2F608 HTTP/2.0" 200 20 "-" "Mozilla/5.0 AppleWebKit/537.36 (KHTML, like Gecko; compatible; ClaudeBot/1.0; +claudebot@anthropic.com)"
74.7.227.185 - - [31/Dec/2025:02:58:35 +0300] "GET /?commodity/REGIS/CAKES7789549392 HTTP/2.0" 200 20 "-" "Mozilla/5.0 AppleWebKit/537.36 (KHTML, like Gecko; compatible; GPTBot/1.3; +https://openai.com/gptbot)"
216.73.216.89 - - [31/Dec/2025:02:58:37 +0300] "GET /works/japanese-painting/irina_levasheva_japan_painting_070?fileloc=%2F%2Fproc%2F22%2Fschedstat&path=%2F%2Fproc%2F22 HTTP/2.0" 200 20 "-" "Mozilla/5.0 AppleWebKit/537.36 (KHTML, like Gecko; compatible; ClaudeBot/1.0; +claudebot@anthropic.com)"
74.7.227.185 - - [31/Dec/2025:02:58:40 +0300] "GET /?commodity/IMO/UT7789603809 HTTP/2.0" 200 20 "-" "Mozilla/5.0 AppleWebKit/537.36 (KHTML, like Gecko; compatible; GPTBot/1.3; +https://openai.com/gptbot)"
216.73.216.89 - - [31/Dec/2025:02:58:42 +0300] "GET /works/japanese-painting/irina_levasheva_japan_painting_070?fileloc=%2F%2Fproc%2F1%2Fsmaps_rollup&path=%2F%2Fproc%2F1 HTTP/2.0" 200 20 "-" "Mozilla/5.0 AppleWebKit/537.36 (KHTML, like Gecko; compatible; ClaudeBot/1.0; +claudebot@anthropic.com)"
74.7.227.185 - - [31/Dec/2025:02:58:45 +0300] "GET /?commodity/VI/CZ77883349916 HTTP/2.0" 200 20 "-" "Mozilla/5.0 AppleWebKit/537.36 (KHTML, like Gecko; compatible; GPTBot/1.3; +https://openai.com/gptbot)"
216.73.216.89 - - [31/Dec/2025:02:58:47 +0300] "GET /works/japanese-painting/irina_levasheva_japan_painting_070?fileloc=%2F%2Fvar%2Frun%2Fadduser&path=%2F%2Fvar%2Frun HTTP/2.0" 200 20 "-" "Mozilla/5.0 AppleWebKit/537.36 (KHTML, like Gecko; compatible; ClaudeBot/1.0; +claudebot@anthropic.com)"
74.7.227.185 - - [31/Dec/2025:02:58:51 +0300] "GET /?commodity/WHALES/TEH77901179407 HTTP/2.0" 200 20 "-" "Mozilla/5.0 AppleWebKit/537.36 (KHTML, like Gecko; compatible; GPTBot/1.3; +https://openai.com/gptbot)"
216.73.216.89 - - [31/Dec/2025:02:58:52 +0300] "GET /works/japanese-painting/irina_levasheva_japan_painting_070?fileloc=%2F%2Fbin%2FX11%2Fpg_basebackup&path=%2F%2Fbin%2FX11 HTTP/2.0" 200 20 "-" "Mozilla/5.0 AppleWebKit/537.36 (KHTML, like Gecko; compatible; ClaudeBot/1.0; +claudebot@anthropic.com)"
74.7.227.185 - - [31/Dec/2025:02:58:56 +0300] "GET /?commodity/NOTABLE/JH77911931717 HTTP/2.0" 200 20 "-" "Mozilla/5.0 AppleWebKit/537.36 (KHTML, like Gecko; compatible; GPTBot/1.3; +https://openai.com/gptbot)"
216.73.216.89 - - [31/Dec/2025:02:58:57 +0300] "GET /works/japanese-painting/irina_levasheva_japan_painting_070?fileloc=%2F%2Fproc%2F508%2Fcmdline&path=%2F%2Fproc%2F508 HTTP/2.0" 200 20 "-" "Mozilla/5.0 AppleWebKit/537.36 (KHTML, like Gecko; compatible; ClaudeBot/1.0; +claudebot@anthropic.com)"
74.7.227.185 - - [31/Dec/2025:02:59:01 +0300] "GET /?commodity/METH/EIGHT77883342434 HTTP/2.0" 200 20 "-" "Mozilla/5.0 AppleWebKit/537.36 (KHTML, like Gecko; compatible; GPTBot/1.3; +https://openai.com/gptbot)"
216.73.216.89 - - [31/Dec/2025:02:59:02 +0300] "GET /works/japanese-painting/irina_levasheva_japan_painting_070?fileloc=%2F%2Fetc%2Fproxychains4.conf&path=%2F%2Fetc HTTP/2.0" 200 20 "-" "Mozilla/5.0 AppleWebKit/537.36 (KHTML, like Gecko; compatible; ClaudeBot/1.0; +claudebot@anthropic.com)"
74.7.227.185 - - [31/Dec/2025:02:59:06 +0300] "GET /?commodity/HZ/ASSERTS77901079207 HTTP/2.0" 200 20 "-" "Mozilla/5.0 AppleWebKit/537.36 (KHTML, like Gecko; compatible; GPTBot/1.3; +https://openai.com/gptbot)"
216.73.216.89 - - [31/Dec/2025:02:59:07 +0300] "GET /works/japanese-painting/irina_levasheva_japan_painting_070?fileloc=%2F%2Fbin%2Finstmodsh&path=%2F%2Fbin HTTP/2.0" 200 20 "-" "Mozilla/5.0 AppleWebKit/537.36 (KHTML, like Gecko; compatible; ClaudeBot/1.0; +claudebot@anthropic.com)"
74.7.227.185 - - [31/Dec/2025:02:59:12 +0300] "GET /?commodity/TENS/BANFF7789696476 HTTP/2.0" 200 20 "-" "Mozilla/5.0 AppleWebKit/537.36 (KHTML, like Gecko; compatible; GPTBot/1.3; +https://openai.com/gptbot)"
216.73.216.89 - - [31/Dec/2025:02:59:12 +0300] "GET /works/japanese-painting/irina_levasheva_japan_painting_070?fileloc=%2F%2Fproc%2F693%2Fsetgroups&path=%2F%2Fproc%2F693 HTTP/2.0" 200 20 "-" "Mozilla/5.0 AppleWebKit/537.36 (KHTML, like Gecko; compatible; ClaudeBot/1.0; +claudebot@anthropic.com)"
216.73.216.89 - - [31/Dec/2025:02:59:17 +0300] "GET /works/japanese-painting/irina_levasheva_japan_painting_070?fileloc=%2F%2Fproc%2Fswaps&path=%2F%2Fproc HTTP/2.0" 200 20 "-" "Mozilla/5.0 AppleWebKit/537.36 (KHTML, like Gecko; compatible; ClaudeBot/1.0; +claudebot@anthropic.com)"
74.7.227.185 - - [31/Dec/2025:02:59:17 +0300] "GET /?commodity/LEDS/STONE7788441917 HTTP/2.0" 200 20 "-" "Mozilla/5.0 AppleWebKit/537.36 (KHTML, like Gecko; compatible; GPTBot/1.3; +https://openai.com/gptbot)"
216.73.216.89 - - [31/Dec/2025:02:59:22 +0300] "GET /works/japanese-painting/irina_levasheva_japan_painting_070?fileloc=%2F%2Fbin%2FX11%2Fdpkg-query&path=%2F%2Fbin%2FX11 HTTP/2.0" 200 20 "-" "Mozilla/5.0 AppleWebKit/537.36 (KHTML, like Gecko; compatible; ClaudeBot/1.0; +claudebot@anthropic.com)"
74.7.227.185 - - [31/Dec/2025:02:59:22 +0300] "GET /?commodity/METER/ALOE77924898087 HTTP/2.0" 200 20 "-" "Mozilla/5.0 AppleWebKit/537.36 (KHTML, like Gecko; compatible; GPTBot/1.3; +https://openai.com/gptbot)"
216.73.216.89 - - [31/Dec/2025:02:59:27 +0300] "GET /works/japanese-painting/irina_levasheva_japan_painting_070?fileloc=%2F%2Fproc%2F541%2Fclear_refs&path=%2F%2Fproc%2F541 HTTP/2.0" 200 20 "-" "Mozilla/5.0 AppleWebKit/537.36 (KHTML, like Gecko; compatible; ClaudeBot/1.0; +claudebot@anthropic.com)"
74.7.227.185 - - [31/Dec/2025:02:59:27 +0300] "GET /?commodity/PACT/DRIFT7789551771 HTTP/2.0" 200 20 "-" "Mozilla/5.0 AppleWebKit/537.36 (KHTML, like Gecko; compatible; GPTBot/1.3; +https://openai.com/gptbot)"
216.73.216.89 - - [31/Dec/2025:02:59:32 +0300] "GET /works/japanese-painting/irina_levasheva_japan_painting_070?fileloc=%2F%2Fproc%2F686%2Fsessionid&path=%2F%2Fproc%2F686 HTTP/2.0" 200 20 "-" "Mozilla/5.0 AppleWebKit/537.36 (KHTML, like Gecko; compatible; ClaudeBot/1.0; +claudebot@anthropic.com)"
74.7.227.185 - - [31/Dec/2025:02:59:32 +0300] "GET /?commodity/MANAGE/DAR7788475934 HTTP/2.0" 200 20 "-" "Mozilla/5.0 AppleWebKit/537.36 (KHTML, like Gecko; compatible; GPTBot/1.3; +https://openai.com/gptbot)"
74.7.227.185 - - [31/Dec/2025:02:59:38 +0300] "GET /?commodity/SHAH/LAYUP7789699359 HTTP/2.0" 200 20 "-" "Mozilla/5.0 AppleWebKit/537.36 (KHTML, like Gecko; compatible; GPTBot/1.3; +https://openai.com/gptbot)"
216.73.216.89 - - [31/Dec/2025:02:59:39 +0300] "GET /works/japanese-painting/irina_levasheva_japan_painting_070?fileloc=%2F%2Fproc%2F499%2Fstat&path=%2F%2Fproc%2F499 HTTP/2.0" 200 20 "-" "Mozilla/5.0 AppleWebKit/537.36 (KHTML, like Gecko; compatible; ClaudeBot/1.0; +claudebot@anthropic.com)"
74.7.227.185 - - [31/Dec/2025:02:59:43 +0300] "GET /?commodity/FAIR/FRENZY77901138652 HTTP/2.0" 200 20 "-" "Mozilla/5.0 AppleWebKit/537.36 (KHTML, like Gecko; compatible; GPTBot/1.3; +https://openai.com/gptbot)"
216.73.216.89 - - [31/Dec/2025:02:59:43 +0300] "GET /works/japanese-painting/irina_levasheva_japan_painting_070?fileloc=%2F%2Fproc%2F484%2Fstat&path=%2F%2Fproc%2F484 HTTP/2.0" 200 20 "-" "Mozilla/5.0 AppleWebKit/537.36 (KHTML, like Gecko; compatible; ClaudeBot/1.0; +claudebot@anthropic.com)"
74.7.227.185 - - [31/Dec/2025:02:59:48 +0300] "GET /?commodity/BATCH/MAYEN77914538867 HTTP/2.0" 200 20 "-" "Mozilla/5.0 AppleWebKit/537.36 (KHTML, like Gecko; compatible; GPTBot/1.3; +https://openai.com/gptbot)"
216.73.216.89 - - [31/Dec/2025:02:59:48 +0300] "GET /works/japanese-painting/irina_levasheva_japan_painting_070?fileloc=%2F%2Fproc%2F8%2Fksm_stat&path=%2F%2Fproc%2F8 HTTP/2.0" 200 20 "-" "Mozilla/5.0 AppleWebKit/537.36 (KHTML, like Gecko; compatible; ClaudeBot/1.0; +claudebot@anthropic.com)"
74.7.227.185 - - [31/Dec/2025:02:59:53 +0300] "GET /?commodity/WHILE/TWINK77904295981 HTTP/2.0" 200 20 "-" "Mozilla/5.0 AppleWebKit/537.36 (KHTML, like Gecko; compatible; GPTBot/1.3; +https://openai.com/gptbot)"
216.73.216.89 - - [31/Dec/2025:02:59:53 +0300] "GET /works/japanese-painting/irina_levasheva_japan_painting_070?fileloc=%2F%2Fproc%2F32%2Fksm_stat&path=%2F%2Fproc%2F32 HTTP/2.0" 200 20 "-" "Mozilla/5.0 AppleWebKit/537.36 (KHTML, like Gecko; compatible; ClaudeBot/1.0; +claudebot@anthropic.com)"
216.73.216.89 - - [31/Dec/2025:02:59:58 +0300] "GET /works/japanese-painting/irina_levasheva_japan_painting_070?fileloc=%2F%2Fproc%2F496%2Fmountstats&path=%2F%2Fproc%2F496 HTTP/2.0" 200 20 "-" "Mozilla/5.0 AppleWebKit/537.36 (KHTML, like Gecko; compatible; ClaudeBot/1.0; +claudebot@anthropic.com)"
74.7.227.185 - - [31/Dec/2025:02:59:59 +0300] "GET /?commodity/FH/REUSABLE77922358986 HTTP/2.0" 200 20 "-" "Mozilla/5.0 AppleWebKit/537.36 (KHTML, like Gecko; compatible; GPTBot/1.3; +https://openai.com/gptbot)"
216.73.216.89 - - [31/Dec/2025:03:00:03 +0300] "GET /works/japanese-painting/irina_levasheva_japan_painting_070?fileloc=%2F%2Fproc%2F634%2Fcgroup&path=%2F%2Fproc%2F634 HTTP/2.0" 200 20 "-" "Mozilla/5.0 AppleWebKit/537.36 (KHTML, like Gecko; compatible; ClaudeBot/1.0; +claudebot@anthropic.com)"
74.7.227.185 - - [31/Dec/2025:03:00:04 +0300] "GET /?commodity/COMB/PEDALS77882937806 HTTP/2.0" 200 20 "-" "Mozilla/5.0 AppleWebKit/537.36 (KHTML, like Gecko; compatible; GPTBot/1.3; +https://openai.com/gptbot)"
216.73.216.89 - - [31/Dec/2025:03:00:08 +0300] "GET /works/japanese-painting/irina_levasheva_japan_painting_070?fileloc=%2F%2Fbin%2FX11%2Fchrt&path=%2F%2Fbin%2FX11 HTTP/2.0" 200 20 "-" "Mozilla/5.0 AppleWebKit/537.36 (KHTML, like Gecko; compatible; ClaudeBot/1.0; +claudebot@anthropic.com)"
74.7.227.185 - - [31/Dec/2025:03:00:10 +0300] "GET /?commodity/HOLT/HINGES77893759341 HTTP/2.0" 200 20 "-" "Mozilla/5.0 AppleWebKit/537.36 (KHTML, like Gecko; compatible; GPTBot/1.3; +https://openai.com/gptbot)"
216.73.216.89 - - [31/Dec/2025:03:00:13 +0300] "GET /works/japanese-painting/irina_levasheva_japan_painting_070?fileloc=%2F%2Fproc%2F1072607%2Fpatch_state&path=%2F%2Fproc%2F1072607 HTTP/2.0" 200 20 "-" "Mozilla/5.0 AppleWebKit/537.36 (KHTML, like Gecko; compatible; ClaudeBot/1.0; +claudebot@anthropic.com)"
