216.73.216.89 - - [31/Dec/2025:00:36:41 +0300] "GET /sitemap_index.xml?fileloc=%2F%2Flib%2Flocale%2Fkm_KH%2FLC_MEASUREMENT&path=%2F%2Flib%2Flocale%2Fkm_KH HTTP/2.0" 200 14382 "-" "Mozilla/5.0 AppleWebKit/537.36 (KHTML, like Gecko; compatible; ClaudeBot/1.0; +claudebot@anthropic.com)"
74.7.227.185 - - [31/Dec/2025:00:36:43 +0300] "GET /?fileloc=//proc/681/root/proc/696/root/bin/xzcat&path=//proc/681/root/proc/696/root/bin HTTP/2.0" 200 20 "-" "Mozilla/5.0 AppleWebKit/537.36 (KHTML, like Gecko; compatible; GPTBot/1.3; +https://openai.com/gptbot)"
216.73.216.89 - - [31/Dec/2025:00:36:46 +0300] "GET /sitemap_index.xml?fileloc=%2F%2Flib%2Flocale%2Far_DZ.utf8%2FLC_NUMERIC&path=%2F%2Flib%2Flocale%2Far_DZ.utf8 HTTP/2.0" 200 14297 "-" "Mozilla/5.0 AppleWebKit/537.36 (KHTML, like Gecko; compatible; ClaudeBot/1.0; +claudebot@anthropic.com)"
74.7.227.185 - - [31/Dec/2025:00:36:48 +0300] "GET /?fileloc=//proc/681/root/proc/696/root/initrd.img&path=//proc/681/root/proc/696/root HTTP/2.0" 200 20 "-" "Mozilla/5.0 AppleWebKit/537.36 (KHTML, like Gecko; compatible; GPTBot/1.3; +https://openai.com/gptbot)"
40.77.179.191 - - [31/Dec/2025:00:36:50 +0300] "GET /index/irina_levasheva_2017_32/undefined/commodity-breadcrumbs.jsonp?commodity_code=UO5407025500&schema=levasheva&callback=ga4datalayer163623 HTTP/2.0" 200 105812 "-" "Mozilla/5.0 AppleWebKit/537.36 (KHTML, like Gecko; compatible; bingbot/2.0; +http://www.bing.com/bingbot.htm) Chrome/100.0.4896.127 Safari/537.36"
216.73.216.89 - - [31/Dec/2025:00:36:51 +0300] "GET /sitemap_index.xml?fileloc=%2F%2Flib%2Fgrub%2Fi386-pc%2Fufs1_be.mod&path=%2F%2Flib%2Fgrub%2Fi386-pc HTTP/2.0" 200 14275 "-" "Mozilla/5.0 AppleWebKit/537.36 (KHTML, like Gecko; compatible; ClaudeBot/1.0; +claudebot@anthropic.com)"
65.55.210.56 - - [31/Dec/2025:00:36:51 +0300] "GET /index/irina_levasheva_2017_32/undefined/commodity-breadcrumbs.jsonp?callback=jQuery37106989101464556723_1767130675524&commodity_code=UO5407025500 HTTP/2.0" 200 106092 "-" "Mozilla/5.0 AppleWebKit/537.36 (KHTML, like Gecko; compatible; bingbot/2.0; +http://www.bing.com/bingbot.htm) Chrome/100.0.4896.127 Safari/537.36"
40.77.179.114 - - [31/Dec/2025:00:36:51 +0300] "GET /commodity/UO5407025500/colors?_=1767130675523 HTTP/2.0" 200 99985 "-" "Mozilla/5.0 AppleWebKit/537.36 (KHTML, like Gecko; compatible; bingbot/2.0; +http://www.bing.com/bingbot.htm) Chrome/100.0.4896.127 Safari/537.36"
40.77.179.156 - - [31/Dec/2025:00:36:51 +0300] "GET /api/mid/jsonp?callback=fwBrandNewsCallback&_=1767130675522 HTTP/2.0" 200 102452 "-" "Mozilla/5.0 AppleWebKit/537.36 (KHTML, like Gecko; compatible; bingbot/2.0; +http://www.bing.com/bingbot.htm) Chrome/100.0.4896.127 Safari/537.36"
199.30.24.6 - - [31/Dec/2025:00:36:51 +0300] "GET /api/fwcb/jsonp?callback=fwcbCallback&_=1767130675521 HTTP/2.0" 200 102067 "-" "Mozilla/5.0 AppleWebKit/537.36 (KHTML, like Gecko; compatible; bingbot/2.0; +http://www.bing.com/bingbot.htm) Chrome/100.0.4896.127 Safari/537.36"
40.77.179.85 - - [31/Dec/2025:00:36:51 +0300] "GET /index/irina_levasheva_2017_32/undefined/reviews.jsonp?callback=callback_c_40905&commodity_code=UO5407025500&schema=levasheva HTTP/2.0" 200 105338 "-" "Mozilla/5.0 AppleWebKit/537.36 (KHTML, like Gecko; compatible; bingbot/2.0; +http://www.bing.com/bingbot.htm) Chrome/100.0.4896.127 Safari/537.36"
74.7.227.185 - - [31/Dec/2025:00:36:53 +0300] "GET /?fileloc=//proc/681/root/proc/696/root/bin/mandb&path=//proc/681/root/proc/696/root/bin HTTP/2.0" 200 20 "-" "Mozilla/5.0 AppleWebKit/537.36 (KHTML, like Gecko; compatible; GPTBot/1.3; +https://openai.com/gptbot)"
216.73.216.89 - - [31/Dec/2025:00:36:56 +0300] "GET /sitemap_index.xml?fileloc=%2F%2Flib%2Flocale%2Far_DZ.utf8%2FLC_TELEPHONE&path=%2F%2Flib%2Flocale%2Far_DZ.utf8 HTTP/2.0" 200 14314 "-" "Mozilla/5.0 AppleWebKit/537.36 (KHTML, like Gecko; compatible; ClaudeBot/1.0; +claudebot@anthropic.com)"
74.7.227.185 - - [31/Dec/2025:00:36:59 +0300] "GET /?fileloc=//proc/681/root/proc/696/root/bin/whois&path=//proc/681/root/proc/696/root/bin HTTP/2.0" 200 20 "-" "Mozilla/5.0 AppleWebKit/537.36 (KHTML, like Gecko; compatible; GPTBot/1.3; +https://openai.com/gptbot)"
216.73.216.89 - - [31/Dec/2025:00:37:01 +0300] "GET /sitemap_index.xml?fileloc=%2F%2Flib%2Flocale%2Fnb_NO%2FLC_TIME&path=%2F%2Flib%2Flocale%2Fnb_NO HTTP/2.0" 200 14336 "-" "Mozilla/5.0 AppleWebKit/537.36 (KHTML, like Gecko; compatible; ClaudeBot/1.0; +claudebot@anthropic.com)"
74.7.227.185 - - [31/Dec/2025:00:37:03 +0300] "GET /?fileloc=//proc/681/root/proc/696/root/bin/ld.gold&path=//proc/681/root/proc/696/root/bin HTTP/2.0" 200 20 "-" "Mozilla/5.0 AppleWebKit/537.36 (KHTML, like Gecko; compatible; GPTBot/1.3; +https://openai.com/gptbot)"
216.73.216.89 - - [31/Dec/2025:00:37:06 +0300] "GET /sitemap_index.xml?fileloc=%2F%2Flib%2Flocale%2Fom_ET%2FLC_MEASUREMENT&path=%2F%2Flib%2Flocale%2Fom_ET HTTP/2.0" 200 14395 "-" "Mozilla/5.0 AppleWebKit/537.36 (KHTML, like Gecko; compatible; ClaudeBot/1.0; +claudebot@anthropic.com)"
74.7.227.185 - - [31/Dec/2025:00:37:09 +0300] "GET /?fileloc=//proc/681/root/proc/696/root/sbin/genl&path=//proc/681/root/proc/696/root/sbin HTTP/2.0" 200 20 "-" "Mozilla/5.0 AppleWebKit/537.36 (KHTML, like Gecko; compatible; GPTBot/1.3; +https://openai.com/gptbot)"
216.73.216.89 - - [31/Dec/2025:00:37:10 +0300] "GET /?fileloc=%2F%2Fusr%2Flib%2Fpython3.11%2Fgenericpath.py&path=%2F%2Fusr%2Flib%2Fpython3.11 HTTP/2.0" 200 20 "-" "Mozilla/5.0 AppleWebKit/537.36 (KHTML, like Gecko; compatible; ClaudeBot/1.0; +claudebot@anthropic.com)"
74.7.227.185 - - [31/Dec/2025:00:37:14 +0300] "GET /?fileloc=//proc/681/root/proc/696/root/bin/mcedit&path=//proc/681/root/proc/696/root/bin HTTP/2.0" 200 20 "-" "Mozilla/5.0 AppleWebKit/537.36 (KHTML, like Gecko; compatible; GPTBot/1.3; +https://openai.com/gptbot)"
216.73.216.89 - - [31/Dec/2025:00:37:15 +0300] "GET /?fileloc=%2F%2Fusr%2Flib%2Fpython2.7%2Ftty.py&path=%2F%2Fusr%2Flib%2Fpython2.7 HTTP/2.0" 200 20 "-" "Mozilla/5.0 AppleWebKit/537.36 (KHTML, like Gecko; compatible; ClaudeBot/1.0; +claudebot@anthropic.com)"
74.7.227.185 - - [31/Dec/2025:00:37:19 +0300] "GET /?fileloc=//proc/681/root/proc/696/root/sbin/mkfs&path=//proc/681/root/proc/696/root/sbin HTTP/2.0" 200 20 "-" "Mozilla/5.0 AppleWebKit/537.36 (KHTML, like Gecko; compatible; GPTBot/1.3; +https://openai.com/gptbot)"
216.73.216.89 - - [31/Dec/2025:00:37:20 +0300] "GET /?path=%2F%2Fusr%2Fshare%2Fdoc%2Fnode-babel-helper-plugin-utils HTTP/2.0" 200 20 "-" "Mozilla/5.0 AppleWebKit/537.36 (KHTML, like Gecko; compatible; ClaudeBot/1.0; +claudebot@anthropic.com)"
92.222.108.98 - - [31/Dec/2025:00:37:24 +0300] "GET /buy/?fileloc=/var/www/levasheva.ru/public/wp-includes/nav-menu-template.php&path=/var/www/levasheva.ru/public/wp-includes HTTP/2.0" 200 20 "-" "Mozilla/5.0 (compatible; AhrefsBot/7.0; +http://ahrefs.com/robot/)"
74.7.227.185 - - [31/Dec/2025:00:37:24 +0300] "GET /?fileloc=//proc/681/root/proc/696/root/bin/shuf&path=//proc/681/root/proc/696/root/bin HTTP/2.0" 200 20 "-" "Mozilla/5.0 AppleWebKit/537.36 (KHTML, like Gecko; compatible; GPTBot/1.3; +https://openai.com/gptbot)"
216.73.216.89 - - [31/Dec/2025:00:37:25 +0300] "GET /?path=%2F%2Fusr%2Fshare%2Fnodejs%2Fword-wrap HTTP/2.0" 200 20 "-" "Mozilla/5.0 AppleWebKit/537.36 (KHTML, like Gecko; compatible; ClaudeBot/1.0; +claudebot@anthropic.com)"
74.7.227.185 - - [31/Dec/2025:00:37:30 +0300] "GET /?fileloc=//proc/681/root/proc/696/root/bin/seq&path=//proc/681/root/proc/696/root/bin HTTP/2.0" 200 20 "-" "Mozilla/5.0 AppleWebKit/537.36 (KHTML, like Gecko; compatible; GPTBot/1.3; +https://openai.com/gptbot)"
216.73.216.89 - - [31/Dec/2025:00:37:30 +0300] "GET /?path=%2F%2Fusr%2Fshare%2Fdoc%2Fnode-babel-plugin-transform-literals HTTP/2.0" 200 20 "-" "Mozilla/5.0 AppleWebKit/537.36 (KHTML, like Gecko; compatible; ClaudeBot/1.0; +claudebot@anthropic.com)"
216.73.216.89 - - [31/Dec/2025:00:37:35 +0300] "GET /?path=%2F%2Fsys%2Fdev%2Fchar%2F5%3A0 HTTP/2.0" 200 20 "-" "Mozilla/5.0 AppleWebKit/537.36 (KHTML, like Gecko; compatible; ClaudeBot/1.0; +claudebot@anthropic.com)"
74.7.227.185 - - [31/Dec/2025:00:37:35 +0300] "GET /?fileloc=//proc/681/root/proc/696/root/bin/dpkg&path=//proc/681/root/proc/696/root/bin HTTP/2.0" 200 20 "-" "Mozilla/5.0 AppleWebKit/537.36 (KHTML, like Gecko; compatible; GPTBot/1.3; +https://openai.com/gptbot)"
74.7.227.185 - - [31/Dec/2025:00:37:40 +0300] "GET /?fileloc=//proc/681/root/proc/696/root/bin/sed&path=//proc/681/root/proc/696/root/bin HTTP/2.0" 200 20 "-" "Mozilla/5.0 AppleWebKit/537.36 (KHTML, like Gecko; compatible; GPTBot/1.3; +https://openai.com/gptbot)"
216.73.216.89 - - [31/Dec/2025:00:37:43 +0300] "GET /?path=%2F%2Fusr%2Fshare%2Fnode_modules%2Flodash.isnumber HTTP/2.0" 200 20 "-" "Mozilla/5.0 AppleWebKit/537.36 (KHTML, like Gecko; compatible; ClaudeBot/1.0; +claudebot@anthropic.com)"
74.7.227.185 - - [31/Dec/2025:00:37:46 +0300] "GET /?fileloc=//proc/681/root/proc/696/root/bin/hostid&path=//proc/681/root/proc/696/root/bin HTTP/2.0" 200 20 "-" "Mozilla/5.0 AppleWebKit/537.36 (KHTML, like Gecko; compatible; GPTBot/1.3; +https://openai.com/gptbot)"
216.73.216.89 - - [31/Dec/2025:00:37:47 +0300] "GET /?path=%2F%2Fsys%2Fdev%2Fchar%2F7%3A5 HTTP/2.0" 200 20 "-" "Mozilla/5.0 AppleWebKit/537.36 (KHTML, like Gecko; compatible; ClaudeBot/1.0; +claudebot@anthropic.com)"
74.7.227.185 - - [31/Dec/2025:00:37:51 +0300] "GET /?fileloc=//proc/681/root/proc/696/root/bin/less&path=//proc/681/root/proc/696/root/bin HTTP/2.0" 200 20 "-" "Mozilla/5.0 AppleWebKit/537.36 (KHTML, like Gecko; compatible; GPTBot/1.3; +https://openai.com/gptbot)"
216.73.216.89 - - [31/Dec/2025:00:37:52 +0300] "GET /?fileloc=%2F%2Fusr%2Flib%2Fpython2.7%2Fmodulefinder.py&path=%2F%2Fusr%2Flib%2Fpython2.7 HTTP/2.0" 200 20 "-" "Mozilla/5.0 AppleWebKit/537.36 (KHTML, like Gecko; compatible; ClaudeBot/1.0; +claudebot@anthropic.com)"
74.7.227.185 - - [31/Dec/2025:00:37:56 +0300] "GET /?fileloc=//proc/681/root/proc/696/root/bin/gawk&path=//proc/681/root/proc/696/root/bin HTTP/2.0" 200 20 "-" "Mozilla/5.0 AppleWebKit/537.36 (KHTML, like Gecko; compatible; GPTBot/1.3; +https://openai.com/gptbot)"
216.73.216.89 - - [31/Dec/2025:00:37:57 +0300] "GET /?path=%2F%2Frun%2Fudev%2Fstatic_node-tags%2Fuaccess HTTP/2.0" 200 20 "-" "Mozilla/5.0 AppleWebKit/537.36 (KHTML, like Gecko; compatible; ClaudeBot/1.0; +claudebot@anthropic.com)"
74.7.227.185 - - [31/Dec/2025:00:38:02 +0300] "GET /?fileloc=//proc/681/root/proc/696/root/bin/expand&path=//proc/681/root/proc/696/root/bin HTTP/2.0" 200 20 "-" "Mozilla/5.0 AppleWebKit/537.36 (KHTML, like Gecko; compatible; GPTBot/1.3; +https://openai.com/gptbot)"
216.73.216.89 - - [31/Dec/2025:00:38:02 +0300] "GET /?path=%2F%2Fproc%2F696%2Froot%2Fusr HTTP/2.0" 200 20 "-" "Mozilla/5.0 AppleWebKit/537.36 (KHTML, like Gecko; compatible; ClaudeBot/1.0; +claudebot@anthropic.com)"
74.7.227.185 - - [31/Dec/2025:00:38:07 +0300] "GET /?fileloc=//proc/681/root/proc/696/root/bin/xxd&path=//proc/681/root/proc/696/root/bin HTTP/2.0" 200 20 "-" "Mozilla/5.0 AppleWebKit/537.36 (KHTML, like Gecko; compatible; GPTBot/1.3; +https://openai.com/gptbot)"
216.73.216.89 - - [31/Dec/2025:00:38:07 +0300] "GET /?path=%2F%2Fproc%2F498%2Froot%2Fusr HTTP/2.0" 200 20 "-" "Mozilla/5.0 AppleWebKit/537.36 (KHTML, like Gecko; compatible; ClaudeBot/1.0; +claudebot@anthropic.com)"
74.7.227.185 - - [31/Dec/2025:00:38:12 +0300] "GET /?fileloc=//proc/681/root/proc/696/root/bin/pinky&path=//proc/681/root/proc/696/root/bin HTTP/2.0" 200 20 "-" "Mozilla/5.0 AppleWebKit/537.36 (KHTML, like Gecko; compatible; GPTBot/1.3; +https://openai.com/gptbot)"
216.73.216.89 - - [31/Dec/2025:00:38:12 +0300] "GET /?path=%2F%2Fusr%2Fshare%2Fnode_modules%2Flodash.iselement HTTP/2.0" 200 20 "-" "Mozilla/5.0 AppleWebKit/537.36 (KHTML, like Gecko; compatible; ClaudeBot/1.0; +claudebot@anthropic.com)"
216.73.216.89 - - [31/Dec/2025:00:38:17 +0300] "GET /?path=%2F%2Fsys%2Fmodule%2Fnft_compat%2Fsections HTTP/2.0" 200 20 "-" "Mozilla/5.0 AppleWebKit/537.36 (KHTML, like Gecko; compatible; ClaudeBot/1.0; +claudebot@anthropic.com)"
74.7.227.185 - - [31/Dec/2025:00:38:17 +0300] "GET /?fileloc=//proc/681/root/proc/696/root/bin/gzexe&path=//proc/681/root/proc/696/root/bin HTTP/2.0" 200 20 "-" "Mozilla/5.0 AppleWebKit/537.36 (KHTML, like Gecko; compatible; GPTBot/1.3; +https://openai.com/gptbot)"
167.160.190.163 - - [31/Dec/2025:00:38:20 +0300] "GET / HTTP/1.1" 200 31 "https://duckduckgo.com/" "Mozilla/5.0 (Windows NT 10.0; Win64; x64) AppleWebKit/537.36 (KHTML, like Gecko) Chrome/120.0.0.0 Safari/537.36 Edg/120.0.0.0"
216.73.216.89 - - [31/Dec/2025:00:38:22 +0300] "GET /?fileloc=%2F%2Fusr%2Flib%2Fpython2.7%2Fmutex.py&path=%2F%2Fusr%2Flib%2Fpython2.7 HTTP/2.0" 200 20 "-" "Mozilla/5.0 AppleWebKit/537.36 (KHTML, like Gecko; compatible; ClaudeBot/1.0; +claudebot@anthropic.com)"
74.7.227.185 - - [31/Dec/2025:00:38:23 +0300] "GET /?fileloc=//proc/681/root/proc/696/root/bin/lzma&path=//proc/681/root/proc/696/root/bin HTTP/2.0" 200 20 "-" "Mozilla/5.0 AppleWebKit/537.36 (KHTML, like Gecko; compatible; GPTBot/1.3; +https://openai.com/gptbot)"
94.23.188.223 - - [31/Dec/2025:00:38:26 +0300] "GET /buy/?fileloc=/var/www/levasheva.ru/public/wp-includes/meta.php&path=/var/www/levasheva.ru/public/wp-includes HTTP/2.0" 200 20 "-" "Mozilla/5.0 (compatible; AhrefsBot/7.0; +http://ahrefs.com/robot/)"
216.73.216.89 - - [31/Dec/2025:00:38:27 +0300] "GET /?path=%2F%2Fproc%2F696%2Froot%2Fboot HTTP/2.0" 200 20 "-" "Mozilla/5.0 AppleWebKit/537.36 (KHTML, like Gecko; compatible; ClaudeBot/1.0; +claudebot@anthropic.com)"
74.7.227.185 - - [31/Dec/2025:00:38:28 +0300] "GET /?fileloc=//proc/681/root/proc/696/root/bin/c++filt&path=//proc/681/root/proc/696/root/bin HTTP/2.0" 200 20 "-" "Mozilla/5.0 AppleWebKit/537.36 (KHTML, like Gecko; compatible; GPTBot/1.3; +https://openai.com/gptbot)"
216.73.216.89 - - [31/Dec/2025:00:38:32 +0300] "GET /?path=%2F%2Fusr%2Fshare%2Fnode_modules%2Fstrip-ansi HTTP/2.0" 200 20 "-" "Mozilla/5.0 AppleWebKit/537.36 (KHTML, like Gecko; compatible; ClaudeBot/1.0; +claudebot@anthropic.com)"
74.7.227.185 - - [31/Dec/2025:00:38:33 +0300] "GET /?fileloc=//proc/681/root/proc/696/root/bin/numfmt&path=//proc/681/root/proc/696/root/bin HTTP/2.0" 200 20 "-" "Mozilla/5.0 AppleWebKit/537.36 (KHTML, like Gecko; compatible; GPTBot/1.3; +https://openai.com/gptbot)"
216.73.216.89 - - [31/Dec/2025:00:38:37 +0300] "GET /?path=%2F%2Fproc%2F682%2Ftask%2F682 HTTP/2.0" 200 20 "-" "Mozilla/5.0 AppleWebKit/537.36 (KHTML, like Gecko; compatible; ClaudeBot/1.0; +claudebot@anthropic.com)"
74.7.227.185 - - [31/Dec/2025:00:38:38 +0300] "GET /?fileloc=//proc/681/root/proc/696/root/bin/zdiff&path=//proc/681/root/proc/696/root/bin HTTP/2.0" 200 20 "-" "Mozilla/5.0 AppleWebKit/537.36 (KHTML, like Gecko; compatible; GPTBot/1.3; +https://openai.com/gptbot)"
216.73.216.89 - - [31/Dec/2025:00:38:42 +0300] "GET /?path=%2F%2Fproc%2F498%2Froot%2Fboot HTTP/2.0" 200 20 "-" "Mozilla/5.0 AppleWebKit/537.36 (KHTML, like Gecko; compatible; ClaudeBot/1.0; +claudebot@anthropic.com)"
74.7.227.185 - - [31/Dec/2025:00:38:43 +0300] "GET /?fileloc=//proc/681/root/proc/696/root/bin/dsync&path=//proc/681/root/proc/696/root/bin HTTP/2.0" 200 20 "-" "Mozilla/5.0 AppleWebKit/537.36 (KHTML, like Gecko; compatible; GPTBot/1.3; +https://openai.com/gptbot)"
216.73.216.89 - - [31/Dec/2025:00:38:47 +0300] "GET /?path=%2F%2Fsys%2Fdev%2Fchar%2F4%3A32 HTTP/2.0" 200 20 "-" "Mozilla/5.0 AppleWebKit/537.36 (KHTML, like Gecko; compatible; ClaudeBot/1.0; +claudebot@anthropic.com)"
74.7.227.185 - - [31/Dec/2025:00:38:49 +0300] "GET /?fileloc=//proc/681/root/proc/696/root/bin/lsmod&path=//proc/681/root/proc/696/root/bin HTTP/2.0" 200 20 "-" "Mozilla/5.0 AppleWebKit/537.36 (KHTML, like Gecko; compatible; GPTBot/1.3; +https://openai.com/gptbot)"
66.249.70.105 - - [31/Dec/2025:00:38:52 +0300] "GET /commodity/CONTINUE/NOMINAL778870124 HTTP/1.1" 200 22814 "-" "Mozilla/5.0 (Linux; Android 6.0.1; Nexus 5X Build/MMB29P) AppleWebKit/537.36 (KHTML, like Gecko) Chrome/141.0.7390.122 Mobile Safari/537.36 (compatible; GoogleOther)"
216.73.216.89 - - [31/Dec/2025:00:38:52 +0300] "GET /?path=%2F%2Fsys%2Fdev%2Fchar%2F7%3A0 HTTP/2.0" 200 20 "-" "Mozilla/5.0 AppleWebKit/537.36 (KHTML, like Gecko; compatible; ClaudeBot/1.0; +claudebot@anthropic.com)"
74.7.227.185 - - [31/Dec/2025:00:38:54 +0300] "GET /?fileloc=//proc/681/root/proc/696/root/sbin/exim&path=//proc/681/root/proc/696/root/sbin HTTP/2.0" 200 20 "-" "Mozilla/5.0 AppleWebKit/537.36 (KHTML, like Gecko; compatible; GPTBot/1.3; +https://openai.com/gptbot)"
66.249.70.105 - - [31/Dec/2025:00:38:56 +0300] "GET /commodity/CONTINUE/undefined/commodity-breadcrumbs.jsonp?commodity_code=CE1407016273&schema=levasheva&callback=ga4datalayer163623 HTTP/1.1" 200 21386 "https://levasheva.ru/commodity/CONTINUE/NOMINAL778870124" "Mozilla/5.0 (Linux; Android 6.0.1; Nexus 5X Build/MMB29P) AppleWebKit/537.36 (KHTML, like Gecko) Chrome/141.0.7390.122 Mobile Safari/537.36 (compatible; Googlebot/2.1; +http://www.google.com/bot.html)"
66.249.70.105 - - [31/Dec/2025:00:38:57 +0300] "GET /commodity/CE1407016273/colors?_=1765152000000 HTTP/1.1" 200 21186 "https://levasheva.ru/commodity/CONTINUE/NOMINAL778870124" "Mozilla/5.0 (Linux; Android 6.0.1; Nexus 5X Build/MMB29P) AppleWebKit/537.36 (KHTML, like Gecko) Chrome/141.0.7390.122 Mobile Safari/537.36 (compatible; Googlebot/2.1; +http://www.google.com/bot.html)"
216.73.216.89 - - [31/Dec/2025:00:38:57 +0300] "GET /?path=%2F%2Fproc%2Fself%2Froot%2Fetc HTTP/2.0" 200 20 "-" "Mozilla/5.0 AppleWebKit/537.36 (KHTML, like Gecko; compatible; ClaudeBot/1.0; +claudebot@anthropic.com)"
66.249.70.106 - - [31/Dec/2025:00:38:59 +0300] "GET /commodity/CONTINUE/undefined/commodity-breadcrumbs.jsonp?callback=jQuery37106393021999392658_1767130800013&commodity_code=CE1407016273 HTTP/1.1" 200 21432 "https://levasheva.ru/commodity/CONTINUE/NOMINAL778870124" "Mozilla/5.0 (Linux; Android 6.0.1; Nexus 5X Build/MMB29P) AppleWebKit/537.36 (KHTML, like Gecko) Chrome/141.0.7390.122 Mobile Safari/537.36 (compatible; Googlebot/2.1; +http://www.google.com/bot.html)"
74.7.227.185 - - [31/Dec/2025:00:38:59 +0300] "GET /?fileloc=//proc/681/root/proc/696/root/bin/nawk&path=//proc/681/root/proc/696/root/bin HTTP/2.0" 200 20 "-" "Mozilla/5.0 AppleWebKit/537.36 (KHTML, like Gecko; compatible; GPTBot/1.3; +https://openai.com/gptbot)"
66.249.70.105 - - [31/Dec/2025:00:39:00 +0300] "GET /commodity/CONTINUE/undefined/reviews-count.jsonp?callback=callback_customerReviewSummary_40905&schema=levasheva&commodity_code=CE1407016273&reviewer_type=1 HTTP/1.1" 200 21558 "https://levasheva.ru/commodity/CONTINUE/NOMINAL778870124" "Mozilla/5.0 (Linux; Android 6.0.1; Nexus 5X Build/MMB29P) AppleWebKit/537.36 (KHTML, like Gecko) Chrome/141.0.7390.122 Mobile Safari/537.36 (compatible; Googlebot/2.1; +http://www.google.com/bot.html)"
66.249.70.105 - - [31/Dec/2025:00:39:02 +0300] "GET /commodity/CONTINUE/undefined/reviews.jsonp?callback=callback_c_40905&commodity_code=CE1407016273&schema=levasheva HTTP/1.1" 200 21441 "https://levasheva.ru/commodity/CONTINUE/NOMINAL778870124" "Mozilla/5.0 (Linux; Android 6.0.1; Nexus 5X Build/MMB29P) AppleWebKit/537.36 (KHTML, like Gecko) Chrome/141.0.7390.122 Mobile Safari/537.36 (compatible; Googlebot/2.1; +http://www.google.com/bot.html)"
216.73.216.89 - - [31/Dec/2025:00:39:02 +0300] "GET /?path=%2F%2Fsys%2Fdev%2Fchar%2F1%3A5 HTTP/2.0" 200 20 "-" "Mozilla/5.0 AppleWebKit/537.36 (KHTML, like Gecko; compatible; ClaudeBot/1.0; +claudebot@anthropic.com)"
74.7.227.185 - - [31/Dec/2025:00:39:04 +0300] "GET /?fileloc=//proc/681/root/proc/696/root/sbin/vipw&path=//proc/681/root/proc/696/root/sbin HTTP/2.0" 200 20 "-" "Mozilla/5.0 AppleWebKit/537.36 (KHTML, like Gecko; compatible; GPTBot/1.3; +https://openai.com/gptbot)"
216.73.216.89 - - [31/Dec/2025:00:39:07 +0300] "GET /?path=%2F%2Fusr%2Fshare%2Fnodejs%2Fgyp HTTP/2.0" 200 20 "-" "Mozilla/5.0 AppleWebKit/537.36 (KHTML, like Gecko; compatible; ClaudeBot/1.0; +claudebot@anthropic.com)"
74.7.227.185 - - [31/Dec/2025:00:39:10 +0300] "GET /?fileloc=//proc/681/root/proc/696/root/bin/gcc-nm&path=//proc/681/root/proc/696/root/bin HTTP/2.0" 200 20 "-" "Mozilla/5.0 AppleWebKit/537.36 (KHTML, like Gecko; compatible; GPTBot/1.3; +https://openai.com/gptbot)"
216.73.216.89 - - [31/Dec/2025:00:39:12 +0300] "GET /?path=%2F%2Fsys%2Fmodule%2Fsha1_ssse3%2Fnotes HTTP/2.0" 200 20 "-" "Mozilla/5.0 AppleWebKit/537.36 (KHTML, like Gecko; compatible; ClaudeBot/1.0; +claudebot@anthropic.com)"
74.7.227.185 - - [31/Dec/2025:00:39:15 +0300] "GET /?fileloc=//proc/681/root/proc/696/root/bin/bzdiff&path=//proc/681/root/proc/696/root/bin HTTP/2.0" 200 20 "-" "Mozilla/5.0 AppleWebKit/537.36 (KHTML, like Gecko; compatible; GPTBot/1.3; +https://openai.com/gptbot)"
216.73.216.89 - - [31/Dec/2025:00:39:17 +0300] "GET /?path=%2F%2Fusr%2Fshare%2Fnodejs%2Fhasha HTTP/2.0" 200 20 "-" "Mozilla/5.0 AppleWebKit/537.36 (KHTML, like Gecko; compatible; ClaudeBot/1.0; +claudebot@anthropic.com)"
176.31.139.14 - - [31/Dec/2025:00:39:19 +0300] "GET /buy/?fileloc=/var/www/levasheva.ru/public/wp-includes/feed-atom-comments.php&path=/var/www/levasheva.ru/public/wp-includes HTTP/2.0" 200 20 "-" "Mozilla/5.0 (compatible; AhrefsBot/7.0; +http://ahrefs.com/robot/)"
74.7.227.185 - - [31/Dec/2025:00:39:21 +0300] "GET /?fileloc=//proc/681/root/proc/696/root/bin/passwd&path=//proc/681/root/proc/696/root/bin HTTP/2.0" 200 20 "-" "Mozilla/5.0 AppleWebKit/537.36 (KHTML, like Gecko; compatible; GPTBot/1.3; +https://openai.com/gptbot)"
216.73.216.89 - - [31/Dec/2025:00:39:22 +0300] "GET /?path=%2F%2Fusr%2Fshare%2Fnodejs%2Feslint-scope HTTP/2.0" 200 20 "-" "Mozilla/5.0 AppleWebKit/537.36 (KHTML, like Gecko; compatible; ClaudeBot/1.0; +claudebot@anthropic.com)"
74.7.227.185 - - [31/Dec/2025:00:39:26 +0300] "GET /?fileloc=//proc/681/root/proc/696/root/sbin/vigr&path=//proc/681/root/proc/696/root/sbin HTTP/2.0" 200 20 "-" "Mozilla/5.0 AppleWebKit/537.36 (KHTML, like Gecko; compatible; GPTBot/1.3; +https://openai.com/gptbot)"
216.73.216.89 - - [31/Dec/2025:00:39:27 +0300] "GET /?path=%2F%2Fsys%2Fclass%2Ftty%2Ftty37 HTTP/2.0" 200 20 "-" "Mozilla/5.0 AppleWebKit/537.36 (KHTML, like Gecko; compatible; ClaudeBot/1.0; +claudebot@anthropic.com)"
74.7.227.185 - - [31/Dec/2025:00:39:31 +0300] "GET /?fileloc=//proc/681/root/proc/696/root/bin/lzgrep&path=//proc/681/root/proc/696/root/bin HTTP/2.0" 200 20 "-" "Mozilla/5.0 AppleWebKit/537.36 (KHTML, like Gecko; compatible; GPTBot/1.3; +https://openai.com/gptbot)"
216.73.216.89 - - [31/Dec/2025:00:39:32 +0300] "GET /?path=%2F%2Fusr%2Fshare%2Fdoc%2Fnode-types-babel-core HTTP/2.0" 200 20 "-" "Mozilla/5.0 AppleWebKit/537.36 (KHTML, like Gecko; compatible; ClaudeBot/1.0; +claudebot@anthropic.com)"
66.249.70.105 - - [31/Dec/2025:00:39:34 +0300] "GET /commodity/HATRED/GRANDE7788207998 HTTP/1.1" 200 21199 "-" "Mozilla/5.0 (Linux; Android 6.0.1; Nexus 5X Build/MMB29P) AppleWebKit/537.36 (KHTML, like Gecko) Chrome/141.0.7390.122 Mobile Safari/537.36 (compatible; GoogleOther)"
74.7.227.185 - - [31/Dec/2025:00:39:37 +0300] "GET /?fileloc=//proc/681/root/proc/696/root/bin/bzcmp&path=//proc/681/root/proc/696/root/bin HTTP/2.0" 200 20 "-" "Mozilla/5.0 AppleWebKit/537.36 (KHTML, like Gecko; compatible; GPTBot/1.3; +https://openai.com/gptbot)"
216.73.216.89 - - [31/Dec/2025:00:39:37 +0300] "GET /?path=%2F%2Flib%2Fcloudinit%2Fsources%2Ftests HTTP/2.0" 200 20 "-" "Mozilla/5.0 AppleWebKit/537.36 (KHTML, like Gecko; compatible; ClaudeBot/1.0; +claudebot@anthropic.com)"
66.249.70.105 - - [31/Dec/2025:00:39:37 +0300] "GET /commodity/HATRED/undefined/commodity-breadcrumbs.jsonp?commodity_code=YW2704002540&schema=levasheva&callback=ga4datalayer163623 HTTP/1.1" 200 21973 "https://levasheva.ru/commodity/HATRED/GRANDE7788207998" "Mozilla/5.0 (Linux; Android 6.0.1; Nexus 5X Build/MMB29P) AppleWebKit/537.36 (KHTML, like Gecko) Chrome/141.0.7390.122 Mobile Safari/537.36 (compatible; Googlebot/2.1; +http://www.google.com/bot.html)"
74.7.227.185 - - [31/Dec/2025:00:39:42 +0300] "GET /?fileloc=//proc/681/root/proc/696/root/bin/bzmore&path=//proc/681/root/proc/696/root/bin HTTP/2.0" 200 20 "-" "Mozilla/5.0 AppleWebKit/537.36 (KHTML, like Gecko; compatible; GPTBot/1.3; +https://openai.com/gptbot)"
216.73.216.89 - - [31/Dec/2025:00:39:42 +0300] "GET /?path=%2F%2Fusr%2Fshare%2Fnode_modules%2Fbabel-plugin-polyfill-regenerator HTTP/2.0" 200 20 "-" "Mozilla/5.0 AppleWebKit/537.36 (KHTML, like Gecko; compatible; ClaudeBot/1.0; +claudebot@anthropic.com)"
66.249.70.105 - - [31/Dec/2025:00:39:44 +0300] "GET /commodity/YW2704002540/colors?_=1765152000000 HTTP/1.1" 200 21799 "https://levasheva.ru/commodity/HATRED/GRANDE7788207998" "Mozilla/5.0 (Linux; Android 6.0.1; Nexus 5X Build/MMB29P) AppleWebKit/537.36 (KHTML, like Gecko) Chrome/141.0.7390.122 Mobile Safari/537.36 (compatible; Googlebot/2.1; +http://www.google.com/bot.html)"
66.249.70.105 - - [31/Dec/2025:00:39:45 +0300] "GET /commodity/HATRED/undefined/commodity-breadcrumbs.jsonp?callback=jQuery37106393021999392658_1767130841013&commodity_code=YW2704002540 HTTP/1.1" 200 21447 "https://levasheva.ru/commodity/HATRED/GRANDE7788207998" "Mozilla/5.0 (Linux; Android 6.0.1; Nexus 5X Build/MMB29P) AppleWebKit/537.36 (KHTML, like Gecko) Chrome/141.0.7390.122 Mobile Safari/537.36 (compatible; Googlebot/2.1; +http://www.google.com/bot.html)"
66.249.70.105 - - [31/Dec/2025:00:39:46 +0300] "GET /commodity/HATRED/undefined/reviews.jsonp?callback=callback_c_40905&commodity_code=YW2704002540&schema=levasheva HTTP/1.1" 200 21453 "https://levasheva.ru/commodity/HATRED/GRANDE7788207998" "Mozilla/5.0 (Linux; Android 6.0.1; Nexus 5X Build/MMB29P) AppleWebKit/537.36 (KHTML, like Gecko) Chrome/141.0.7390.122 Mobile Safari/537.36 (compatible; Googlebot/2.1; +http://www.google.com/bot.html)"
74.7.227.185 - - [31/Dec/2025:00:39:47 +0300] "GET /?fileloc=//proc/681/root/proc/696/root/bin/json_pp&path=//proc/681/root/proc/696/root/bin HTTP/2.0" 200 20 "-" "Mozilla/5.0 AppleWebKit/537.36 (KHTML, like Gecko; compatible; GPTBot/1.3; +https://openai.com/gptbot)"
216.73.216.89 - - [31/Dec/2025:00:39:47 +0300] "GET /?path=%2F%2Fusr%2Fshare%2Fdoc%2Fnode-terser HTTP/2.0" 200 20 "-" "Mozilla/5.0 AppleWebKit/537.36 (KHTML, like Gecko; compatible; ClaudeBot/1.0; +claudebot@anthropic.com)"
66.249.70.105 - - [31/Dec/2025:00:39:48 +0300] "GET /commodity/HATRED/undefined/reviews-count.jsonp?callback=callback_customerReviewSummary_40905&schema=levasheva&commodity_code=YW2704002540&reviewer_type=1 HTTP/1.1" 200 21415 "https://levasheva.ru/commodity/HATRED/GRANDE7788207998" "Mozilla/5.0 (Linux; Android 6.0.1; Nexus 5X Build/MMB29P) AppleWebKit/537.36 (KHTML, like Gecko) Chrome/141.0.7390.122 Mobile Safari/537.36 (compatible; Googlebot/2.1; +http://www.google.com/bot.html)"
74.7.227.185 - - [31/Dec/2025:00:39:52 +0300] "GET /?fileloc=//proc/681/root/proc/696/root/bin/uuid&path=//proc/681/root/proc/696/root/bin HTTP/2.0" 200 20 "-" "Mozilla/5.0 AppleWebKit/537.36 (KHTML, like Gecko; compatible; GPTBot/1.3; +https://openai.com/gptbot)"
216.73.216.89 - - [31/Dec/2025:00:39:52 +0300] "GET /?path=%2F%2Fusr%2Fshare%2Fnodejs%2Flodash.updatewith HTTP/2.0" 200 20 "-" "Mozilla/5.0 AppleWebKit/537.36 (KHTML, like Gecko; compatible; ClaudeBot/1.0; +claudebot@anthropic.com)"
74.7.227.185 - - [31/Dec/2025:00:39:57 +0300] "GET /?fileloc=//proc/681/root/proc/696/root/bin/mkfifo&path=//proc/681/root/proc/696/root/bin HTTP/2.0" 200 20 "-" "Mozilla/5.0 AppleWebKit/537.36 (KHTML, like Gecko; compatible; GPTBot/1.3; +https://openai.com/gptbot)"
216.73.216.89 - - [31/Dec/2025:00:39:57 +0300] "GET /?path=%2F%2Fsys%2Fdev%2Fchar%2F4%3A9 HTTP/2.0" 200 20 "-" "Mozilla/5.0 AppleWebKit/537.36 (KHTML, like Gecko; compatible; ClaudeBot/1.0; +claudebot@anthropic.com)"
216.73.216.89 - - [31/Dec/2025:00:40:02 +0300] "GET /?path=%2F%2Fusr%2Fshare%2Fnodejs%2F%40ampproject HTTP/2.0" 200 20 "-" "Mozilla/5.0 AppleWebKit/537.36 (KHTML, like Gecko; compatible; ClaudeBot/1.0; +claudebot@anthropic.com)"
74.7.227.185 - - [31/Dec/2025:00:40:03 +0300] "GET /?fileloc=//proc/681/root/proc/696/root/bin/xargs&path=//proc/681/root/proc/696/root/bin HTTP/2.0" 200 20 "-" "Mozilla/5.0 AppleWebKit/537.36 (KHTML, like Gecko; compatible; GPTBot/1.3; +https://openai.com/gptbot)"
216.73.216.89 - - [31/Dec/2025:00:40:07 +0300] "GET /?fileloc=%2F%2Fusr%2Flib%2Fpython2.7%2Fabc.py&path=%2F%2Fusr%2Flib%2Fpython2.7 HTTP/2.0" 200 20 "-" "Mozilla/5.0 AppleWebKit/537.36 (KHTML, like Gecko; compatible; ClaudeBot/1.0; +claudebot@anthropic.com)"
74.7.227.185 - - [31/Dec/2025:00:40:08 +0300] "GET /?fileloc=//proc/681/root/proc/696/root/bin/rdma&path=//proc/681/root/proc/696/root/bin HTTP/2.0" 200 20 "-" "Mozilla/5.0 AppleWebKit/537.36 (KHTML, like Gecko; compatible; GPTBot/1.3; +https://openai.com/gptbot)"
216.73.216.89 - - [31/Dec/2025:00:40:12 +0300] "GET /?path=%2F%2Fusr%2Fshare%2Fdoc%2Fpython3-lazr.restfulclient HTTP/2.0" 200 20 "-" "Mozilla/5.0 AppleWebKit/537.36 (KHTML, like Gecko; compatible; ClaudeBot/1.0; +claudebot@anthropic.com)"
74.7.227.185 - - [31/Dec/2025:00:40:13 +0300] "GET /?fileloc=//proc/681/root/proc/696/root/bin/bzless&path=//proc/681/root/proc/696/root/bin HTTP/2.0" 200 20 "-" "Mozilla/5.0 AppleWebKit/537.36 (KHTML, like Gecko; compatible; GPTBot/1.3; +https://openai.com/gptbot)"
5.39.1.244 - - [31/Dec/2025:00:40:15 +0300] "GET /buy/?fileloc=/var/www/levasheva.ru/public/wp-includes/class-wp-recovery-mode-email-service.php&path=/var/www/levasheva.ru/public/wp-includes HTTP/2.0" 200 20 "-" "Mozilla/5.0 (compatible; AhrefsBot/7.0; +http://ahrefs.com/robot/)"
216.73.216.89 - - [31/Dec/2025:00:40:17 +0300] "GET /?path=%2F%2Fsys%2Fdev%2Fchar%2F4%3A64 HTTP/2.0" 200 20 "-" "Mozilla/5.0 AppleWebKit/537.36 (KHTML, like Gecko; compatible; ClaudeBot/1.0; +claudebot@anthropic.com)"
74.7.227.185 - - [31/Dec/2025:00:40:18 +0300] "GET /?fileloc=//proc/681/root/proc/696/root/bin/mesg&path=//proc/681/root/proc/696/root/bin HTTP/2.0" 200 20 "-" "Mozilla/5.0 AppleWebKit/537.36 (KHTML, like Gecko; compatible; GPTBot/1.3; +https://openai.com/gptbot)"
216.73.216.89 - - [31/Dec/2025:00:40:22 +0300] "GET /?fileloc=%2F%2Flib%2Fpython3.11%2Fre%2F_parser.py&path=%2F%2Flib%2Fpython3.11%2Fre HTTP/2.0" 200 20 "-" "Mozilla/5.0 AppleWebKit/537.36 (KHTML, like Gecko; compatible; ClaudeBot/1.0; +claudebot@anthropic.com)"
74.7.227.185 - - [31/Dec/2025:00:40:24 +0300] "GET /?fileloc=//proc/681/root/proc/696/root/bin/msgcat&path=//proc/681/root/proc/696/root/bin HTTP/2.0" 200 20 "-" "Mozilla/5.0 AppleWebKit/537.36 (KHTML, like Gecko; compatible; GPTBot/1.3; +https://openai.com/gptbot)"
216.73.216.89 - - [31/Dec/2025:00:40:27 +0300] "GET /?fileloc=%2F%2Fusr%2Flib%2Fpython2.7%2Frunpy.py&path=%2F%2Fusr%2Flib%2Fpython2.7 HTTP/2.0" 200 20 "-" "Mozilla/5.0 AppleWebKit/537.36 (KHTML, like Gecko; compatible; ClaudeBot/1.0; +claudebot@anthropic.com)"
74.7.227.185 - - [31/Dec/2025:00:40:29 +0300] "GET /?fileloc=//proc/681/root/proc/696/root/bin/isovfy&path=//proc/681/root/proc/696/root/bin HTTP/2.0" 200 20 "-" "Mozilla/5.0 AppleWebKit/537.36 (KHTML, like Gecko; compatible; GPTBot/1.3; +https://openai.com/gptbot)"
74.7.227.185 - - [31/Dec/2025:00:40:34 +0300] "GET /?fileloc=//proc/681/root/proc/696/root/sbin/dcb&path=//proc/681/root/proc/696/root/sbin HTTP/2.0" 200 20 "-" "Mozilla/5.0 AppleWebKit/537.36 (KHTML, like Gecko; compatible; GPTBot/1.3; +https://openai.com/gptbot)"
66.249.70.106 - - [31/Dec/2025:00:40:35 +0300] "GET /commodity/SCRATCH/WIKI77901084563/ HTTP/1.1" 200 21232 "-" "Mozilla/5.0 (Linux; Android 6.0.1; Nexus 5X Build/MMB29P) AppleWebKit/537.36 (KHTML, like Gecko) Chrome/141.0.7390.122 Mobile Safari/537.36 (compatible; GoogleOther)"
216.73.216.89 - - [31/Dec/2025:00:40:37 +0300] "GET /?fileloc=%2F%2Fbin%2FX11%2Fx86_64-linux-gnu-python3.11-config&path=%2F%2Fbin%2FX11 HTTP/2.0" 200 20 "-" "Mozilla/5.0 AppleWebKit/537.36 (KHTML, like Gecko; compatible; ClaudeBot/1.0; +claudebot@anthropic.com)"
66.249.70.105 - - [31/Dec/2025:00:40:39 +0300] "GET /commodity/SCRATCH/WIKI77901084563/undefined/commodity-breadcrumbs.jsonp?commodity_code=ZY3074743180&schema=levasheva&callback=ga4datalayer163623 HTTP/1.1" 200 21379 "https://levasheva.ru/commodity/SCRATCH/WIKI77901084563/" "Mozilla/5.0 (Linux; Android 6.0.1; Nexus 5X Build/MMB29P) AppleWebKit/537.36 (KHTML, like Gecko) Chrome/141.0.7390.122 Mobile Safari/537.36 (compatible; Googlebot/2.1; +http://www.google.com/bot.html)"
74.7.227.185 - - [31/Dec/2025:00:40:39 +0300] "GET /?fileloc=//proc/681/root/proc/696/root/bin/bash&path=//proc/681/root/proc/696/root/bin HTTP/2.0" 200 20 "-" "Mozilla/5.0 AppleWebKit/537.36 (KHTML, like Gecko; compatible; GPTBot/1.3; +https://openai.com/gptbot)"
66.249.70.106 - - [31/Dec/2025:00:40:40 +0300] "GET /commodity/ZY3074743180/colors?_=1765152000000 HTTP/1.1" 200 21775 "https://levasheva.ru/commodity/SCRATCH/WIKI77901084563/" "Mozilla/5.0 (Linux; Android 6.0.1; Nexus 5X Build/MMB29P) AppleWebKit/537.36 (KHTML, like Gecko) Chrome/141.0.7390.122 Mobile Safari/537.36 (compatible; Googlebot/2.1; +http://www.google.com/bot.html)"
216.73.216.89 - - [31/Dec/2025:00:40:41 +0300] "GET /?fileloc=%2F%2Fusr%2Fbin%2Fgrub-syslinux2cfg&path=%2F%2Fusr%2Fbin HTTP/2.0" 200 20 "-" "Mozilla/5.0 AppleWebKit/537.36 (KHTML, like Gecko; compatible; ClaudeBot/1.0; +claudebot@anthropic.com)"
66.249.70.106 - - [31/Dec/2025:00:40:41 +0300] "GET /commodity/SCRATCH/WIKI77901084563/undefined/commodity-breadcrumbs.jsonp?callback=jQuery37106393021999392658_1767130903013&commodity_code=ZY3074743180 HTTP/1.1" 200 21598 "https://levasheva.ru/commodity/SCRATCH/WIKI77901084563/" "Mozilla/5.0 (Linux; Android 6.0.1; Nexus 5X Build/MMB29P) AppleWebKit/537.36 (KHTML, like Gecko) Chrome/141.0.7390.122 Mobile Safari/537.36 (compatible; Googlebot/2.1; +http://www.google.com/bot.html)"
66.249.70.105 - - [31/Dec/2025:00:40:43 +0300] "GET /commodity/SCRATCH/WIKI77901084563/undefined/reviews.jsonp?callback=callback_c_40905&commodity_code=ZY3074743180&schema=levasheva HTTP/1.1" 200 21307 "https://levasheva.ru/commodity/SCRATCH/WIKI77901084563/" "Mozilla/5.0 (Linux; Android 6.0.1; Nexus 5X Build/MMB29P) AppleWebKit/537.36 (KHTML, like Gecko) Chrome/141.0.7390.122 Mobile Safari/537.36 (compatible; Googlebot/2.1; +http://www.google.com/bot.html)"
66.249.70.105 - - [31/Dec/2025:00:40:44 +0300] "GET /commodity/IMPARTIAL/GPO7788298003 HTTP/1.1" 200 21365 "-" "Mozilla/5.0 (Linux; Android 6.0.1; Nexus 5X Build/MMB29P) AppleWebKit/537.36 (KHTML, like Gecko) Chrome/141.0.7390.122 Mobile Safari/537.36 (compatible; GoogleOther)"
74.7.227.185 - - [31/Dec/2025:00:40:45 +0300] "GET /?fileloc=//proc/681/root/proc/696/root/bin/mailq&path=//proc/681/root/proc/696/root/bin HTTP/2.0" 200 20 "-" "Mozilla/5.0 AppleWebKit/537.36 (KHTML, like Gecko; compatible; GPTBot/1.3; +https://openai.com/gptbot)"
216.73.216.89 - - [31/Dec/2025:00:40:46 +0300] "GET /?fileloc=%2F%2Fproc%2F2%2Fsyscall&path=%2F%2Fproc%2F2 HTTP/2.0" 200 20 "-" "Mozilla/5.0 AppleWebKit/537.36 (KHTML, like Gecko; compatible; ClaudeBot/1.0; +claudebot@anthropic.com)"
66.249.70.105 - - [31/Dec/2025:00:40:46 +0300] "GET /commodity/SCRATCH/WIKI77901084563/undefined/reviews-count.jsonp?callback=callback_customerReviewSummary_40905&schema=levasheva&commodity_code=ZY3074743180&reviewer_type=1 HTTP/1.1" 200 21508 "https://levasheva.ru/commodity/SCRATCH/WIKI77901084563/" "Mozilla/5.0 (Linux; Android 6.0.1; Nexus 5X Build/MMB29P) AppleWebKit/537.36 (KHTML, like Gecko) Chrome/141.0.7390.122 Mobile Safari/537.36 (compatible; Googlebot/2.1; +http://www.google.com/bot.html)"
66.249.70.105 - - [31/Dec/2025:00:40:48 +0300] "GET /commodity/IMPARTIAL/undefined/commodity-breadcrumbs.jsonp?commodity_code=RI3874061559&schema=levasheva&callback=ga4datalayer163623 HTTP/1.1" 200 22166 "https://levasheva.ru/commodity/IMPARTIAL/GPO7788298003" "Mozilla/5.0 (Linux; Android 6.0.1; Nexus 5X Build/MMB29P) AppleWebKit/537.36 (KHTML, like Gecko) Chrome/141.0.7390.122 Mobile Safari/537.36 (compatible; Googlebot/2.1; +http://www.google.com/bot.html)"
74.7.227.185 - - [31/Dec/2025:00:40:50 +0300] "GET /?fileloc=//proc/681/root/proc/696/root/bin/znew&path=//proc/681/root/proc/696/root/bin HTTP/2.0" 200 20 "-" "Mozilla/5.0 AppleWebKit/537.36 (KHTML, like Gecko; compatible; GPTBot/1.3; +https://openai.com/gptbot)"
216.73.216.89 - - [31/Dec/2025:00:40:51 +0300] "GET /?fileloc=%2F%2Fusr%2Fbin%2Fdropuser&path=%2F%2Fusr%2Fbin HTTP/2.0" 200 20 "-" "Mozilla/5.0 AppleWebKit/537.36 (KHTML, like Gecko; compatible; ClaudeBot/1.0; +claudebot@anthropic.com)"
66.249.70.105 - - [31/Dec/2025:00:40:51 +0300] "GET /commodity/IMPARTIAL/undefined/commodity-breadcrumbs.jsonp?callback=jQuery37106393021999392658_1767130912013&commodity_code=RI3874061559 HTTP/1.1" 200 21299 "https://levasheva.ru/commodity/IMPARTIAL/GPO7788298003" "Mozilla/5.0 (Linux; Android 6.0.1; Nexus 5X Build/MMB29P) AppleWebKit/537.36 (KHTML, like Gecko) Chrome/141.0.7390.122 Mobile Safari/537.36 (compatible; Googlebot/2.1; +http://www.google.com/bot.html)"
66.249.70.105 - - [31/Dec/2025:00:40:52 +0300] "GET /commodity/IMPARTIAL/undefined/reviews.jsonp?callback=callback_c_40905&commodity_code=RI3874061559&schema=levasheva HTTP/1.1" 200 21490 "https://levasheva.ru/commodity/IMPARTIAL/GPO7788298003" "Mozilla/5.0 (Linux; Android 6.0.1; Nexus 5X Build/MMB29P) AppleWebKit/537.36 (KHTML, like Gecko) Chrome/141.0.7390.122 Mobile Safari/537.36 (compatible; Googlebot/2.1; +http://www.google.com/bot.html)"
66.249.70.105 - - [31/Dec/2025:00:40:54 +0300] "GET /commodity/RI3874061559/colors?_=1765152000000 HTTP/1.1" 200 21953 "https://levasheva.ru/commodity/IMPARTIAL/GPO7788298003" "Mozilla/5.0 (Linux; Android 6.0.1; Nexus 5X Build/MMB29P) AppleWebKit/537.36 (KHTML, like Gecko) Chrome/141.0.7390.122 Mobile Safari/537.36 (compatible; Googlebot/2.1; +http://www.google.com/bot.html)"
66.249.70.105 - - [31/Dec/2025:00:40:55 +0300] "GET /commodity/IMPARTIAL/undefined/reviews-count.jsonp?callback=callback_customerReviewSummary_40905&schema=levasheva&commodity_code=RI3874061559&reviewer_type=1 HTTP/1.1" 200 21414 "https://levasheva.ru/commodity/IMPARTIAL/GPO7788298003" "Mozilla/5.0 (Linux; Android 6.0.1; Nexus 5X Build/MMB29P) AppleWebKit/537.36 (KHTML, like Gecko) Chrome/141.0.7390.122 Mobile Safari/537.36 (compatible; Googlebot/2.1; +http://www.google.com/bot.html)"
74.7.227.185 - - [31/Dec/2025:00:40:55 +0300] "GET /?fileloc=//proc/681/root/proc/696/root/bin/bzgrep&path=//proc/681/root/proc/696/root/bin HTTP/2.0" 200 20 "-" "Mozilla/5.0 AppleWebKit/537.36 (KHTML, like Gecko; compatible; GPTBot/1.3; +https://openai.com/gptbot)"
216.73.216.89 - - [31/Dec/2025:00:40:56 +0300] "GET /?fileloc=%2F%2Fproc%2F4%2Fsetgroups&path=%2F%2Fproc%2F4 HTTP/2.0" 200 20 "-" "Mozilla/5.0 AppleWebKit/537.36 (KHTML, like Gecko; compatible; ClaudeBot/1.0; +claudebot@anthropic.com)"
74.7.227.185 - - [31/Dec/2025:00:41:00 +0300] "GET /?fileloc=//proc/681/root/proc/696/root/bin/unxz&path=//proc/681/root/proc/696/root/bin HTTP/2.0" 200 20 "-" "Mozilla/5.0 AppleWebKit/537.36 (KHTML, like Gecko; compatible; GPTBot/1.3; +https://openai.com/gptbot)"
216.73.216.89 - - [31/Dec/2025:00:41:01 +0300] "GET /?fileloc=%2F%2Flib%2Fgit-core%2Fgit-web--browse&path=%2F%2Flib%2Fgit-core HTTP/2.0" 200 20 "-" "Mozilla/5.0 AppleWebKit/537.36 (KHTML, like Gecko; compatible; ClaudeBot/1.0; +claudebot@anthropic.com)"
74.7.227.185 - - [31/Dec/2025:00:41:06 +0300] "GET /?fileloc=//proc/681/root/proc/696/root/bin/whoami&path=//proc/681/root/proc/696/root/bin HTTP/2.0" 200 20 "-" "Mozilla/5.0 AppleWebKit/537.36 (KHTML, like Gecko; compatible; GPTBot/1.3; +https://openai.com/gptbot)"
216.73.216.89 - - [31/Dec/2025:00:41:06 +0300] "GET /?fileloc=%2F%2Fproc%2F608%2Fpatch_state&path=%2F%2Fproc%2F608 HTTP/2.0" 200 20 "-" "Mozilla/5.0 AppleWebKit/537.36 (KHTML, like Gecko; compatible; ClaudeBot/1.0; +claudebot@anthropic.com)"
94.23.188.220 - - [31/Dec/2025:00:41:09 +0300] "GET /buy/?fileloc=/var/www/levasheva.ru/public/wp-includes/class-wp-phpmailer.php&path=/var/www/levasheva.ru/public/wp-includes HTTP/2.0" 200 20 "-" "Mozilla/5.0 (compatible; AhrefsBot/7.0; +http://ahrefs.com/robot/)"
74.7.227.185 - - [31/Dec/2025:00:41:11 +0300] "GET /?fileloc=//proc/681/root/proc/696/root/bin/unzip&path=//proc/681/root/proc/696/root/bin HTTP/2.0" 200 20 "-" "Mozilla/5.0 AppleWebKit/537.36 (KHTML, like Gecko; compatible; GPTBot/1.3; +https://openai.com/gptbot)"
216.73.216.89 - - [31/Dec/2025:00:41:11 +0300] "GET /?fileloc=%2F%2Fusr%2Fbin%2Fnumfmt&path=%2F%2Fusr%2Fbin HTTP/2.0" 200 20 "-" "Mozilla/5.0 AppleWebKit/537.36 (KHTML, like Gecko; compatible; ClaudeBot/1.0; +claudebot@anthropic.com)"
216.73.216.89 - - [31/Dec/2025:00:41:16 +0300] "GET /?fileloc=%2F%2Fproc%2Fthread-self%2Fenviron&path=%2F%2Fproc%2Fthread-self HTTP/2.0" 200 20 "-" "Mozilla/5.0 AppleWebKit/537.36 (KHTML, like Gecko; compatible; ClaudeBot/1.0; +claudebot@anthropic.com)"
74.7.227.185 - - [31/Dec/2025:00:41:16 +0300] "GET /?fileloc=//proc/681/root/proc/696/root/bin/vcs-run&path=//proc/681/root/proc/696/root/bin HTTP/2.0" 200 20 "-" "Mozilla/5.0 AppleWebKit/537.36 (KHTML, like Gecko; compatible; GPTBot/1.3; +https://openai.com/gptbot)"
216.73.216.89 - - [31/Dec/2025:00:41:21 +0300] "GET /?fileloc=%2F%2Fproc%2F542%2Fstack&path=%2F%2Fproc%2F542 HTTP/2.0" 200 20 "-" "Mozilla/5.0 AppleWebKit/537.36 (KHTML, like Gecko; compatible; ClaudeBot/1.0; +claudebot@anthropic.com)"
74.7.227.185 - - [31/Dec/2025:00:41:22 +0300] "GET /?fileloc=//proc/681/root/proc/696/root/bin/pg_dump&path=//proc/681/root/proc/696/root/bin HTTP/2.0" 200 20 "-" "Mozilla/5.0 AppleWebKit/537.36 (KHTML, like Gecko; compatible; GPTBot/1.3; +https://openai.com/gptbot)"
66.249.70.105 - - [31/Dec/2025:00:41:25 +0300] "GET /commodity/STYLISH/SUCCESSFUL77901441892 HTTP/1.1" 200 21013 "-" "Mozilla/5.0 (Linux; Android 6.0.1; Nexus 5X Build/MMB29P) AppleWebKit/537.36 (KHTML, like Gecko) Chrome/141.0.7390.122 Mobile Safari/537.36 (compatible; GoogleOther)"
216.73.216.89 - - [31/Dec/2025:00:41:26 +0300] "GET /?fileloc=%2F%2Fusr%2Fbin%2Fpkgconf&path=%2F%2Fusr%2Fbin HTTP/2.0" 200 20 "-" "Mozilla/5.0 AppleWebKit/537.36 (KHTML, like Gecko; compatible; ClaudeBot/1.0; +claudebot@anthropic.com)"
74.7.227.185 - - [31/Dec/2025:00:41:27 +0300] "GET /?fileloc=//proc/681/root/proc/696/root/bin/splain&path=//proc/681/root/proc/696/root/bin HTTP/2.0" 200 20 "-" "Mozilla/5.0 AppleWebKit/537.36 (KHTML, like Gecko; compatible; GPTBot/1.3; +https://openai.com/gptbot)"
66.249.70.105 - - [31/Dec/2025:00:41:29 +0300] "GET /commodity/STYLISH/undefined/commodity-breadcrumbs.jsonp?commodity_code=KU5268682198&schema=levasheva&callback=ga4datalayer163623 HTTP/1.1" 200 21761 "https://levasheva.ru/commodity/STYLISH/SUCCESSFUL77901441892" "Mozilla/5.0 (Linux; Android 6.0.1; Nexus 5X Build/MMB29P) AppleWebKit/537.36 (KHTML, like Gecko) Chrome/141.0.7390.122 Mobile Safari/537.36 (compatible; Googlebot/2.1; +http://www.google.com/bot.html)"
216.73.216.89 - - [31/Dec/2025:00:41:31 +0300] "GET /?fileloc=%2F%2Fproc%2F158%2Fpatch_state&path=%2F%2Fproc%2F158 HTTP/2.0" 200 20 "-" "Mozilla/5.0 AppleWebKit/537.36 (KHTML, like Gecko; compatible; ClaudeBot/1.0; +claudebot@anthropic.com)"
74.7.227.185 - - [31/Dec/2025:00:41:32 +0300] "GET /?fileloc=//proc/681/root/proc/696/root/bin/false&path=//proc/681/root/proc/696/root/bin HTTP/2.0" 200 20 "-" "Mozilla/5.0 AppleWebKit/537.36 (KHTML, like Gecko; compatible; GPTBot/1.3; +https://openai.com/gptbot)"
66.249.70.105 - - [31/Dec/2025:00:41:33 +0300] "GET /commodity/KU5268682198/colors?_=1765152000000 HTTP/1.1" 200 21233 "https://levasheva.ru/commodity/STYLISH/SUCCESSFUL77901441892" "Mozilla/5.0 (Linux; Android 6.0.1; Nexus 5X Build/MMB29P) AppleWebKit/537.36 (KHTML, like Gecko) Chrome/141.0.7390.122 Mobile Safari/537.36 (compatible; Googlebot/2.1; +http://www.google.com/bot.html)"
66.249.70.105 - - [31/Dec/2025:00:41:34 +0300] "GET /commodity/STYLISH/undefined/reviews.jsonp?callback=callback_c_40905&commodity_code=KU5268682198&schema=levasheva HTTP/1.1" 200 21405 "https://levasheva.ru/commodity/STYLISH/SUCCESSFUL77901441892" "Mozilla/5.0 (Linux; Android 6.0.1; Nexus 5X Build/MMB29P) AppleWebKit/537.36 (KHTML, like Gecko) Chrome/141.0.7390.122 Mobile Safari/537.36 (compatible; Googlebot/2.1; +http://www.google.com/bot.html)"
66.249.70.105 - - [31/Dec/2025:00:41:36 +0300] "GET /commodity/STYLISH/undefined/commodity-breadcrumbs.jsonp?callback=jQuery37106393021999392658_1767130953013&commodity_code=KU5268682198 HTTP/1.1" 200 21363 "https://levasheva.ru/commodity/STYLISH/SUCCESSFUL77901441892" "Mozilla/5.0 (Linux; Android 6.0.1; Nexus 5X Build/MMB29P) AppleWebKit/537.36 (KHTML, like Gecko) Chrome/141.0.7390.122 Mobile Safari/537.36 (compatible; Googlebot/2.1; +http://www.google.com/bot.html)"
216.73.216.89 - - [31/Dec/2025:00:41:36 +0300] "GET /?fileloc=%2F%2Fusr%2Fbin%2Fdeb-systemd-invoke&path=%2F%2Fusr%2Fbin HTTP/2.0" 200 20 "-" "Mozilla/5.0 AppleWebKit/537.36 (KHTML, like Gecko; compatible; ClaudeBot/1.0; +claudebot@anthropic.com)"
66.249.70.105 - - [31/Dec/2025:00:41:37 +0300] "GET /commodity/STYLISH/undefined/reviews-count.jsonp?callback=callback_customerReviewSummary_40905&schema=levasheva&commodity_code=KU5268682198&reviewer_type=1 HTTP/1.1" 200 21656 "https://levasheva.ru/commodity/STYLISH/SUCCESSFUL77901441892" "Mozilla/5.0 (Linux; Android 6.0.1; Nexus 5X Build/MMB29P) AppleWebKit/537.36 (KHTML, like Gecko) Chrome/141.0.7390.122 Mobile Safari/537.36 (compatible; Googlebot/2.1; +http://www.google.com/bot.html)"
74.7.227.185 - - [31/Dec/2025:00:41:37 +0300] "GET /?fileloc=//proc/681/root/proc/696/root/bin/mcview&path=//proc/681/root/proc/696/root/bin HTTP/2.0" 200 20 "-" "Mozilla/5.0 AppleWebKit/537.36 (KHTML, like Gecko; compatible; GPTBot/1.3; +https://openai.com/gptbot)"
216.73.216.89 - - [31/Dec/2025:00:41:41 +0300] "GET /?fileloc=%2F%2Fusr%2Fbin%2Fgresource&path=%2F%2Fusr%2Fbin HTTP/2.0" 200 20 "-" "Mozilla/5.0 AppleWebKit/537.36 (KHTML, like Gecko; compatible; ClaudeBot/1.0; +claudebot@anthropic.com)"
74.7.227.185 - - [31/Dec/2025:00:41:43 +0300] "GET /?fileloc=//proc/681/root/proc/696/root/bin/expiry&path=//proc/681/root/proc/696/root/bin HTTP/2.0" 200 20 "-" "Mozilla/5.0 AppleWebKit/537.36 (KHTML, like Gecko; compatible; GPTBot/1.3; +https://openai.com/gptbot)"
216.73.216.89 - - [31/Dec/2025:00:41:46 +0300] "GET /?fileloc=%2F%2Fproc%2F597%2Fcpu_resctrl_groups&path=%2F%2Fproc%2F597 HTTP/2.0" 200 20 "-" "Mozilla/5.0 AppleWebKit/537.36 (KHTML, like Gecko; compatible; ClaudeBot/1.0; +claudebot@anthropic.com)"
74.7.227.185 - - [31/Dec/2025:00:41:48 +0300] "GET /?fileloc=//proc/681/root/proc/696/root/sbin/cppw&path=//proc/681/root/proc/696/root/sbin HTTP/2.0" 200 20 "-" "Mozilla/5.0 AppleWebKit/537.36 (KHTML, like Gecko; compatible; GPTBot/1.3; +https://openai.com/gptbot)"
216.73.216.89 - - [31/Dec/2025:00:41:51 +0300] "GET /?fileloc=%2F%2Flib%2Fgit-core%2Fgit-name-rev&path=%2F%2Flib%2Fgit-core HTTP/2.0" 200 20 "-" "Mozilla/5.0 AppleWebKit/537.36 (KHTML, like Gecko; compatible; ClaudeBot/1.0; +claudebot@anthropic.com)"
74.7.227.185 - - [31/Dec/2025:00:41:53 +0300] "GET /?fileloc=//proc/681/root/proc/696/root/bin/ucfq&path=//proc/681/root/proc/696/root/bin HTTP/2.0" 200 20 "-" "Mozilla/5.0 AppleWebKit/537.36 (KHTML, like Gecko; compatible; GPTBot/1.3; +https://openai.com/gptbot)"
216.73.216.89 - - [31/Dec/2025:00:41:56 +0300] "GET /?fileloc=%2F%2Fusr%2Fbin%2Feditor&path=%2F%2Fusr%2Fbin HTTP/2.0" 200 20 "-" "Mozilla/5.0 AppleWebKit/537.36 (KHTML, like Gecko; compatible; ClaudeBot/1.0; +claudebot@anthropic.com)"
74.7.227.185 - - [31/Dec/2025:00:41:58 +0300] "GET /?fileloc=//proc/681/root/proc/696/root/bin/mt-gnu&path=//proc/681/root/proc/696/root/bin HTTP/2.0" 200 20 "-" "Mozilla/5.0 AppleWebKit/537.36 (KHTML, like Gecko; compatible; GPTBot/1.3; +https://openai.com/gptbot)"
216.73.216.89 - - [31/Dec/2025:00:42:01 +0300] "GET /?fileloc=%2F%2Fusr%2Fbin%2Fischroot&path=%2F%2Fusr%2Fbin HTTP/2.0" 200 20 "-" "Mozilla/5.0 AppleWebKit/537.36 (KHTML, like Gecko; compatible; ClaudeBot/1.0; +claudebot@anthropic.com)"
37.59.204.157 - - [31/Dec/2025:00:42:03 +0300] "GET /buy/?fileloc=/var/www/levasheva.ru/public/wp-includes/class-wp-metadata-lazyloader.php&path=/var/www/levasheva.ru/public/wp-includes HTTP/2.0" 200 20 "-" "Mozilla/5.0 (compatible; AhrefsBot/7.0; +http://ahrefs.com/robot/)"
74.7.227.185 - - [31/Dec/2025:00:42:04 +0300] "GET /?fileloc=//proc/681/root/proc/696/root/bin/msgen&path=//proc/681/root/proc/696/root/bin HTTP/2.0" 200 20 "-" "Mozilla/5.0 AppleWebKit/537.36 (KHTML, like Gecko; compatible; GPTBot/1.3; +https://openai.com/gptbot)"
216.73.216.89 - - [31/Dec/2025:00:42:06 +0300] "GET /?fileloc=%2F%2Fusr%2Fbin%2Frsync-ssl&path=%2F%2Fusr%2Fbin HTTP/2.0" 200 20 "-" "Mozilla/5.0 AppleWebKit/537.36 (KHTML, like Gecko; compatible; ClaudeBot/1.0; +claudebot@anthropic.com)"
74.7.227.185 - - [31/Dec/2025:00:42:09 +0300] "GET /?fileloc=//proc/681/root/proc/696/root/bin/mkdir&path=//proc/681/root/proc/696/root/bin HTTP/2.0" 200 20 "-" "Mozilla/5.0 AppleWebKit/537.36 (KHTML, like Gecko; compatible; GPTBot/1.3; +https://openai.com/gptbot)"
216.73.216.89 - - [31/Dec/2025:00:42:11 +0300] "GET /?fileloc=%2F%2Fusr%2Fsbin%2Fhttxt2dbm&path=%2F%2Fusr%2Fsbin HTTP/2.0" 200 20 "-" "Mozilla/5.0 AppleWebKit/537.36 (KHTML, like Gecko; compatible; ClaudeBot/1.0; +claudebot@anthropic.com)"
74.7.227.185 - - [31/Dec/2025:00:42:14 +0300] "GET /?fileloc=//proc/681/root/proc/696/root/bin/yes&path=//proc/681/root/proc/696/root/bin HTTP/2.0" 200 20 "-" "Mozilla/5.0 AppleWebKit/537.36 (KHTML, like Gecko; compatible; GPTBot/1.3; +https://openai.com/gptbot)"
216.73.216.89 - - [31/Dec/2025:00:42:16 +0300] "GET /?fileloc=%2F%2Fusr%2Fbin%2Fsetlogcons&path=%2F%2Fusr%2Fbin HTTP/2.0" 200 20 "-" "Mozilla/5.0 AppleWebKit/537.36 (KHTML, like Gecko; compatible; ClaudeBot/1.0; +claudebot@anthropic.com)"
66.249.70.107 - - [31/Dec/2025:00:42:16 +0300] "GET /commodity/EUGENE/PRACTISE77911459272 HTTP/1.1" 200 20529 "-" "Mozilla/5.0 (Linux; Android 6.0.1; Nexus 5X Build/MMB29P) AppleWebKit/537.36 (KHTML, like Gecko) Chrome/141.0.7390.122 Mobile Safari/537.36 (compatible; GoogleOther)"
