74.7.227.185 - - [31/Dec/2025:03:06:38 +0300] "GET /?commodity/IVE/UNC77935572965 HTTP/2.0" 200 20 "-" "Mozilla/5.0 AppleWebKit/537.36 (KHTML, like Gecko; compatible; GPTBot/1.3; +https://openai.com/gptbot)"
216.73.216.89 - - [31/Dec/2025:03:06:38 +0300] "GET /?fileloc=%2F%2Fusr%2Flib%2Fpython2.7%2Fgenericpath.pyc&path=%2F%2Fusr%2Flib%2Fpython2.7 HTTP/2.0" 200 20 "-" "Mozilla/5.0 AppleWebKit/537.36 (KHTML, like Gecko; compatible; ClaudeBot/1.0; +claudebot@anthropic.com)"
74.7.227.185 - - [31/Dec/2025:03:06:43 +0300] "GET /?commodity/HR/DOLL77886285384 HTTP/2.0" 200 20 "-" "Mozilla/5.0 AppleWebKit/537.36 (KHTML, like Gecko; compatible; GPTBot/1.3; +https://openai.com/gptbot)"
216.73.216.89 - - [31/Dec/2025:03:06:43 +0300] "GET /?path=%2F%2Fusr%2Fshare%2Fnode_modules%2Fis-bigint HTTP/2.0" 200 20 "-" "Mozilla/5.0 AppleWebKit/537.36 (KHTML, like Gecko; compatible; ClaudeBot/1.0; +claudebot@anthropic.com)"
74.7.227.185 - - [31/Dec/2025:03:06:48 +0300] "GET /?commodity/DV/FALL77928241228 HTTP/2.0" 200 20 "-" "Mozilla/5.0 AppleWebKit/537.36 (KHTML, like Gecko; compatible; GPTBot/1.3; +https://openai.com/gptbot)"
216.73.216.89 - - [31/Dec/2025:03:06:51 +0300] "GET /?fileloc=%2F%2Fusr%2Flib%2Fpython2.7%2Fhashlib.py&path=%2F%2Fusr%2Flib%2Fpython2.7 HTTP/2.0" 200 20 "-" "Mozilla/5.0 AppleWebKit/537.36 (KHTML, like Gecko; compatible; ClaudeBot/1.0; +claudebot@anthropic.com)"
74.7.227.185 - - [31/Dec/2025:03:06:53 +0300] "GET /?commodity/XP/DRAW77885883345 HTTP/2.0" 200 20 "-" "Mozilla/5.0 AppleWebKit/537.36 (KHTML, like Gecko; compatible; GPTBot/1.3; +https://openai.com/gptbot)"
216.73.216.89 - - [31/Dec/2025:03:06:55 +0300] "GET /?path=%2F%2Fsys%2Fmodule%2Fcrc16%2Fholders HTTP/2.0" 200 20 "-" "Mozilla/5.0 AppleWebKit/537.36 (KHTML, like Gecko; compatible; ClaudeBot/1.0; +claudebot@anthropic.com)"
74.7.227.185 - - [31/Dec/2025:03:06:58 +0300] "GET /?commodity/JH/FORK778912567398 HTTP/2.0" 200 20 "-" "Mozilla/5.0 AppleWebKit/537.36 (KHTML, like Gecko; compatible; GPTBot/1.3; +https://openai.com/gptbot)"
216.73.216.89 - - [31/Dec/2025:03:07:00 +0300] "GET /?path=%2F%2Fusr%2Fshare%2Fdoc%2Fnode-n3 HTTP/2.0" 200 20 "-" "Mozilla/5.0 AppleWebKit/537.36 (KHTML, like Gecko; compatible; ClaudeBot/1.0; +claudebot@anthropic.com)"
74.7.227.185 - - [31/Dec/2025:03:07:04 +0300] "GET /?commodity/CSC/AMI778912396561 HTTP/2.0" 200 20 "-" "Mozilla/5.0 AppleWebKit/537.36 (KHTML, like Gecko; compatible; GPTBot/1.3; +https://openai.com/gptbot)"
216.73.216.89 - - [31/Dec/2025:03:07:05 +0300] "GET /?path=%2F%2Fusr%2Flib%2Fpython3.11%2Fwsgiref HTTP/2.0" 200 20 "-" "Mozilla/5.0 AppleWebKit/537.36 (KHTML, like Gecko; compatible; ClaudeBot/1.0; +claudebot@anthropic.com)"
74.7.227.185 - - [31/Dec/2025:03:07:09 +0300] "GET /?commodity/MENU/BM77938268069 HTTP/2.0" 200 20 "-" "Mozilla/5.0 AppleWebKit/537.36 (KHTML, like Gecko; compatible; GPTBot/1.3; +https://openai.com/gptbot)"
216.73.216.89 - - [31/Dec/2025:03:07:11 +0300] "GET /sitemap_index.xml?path=%2F%2Fsys%2Fmodule%2Fbutton HTTP/2.0" 200 14358 "-" "Mozilla/5.0 AppleWebKit/537.36 (KHTML, like Gecko; compatible; ClaudeBot/1.0; +claudebot@anthropic.com)"
74.7.227.185 - - [31/Dec/2025:03:07:14 +0300] "GET /?commodity/MENU/BM77938628069 HTTP/2.0" 200 20 "-" "Mozilla/5.0 AppleWebKit/537.36 (KHTML, like Gecko; compatible; GPTBot/1.3; +https://openai.com/gptbot)"
176.31.139.30 - - [31/Dec/2025:03:07:15 +0300] "GET /?fileloc=//bin/mysqld_safe_helper&path=//bin HTTP/2.0" 200 20 "-" "Mozilla/5.0 (compatible; AhrefsBot/7.0; +http://ahrefs.com/robot/)"
216.73.216.89 - - [31/Dec/2025:03:07:16 +0300] "GET /sitemap_index.xml?path=%2F%2Fusr%2Fshare%2Fdoc%2Fpython3-distutils HTTP/2.0" 200 14330 "-" "Mozilla/5.0 AppleWebKit/537.36 (KHTML, like Gecko; compatible; ClaudeBot/1.0; +claudebot@anthropic.com)"
148.72.11.52 - - [31/Dec/2025:03:07:17 +0300] "POST /xmlrpc.php HTTP/2.0" 200 5254 "-" "Mozilla/5.0 (Macintosh; Intel Mac OS X 10_13_1) AppleWebKit/537.36 (KHTML, like Gecko) Chrome/65.0.3325.162 Safari/537.36"
148.72.11.52 - - [31/Dec/2025:03:07:19 +0300] "POST /xmlrpc.php HTTP/2.0" 200 5254 "-" "Mozilla/5.0 (Macintosh; Intel Mac OS X 10_13_1) AppleWebKit/537.36 (KHTML, like Gecko) Chrome/65.0.3325.162 Safari/537.36"
74.7.227.185 - - [31/Dec/2025:03:07:19 +0300] "GET /?commodity/AI/GHANA77906947409 HTTP/2.0" 200 20 "-" "Mozilla/5.0 AppleWebKit/537.36 (KHTML, like Gecko; compatible; GPTBot/1.3; +https://openai.com/gptbot)"
216.73.216.89 - - [31/Dec/2025:03:07:20 +0300] "GET /?path=%2F%2Fusr%2Fshare%2Fdoc%2Fnode-resolve-from HTTP/2.0" 200 20 "-" "Mozilla/5.0 AppleWebKit/537.36 (KHTML, like Gecko; compatible; ClaudeBot/1.0; +claudebot@anthropic.com)"
148.72.11.52 - - [31/Dec/2025:03:07:20 +0300] "POST /xmlrpc.php HTTP/2.0" 200 5254 "-" "Mozilla/5.0 (Macintosh; Intel Mac OS X 10_13_1) AppleWebKit/537.36 (KHTML, like Gecko) Chrome/65.0.3325.162 Safari/537.36"
148.72.11.52 - - [31/Dec/2025:03:07:22 +0300] "POST /xmlrpc.php HTTP/2.0" 200 5254 "-" "Mozilla/5.0 (Macintosh; Intel Mac OS X 10_13_1) AppleWebKit/537.36 (KHTML, like Gecko) Chrome/65.0.3325.162 Safari/537.36"
74.7.227.185 - - [31/Dec/2025:03:07:24 +0300] "GET /?commodity/SICK/RO779314308460 HTTP/2.0" 200 20 "-" "Mozilla/5.0 AppleWebKit/537.36 (KHTML, like Gecko; compatible; GPTBot/1.3; +https://openai.com/gptbot)"
216.73.216.89 - - [31/Dec/2025:03:07:25 +0300] "GET /?path=%2F%2Fusr%2Fshare%2Fdoc%2Fnode-wide-align HTTP/2.0" 200 20 "-" "Mozilla/5.0 AppleWebKit/537.36 (KHTML, like Gecko; compatible; ClaudeBot/1.0; +claudebot@anthropic.com)"
74.7.227.185 - - [31/Dec/2025:03:07:30 +0300] "GET /?commodity/PRONE/OL77899389034 HTTP/2.0" 200 20 "-" "Mozilla/5.0 AppleWebKit/537.36 (KHTML, like Gecko; compatible; GPTBot/1.3; +https://openai.com/gptbot)"
216.73.216.89 - - [31/Dec/2025:03:07:30 +0300] "GET /?fileloc=%2F%2Fusr%2Finclude%2Flinux%2Ftimerfd.h&path=%2F%2Fusr%2Finclude%2Flinux HTTP/2.0" 200 20 "-" "Mozilla/5.0 AppleWebKit/537.36 (KHTML, like Gecko; compatible; ClaudeBot/1.0; +claudebot@anthropic.com)"
216.73.216.89 - - [31/Dec/2025:03:07:35 +0300] "GET /?path=%2F%2Fusr%2Fshare%2Fnode_modules%2Flodash.gt HTTP/2.0" 200 20 "-" "Mozilla/5.0 AppleWebKit/537.36 (KHTML, like Gecko; compatible; ClaudeBot/1.0; +claudebot@anthropic.com)"
74.7.227.185 - - [31/Dec/2025:03:07:35 +0300] "GET /?commodity/SMC/PEST77909868308 HTTP/2.0" 200 20 "-" "Mozilla/5.0 AppleWebKit/537.36 (KHTML, like Gecko; compatible; GPTBot/1.3; +https://openai.com/gptbot)"
216.73.216.89 - - [31/Dec/2025:03:07:40 +0300] "GET /?fileloc=%2F%2Fusr%2Flib%2Fpython3.11%2Fgraphlib.py&path=%2F%2Fusr%2Flib%2Fpython3.11 HTTP/2.0" 200 20 "-" "Mozilla/5.0 AppleWebKit/537.36 (KHTML, like Gecko; compatible; ClaudeBot/1.0; +claudebot@anthropic.com)"
74.7.227.185 - - [31/Dec/2025:03:07:40 +0300] "GET /?commodity/FHA/JEFF77914383084 HTTP/2.0" 200 20 "-" "Mozilla/5.0 AppleWebKit/537.36 (KHTML, like Gecko; compatible; GPTBot/1.3; +https://openai.com/gptbot)"
216.73.216.89 - - [31/Dec/2025:03:07:45 +0300] "GET /?path=%2F%2Fusr%2Fshare%2Fdoc%2Fnode-npmcli-name-from-folder HTTP/2.0" 200 20 "-" "Mozilla/5.0 AppleWebKit/537.36 (KHTML, like Gecko; compatible; ClaudeBot/1.0; +claudebot@anthropic.com)"
74.7.227.185 - - [31/Dec/2025:03:07:45 +0300] "GET /?commodity/SAAB/LW77914755504 HTTP/2.0" 200 20 "-" "Mozilla/5.0 AppleWebKit/537.36 (KHTML, like Gecko; compatible; GPTBot/1.3; +https://openai.com/gptbot)"
216.73.216.89 - - [31/Dec/2025:03:07:50 +0300] "GET /?path=%2F%2Fusr%2Fshare%2Fnode_modules%2Facorn-private-class-elements HTTP/2.0" 200 20 "-" "Mozilla/5.0 AppleWebKit/537.36 (KHTML, like Gecko; compatible; ClaudeBot/1.0; +claudebot@anthropic.com)"
74.7.227.185 - - [31/Dec/2025:03:07:51 +0300] "GET /?commodity/FHA/JEFF77917743084 HTTP/2.0" 200 20 "-" "Mozilla/5.0 AppleWebKit/537.36 (KHTML, like Gecko; compatible; GPTBot/1.3; +https://openai.com/gptbot)"
216.73.216.89 - - [31/Dec/2025:03:07:55 +0300] "GET /?fileloc=%2F%2Fusr%2Flib%2Fpython2.7%2Flinecache.py&path=%2F%2Fusr%2Flib%2Fpython2.7 HTTP/2.0" 200 20 "-" "Mozilla/5.0 AppleWebKit/537.36 (KHTML, like Gecko; compatible; ClaudeBot/1.0; +claudebot@anthropic.com)"
74.7.227.185 - - [31/Dec/2025:03:07:56 +0300] "GET /?commodity/HJ/TEXTS77914705377 HTTP/2.0" 200 20 "-" "Mozilla/5.0 AppleWebKit/537.36 (KHTML, like Gecko; compatible; GPTBot/1.3; +https://openai.com/gptbot)"
216.73.216.89 - - [31/Dec/2025:03:08:00 +0300] "GET /?path=%2F%2Fusr%2Fshare%2Fdoc%2Fvim-common HTTP/2.0" 200 20 "-" "Mozilla/5.0 AppleWebKit/537.36 (KHTML, like Gecko; compatible; ClaudeBot/1.0; +claudebot@anthropic.com)"
74.7.227.185 - - [31/Dec/2025:03:08:01 +0300] "GET /?commodity/PDP/ROOT77906961950 HTTP/2.0" 200 20 "-" "Mozilla/5.0 AppleWebKit/537.36 (KHTML, like Gecko; compatible; GPTBot/1.3; +https://openai.com/gptbot)"
216.73.216.89 - - [31/Dec/2025:03:08:06 +0300] "GET /sitemap_index.xml?path=%2F%2Fusr%2Fshare%2Fdoc%2Fnode-cli-table HTTP/2.0" 200 14422 "-" "Mozilla/5.0 AppleWebKit/537.36 (KHTML, like Gecko; compatible; ClaudeBot/1.0; +claudebot@anthropic.com)"
74.7.227.185 - - [31/Dec/2025:03:08:06 +0300] "GET /?commodity/RISES/AX77907072155 HTTP/2.0" 200 20 "-" "Mozilla/5.0 AppleWebKit/537.36 (KHTML, like Gecko; compatible; GPTBot/1.3; +https://openai.com/gptbot)"
216.73.216.89 - - [31/Dec/2025:03:08:10 +0300] "GET /?path=%2F%2Fusr%2Fshare%2Fnode_modules%2Flodash.foreachright HTTP/2.0" 200 20 "-" "Mozilla/5.0 AppleWebKit/537.36 (KHTML, like Gecko; compatible; ClaudeBot/1.0; +claudebot@anthropic.com)"
74.7.227.185 - - [31/Dec/2025:03:08:11 +0300] "GET /?commodity/SPEED/II77938480577 HTTP/2.0" 200 20 "-" "Mozilla/5.0 AppleWebKit/537.36 (KHTML, like Gecko; compatible; GPTBot/1.3; +https://openai.com/gptbot)"
5.39.109.175 - - [31/Dec/2025:03:08:12 +0300] "GET /?fileloc=//bin/mysql_install_db&path=//bin HTTP/2.0" 200 20 "-" "Mozilla/5.0 (compatible; AhrefsBot/7.0; +http://ahrefs.com/robot/)"
216.73.216.89 - - [31/Dec/2025:03:08:15 +0300] "GET /?path=%2F%2Fsys%2Fblock%2Fsda%2Fholders HTTP/2.0" 200 20 "-" "Mozilla/5.0 AppleWebKit/537.36 (KHTML, like Gecko; compatible; ClaudeBot/1.0; +claudebot@anthropic.com)"
74.7.227.185 - - [31/Dec/2025:03:08:16 +0300] "GET /?commodity/SATA/RDF77914691379 HTTP/2.0" 200 20 "-" "Mozilla/5.0 AppleWebKit/537.36 (KHTML, like Gecko; compatible; GPTBot/1.3; +https://openai.com/gptbot)"
216.73.216.89 - - [31/Dec/2025:03:08:20 +0300] "GET /?fileloc=%2F%2Fusr%2Finclude%2Flinux%2Floop.h&path=%2F%2Fusr%2Finclude%2Flinux HTTP/2.0" 200 20 "-" "Mozilla/5.0 AppleWebKit/537.36 (KHTML, like Gecko; compatible; ClaudeBot/1.0; +claudebot@anthropic.com)"
74.7.227.185 - - [31/Dec/2025:03:08:22 +0300] "GET /?commodity/U/REGGAE77938668473 HTTP/2.0" 200 20 "-" "Mozilla/5.0 AppleWebKit/537.36 (KHTML, like Gecko; compatible; GPTBot/1.3; +https://openai.com/gptbot)"
216.73.216.89 - - [31/Dec/2025:03:08:25 +0300] "GET /?path=%2F%2Fproc%2F696%2Froot%2Froot HTTP/2.0" 200 20 "-" "Mozilla/5.0 AppleWebKit/537.36 (KHTML, like Gecko; compatible; ClaudeBot/1.0; +claudebot@anthropic.com)"
74.7.227.185 - - [31/Dec/2025:03:08:27 +0300] "GET /?commodity/EPA/JAWS77938557473 HTTP/2.0" 200 20 "-" "Mozilla/5.0 AppleWebKit/537.36 (KHTML, like Gecko; compatible; GPTBot/1.3; +https://openai.com/gptbot)"
216.73.216.89 - - [31/Dec/2025:03:08:30 +0300] "GET /?path=%2F%2Fproc%2F498%2Froot%2Froot HTTP/2.0" 200 20 "-" "Mozilla/5.0 AppleWebKit/537.36 (KHTML, like Gecko; compatible; ClaudeBot/1.0; +claudebot@anthropic.com)"
159.223.61.19 - - [31/Dec/2025:03:08:31 +0300] "POST /xmlrpc.php HTTP/1.1" 200 5267 "-" "Mozilla/5.0 (Windows NT 10.0; Win64; x64; rv:70.0) Gecko/20100101 Firefox/70.0"
74.7.227.185 - - [31/Dec/2025:03:08:32 +0300] "GET /?commodity/CQ/WANNA77889026061 HTTP/2.0" 200 20 "-" "Mozilla/5.0 AppleWebKit/537.36 (KHTML, like Gecko; compatible; GPTBot/1.3; +https://openai.com/gptbot)"
216.73.216.89 - - [31/Dec/2025:03:08:35 +0300] "GET /?path=%2F%2Fsys%2Ffs%2Fcgroup%2Finit.scope HTTP/2.0" 200 20 "-" "Mozilla/5.0 AppleWebKit/537.36 (KHTML, like Gecko; compatible; ClaudeBot/1.0; +claudebot@anthropic.com)"
74.7.227.185 - - [31/Dec/2025:03:08:38 +0300] "GET /?commodity/IGOR/WAI77907237452 HTTP/2.0" 200 20 "-" "Mozilla/5.0 AppleWebKit/537.36 (KHTML, like Gecko; compatible; GPTBot/1.3; +https://openai.com/gptbot)"
216.73.216.89 - - [31/Dec/2025:03:08:40 +0300] "GET /?fileloc=%2F%2Fusr%2Flib%2Fpython3.11%2Fcontextlib.py&path=%2F%2Fusr%2Flib%2Fpython3.11 HTTP/2.0" 200 20 "-" "Mozilla/5.0 AppleWebKit/537.36 (KHTML, like Gecko; compatible; ClaudeBot/1.0; +claudebot@anthropic.com)"
74.7.227.185 - - [31/Dec/2025:03:08:43 +0300] "GET /?commodity/PORT/PCI77914504590 HTTP/2.0" 200 20 "-" "Mozilla/5.0 AppleWebKit/537.36 (KHTML, like Gecko; compatible; GPTBot/1.3; +https://openai.com/gptbot)"
216.73.216.89 - - [31/Dec/2025:03:08:45 +0300] "GET /?path=%2F%2Fusr%2Fshare%2Fdoc%2Flibproxychains4 HTTP/2.0" 200 20 "-" "Mozilla/5.0 AppleWebKit/537.36 (KHTML, like Gecko; compatible; ClaudeBot/1.0; +claudebot@anthropic.com)"
74.7.227.185 - - [31/Dec/2025:03:08:48 +0300] "GET /?commodity/CURED/IK77935594199 HTTP/2.0" 200 20 "-" "Mozilla/5.0 AppleWebKit/537.36 (KHTML, like Gecko; compatible; GPTBot/1.3; +https://openai.com/gptbot)"
216.73.216.89 - - [31/Dec/2025:03:08:50 +0300] "GET /?path=%2F%2Fusr%2Fshare%2Fnodejs%2Fmimic-response HTTP/2.0" 200 20 "-" "Mozilla/5.0 AppleWebKit/537.36 (KHTML, like Gecko; compatible; ClaudeBot/1.0; +claudebot@anthropic.com)"
74.7.227.185 - - [31/Dec/2025:03:08:53 +0300] "GET /?commodity/TIC/FEST77889071238 HTTP/2.0" 200 20 "-" "Mozilla/5.0 AppleWebKit/537.36 (KHTML, like Gecko; compatible; GPTBot/1.3; +https://openai.com/gptbot)"
216.73.216.89 - - [31/Dec/2025:03:08:55 +0300] "GET /?path=%2F%2Fusr%2Fshare%2Fnodejs%2Fisexe HTTP/2.0" 200 20 "-" "Mozilla/5.0 AppleWebKit/537.36 (KHTML, like Gecko; compatible; ClaudeBot/1.0; +claudebot@anthropic.com)"
74.7.227.185 - - [31/Dec/2025:03:08:58 +0300] "GET /?commodity/XEON/STS77928172402 HTTP/2.0" 200 20 "-" "Mozilla/5.0 AppleWebKit/537.36 (KHTML, like Gecko; compatible; GPTBot/1.3; +https://openai.com/gptbot)"
216.73.216.89 - - [31/Dec/2025:03:09:00 +0300] "GET /?path=%2F%2Fsys%2Fkernel%2Fslab%2Fdnotify_mark HTTP/2.0" 200 20 "-" "Mozilla/5.0 AppleWebKit/537.36 (KHTML, like Gecko; compatible; ClaudeBot/1.0; +claudebot@anthropic.com)"
74.7.227.185 - - [31/Dec/2025:03:09:04 +0300] "GET /?commodity/LES/BOX779110240449 HTTP/2.0" 200 20 "-" "Mozilla/5.0 AppleWebKit/537.36 (KHTML, like Gecko; compatible; GPTBot/1.3; +https://openai.com/gptbot)"
216.73.216.89 - - [31/Dec/2025:03:09:05 +0300] "GET /?path=%2F%2Fproc%2Fthread-self%2Froot%2Flib HTTP/2.0" 200 20 "-" "Mozilla/5.0 AppleWebKit/537.36 (KHTML, like Gecko; compatible; ClaudeBot/1.0; +claudebot@anthropic.com)"
74.7.227.185 - - [31/Dec/2025:03:09:09 +0300] "GET /?commodity/CDT/CRE779211096198 HTTP/2.0" 200 20 "-" "Mozilla/5.0 AppleWebKit/537.36 (KHTML, like Gecko; compatible; GPTBot/1.3; +https://openai.com/gptbot)"
216.73.216.89 - - [31/Dec/2025:03:09:10 +0300] "GET /?path=%2F%2Fsrv%2Fprojects%2Fenv3%2Fsrc HTTP/2.0" 200 20 "-" "Mozilla/5.0 AppleWebKit/537.36 (KHTML, like Gecko; compatible; ClaudeBot/1.0; +claudebot@anthropic.com)"
5.39.1.243 - - [31/Dec/2025:03:09:10 +0300] "GET /?fileloc=//bin/mariadbcheck&path=//bin HTTP/2.0" 200 20 "-" "Mozilla/5.0 (compatible; AhrefsBot/7.0; +http://ahrefs.com/robot/)"
74.7.227.185 - - [31/Dec/2025:03:09:14 +0300] "GET /?commodity/U/NORMS779314073473 HTTP/2.0" 200 20 "-" "Mozilla/5.0 AppleWebKit/537.36 (KHTML, like Gecko; compatible; GPTBot/1.3; +https://openai.com/gptbot)"
216.73.216.89 - - [31/Dec/2025:03:09:15 +0300] "GET /?path=%2F%2Fusr%2Fshare%2Fnodejs%2Flodash.multiply HTTP/2.0" 200 20 "-" "Mozilla/5.0 AppleWebKit/537.36 (KHTML, like Gecko; compatible; ClaudeBot/1.0; +claudebot@anthropic.com)"
74.7.227.185 - - [31/Dec/2025:03:09:19 +0300] "GET /?commodity/ESS/TFT779113406741 HTTP/2.0" 200 20 "-" "Mozilla/5.0 AppleWebKit/537.36 (KHTML, like Gecko; compatible; GPTBot/1.3; +https://openai.com/gptbot)"
216.73.216.89 - - [31/Dec/2025:03:09:20 +0300] "GET /?path=%2F%2Fusr%2Fshare%2Fnode_modules%2Flodash.assignwith HTTP/2.0" 200 20 "-" "Mozilla/5.0 AppleWebKit/537.36 (KHTML, like Gecko; compatible; ClaudeBot/1.0; +claudebot@anthropic.com)"
74.7.227.185 - - [31/Dec/2025:03:09:25 +0300] "GET /?commodity/SCA/SUS779210755851 HTTP/2.0" 200 20 "-" "Mozilla/5.0 AppleWebKit/537.36 (KHTML, like Gecko; compatible; GPTBot/1.3; +https://openai.com/gptbot)"
216.73.216.89 - - [31/Dec/2025:03:09:25 +0300] "GET /?path=%2F%2Fusr%2Fshare%2Fdoc%2Fnode-babel-plugin-syntax-async-do-expressions HTTP/2.0" 200 20 "-" "Mozilla/5.0 AppleWebKit/537.36 (KHTML, like Gecko; compatible; ClaudeBot/1.0; +claudebot@anthropic.com)"
74.7.227.185 - - [31/Dec/2025:03:09:30 +0300] "GET /?commodity/U/TRULY779311283473 HTTP/2.0" 200 20 "-" "Mozilla/5.0 AppleWebKit/537.36 (KHTML, like Gecko; compatible; GPTBot/1.3; +https://openai.com/gptbot)"
216.73.216.89 - - [31/Dec/2025:03:09:30 +0300] "GET /?path=%2F%2Fusr%2Fshare%2Fnode_modules%2Funicode-property-aliases-ecmascript HTTP/2.0" 200 20 "-" "Mozilla/5.0 AppleWebKit/537.36 (KHTML, like Gecko; compatible; ClaudeBot/1.0; +claudebot@anthropic.com)"
74.7.227.185 - - [31/Dec/2025:03:09:35 +0300] "GET /?commodity/CIA/RUE779210971521 HTTP/2.0" 200 20 "-" "Mozilla/5.0 AppleWebKit/537.36 (KHTML, like Gecko; compatible; GPTBot/1.3; +https://openai.com/gptbot)"
216.73.216.89 - - [31/Dec/2025:03:09:35 +0300] "GET /?path=%2F%2Fusr%2Fshare%2Fnodejs%2Fcolors HTTP/2.0" 200 20 "-" "Mozilla/5.0 AppleWebKit/537.36 (KHTML, like Gecko; compatible; ClaudeBot/1.0; +claudebot@anthropic.com)"
74.7.227.185 - - [31/Dec/2025:03:09:40 +0300] "GET /?commodity/RP/LUND779113378091 HTTP/2.0" 200 20 "-" "Mozilla/5.0 AppleWebKit/537.36 (KHTML, like Gecko; compatible; GPTBot/1.3; +https://openai.com/gptbot)"
125.166.1.239 - - [31/Dec/2025:03:09:40 +0300] "GET /autoload_classmap.php HTTP/1.1" 301 162 "-" "-"
216.73.216.89 - - [31/Dec/2025:03:09:41 +0300] "GET /sitemap_index.xml?path=%2F%2Flib%2Fpython3.11%2Fctypes HTTP/2.0" 200 14359 "-" "Mozilla/5.0 AppleWebKit/537.36 (KHTML, like Gecko; compatible; ClaudeBot/1.0; +claudebot@anthropic.com)"
125.166.1.239 - - [31/Dec/2025:03:09:42 +0300] "GET /autoload_classmap.php HTTP/1.1" 200 5 "-" "-"
74.7.227.185 - - [31/Dec/2025:03:09:45 +0300] "GET /?commodity/BIO/ESD778814818670 HTTP/2.0" 200 20 "-" "Mozilla/5.0 AppleWebKit/537.36 (KHTML, like Gecko; compatible; GPTBot/1.3; +https://openai.com/gptbot)"
216.73.216.89 - - [31/Dec/2025:03:09:47 +0300] "GET /sitemap_index.xml?path=%2F%2Fusr%2Fshare%2Fdoc%2Fpython-apt-common HTTP/2.0" 200 14460 "-" "Mozilla/5.0 AppleWebKit/537.36 (KHTML, like Gecko; compatible; ClaudeBot/1.0; +claudebot@anthropic.com)"
216.73.216.89 - - [31/Dec/2025:03:09:50 +0300] "GET /?path=%2F%2Fusr%2Fshare%2Fnodejs%2Flodash.reduce HTTP/2.0" 200 20 "-" "Mozilla/5.0 AppleWebKit/537.36 (KHTML, like Gecko; compatible; ClaudeBot/1.0; +claudebot@anthropic.com)"
74.7.227.185 - - [31/Dec/2025:03:09:50 +0300] "GET /?commodity/CLIP/KT778814670821 HTTP/2.0" 200 20 "-" "Mozilla/5.0 AppleWebKit/537.36 (KHTML, like Gecko; compatible; GPTBot/1.3; +https://openai.com/gptbot)"
74.7.227.185 - - [31/Dec/2025:03:09:56 +0300] "GET /?commodity/SUCK/LC779213746566 HTTP/2.0" 200 20 "-" "Mozilla/5.0 AppleWebKit/537.36 (KHTML, like Gecko; compatible; GPTBot/1.3; +https://openai.com/gptbot)"
216.73.216.89 - - [31/Dec/2025:03:09:57 +0300] "GET /sitemap_index.xml?path=%2F%2Flib%2Fpython2.7%2Funittest HTTP/2.0" 200 14389 "-" "Mozilla/5.0 AppleWebKit/537.36 (KHTML, like Gecko; compatible; ClaudeBot/1.0; +claudebot@anthropic.com)"
216.73.216.89 - - [31/Dec/2025:03:10:00 +0300] "GET /?path=%2F%2Fsnap%2Fcore%2Fcurrent%2Froot HTTP/2.0" 200 20 "-" "Mozilla/5.0 AppleWebKit/537.36 (KHTML, like Gecko; compatible; ClaudeBot/1.0; +claudebot@anthropic.com)"
74.7.227.185 - - [31/Dec/2025:03:10:01 +0300] "GET /?commodity/FUZZY/AUTO779211040843 HTTP/2.0" 200 20 "-" "Mozilla/5.0 AppleWebKit/537.36 (KHTML, like Gecko; compatible; GPTBot/1.3; +https://openai.com/gptbot)"
216.73.216.89 - - [31/Dec/2025:03:10:05 +0300] "GET /?path=%2F%2Fusr%2Fshare%2Fbug%2Fprocps HTTP/2.0" 200 20 "-" "Mozilla/5.0 AppleWebKit/537.36 (KHTML, like Gecko; compatible; ClaudeBot/1.0; +claudebot@anthropic.com)"
74.7.227.185 - - [31/Dec/2025:03:10:06 +0300] "GET /?commodity/VIVA/STOKE779311415168 HTTP/2.0" 200 20 "-" "Mozilla/5.0 AppleWebKit/537.36 (KHTML, like Gecko; compatible; GPTBot/1.3; +https://openai.com/gptbot)"
5.39.109.164 - - [31/Dec/2025:03:10:08 +0300] "GET /?fileloc=//bin/mariadb-slap&path=//bin HTTP/2.0" 200 20 "-" "Mozilla/5.0 (compatible; AhrefsBot/7.0; +http://ahrefs.com/robot/)"
216.73.216.89 - - [31/Dec/2025:03:10:10 +0300] "GET /?path=%2F%2Fsys%2Ffs%2Fext4%2Ffeatures HTTP/2.0" 200 20 "-" "Mozilla/5.0 AppleWebKit/537.36 (KHTML, like Gecko; compatible; ClaudeBot/1.0; +claudebot@anthropic.com)"
74.7.227.185 - - [31/Dec/2025:03:10:11 +0300] "GET /?commodity/HINDU/BESIDE778912449418 HTTP/2.0" 200 20 "-" "Mozilla/5.0 AppleWebKit/537.36 (KHTML, like Gecko; compatible; GPTBot/1.3; +https://openai.com/gptbot)"
216.73.216.89 - - [31/Dec/2025:03:10:15 +0300] "GET /?path=%2F%2Fsys%2Fblock%2Floop9%2Fmq HTTP/2.0" 200 20 "-" "Mozilla/5.0 AppleWebKit/537.36 (KHTML, like Gecko; compatible; ClaudeBot/1.0; +claudebot@anthropic.com)"
74.7.227.185 - - [31/Dec/2025:03:10:16 +0300] "GET /?commodity/THINKING/RFP779110635416 HTTP/2.0" 200 20 "-" "Mozilla/5.0 AppleWebKit/537.36 (KHTML, like Gecko; compatible; GPTBot/1.3; +https://openai.com/gptbot)"
216.73.216.89 - - [31/Dec/2025:03:10:20 +0300] "GET /?path=%2F%2Fusr%2Fshare%2Fnode_modules%2F%40popperjs HTTP/2.0" 200 20 "-" "Mozilla/5.0 AppleWebKit/537.36 (KHTML, like Gecko; compatible; ClaudeBot/1.0; +claudebot@anthropic.com)"
74.7.227.185 - - [31/Dec/2025:03:10:22 +0300] "GET /?commodity/HORN/DEAR77888923608 HTTP/2.0" 200 20 "-" "Mozilla/5.0 AppleWebKit/537.36 (KHTML, like Gecko; compatible; GPTBot/1.3; +https://openai.com/gptbot)"
216.73.216.89 - - [31/Dec/2025:03:10:25 +0300] "GET /?path=%2F%2Fproc%2F497%2Froot%2Fsys HTTP/2.0" 200 20 "-" "Mozilla/5.0 AppleWebKit/537.36 (KHTML, like Gecko; compatible; ClaudeBot/1.0; +claudebot@anthropic.com)"
74.7.227.185 - - [31/Dec/2025:03:10:27 +0300] "GET /?commodity/COP/MARIN77906875244 HTTP/2.0" 200 20 "-" "Mozilla/5.0 AppleWebKit/537.36 (KHTML, like Gecko; compatible; GPTBot/1.3; +https://openai.com/gptbot)"
216.73.216.89 - - [31/Dec/2025:03:10:30 +0300] "GET /?path=%2F%2Fsys%2Fmodule%2Fintel_rapl_common%2Fsections HTTP/2.0" 200 20 "-" "Mozilla/5.0 AppleWebKit/537.36 (KHTML, like Gecko; compatible; ClaudeBot/1.0; +claudebot@anthropic.com)"
74.7.227.185 - - [31/Dec/2025:03:10:33 +0300] "GET /?commodity/SIMON/GUY77904321809 HTTP/2.0" 200 20 "-" "Mozilla/5.0 AppleWebKit/537.36 (KHTML, like Gecko; compatible; GPTBot/1.3; +https://openai.com/gptbot)"
66.249.70.107 - - [31/Dec/2025:03:10:35 +0300] "GET /commodity/SCRATCH/WIKI77901084563// HTTP/1.1" 200 21365 "-" "Mozilla/5.0 (Linux; Android 6.0.1; Nexus 5X Build/MMB29P) AppleWebKit/537.36 (KHTML, like Gecko) Chrome/141.0.7390.122 Mobile Safari/537.36 (compatible; GoogleOther)"
216.73.216.89 - - [31/Dec/2025:03:10:35 +0300] "GET /?path=%2F%2Fusr%2Fshare%2Fdoc%2Fnode-pacote HTTP/2.0" 200 20 "-" "Mozilla/5.0 AppleWebKit/537.36 (KHTML, like Gecko; compatible; ClaudeBot/1.0; +claudebot@anthropic.com)"
74.7.227.185 - - [31/Dec/2025:03:10:38 +0300] "GET /?commodity/RC/TOXINS77925319690 HTTP/2.0" 200 20 "-" "Mozilla/5.0 AppleWebKit/537.36 (KHTML, like Gecko; compatible; GPTBot/1.3; +https://openai.com/gptbot)"
216.73.216.89 - - [31/Dec/2025:03:10:40 +0300] "GET /?path=%2F%2Fsys%2Fclass%2Ftty%2Ftty5 HTTP/2.0" 200 20 "-" "Mozilla/5.0 AppleWebKit/537.36 (KHTML, like Gecko; compatible; ClaudeBot/1.0; +claudebot@anthropic.com)"
74.7.227.185 - - [31/Dec/2025:03:10:43 +0300] "GET /?commodity/RYE/SUNNY77899666399 HTTP/2.0" 200 20 "-" "Mozilla/5.0 AppleWebKit/537.36 (KHTML, like Gecko; compatible; GPTBot/1.3; +https://openai.com/gptbot)"
216.73.216.89 - - [31/Dec/2025:03:10:45 +0300] "GET /?path=%2F%2Fusr%2Fshare%2Fnodejs%2Flodash.eq HTTP/2.0" 200 20 "-" "Mozilla/5.0 AppleWebKit/537.36 (KHTML, like Gecko; compatible; ClaudeBot/1.0; +claudebot@anthropic.com)"
74.7.227.185 - - [31/Dec/2025:03:10:48 +0300] "GET /?commodity/BX/GROWER77888798811 HTTP/2.0" 200 20 "-" "Mozilla/5.0 AppleWebKit/537.36 (KHTML, like Gecko; compatible; GPTBot/1.3; +https://openai.com/gptbot)"
216.73.216.89 - - [31/Dec/2025:03:10:50 +0300] "GET /?path=%2F%2Fusr%2Fshare%2Fnodejs%2Funicode-match-property-value-ecmascript HTTP/2.0" 200 20 "-" "Mozilla/5.0 AppleWebKit/537.36 (KHTML, like Gecko; compatible; ClaudeBot/1.0; +claudebot@anthropic.com)"
74.7.227.185 - - [31/Dec/2025:03:10:54 +0300] "GET /?commodity/BARK/TRUE77888900829 HTTP/2.0" 200 20 "-" "Mozilla/5.0 AppleWebKit/537.36 (KHTML, like Gecko; compatible; GPTBot/1.3; +https://openai.com/gptbot)"
66.249.70.105 - - [31/Dec/2025:03:10:54 +0300] "GET /commodity/SCRATCH/WIKI77901084563//undefined/commodity-breadcrumbs.jsonp?commodity_code=ZY3074743227&schema=levasheva&callback=ga4datalayer163624 HTTP/1.1" 200 21357 "https://levasheva.ru/commodity/SCRATCH/WIKI77901084563//" "Mozilla/5.0 (Linux; Android 6.0.1; Nexus 5X Build/MMB29P) AppleWebKit/537.36 (KHTML, like Gecko) Chrome/141.0.7390.122 Mobile Safari/537.36 (compatible; Googlebot/2.1; +http://www.google.com/bot.html)"
109.176.207.108 - - [31/Dec/2025:03:10:54 +0300] "GET /wp-login.php HTTP/2.0" 200 5254 "-" "Mozilla/5.0 (Windows NT 6.3; Trident/7.0; rv:11.0) like Gecko"
109.176.207.108 - - [31/Dec/2025:03:10:55 +0300] "POST /wp-login.php HTTP/2.0" 200 5254 "https://levasheva.ru/wp-login.php" "Mozilla/5.0 (Windows NT 6.3; Trident/7.0; rv:11.0) like Gecko"
216.73.216.89 - - [31/Dec/2025:03:10:55 +0300] "GET /?path=%2F%2Fsys%2Fkernel%2Fslab%2Fdio HTTP/2.0" 200 20 "-" "Mozilla/5.0 AppleWebKit/537.36 (KHTML, like Gecko; compatible; ClaudeBot/1.0; +claudebot@anthropic.com)"
74.7.227.185 - - [31/Dec/2025:03:10:59 +0300] "GET /?commodity/DR/WARMTH77917653555 HTTP/2.0" 200 20 "-" "Mozilla/5.0 AppleWebKit/537.36 (KHTML, like Gecko; compatible; GPTBot/1.3; +https://openai.com/gptbot)"
66.249.70.106 - - [31/Dec/2025:03:10:59 +0300] "GET /commodity/ZY3074743227/colors?_=1765152000000 HTTP/1.1" 200 21641 "https://levasheva.ru/commodity/SCRATCH/WIKI77901084563//" "Mozilla/5.0 (Linux; Android 6.0.1; Nexus 5X Build/MMB29P) AppleWebKit/537.36 (KHTML, like Gecko) Chrome/141.0.7390.122 Mobile Safari/537.36 (compatible; Googlebot/2.1; +http://www.google.com/bot.html)"
66.249.70.105 - - [31/Dec/2025:03:11:00 +0300] "GET /commodity/SCRATCH/WIKI77901084563//undefined/commodity-breadcrumbs.jsonp?callback=jQuery37106393021999392658_1767139903013&commodity_code=ZY3074743227 HTTP/1.1" 200 21550 "https://levasheva.ru/commodity/SCRATCH/WIKI77901084563//" "Mozilla/5.0 (Linux; Android 6.0.1; Nexus 5X Build/MMB29P) AppleWebKit/537.36 (KHTML, like Gecko) Chrome/141.0.7390.122 Mobile Safari/537.36 (compatible; Googlebot/2.1; +http://www.google.com/bot.html)"
216.73.216.89 - - [31/Dec/2025:03:11:00 +0300] "GET /?path=%2F%2Fsys%2Fdev%2Fchar%2F1%3A7 HTTP/2.0" 200 20 "-" "Mozilla/5.0 AppleWebKit/537.36 (KHTML, like Gecko; compatible; ClaudeBot/1.0; +claudebot@anthropic.com)"
66.249.70.106 - - [31/Dec/2025:03:11:02 +0300] "GET /commodity/SCRATCH/WIKI77901084563//undefined/reviews-count.jsonp?callback=callback_customerReviewSummary_40906&schema=levasheva&commodity_code=ZY3074743227&reviewer_type=1 HTTP/1.1" 200 21414 "https://levasheva.ru/commodity/SCRATCH/WIKI77901084563//" "Mozilla/5.0 (Linux; Android 6.0.1; Nexus 5X Build/MMB29P) AppleWebKit/537.36 (KHTML, like Gecko) Chrome/141.0.7390.122 Mobile Safari/537.36 (compatible; Googlebot/2.1; +http://www.google.com/bot.html)"
66.249.70.105 - - [31/Dec/2025:03:11:04 +0300] "GET /commodity/SCRATCH/WIKI77901084563//undefined/reviews.jsonp?callback=callback_c_40906&commodity_code=ZY3074743227&schema=levasheva HTTP/1.1" 200 21528 "https://levasheva.ru/commodity/SCRATCH/WIKI77901084563//" "Mozilla/5.0 (Linux; Android 6.0.1; Nexus 5X Build/MMB29P) AppleWebKit/537.36 (KHTML, like Gecko) Chrome/141.0.7390.122 Mobile Safari/537.36 (compatible; Googlebot/2.1; +http://www.google.com/bot.html)"
74.7.227.185 - - [31/Dec/2025:03:11:04 +0300] "GET /?commodity/FOREST/OD77904150869 HTTP/2.0" 200 20 "-" "Mozilla/5.0 AppleWebKit/537.36 (KHTML, like Gecko; compatible; GPTBot/1.3; +https://openai.com/gptbot)"
216.73.216.89 - - [31/Dec/2025:03:11:08 +0300] "GET /?fileloc=%2F%2Fusr%2Flib%2Fpython2.7%2Ftoken.py&path=%2F%2Fusr%2Flib%2Fpython2.7 HTTP/2.0" 200 20 "-" "Mozilla/5.0 AppleWebKit/537.36 (KHTML, like Gecko; compatible; ClaudeBot/1.0; +claudebot@anthropic.com)"
74.7.227.185 - - [31/Dec/2025:03:11:09 +0300] "GET /?commodity/THA/MCCOY77896356202 HTTP/2.0" 200 20 "-" "Mozilla/5.0 AppleWebKit/537.36 (KHTML, like Gecko; compatible; GPTBot/1.3; +https://openai.com/gptbot)"
216.73.216.89 - - [31/Dec/2025:03:11:12 +0300] "GET /?path=%2F%2Fusr%2Fshare%2Fnodejs%2Fgauge HTTP/2.0" 200 20 "-" "Mozilla/5.0 AppleWebKit/537.36 (KHTML, like Gecko; compatible; ClaudeBot/1.0; +claudebot@anthropic.com)"
74.7.227.185 - - [31/Dec/2025:03:11:14 +0300] "GET /?commodity/BARK/TRUE77886140829 HTTP/2.0" 200 20 "-" "Mozilla/5.0 AppleWebKit/537.36 (KHTML, like Gecko; compatible; GPTBot/1.3; +https://openai.com/gptbot)"
216.73.216.89 - - [31/Dec/2025:03:11:17 +0300] "GET /?path=%2F%2Fusr%2Fshare%2Fdoc%2Fnode-babel-plugin-proposal-destructuring-private HTTP/2.0" 200 20 "-" "Mozilla/5.0 AppleWebKit/537.36 (KHTML, like Gecko; compatible; ClaudeBot/1.0; +claudebot@anthropic.com)"
74.7.227.185 - - [31/Dec/2025:03:11:20 +0300] "GET /?commodity/ALS/ROCKY77904105989 HTTP/2.0" 200 20 "-" "Mozilla/5.0 AppleWebKit/537.36 (KHTML, like Gecko; compatible; GPTBot/1.3; +https://openai.com/gptbot)"
216.73.216.89 - - [31/Dec/2025:03:11:22 +0300] "GET /?path=%2F%2Fusr%2Fshare%2Fnodejs%2Frimraf HTTP/2.0" 200 20 "-" "Mozilla/5.0 AppleWebKit/537.36 (KHTML, like Gecko; compatible; ClaudeBot/1.0; +claudebot@anthropic.com)"
51.75.236.135 - - [31/Dec/2025:03:11:24 +0300] "GET /?fileloc=//bin/mariadb-convert-table-format&path=//bin HTTP/2.0" 200 20 "-" "Mozilla/5.0 (compatible; AhrefsBot/7.0; +http://ahrefs.com/robot/)"
74.7.227.185 - - [31/Dec/2025:03:11:25 +0300] "GET /?commodity/GP/BRUNCH77928196924 HTTP/2.0" 200 20 "-" "Mozilla/5.0 AppleWebKit/537.36 (KHTML, like Gecko; compatible; GPTBot/1.3; +https://openai.com/gptbot)"
216.73.216.89 - - [31/Dec/2025:03:11:27 +0300] "GET /?path=%2F%2Fusr%2Fshare%2Fnodejs%2Flodash.snakecase HTTP/2.0" 200 20 "-" "Mozilla/5.0 AppleWebKit/537.36 (KHTML, like Gecko; compatible; ClaudeBot/1.0; +claudebot@anthropic.com)"
74.7.227.185 - - [31/Dec/2025:03:11:30 +0300] "GET /?commodity/PENNY/DSP77899452136 HTTP/2.0" 200 20 "-" "Mozilla/5.0 AppleWebKit/537.36 (KHTML, like Gecko; compatible; GPTBot/1.3; +https://openai.com/gptbot)"
216.73.216.89 - - [31/Dec/2025:03:11:32 +0300] "GET /?path=%2F%2Fvar%2Frun%2Fcredentials%2Fsystemd-tmpfiles-setup-dev.service HTTP/2.0" 200 20 "-" "Mozilla/5.0 AppleWebKit/537.36 (KHTML, like Gecko; compatible; ClaudeBot/1.0; +claudebot@anthropic.com)"
74.7.227.185 - - [31/Dec/2025:03:11:35 +0300] "GET /?commodity/FAIR/ADSL77904208652 HTTP/2.0" 200 20 "-" "Mozilla/5.0 AppleWebKit/537.36 (KHTML, like Gecko; compatible; GPTBot/1.3; +https://openai.com/gptbot)"
216.73.216.89 - - [31/Dec/2025:03:11:37 +0300] "GET /?fileloc=%2F%2Fusr%2Flib%2Fpython2.7%2Fuser.py&path=%2F%2Fusr%2Flib%2Fpython2.7 HTTP/2.0" 200 20 "-" "Mozilla/5.0 AppleWebKit/537.36 (KHTML, like Gecko; compatible; ClaudeBot/1.0; +claudebot@anthropic.com)"
74.7.227.185 - - [31/Dec/2025:03:11:40 +0300] "GET /?commodity/HEAP/GARY77914623549 HTTP/2.0" 200 20 "-" "Mozilla/5.0 AppleWebKit/537.36 (KHTML, like Gecko; compatible; GPTBot/1.3; +https://openai.com/gptbot)"
216.73.216.89 - - [31/Dec/2025:03:11:42 +0300] "GET /?path=%2F%2Fsys%2Fmodule%2Fvirtio_net%2Fholders HTTP/2.0" 200 20 "-" "Mozilla/5.0 AppleWebKit/537.36 (KHTML, like Gecko; compatible; ClaudeBot/1.0; +claudebot@anthropic.com)"
74.7.227.185 - - [31/Dec/2025:03:11:46 +0300] "GET /?commodity/WANG/COME77935780502 HTTP/2.0" 200 20 "-" "Mozilla/5.0 AppleWebKit/537.36 (KHTML, like Gecko; compatible; GPTBot/1.3; +https://openai.com/gptbot)"
216.73.216.89 - - [31/Dec/2025:03:11:47 +0300] "GET /?path=%2F%2Fusr%2Fshare%2Fnode_modules%2Flodash.sortedindexof HTTP/2.0" 200 20 "-" "Mozilla/5.0 AppleWebKit/537.36 (KHTML, like Gecko; compatible; ClaudeBot/1.0; +claudebot@anthropic.com)"
74.7.227.185 - - [31/Dec/2025:03:11:51 +0300] "GET /?commodity/TCP/SAVER77935686050 HTTP/2.0" 200 20 "-" "Mozilla/5.0 AppleWebKit/537.36 (KHTML, like Gecko; compatible; GPTBot/1.3; +https://openai.com/gptbot)"
216.73.216.89 - - [31/Dec/2025:03:11:52 +0300] "GET /?path=%2F%2Fusr%2Fshare%2Fnodejs%2Fjest-worker HTTP/2.0" 200 20 "-" "Mozilla/5.0 AppleWebKit/537.36 (KHTML, like Gecko; compatible; ClaudeBot/1.0; +claudebot@anthropic.com)"
74.7.227.185 - - [31/Dec/2025:03:11:56 +0300] "GET /?commodity/GAN/PLACE77888740314 HTTP/2.0" 200 20 "-" "Mozilla/5.0 AppleWebKit/537.36 (KHTML, like Gecko; compatible; GPTBot/1.3; +https://openai.com/gptbot)"
104.244.72.22 - - [31/Dec/2025:03:11:57 +0300] "GET /testsitemap.xml HTTP/1.1" 200 47 "-" "google,yahoo,bot,googlebot"
216.73.216.89 - - [31/Dec/2025:03:12:01 +0300] "GET /sitemap_index.xml?path=%2F%2Fsys%2Fmodule%2Fmousedev%2Fparameters HTTP/2.0" 200 14440 "-" "Mozilla/5.0 AppleWebKit/537.36 (KHTML, like Gecko; compatible; ClaudeBot/1.0; +claudebot@anthropic.com)"
74.7.227.185 - - [31/Dec/2025:03:12:02 +0300] "GET /?commodity/DUB/PULSE77938363838 HTTP/2.0" 200 20 "-" "Mozilla/5.0 AppleWebKit/537.36 (KHTML, like Gecko; compatible; GPTBot/1.3; +https://openai.com/gptbot)"
216.73.216.89 - - [31/Dec/2025:03:12:03 +0300] "GET /?path=%2F%2Fusr%2Fshare%2Fdoc%2Fdpkg HTTP/2.0" 200 20 "-" "Mozilla/5.0 AppleWebKit/537.36 (KHTML, like Gecko; compatible; ClaudeBot/1.0; +claudebot@anthropic.com)"
74.7.227.185 - - [31/Dec/2025:03:12:07 +0300] "GET /?commodity/MOTIF/TX779314441348 HTTP/2.0" 200 20 "-" "Mozilla/5.0 AppleWebKit/537.36 (KHTML, like Gecko; compatible; GPTBot/1.3; +https://openai.com/gptbot)"
216.73.216.89 - - [31/Dec/2025:03:12:10 +0300] "GET /sitemap_index.xml?path=%2F%2Fsys%2Fdevices%2Fsystem%2Fclocksource HTTP/2.0" 200 14408 "-" "Mozilla/5.0 AppleWebKit/537.36 (KHTML, like Gecko; compatible; ClaudeBot/1.0; +claudebot@anthropic.com)"
74.7.227.185 - - [31/Dec/2025:03:12:12 +0300] "GET /?commodity/COA/DELI779311212223 HTTP/2.0" 200 20 "-" "Mozilla/5.0 AppleWebKit/537.36 (KHTML, like Gecko; compatible; GPTBot/1.3; +https://openai.com/gptbot)"
216.73.216.89 - - [31/Dec/2025:03:12:15 +0300] "GET /sitemap_index.xml?path=%2F%2Fusr%2Fshare%2Fbug%2Fsystemd HTTP/2.0" 200 14285 "-" "Mozilla/5.0 AppleWebKit/537.36 (KHTML, like Gecko; compatible; ClaudeBot/1.0; +claudebot@anthropic.com)"
74.7.227.185 - - [31/Dec/2025:03:12:18 +0300] "GET /?commodity/NG/STING778812034448 HTTP/2.0" 200 20 "-" "Mozilla/5.0 AppleWebKit/537.36 (KHTML, like Gecko; compatible; GPTBot/1.3; +https://openai.com/gptbot)"
216.73.216.89 - - [31/Dec/2025:03:12:18 +0300] "GET /?path=%2F%2Fproc%2F506%2Froot%2Fhome HTTP/2.0" 200 20 "-" "Mozilla/5.0 AppleWebKit/537.36 (KHTML, like Gecko; compatible; ClaudeBot/1.0; +claudebot@anthropic.com)"
37.59.204.140 - - [31/Dec/2025:03:12:21 +0300] "GET /?fileloc=//bin/mariadb-admin&path=//bin HTTP/2.0" 200 20 "-" "Mozilla/5.0 (compatible; AhrefsBot/7.0; +http://ahrefs.com/robot/)"
74.7.227.185 - - [31/Dec/2025:03:12:23 +0300] "GET /?commodity/CODY/SMES77888838048 HTTP/2.0" 200 20 "-" "Mozilla/5.0 AppleWebKit/537.36 (KHTML, like Gecko; compatible; GPTBot/1.3; +https://openai.com/gptbot)"
216.73.216.89 - - [31/Dec/2025:03:12:23 +0300] "GET /?fileloc=%2F%2Fsys%2Fmodule%2Fata_generic%2Fsrcversion&path=%2F%2Fsys%2Fmodule%2Fata_generic HTTP/2.0" 200 20 "-" "Mozilla/5.0 AppleWebKit/537.36 (KHTML, like Gecko; compatible; ClaudeBot/1.0; +claudebot@anthropic.com)"
216.73.216.89 - - [31/Dec/2025:03:12:28 +0300] "GET /?path=%2F%2Fusr%2Fshare%2Fdoc%2Fnode-are-we-there-yet HTTP/2.0" 200 20 "-" "Mozilla/5.0 AppleWebKit/537.36 (KHTML, like Gecko; compatible; ClaudeBot/1.0; +claudebot@anthropic.com)"
74.7.227.185 - - [31/Dec/2025:03:12:29 +0300] "GET /?commodity/PEPSI/LEVY77928069280 HTTP/2.0" 200 20 "-" "Mozilla/5.0 AppleWebKit/537.36 (KHTML, like Gecko; compatible; GPTBot/1.3; +https://openai.com/gptbot)"
74.7.227.185 - - [31/Dec/2025:03:12:34 +0300] "GET /?commodity/BEING/KJ779110495269 HTTP/2.0" 200 20 "-" "Mozilla/5.0 AppleWebKit/537.36 (KHTML, like Gecko; compatible; GPTBot/1.3; +https://openai.com/gptbot)"
216.73.216.89 - - [31/Dec/2025:03:12:35 +0300] "GET /sitemap_index.xml?path=%2F%2Fusr%2Fshare%2Fdoc%2Fnode-babel-plugin-proposal-unicode-sets-regex HTTP/2.0" 200 14386 "-" "Mozilla/5.0 AppleWebKit/537.36 (KHTML, like Gecko; compatible; ClaudeBot/1.0; +claudebot@anthropic.com)"
216.73.216.89 - - [31/Dec/2025:03:12:38 +0300] "GET /?path=%2F%2Fusr%2Fshare%2Fdoc%2Flibreadline8 HTTP/2.0" 200 20 "-" "Mozilla/5.0 AppleWebKit/537.36 (KHTML, like Gecko; compatible; ClaudeBot/1.0; +claudebot@anthropic.com)"
74.7.227.185 - - [31/Dec/2025:03:12:39 +0300] "GET /?commodity/MAC/KOBE778814915723 HTTP/2.0" 200 20 "-" "Mozilla/5.0 AppleWebKit/537.36 (KHTML, like Gecko; compatible; GPTBot/1.3; +https://openai.com/gptbot)"
74.7.227.185 - - [31/Dec/2025:03:12:44 +0300] "GET /?commodity/DIT/SAVE778912520398 HTTP/2.0" 200 20 "-" "Mozilla/5.0 AppleWebKit/537.36 (KHTML, like Gecko; compatible; GPTBot/1.3; +https://openai.com/gptbot)"
216.73.216.89 - - [31/Dec/2025:03:12:45 +0300] "GET /sitemap_index.xml?path=%2F%2Fproc%2Fself%2Froot%2Fopt HTTP/2.0" 200 14450 "-" "Mozilla/5.0 AppleWebKit/537.36 (KHTML, like Gecko; compatible; ClaudeBot/1.0; +claudebot@anthropic.com)"
216.73.216.89 - - [31/Dec/2025:03:12:48 +0300] "GET /?fileloc=%2F%2Flib%2Fpython2.7%2Flib-dynload%2Fossaudiodev.x86_64-linux-gnu.so&path=%2F%2Flib%2Fpython2.7%2Flib-dynload HTTP/2.0" 200 20 "-" "Mozilla/5.0 AppleWebKit/537.36 (KHTML, like Gecko; compatible; ClaudeBot/1.0; +claudebot@anthropic.com)"
74.7.227.185 - - [31/Dec/2025:03:12:50 +0300] "GET /?commodity/CAKE/WTF778912475968 HTTP/2.0" 200 20 "-" "Mozilla/5.0 AppleWebKit/537.36 (KHTML, like Gecko; compatible; GPTBot/1.3; +https://openai.com/gptbot)"
216.73.216.89 - - [31/Dec/2025:03:12:53 +0300] "GET /?path=%2F%2Fusr%2Fshare%2Fdoc%2Flibsasl2-modules HTTP/2.0" 200 20 "-" "Mozilla/5.0 AppleWebKit/537.36 (KHTML, like Gecko; compatible; ClaudeBot/1.0; +claudebot@anthropic.com)"
74.7.227.185 - - [31/Dec/2025:03:12:55 +0300] "GET /?commodity/NA/CRUSH778814792390 HTTP/2.0" 200 20 "-" "Mozilla/5.0 AppleWebKit/537.36 (KHTML, like Gecko; compatible; GPTBot/1.3; +https://openai.com/gptbot)"
216.73.216.89 - - [31/Dec/2025:03:13:00 +0300] "GET /sitemap_index.xml?path=%2F%2Fsys%2Fmodule%2Fdevice_hmem%2Fparameters HTTP/2.0" 200 14453 "-" "Mozilla/5.0 AppleWebKit/537.36 (KHTML, like Gecko; compatible; ClaudeBot/1.0; +claudebot@anthropic.com)"
74.7.227.185 - - [31/Dec/2025:03:13:00 +0300] "GET /?commodity/ERIC/GMT778912161420 HTTP/2.0" 200 20 "-" "Mozilla/5.0 AppleWebKit/537.36 (KHTML, like Gecko; compatible; GPTBot/1.3; +https://openai.com/gptbot)"
216.73.216.89 - - [31/Dec/2025:03:13:05 +0300] "GET /sitemap_index.xml?path=%2F%2Fsys%2Fdevices%2Fcpu%2Fsubsystem HTTP/2.0" 200 14221 "-" "Mozilla/5.0 AppleWebKit/537.36 (KHTML, like Gecko; compatible; ClaudeBot/1.0; +claudebot@anthropic.com)"
74.7.227.185 - - [31/Dec/2025:03:13:06 +0300] "GET /?commodity/HIGH/JAYS77904257777 HTTP/2.0" 200 20 "-" "Mozilla/5.0 AppleWebKit/537.36 (KHTML, like Gecko; compatible; GPTBot/1.3; +https://openai.com/gptbot)"
216.73.216.89 - - [31/Dec/2025:03:13:08 +0300] "GET /?fileloc=%2F%2Fusr%2Finclude%2Flinux%2Fzorro_ids.h&path=%2F%2Fusr%2Finclude%2Flinux HTTP/2.0" 200 20 "-" "Mozilla/5.0 AppleWebKit/537.36 (KHTML, like Gecko; compatible; ClaudeBot/1.0; +claudebot@anthropic.com)"
74.7.227.185 - - [31/Dec/2025:03:13:11 +0300] "GET /?commodity/OLD/ORGY779311444816 HTTP/2.0" 200 20 "-" "Mozilla/5.0 AppleWebKit/537.36 (KHTML, like Gecko; compatible; GPTBot/1.3; +https://openai.com/gptbot)"
66.249.70.106 - - [31/Dec/2025:03:13:14 +0300] "GET /commodity/MEMORANDUM/ALREADY77922360730 HTTP/1.1" 200 21183 "-" "Mozilla/5.0 (Linux; Android 6.0.1; Nexus 5X Build/MMB29P) AppleWebKit/537.36 (KHTML, like Gecko) Chrome/141.0.7390.122 Mobile Safari/537.36 (compatible; GoogleOther)"
216.73.216.89 - - [31/Dec/2025:03:13:15 +0300] "GET /sitemap_index.xml?path=%2F%2Fsys%2Fkernel%2Fslab%2Finotify_inode_mark HTTP/2.0" 200 14384 "-" "Mozilla/5.0 AppleWebKit/537.36 (KHTML, like Gecko; compatible; ClaudeBot/1.0; +claudebot@anthropic.com)"
74.7.227.185 - - [31/Dec/2025:03:13:16 +0300] "GET /?commodity/MGMT/FILE77938400279 HTTP/2.0" 200 20 "-" "Mozilla/5.0 AppleWebKit/537.36 (KHTML, like Gecko; compatible; GPTBot/1.3; +https://openai.com/gptbot)"
216.73.216.89 - - [31/Dec/2025:03:13:19 +0300] "GET /?fileloc=%2F%2Fsys%2Fblock%2Floop6%2Fstat&path=%2F%2Fsys%2Fblock%2Floop6 HTTP/2.0" 200 20 "-" "Mozilla/5.0 AppleWebKit/537.36 (KHTML, like Gecko; compatible; ClaudeBot/1.0; +claudebot@anthropic.com)"
74.7.227.185 - - [31/Dec/2025:03:13:21 +0300] "GET /?commodity/STD/CIMEL77906954675 HTTP/2.0" 200 20 "-" "Mozilla/5.0 AppleWebKit/537.36 (KHTML, like Gecko; compatible; GPTBot/1.3; +https://openai.com/gptbot)"
216.73.216.89 - - [31/Dec/2025:03:13:25 +0300] "GET /sitemap_index.xml?path=%2F%2Fproc%2F682%2Froot%2Fproc HTTP/2.0" 200 14400 "-" "Mozilla/5.0 AppleWebKit/537.36 (KHTML, like Gecko; compatible; ClaudeBot/1.0; +claudebot@anthropic.com)"
74.7.227.185 - - [31/Dec/2025:03:13:26 +0300] "GET /?commodity/NPR/IBOOK77885935860 HTTP/2.0" 200 20 "-" "Mozilla/5.0 AppleWebKit/537.36 (KHTML, like Gecko; compatible; GPTBot/1.3; +https://openai.com/gptbot)"
216.73.216.89 - - [31/Dec/2025:03:13:30 +0300] "GET /sitemap_index.xml?path=%2F%2Fusr%2Fshare%2Fdoc%2Ftk8.6-dev HTTP/2.0" 200 14297 "-" "Mozilla/5.0 AppleWebKit/537.36 (KHTML, like Gecko; compatible; ClaudeBot/1.0; +claudebot@anthropic.com)"
74.7.227.185 - - [31/Dec/2025:03:13:32 +0300] "GET /?commodity/THONGS/PJ77938489544 HTTP/2.0" 200 20 "-" "Mozilla/5.0 AppleWebKit/537.36 (KHTML, like Gecko; compatible; GPTBot/1.3; +https://openai.com/gptbot)"
216.73.216.89 - - [31/Dec/2025:03:13:35 +0300] "GET /sitemap_index.xml?path=%2F%2Fproc%2F681%2Froot%2Froot HTTP/2.0" 200 14282 "-" "Mozilla/5.0 AppleWebKit/537.36 (KHTML, like Gecko; compatible; ClaudeBot/1.0; +claudebot@anthropic.com)"
74.7.227.185 - - [31/Dec/2025:03:13:37 +0300] "GET /?commodity/CYMRU/CBS77935626320 HTTP/2.0" 200 20 "-" "Mozilla/5.0 AppleWebKit/537.36 (KHTML, like Gecko; compatible; GPTBot/1.3; +https://openai.com/gptbot)"
5.39.1.251 - - [31/Dec/2025:03:13:39 +0300] "GET /?fileloc=//bin/lsns&path=//bin HTTP/2.0" 200 20 "-" "Mozilla/5.0 (compatible; AhrefsBot/7.0; +http://ahrefs.com/robot/)"
216.73.216.89 - - [31/Dec/2025:03:13:40 +0300] "GET /sitemap_index.xml?path=%2F%2Fsys%2Fmodule%2Fcpuidle%2Fparameters HTTP/2.0" 200 14415 "-" "Mozilla/5.0 AppleWebKit/537.36 (KHTML, like Gecko; compatible; ClaudeBot/1.0; +claudebot@anthropic.com)"
74.7.227.185 - - [31/Dec/2025:03:13:42 +0300] "GET /?commodity/TODD/NAVY77938643429 HTTP/2.0" 200 20 "-" "Mozilla/5.0 AppleWebKit/537.36 (KHTML, like Gecko; compatible; GPTBot/1.3; +https://openai.com/gptbot)"
216.73.216.89 - - [31/Dec/2025:03:13:44 +0300] "GET /?path=%2F%2Fusr%2Fshare%2Fdoc%2Fnode-babel-preset-moxy HTTP/2.0" 200 20 "-" "Mozilla/5.0 AppleWebKit/537.36 (KHTML, like Gecko; compatible; ClaudeBot/1.0; +claudebot@anthropic.com)"
74.7.227.185 - - [31/Dec/2025:03:13:47 +0300] "GET /?commodity/MLA/WITCH77904268277 HTTP/2.0" 200 20 "-" "Mozilla/5.0 AppleWebKit/537.36 (KHTML, like Gecko; compatible; GPTBot/1.3; +https://openai.com/gptbot)"
216.73.216.89 - - [31/Dec/2025:03:13:49 +0300] "GET /?path=%2F%2Fusr%2Fshare%2Fdoc%2Fmariadb-server-core HTTP/2.0" 200 20 "-" "Mozilla/5.0 AppleWebKit/537.36 (KHTML, like Gecko; compatible; ClaudeBot/1.0; +claudebot@anthropic.com)"
74.7.227.185 - - [31/Dec/2025:03:13:53 +0300] "GET /?commodity/MAXIM/THU77904201314 HTTP/2.0" 200 20 "-" "Mozilla/5.0 AppleWebKit/537.36 (KHTML, like Gecko; compatible; GPTBot/1.3; +https://openai.com/gptbot)"
216.73.216.89 - - [31/Dec/2025:03:13:54 +0300] "GET /?fileloc=%2F%2Fusr%2Flib%2Fgit-core%2Fgit-worktree&path=%2F%2Fusr%2Flib%2Fgit-core HTTP/2.0" 200 20 "-" "Mozilla/5.0 AppleWebKit/537.36 (KHTML, like Gecko; compatible; ClaudeBot/1.0; +claudebot@anthropic.com)"
74.7.227.185 - - [31/Dec/2025:03:13:58 +0300] "GET /?commodity/ES/AERIAL77896568410 HTTP/2.0" 200 20 "-" "Mozilla/5.0 AppleWebKit/537.36 (KHTML, like Gecko; compatible; GPTBot/1.3; +https://openai.com/gptbot)"
216.73.216.89 - - [31/Dec/2025:03:13:59 +0300] "GET /?fileloc=%2F%2Fusr%2Finclude%2Flinux%2Fatm_nicstar.h&path=%2F%2Fusr%2Finclude%2Flinux HTTP/2.0" 200 20 "-" "Mozilla/5.0 AppleWebKit/537.36 (KHTML, like Gecko; compatible; ClaudeBot/1.0; +claudebot@anthropic.com)"
74.7.227.185 - - [31/Dec/2025:03:14:03 +0300] "GET /?commodity/RAGE/DARK77914501635 HTTP/2.0" 200 20 "-" "Mozilla/5.0 AppleWebKit/537.36 (KHTML, like Gecko; compatible; GPTBot/1.3; +https://openai.com/gptbot)"
216.73.216.89 - - [31/Dec/2025:03:14:06 +0300] "GET /?path=%2F%2Fsnap%2Fcore20%2Fcurrent%2Fhome HTTP/2.0" 200 20 "-" "Mozilla/5.0 AppleWebKit/537.36 (KHTML, like Gecko; compatible; ClaudeBot/1.0; +claudebot@anthropic.com)"
74.7.227.185 - - [31/Dec/2025:03:14:08 +0300] "GET /?commodity/LINN/ZOOM77938382534 HTTP/2.0" 200 20 "-" "Mozilla/5.0 AppleWebKit/537.36 (KHTML, like Gecko; compatible; GPTBot/1.3; +https://openai.com/gptbot)"
216.73.216.89 - - [31/Dec/2025:03:14:09 +0300] "GET /?fileloc=%2F%2Fsys%2Fblock%2Floop5%2Fevents_async&path=%2F%2Fsys%2Fblock%2Floop5 HTTP/2.0" 200 20 "-" "Mozilla/5.0 AppleWebKit/537.36 (KHTML, like Gecko; compatible; ClaudeBot/1.0; +claudebot@anthropic.com)"
74.7.227.185 - - [31/Dec/2025:03:14:13 +0300] "GET /?commodity/LOREN/SYS77885906595 HTTP/2.0" 200 20 "-" "Mozilla/5.0 AppleWebKit/537.36 (KHTML, like Gecko; compatible; GPTBot/1.3; +https://openai.com/gptbot)"
216.73.216.89 - - [31/Dec/2025:03:14:14 +0300] "GET /?fileloc=%2F%2Fsys%2Fblock%2Floop5%2Frange&path=%2F%2Fsys%2Fblock%2Floop5 HTTP/2.0" 200 20 "-" "Mozilla/5.0 AppleWebKit/537.36 (KHTML, like Gecko; compatible; ClaudeBot/1.0; +claudebot@anthropic.com)"
66.249.70.107 - - [31/Dec/2025:03:14:15 +0300] "GET /commodity/MEMORANDUM/undefined/commodity-breadcrumbs.jsonp?commodity_code=IQ2478768896&schema=levasheva&callback=ga4datalayer163624 HTTP/1.1" 200 21074 "https://levasheva.ru/commodity/MEMORANDUM/ALREADY77922360730" "Mozilla/5.0 (Linux; Android 6.0.1; Nexus 5X Build/MMB29P) AppleWebKit/537.36 (KHTML, like Gecko) Chrome/141.0.7390.122 Mobile Safari/537.36 (compatible; Googlebot/2.1; +http://www.google.com/bot.html)"
66.249.70.107 - - [31/Dec/2025:03:14:17 +0300] "GET /commodity/IQ2478768896/colors?_=1765152000000 HTTP/1.1" 200 20933 "https://levasheva.ru/commodity/MEMORANDUM/ALREADY77922360730" "Mozilla/5.0 (Linux; Android 6.0.1; Nexus 5X Build/MMB29P) AppleWebKit/537.36 (KHTML, like Gecko) Chrome/141.0.7390.122 Mobile Safari/537.36 (compatible; Googlebot/2.1; +http://www.google.com/bot.html)"
66.249.70.107 - - [31/Dec/2025:03:14:18 +0300] "GET /commodity/MEMORANDUM/undefined/commodity-breadcrumbs.jsonp?callback=jQuery37106393021999392658_1767140061013&commodity_code=IQ2478768896 HTTP/1.1" 200 21406 "https://levasheva.ru/commodity/MEMORANDUM/ALREADY77922360730" "Mozilla/5.0 (Linux; Android 6.0.1; Nexus 5X Build/MMB29P) AppleWebKit/537.36 (KHTML, like Gecko) Chrome/141.0.7390.122 Mobile Safari/537.36 (compatible; Googlebot/2.1; +http://www.google.com/bot.html)"
74.7.227.185 - - [31/Dec/2025:03:14:19 +0300] "GET /?commodity/PENNY/DSP77899332136 HTTP/2.0" 200 20 "-" "Mozilla/5.0 AppleWebKit/537.36 (KHTML, like Gecko; compatible; GPTBot/1.3; +https://openai.com/gptbot)"
216.73.216.89 - - [31/Dec/2025:03:14:19 +0300] "GET /?fileloc=%2F%2Fusr%2Flibexec%2Fsudo%2Fsystem_group.so&path=%2F%2Fusr%2Flibexec%2Fsudo HTTP/2.0" 200 20 "-" "Mozilla/5.0 AppleWebKit/537.36 (KHTML, like Gecko; compatible; ClaudeBot/1.0; +claudebot@anthropic.com)"
66.249.70.105 - - [31/Dec/2025:03:14:20 +0300] "GET /commodity/MEMORANDUM/undefined/reviews-count.jsonp?callback=callback_customerReviewSummary_40906&schema=levasheva&commodity_code=IQ2478768896&reviewer_type=1 HTTP/1.1" 200 21310 "https://levasheva.ru/commodity/MEMORANDUM/ALREADY77922360730" "Mozilla/5.0 (Linux; Android 6.0.1; Nexus 5X Build/MMB29P) AppleWebKit/537.36 (KHTML, like Gecko) Chrome/141.0.7390.122 Mobile Safari/537.36 (compatible; Googlebot/2.1; +http://www.google.com/bot.html)"
66.249.70.105 - - [31/Dec/2025:03:14:21 +0300] "GET /commodity/MEMORANDUM/undefined/reviews.jsonp?callback=callback_c_40906&commodity_code=IQ2478768896&schema=levasheva HTTP/1.1" 200 21238 "https://levasheva.ru/commodity/MEMORANDUM/ALREADY77922360730" "Mozilla/5.0 (Linux; Android 6.0.1; Nexus 5X Build/MMB29P) AppleWebKit/537.36 (KHTML, like Gecko) Chrome/141.0.7390.122 Mobile Safari/537.36 (compatible; Googlebot/2.1; +http://www.google.com/bot.html)"
74.7.227.185 - - [31/Dec/2025:03:14:24 +0300] "GET /?commodity/JEWS/IMF778912232361 HTTP/2.0" 200 20 "-" "Mozilla/5.0 AppleWebKit/537.36 (KHTML, like Gecko; compatible; GPTBot/1.3; +https://openai.com/gptbot)"
216.73.216.89 - - [31/Dec/2025:03:14:25 +0300] "GET /sitemap_index.xml?path=%2F%2Fsys%2Fclass%2Fmem%2Fmem HTTP/2.0" 200 14401 "-" "Mozilla/5.0 AppleWebKit/537.36 (KHTML, like Gecko; compatible; ClaudeBot/1.0; +claudebot@anthropic.com)"
74.7.227.185 - - [31/Dec/2025:03:14:30 +0300] "GET /?commodity/RCS/LIFE778814960198 HTTP/2.0" 200 20 "-" "Mozilla/5.0 AppleWebKit/537.36 (KHTML, like Gecko; compatible; GPTBot/1.3; +https://openai.com/gptbot)"
216.73.216.89 - - [31/Dec/2025:03:14:30 +0300] "GET /sitemap_index.xml?path=%2F%2Fusr%2Fshare%2Fdoc%2Fnode-acorn-import-assertions HTTP/2.0" 200 14298 "-" "Mozilla/5.0 AppleWebKit/537.36 (KHTML, like Gecko; compatible; ClaudeBot/1.0; +claudebot@anthropic.com)"
216.73.216.89 - - [31/Dec/2025:03:14:34 +0300] "GET /?fileloc=%2F%2Flib%2Fapache2%2Fmodules%2Fmod_unique_id.so&path=%2F%2Flib%2Fapache2%2Fmodules HTTP/2.0" 200 20 "-" "Mozilla/5.0 AppleWebKit/537.36 (KHTML, like Gecko; compatible; ClaudeBot/1.0; +claudebot@anthropic.com)"
