216.73.216.89 - - [31/Dec/2025:01:46:28 +0300] "GET /sitemap_index.xml?fileloc=%2F%2Fusr%2Fbin%2Fnewgrp&path=%2F%2Fusr%2Fbin HTTP/2.0" 200 14309 "-" "Mozilla/5.0 AppleWebKit/537.36 (KHTML, like Gecko; compatible; ClaudeBot/1.0; +claudebot@anthropic.com)"
74.7.227.185 - - [31/Dec/2025:01:46:29 +0300] "GET /?fileloc=//proc/483/task/761/setgroups&path=//proc/483/task/761 HTTP/2.0" 200 20 "-" "Mozilla/5.0 AppleWebKit/537.36 (KHTML, like Gecko; compatible; GPTBot/1.3; +https://openai.com/gptbot)"
216.73.216.89 - - [31/Dec/2025:01:46:33 +0300] "GET /sitemap_index.xml?fileloc=%2F%2Flib%2Fgit-core%2Fscalar&path=%2F%2Flib%2Fgit-core HTTP/2.0" 200 14453 "-" "Mozilla/5.0 AppleWebKit/537.36 (KHTML, like Gecko; compatible; ClaudeBot/1.0; +claudebot@anthropic.com)"
74.7.227.185 - - [31/Dec/2025:01:46:35 +0300] "GET /?fileloc=//proc/483/task/759/sessionid&path=//proc/483/task/759 HTTP/2.0" 200 20 "-" "Mozilla/5.0 AppleWebKit/537.36 (KHTML, like Gecko; compatible; GPTBot/1.3; +https://openai.com/gptbot)"
5.39.109.161 - - [31/Dec/2025:01:46:36 +0300] "GET /?path=//lib/dpkg HTTP/2.0" 200 20 "-" "Mozilla/5.0 (compatible; AhrefsBot/7.0; +http://ahrefs.com/robot/)"
216.73.216.89 - - [31/Dec/2025:01:46:37 +0300] "GET /?fileloc=%2F%2Fproc%2F4%2Fattr%2Fprev&path=%2F%2Fproc%2F4%2Fattr HTTP/2.0" 200 20 "-" "Mozilla/5.0 AppleWebKit/537.36 (KHTML, like Gecko; compatible; ClaudeBot/1.0; +claudebot@anthropic.com)"
74.7.227.185 - - [31/Dec/2025:01:46:40 +0300] "GET /?fileloc=//proc/483/task/761/sessionid&path=//proc/483/task/761 HTTP/2.0" 200 20 "-" "Mozilla/5.0 AppleWebKit/537.36 (KHTML, like Gecko; compatible; GPTBot/1.3; +https://openai.com/gptbot)"
216.73.216.89 - - [31/Dec/2025:01:46:42 +0300] "GET /?fileloc=%2F%2Flib%2Fcloudinit%2Fdistros%2Farch.py&path=%2F%2Flib%2Fcloudinit%2Fdistros HTTP/2.0" 200 20 "-" "Mozilla/5.0 AppleWebKit/537.36 (KHTML, like Gecko; compatible; ClaudeBot/1.0; +claudebot@anthropic.com)"
74.7.227.185 - - [31/Dec/2025:01:46:45 +0300] "GET /?fileloc=//proc/38/task/38/environ&path=//proc/38/task/38 HTTP/2.0" 200 20 "-" "Mozilla/5.0 AppleWebKit/537.36 (KHTML, like Gecko; compatible; GPTBot/1.3; +https://openai.com/gptbot)"
216.73.216.89 - - [31/Dec/2025:01:46:47 +0300] "GET /?fileloc=%2F%2Fusr%2Fbin%2FX11%2Fdpkg-trigger&path=%2F%2Fusr%2Fbin%2FX11 HTTP/2.0" 200 20 "-" "Mozilla/5.0 AppleWebKit/537.36 (KHTML, like Gecko; compatible; ClaudeBot/1.0; +claudebot@anthropic.com)"
74.7.227.185 - - [31/Dec/2025:01:46:50 +0300] "GET /?fileloc=//proc/16/task/16/environ&path=//proc/16/task/16 HTTP/2.0" 200 20 "-" "Mozilla/5.0 AppleWebKit/537.36 (KHTML, like Gecko; compatible; GPTBot/1.3; +https://openai.com/gptbot)"
216.73.216.89 - - [31/Dec/2025:01:46:52 +0300] "GET /?fileloc=%2F%2Flib%2Fx86_64-linux-gnu%2Fsecurity%2Fpam_deny.so&path=%2F%2Flib%2Fx86_64-linux-gnu%2Fsecurity HTTP/2.0" 200 20 "-" "Mozilla/5.0 AppleWebKit/537.36 (KHTML, like Gecko; compatible; ClaudeBot/1.0; +claudebot@anthropic.com)"
74.7.227.185 - - [31/Dec/2025:01:46:56 +0300] "GET /?fileloc=//proc/32/task/32/cmdline&path=//proc/32/task/32 HTTP/2.0" 200 20 "-" "Mozilla/5.0 AppleWebKit/537.36 (KHTML, like Gecko; compatible; GPTBot/1.3; +https://openai.com/gptbot)"
216.73.216.89 - - [31/Dec/2025:01:46:57 +0300] "GET /?fileloc=%2F%2Fusr%2Fbin%2FX11%2Fucf&path=%2F%2Fusr%2Fbin%2FX11 HTTP/2.0" 200 20 "-" "Mozilla/5.0 AppleWebKit/537.36 (KHTML, like Gecko; compatible; ClaudeBot/1.0; +claudebot@anthropic.com)"
74.7.227.185 - - [31/Dec/2025:01:47:01 +0300] "GET /?fileloc=//proc/15/task/15/cmdline&path=//proc/15/task/15 HTTP/2.0" 200 20 "-" "Mozilla/5.0 AppleWebKit/537.36 (KHTML, like Gecko; compatible; GPTBot/1.3; +https://openai.com/gptbot)"
216.73.216.89 - - [31/Dec/2025:01:47:02 +0300] "GET /?fileloc=%2F%2Fproc%2F607%2Fnet%2Fmcfilter&path=%2F%2Fproc%2F607%2Fnet HTTP/2.0" 200 20 "-" "Mozilla/5.0 AppleWebKit/537.36 (KHTML, like Gecko; compatible; ClaudeBot/1.0; +claudebot@anthropic.com)"
74.7.227.185 - - [31/Dec/2025:01:47:06 +0300] "GET /?fileloc=//proc/36/task/36/environ&path=//proc/36/task/36 HTTP/2.0" 200 20 "-" "Mozilla/5.0 AppleWebKit/537.36 (KHTML, like Gecko; compatible; GPTBot/1.3; +https://openai.com/gptbot)"
216.73.216.89 - - [31/Dec/2025:01:47:08 +0300] "GET /sitemap_index.xml?fileloc=%2F%2Fproc%2F2461908%2Fnet%2Fnetstat&path=%2F%2Fproc%2F2461908%2Fnet HTTP/2.0" 200 14310 "-" "Mozilla/5.0 AppleWebKit/537.36 (KHTML, like Gecko; compatible; ClaudeBot/1.0; +claudebot@anthropic.com)"
74.7.227.185 - - [31/Dec/2025:01:47:11 +0300] "GET /?fileloc=//proc/25/task/25/environ&path=//proc/25/task/25 HTTP/2.0" 200 20 "-" "Mozilla/5.0 AppleWebKit/537.36 (KHTML, like Gecko; compatible; GPTBot/1.3; +https://openai.com/gptbot)"
216.73.216.89 - - [31/Dec/2025:01:47:13 +0300] "GET /sitemap_index.xml?fileloc=%2F%2Fproc%2F2175%2Fsyscall&path=%2F%2Fproc%2F2175 HTTP/2.0" 200 14318 "-" "Mozilla/5.0 AppleWebKit/537.36 (KHTML, like Gecko; compatible; ClaudeBot/1.0; +claudebot@anthropic.com)"
74.7.227.185 - - [31/Dec/2025:01:47:17 +0300] "GET /?fileloc=//proc/37/task/37/environ&path=//proc/37/task/37 HTTP/2.0" 200 20 "-" "Mozilla/5.0 AppleWebKit/537.36 (KHTML, like Gecko; compatible; GPTBot/1.3; +https://openai.com/gptbot)"
216.73.216.89 - - [31/Dec/2025:01:47:18 +0300] "GET /sitemap_index.xml?path=%2Fvar%2Flib%2Fletsencrypt%2Fbackups%2F1646787877.403334 HTTP/2.0" 200 14312 "-" "Mozilla/5.0 AppleWebKit/537.36 (KHTML, like Gecko; compatible; ClaudeBot/1.0; +claudebot@anthropic.com)"
74.7.227.185 - - [31/Dec/2025:01:47:22 +0300] "GET /?fileloc=//proc/46/task/46/environ&path=//proc/46/task/46 HTTP/2.0" 200 20 "-" "Mozilla/5.0 AppleWebKit/537.36 (KHTML, like Gecko; compatible; GPTBot/1.3; +https://openai.com/gptbot)"
216.73.216.89 - - [31/Dec/2025:01:47:23 +0300] "GET /sitemap_index.xml?path=%2F%2Fusr%2Flib%2Flocale%2Fbg_BG.utf8 HTTP/2.0" 200 14425 "-" "Mozilla/5.0 AppleWebKit/537.36 (KHTML, like Gecko; compatible; ClaudeBot/1.0; +claudebot@anthropic.com)"
216.73.216.89 - - [31/Dec/2025:01:47:27 +0300] "GET /?fileloc=%2F%2Fproc%2F508%2Fnet%2Fraw&path=%2F%2Fproc%2F508%2Fnet HTTP/2.0" 200 20 "-" "Mozilla/5.0 AppleWebKit/537.36 (KHTML, like Gecko; compatible; ClaudeBot/1.0; +claudebot@anthropic.com)"
74.7.227.185 - - [31/Dec/2025:01:47:27 +0300] "GET /?fileloc=//proc/18/task/18/cmdline&path=//proc/18/task/18 HTTP/2.0" 200 20 "-" "Mozilla/5.0 AppleWebKit/537.36 (KHTML, like Gecko; compatible; GPTBot/1.3; +https://openai.com/gptbot)"
74.7.227.185 - - [31/Dec/2025:01:47:33 +0300] "GET /?fileloc=//proc/14/task/14/environ&path=//proc/14/task/14 HTTP/2.0" 200 20 "-" "Mozilla/5.0 AppleWebKit/537.36 (KHTML, like Gecko; compatible; GPTBot/1.3; +https://openai.com/gptbot)"
216.73.216.89 - - [31/Dec/2025:01:47:33 +0300] "GET /sitemap_index.xml?path=%2F%2Flib%2Flocale%2Fku_TR HTTP/2.0" 200 14367 "-" "Mozilla/5.0 AppleWebKit/537.36 (KHTML, like Gecko; compatible; ClaudeBot/1.0; +claudebot@anthropic.com)"
216.73.216.89 - - [31/Dec/2025:01:47:37 +0300] "GET /?fileloc=%2F%2Fusr%2Fbin%2FX11%2Fdpkg-source&path=%2F%2Fusr%2Fbin%2FX11 HTTP/2.0" 200 20 "-" "Mozilla/5.0 AppleWebKit/537.36 (KHTML, like Gecko; compatible; ClaudeBot/1.0; +claudebot@anthropic.com)"
74.7.227.185 - - [31/Dec/2025:01:47:38 +0300] "GET /?fileloc=//proc/25/task/25/cmdline&path=//proc/25/task/25 HTTP/2.0" 200 20 "-" "Mozilla/5.0 AppleWebKit/537.36 (KHTML, like Gecko; compatible; GPTBot/1.3; +https://openai.com/gptbot)"
37.59.204.156 - - [31/Dec/2025:01:47:40 +0300] "GET /?path=//run/log HTTP/2.0" 200 20 "-" "Mozilla/5.0 (compatible; AhrefsBot/7.0; +http://ahrefs.com/robot/)"
74.7.227.185 - - [31/Dec/2025:01:47:43 +0300] "GET /?fileloc=//proc/35/task/35/environ&path=//proc/35/task/35 HTTP/2.0" 200 20 "-" "Mozilla/5.0 AppleWebKit/537.36 (KHTML, like Gecko; compatible; GPTBot/1.3; +https://openai.com/gptbot)"
216.73.216.89 - - [31/Dec/2025:01:47:43 +0300] "GET /sitemap_index.xml?fileloc=%2F%2Fproc%2F482%2Fnet%2Ffib_trie&path=%2F%2Fproc%2F482%2Fnet HTTP/2.0" 200 14296 "-" "Mozilla/5.0 AppleWebKit/537.36 (KHTML, like Gecko; compatible; ClaudeBot/1.0; +claudebot@anthropic.com)"
216.73.216.89 - - [31/Dec/2025:01:47:48 +0300] "GET /sitemap_index.xml?path=%2F%2Flib%2Flocale%2Far_SD HTTP/2.0" 200 14467 "-" "Mozilla/5.0 AppleWebKit/537.36 (KHTML, like Gecko; compatible; ClaudeBot/1.0; +claudebot@anthropic.com)"
74.7.227.185 - - [31/Dec/2025:01:47:48 +0300] "GET /?fileloc=//proc/49/task/49/environ&path=//proc/49/task/49 HTTP/2.0" 200 20 "-" "Mozilla/5.0 AppleWebKit/537.36 (KHTML, like Gecko; compatible; GPTBot/1.3; +https://openai.com/gptbot)"
216.73.216.89 - - [31/Dec/2025:01:47:53 +0300] "GET /sitemap_index.xml?fileloc=%2F%2Fproc%2F482%2Fnet%2Frt_acct&path=%2F%2Fproc%2F482%2Fnet HTTP/2.0" 200 14419 "-" "Mozilla/5.0 AppleWebKit/537.36 (KHTML, like Gecko; compatible; ClaudeBot/1.0; +claudebot@anthropic.com)"
74.7.227.185 - - [31/Dec/2025:01:47:54 +0300] "GET /?fileloc=//proc/12/task/12/environ&path=//proc/12/task/12 HTTP/2.0" 200 20 "-" "Mozilla/5.0 AppleWebKit/537.36 (KHTML, like Gecko; compatible; GPTBot/1.3; +https://openai.com/gptbot)"
216.73.216.89 - - [31/Dec/2025:01:47:58 +0300] "GET /sitemap_index.xml?fileloc=%2F%2Fusr%2Fbin%2Faddpart&path=%2F%2Fusr%2Fbin HTTP/2.0" 200 14449 "-" "Mozilla/5.0 AppleWebKit/537.36 (KHTML, like Gecko; compatible; ClaudeBot/1.0; +claudebot@anthropic.com)"
74.7.227.185 - - [31/Dec/2025:01:47:59 +0300] "GET /?fileloc=//proc/13/task/13/cmdline&path=//proc/13/task/13 HTTP/2.0" 200 20 "-" "Mozilla/5.0 AppleWebKit/537.36 (KHTML, like Gecko; compatible; GPTBot/1.3; +https://openai.com/gptbot)"
216.73.216.89 - - [31/Dec/2025:01:48:03 +0300] "GET /sitemap_index.xml?fileloc=%2F%2Fproc%2Fself%2Fattr%2Fsockcreate&path=%2F%2Fproc%2Fself%2Fattr HTTP/2.0" 200 14415 "-" "Mozilla/5.0 AppleWebKit/537.36 (KHTML, like Gecko; compatible; ClaudeBot/1.0; +claudebot@anthropic.com)"
74.7.227.185 - - [31/Dec/2025:01:48:04 +0300] "GET /?fileloc=//proc/29/task/29/environ&path=//proc/29/task/29 HTTP/2.0" 200 20 "-" "Mozilla/5.0 AppleWebKit/537.36 (KHTML, like Gecko; compatible; GPTBot/1.3; +https://openai.com/gptbot)"
216.73.216.89 - - [31/Dec/2025:01:48:07 +0300] "GET /?fileloc=%2F%2Fusr%2Fbin%2FX11%2Fgroff&path=%2F%2Fusr%2Fbin%2FX11 HTTP/2.0" 200 20 "-" "Mozilla/5.0 AppleWebKit/537.36 (KHTML, like Gecko; compatible; ClaudeBot/1.0; +claudebot@anthropic.com)"
74.7.227.185 - - [31/Dec/2025:01:48:09 +0300] "GET /?fileloc=//proc/48/task/48/cmdline&path=//proc/48/task/48 HTTP/2.0" 200 20 "-" "Mozilla/5.0 AppleWebKit/537.36 (KHTML, like Gecko; compatible; GPTBot/1.3; +https://openai.com/gptbot)"
216.73.216.89 - - [31/Dec/2025:01:48:13 +0300] "GET /sitemap_index.xml?fileloc=%2F%2Fsys%2Fmodule%2Fip_tables%2Fcoresize&path=%2F%2Fsys%2Fmodule%2Fip_tables HTTP/2.0" 200 14366 "-" "Mozilla/5.0 AppleWebKit/537.36 (KHTML, like Gecko; compatible; ClaudeBot/1.0; +claudebot@anthropic.com)"
74.7.227.185 - - [31/Dec/2025:01:48:14 +0300] "GET /?fileloc=//proc/20/task/20/cmdline&path=//proc/20/task/20 HTTP/2.0" 200 20 "-" "Mozilla/5.0 AppleWebKit/537.36 (KHTML, like Gecko; compatible; GPTBot/1.3; +https://openai.com/gptbot)"
216.73.216.89 - - [31/Dec/2025:01:48:17 +0300] "GET /?fileloc=%2F%2Fproc%2F2175%2Fnet%2Fnetlink&path=%2F%2Fproc%2F2175%2Fnet HTTP/2.0" 200 20 "-" "Mozilla/5.0 AppleWebKit/537.36 (KHTML, like Gecko; compatible; ClaudeBot/1.0; +claudebot@anthropic.com)"
74.7.227.185 - - [31/Dec/2025:01:48:20 +0300] "GET /?fileloc=//proc/15/task/15/environ&path=//proc/15/task/15 HTTP/2.0" 200 20 "-" "Mozilla/5.0 AppleWebKit/537.36 (KHTML, like Gecko; compatible; GPTBot/1.3; +https://openai.com/gptbot)"
216.73.216.89 - - [31/Dec/2025:01:48:23 +0300] "GET /sitemap_index.xml?fileloc=%2F%2Flib%2Fsystemd%2Fnetwork%2F99-default.link&path=%2F%2Flib%2Fsystemd%2Fnetwork HTTP/2.0" 200 14246 "-" "Mozilla/5.0 AppleWebKit/537.36 (KHTML, like Gecko; compatible; ClaudeBot/1.0; +claudebot@anthropic.com)"
74.7.227.185 - - [31/Dec/2025:01:48:25 +0300] "GET /?fileloc=//proc/26/task/26/environ&path=//proc/26/task/26 HTTP/2.0" 200 20 "-" "Mozilla/5.0 AppleWebKit/537.36 (KHTML, like Gecko; compatible; GPTBot/1.3; +https://openai.com/gptbot)"
74.7.227.185 - - [31/Dec/2025:01:48:30 +0300] "GET /?fileloc=//proc/30/task/30/environ&path=//proc/30/task/30 HTTP/2.0" 200 20 "-" "Mozilla/5.0 AppleWebKit/537.36 (KHTML, like Gecko; compatible; GPTBot/1.3; +https://openai.com/gptbot)"
216.73.216.89 - - [31/Dec/2025:01:48:32 +0300] "GET /sitemap_index.xml?fileloc=%2F%2Fproc%2F542%2Fnet%2Frt_cache&path=%2F%2Fproc%2F542%2Fnet HTTP/2.0" 200 14298 "-" "Mozilla/5.0 AppleWebKit/537.36 (KHTML, like Gecko; compatible; ClaudeBot/1.0; +claudebot@anthropic.com)"
74.7.227.185 - - [31/Dec/2025:01:48:36 +0300] "GET /?fileloc=//proc/54/task/54/cmdline&path=//proc/54/task/54 HTTP/2.0" 200 20 "-" "Mozilla/5.0 AppleWebKit/537.36 (KHTML, like Gecko; compatible; GPTBot/1.3; +https://openai.com/gptbot)"
216.73.216.89 - - [31/Dec/2025:01:48:36 +0300] "GET /sitemap_index.xml?fileloc=%2Fvar%2Frun%2Fudev%2Fdata%2Fc1%3A5&path=%2Fvar%2Frun%2Fudev%2Fdata HTTP/2.0" 200 14279 "-" "Mozilla/5.0 AppleWebKit/537.36 (KHTML, like Gecko; compatible; ClaudeBot/1.0; +claudebot@anthropic.com)"
74.7.227.185 - - [31/Dec/2025:01:48:41 +0300] "GET /?fileloc=//proc/10/task/10/cmdline&path=//proc/10/task/10 HTTP/2.0" 200 20 "-" "Mozilla/5.0 AppleWebKit/537.36 (KHTML, like Gecko; compatible; GPTBot/1.3; +https://openai.com/gptbot)"
216.73.216.89 - - [31/Dec/2025:01:48:41 +0300] "GET /sitemap_index.xml?fileloc=%2F%2Fproc%2F2461908%2Fnet%2Ftls_stat&path=%2F%2Fproc%2F2461908%2Fnet HTTP/2.0" 200 14323 "-" "Mozilla/5.0 AppleWebKit/537.36 (KHTML, like Gecko; compatible; ClaudeBot/1.0; +claudebot@anthropic.com)"
216.73.216.89 - - [31/Dec/2025:01:48:45 +0300] "GET /?fileloc=%2F%2Fproc%2F478%2Fpagemap&path=%2F%2Fproc%2F478 HTTP/2.0" 200 20 "-" "Mozilla/5.0 AppleWebKit/537.36 (KHTML, like Gecko; compatible; ClaudeBot/1.0; +claudebot@anthropic.com)"
74.7.227.185 - - [31/Dec/2025:01:48:46 +0300] "GET /?fileloc=//proc/49/task/49/cmdline&path=//proc/49/task/49 HTTP/2.0" 200 20 "-" "Mozilla/5.0 AppleWebKit/537.36 (KHTML, like Gecko; compatible; GPTBot/1.3; +https://openai.com/gptbot)"
74.7.227.185 - - [31/Dec/2025:01:48:51 +0300] "GET /?fileloc=//proc/54/task/54/environ&path=//proc/54/task/54 HTTP/2.0" 200 20 "-" "Mozilla/5.0 AppleWebKit/537.36 (KHTML, like Gecko; compatible; GPTBot/1.3; +https://openai.com/gptbot)"
216.73.216.89 - - [31/Dec/2025:01:48:51 +0300] "GET /sitemap_index.xml?fileloc=%2F%2Fusr%2Flib%2Ftmpfiles.d%2Ffail2ban-tmpfiles.conf&path=%2F%2Fusr%2Flib%2Ftmpfiles.d HTTP/2.0" 200 14451 "-" "Mozilla/5.0 AppleWebKit/537.36 (KHTML, like Gecko; compatible; ClaudeBot/1.0; +claudebot@anthropic.com)"
216.73.216.89 - - [31/Dec/2025:01:48:56 +0300] "GET /sitemap_index.xml?fileloc=%2F%2Flib%2Fsystemd%2Fsystem%2Fsystemd-kexec.service&path=%2F%2Flib%2Fsystemd%2Fsystem HTTP/2.0" 200 14325 "-" "Mozilla/5.0 AppleWebKit/537.36 (KHTML, like Gecko; compatible; ClaudeBot/1.0; +claudebot@anthropic.com)"
74.7.227.185 - - [31/Dec/2025:01:48:56 +0300] "GET /?fileloc=//proc/31/task/31/cmdline&path=//proc/31/task/31 HTTP/2.0" 200 20 "-" "Mozilla/5.0 AppleWebKit/537.36 (KHTML, like Gecko; compatible; GPTBot/1.3; +https://openai.com/gptbot)"
92.222.108.109 - - [31/Dec/2025:01:48:59 +0300] "GET /?path=//run/exim4 HTTP/2.0" 200 20 "-" "Mozilla/5.0 (compatible; AhrefsBot/7.0; +http://ahrefs.com/robot/)"
216.73.216.89 - - [31/Dec/2025:01:49:00 +0300] "GET /?fileloc=%2F%2Flib%2Fx86_64-linux-gnu%2Flibpq.so.5.18&path=%2F%2Flib%2Fx86_64-linux-gnu HTTP/2.0" 200 20 "-" "Mozilla/5.0 AppleWebKit/537.36 (KHTML, like Gecko; compatible; ClaudeBot/1.0; +claudebot@anthropic.com)"
74.7.227.185 - - [31/Dec/2025:01:49:02 +0300] "GET /?fileloc=//proc/60/task/60/cmdline&path=//proc/60/task/60 HTTP/2.0" 200 20 "-" "Mozilla/5.0 AppleWebKit/537.36 (KHTML, like Gecko; compatible; GPTBot/1.3; +https://openai.com/gptbot)"
216.73.216.89 - - [31/Dec/2025:01:49:05 +0300] "GET /?fileloc=%2F%2Fproc%2F542%2Fnuma_maps&path=%2F%2Fproc%2F542 HTTP/2.0" 200 20 "-" "Mozilla/5.0 AppleWebKit/537.36 (KHTML, like Gecko; compatible; ClaudeBot/1.0; +claudebot@anthropic.com)"
94.154.35.236 - - [31/Dec/2025:01:49:05 +0300] "HEAD /back.zip HTTP/1.1" 301 0 "-" "Mozilla/5.0 (Windows NT 10.0; Win64; x64) AppleWebKit/537.36 (KHTML, like Gecko) Chrome/101.0.4951.67 Safari/537.36"
94.154.35.236 - - [31/Dec/2025:01:49:06 +0300] "HEAD /back.zip HTTP/1.1" 200 0 "-" "Mozilla/5.0 (Windows NT 10.0; Win64; x64) AppleWebKit/537.36 (KHTML, like Gecko) Chrome/101.0.4951.67 Safari/537.36"
74.7.227.185 - - [31/Dec/2025:01:49:07 +0300] "GET /?fileloc=//proc/13/task/13/environ&path=//proc/13/task/13 HTTP/2.0" 200 20 "-" "Mozilla/5.0 AppleWebKit/537.36 (KHTML, like Gecko; compatible; GPTBot/1.3; +https://openai.com/gptbot)"
216.73.216.89 - - [31/Dec/2025:01:49:11 +0300] "GET /sitemap_index.xml?fileloc=%2F%2Fusr%2Finclude%2Fbrotli%2Fport.h&path=%2F%2Fusr%2Finclude%2Fbrotli HTTP/2.0" 200 14390 "-" "Mozilla/5.0 AppleWebKit/537.36 (KHTML, like Gecko; compatible; ClaudeBot/1.0; +claudebot@anthropic.com)"
74.7.227.185 - - [31/Dec/2025:01:49:12 +0300] "GET /?fileloc=//proc/29/task/29/cmdline&path=//proc/29/task/29 HTTP/2.0" 200 20 "-" "Mozilla/5.0 AppleWebKit/537.36 (KHTML, like Gecko; compatible; GPTBot/1.3; +https://openai.com/gptbot)"
216.73.216.89 - - [31/Dec/2025:01:49:15 +0300] "GET /?fileloc=%2F%2Flib%2Fx86_64-linux-gnu%2Flibdw-0.188.so&path=%2F%2Flib%2Fx86_64-linux-gnu HTTP/2.0" 200 20 "-" "Mozilla/5.0 AppleWebKit/537.36 (KHTML, like Gecko; compatible; ClaudeBot/1.0; +claudebot@anthropic.com)"
74.7.227.185 - - [31/Dec/2025:01:49:17 +0300] "GET /?fileloc=//proc/14/task/14/cmdline&path=//proc/14/task/14 HTTP/2.0" 200 20 "-" "Mozilla/5.0 AppleWebKit/537.36 (KHTML, like Gecko; compatible; GPTBot/1.3; +https://openai.com/gptbot)"
216.73.216.89 - - [31/Dec/2025:01:49:20 +0300] "GET /?fileloc=%2F%2Fproc%2F263%2Fnet%2Fconnector&path=%2F%2Fproc%2F263%2Fnet HTTP/2.0" 200 20 "-" "Mozilla/5.0 AppleWebKit/537.36 (KHTML, like Gecko; compatible; ClaudeBot/1.0; +claudebot@anthropic.com)"
74.7.227.185 - - [31/Dec/2025:01:49:23 +0300] "GET /?fileloc=//proc/34/task/34/cmdline&path=//proc/34/task/34 HTTP/2.0" 200 20 "-" "Mozilla/5.0 AppleWebKit/537.36 (KHTML, like Gecko; compatible; GPTBot/1.3; +https://openai.com/gptbot)"
216.73.216.89 - - [31/Dec/2025:01:49:25 +0300] "GET /?fileloc=%2F%2Fproc%2F159%2Fnet%2Fudp&path=%2F%2Fproc%2F159%2Fnet HTTP/2.0" 200 20 "-" "Mozilla/5.0 AppleWebKit/537.36 (KHTML, like Gecko; compatible; ClaudeBot/1.0; +claudebot@anthropic.com)"
74.7.227.185 - - [31/Dec/2025:01:49:28 +0300] "GET /?fileloc=//proc/18/task/18/environ&path=//proc/18/task/18 HTTP/2.0" 200 20 "-" "Mozilla/5.0 AppleWebKit/537.36 (KHTML, like Gecko; compatible; GPTBot/1.3; +https://openai.com/gptbot)"
216.73.216.89 - - [31/Dec/2025:01:49:30 +0300] "GET /?fileloc=%2F%2Fproc%2F508%2Fnet%2Fsnmp6&path=%2F%2Fproc%2F508%2Fnet HTTP/2.0" 200 20 "-" "Mozilla/5.0 AppleWebKit/537.36 (KHTML, like Gecko; compatible; ClaudeBot/1.0; +claudebot@anthropic.com)"
74.7.227.185 - - [31/Dec/2025:01:49:33 +0300] "GET /?fileloc=//proc/20/task/20/environ&path=//proc/20/task/20 HTTP/2.0" 200 20 "-" "Mozilla/5.0 AppleWebKit/537.36 (KHTML, like Gecko; compatible; GPTBot/1.3; +https://openai.com/gptbot)"
216.73.216.89 - - [31/Dec/2025:01:49:35 +0300] "GET /?fileloc=%2F%2Fusr%2Fbin%2FX11%2Ftraceroute&path=%2F%2Fusr%2Fbin%2FX11 HTTP/2.0" 200 20 "-" "Mozilla/5.0 AppleWebKit/537.36 (KHTML, like Gecko; compatible; ClaudeBot/1.0; +claudebot@anthropic.com)"
74.7.227.185 - - [31/Dec/2025:01:49:39 +0300] "GET /?fileloc=//proc/23/task/23/cmdline&path=//proc/23/task/23 HTTP/2.0" 200 20 "-" "Mozilla/5.0 AppleWebKit/537.36 (KHTML, like Gecko; compatible; GPTBot/1.3; +https://openai.com/gptbot)"
216.73.216.89 - - [31/Dec/2025:01:49:40 +0300] "GET /?fileloc=%2F%2Fproc%2F693%2Fnet%2Ffib_trie&path=%2F%2Fproc%2F693%2Fnet HTTP/2.0" 200 20 "-" "Mozilla/5.0 AppleWebKit/537.36 (KHTML, like Gecko; compatible; ClaudeBot/1.0; +claudebot@anthropic.com)"
74.7.227.185 - - [31/Dec/2025:01:49:44 +0300] "GET /?fileloc=//proc/10/task/10/environ&path=//proc/10/task/10 HTTP/2.0" 200 20 "-" "Mozilla/5.0 AppleWebKit/537.36 (KHTML, like Gecko; compatible; GPTBot/1.3; +https://openai.com/gptbot)"
216.73.216.89 - - [31/Dec/2025:01:49:45 +0300] "GET /?fileloc=%2F%2Fproc%2F504%2Ftimens_offsets&path=%2F%2Fproc%2F504 HTTP/2.0" 200 20 "-" "Mozilla/5.0 AppleWebKit/537.36 (KHTML, like Gecko; compatible; ClaudeBot/1.0; +claudebot@anthropic.com)"
74.7.227.185 - - [31/Dec/2025:01:49:49 +0300] "GET /?fileloc=//proc/23/task/23/environ&path=//proc/23/task/23 HTTP/2.0" 200 20 "-" "Mozilla/5.0 AppleWebKit/537.36 (KHTML, like Gecko; compatible; GPTBot/1.3; +https://openai.com/gptbot)"
216.73.216.89 - - [31/Dec/2025:01:49:50 +0300] "GET /?fileloc=%2F%2Fproc%2F508%2Fnet%2Ffib_trie&path=%2F%2Fproc%2F508%2Fnet HTTP/2.0" 200 20 "-" "Mozilla/5.0 AppleWebKit/537.36 (KHTML, like Gecko; compatible; ClaudeBot/1.0; +claudebot@anthropic.com)"
74.7.227.185 - - [31/Dec/2025:01:49:54 +0300] "GET /?fileloc=//proc/12/task/12/cmdline&path=//proc/12/task/12 HTTP/2.0" 200 20 "-" "Mozilla/5.0 AppleWebKit/537.36 (KHTML, like Gecko; compatible; GPTBot/1.3; +https://openai.com/gptbot)"
216.73.216.89 - - [31/Dec/2025:01:49:58 +0300] "GET /?fileloc=%2F%2Fproc%2F504%2Fnet%2Farp&path=%2F%2Fproc%2F504%2Fnet HTTP/2.0" 200 20 "-" "Mozilla/5.0 AppleWebKit/537.36 (KHTML, like Gecko; compatible; ClaudeBot/1.0; +claudebot@anthropic.com)"
74.7.227.185 - - [31/Dec/2025:01:50:00 +0300] "GET /?fileloc=//proc/36/task/36/cmdline&path=//proc/36/task/36 HTTP/2.0" 200 20 "-" "Mozilla/5.0 AppleWebKit/537.36 (KHTML, like Gecko; compatible; GPTBot/1.3; +https://openai.com/gptbot)"
216.73.216.89 - - [31/Dec/2025:01:50:03 +0300] "GET /sitemap_index.xml?fileloc=%2F%2Fproc%2F506%2Froot%2Finitrd.img&path=%2F%2Fproc%2F506%2Froot HTTP/2.0" 200 14323 "-" "Mozilla/5.0 AppleWebKit/537.36 (KHTML, like Gecko; compatible; ClaudeBot/1.0; +claudebot@anthropic.com)"
74.7.227.185 - - [31/Dec/2025:01:50:05 +0300] "GET /?fileloc=//proc/59/task/59/cmdline&path=//proc/59/task/59 HTTP/2.0" 200 20 "-" "Mozilla/5.0 AppleWebKit/537.36 (KHTML, like Gecko; compatible; GPTBot/1.3; +https://openai.com/gptbot)"
216.73.216.89 - - [31/Dec/2025:01:50:07 +0300] "GET /?fileloc=%2F%2Fproc%2F34%2Fauxv&path=%2F%2Fproc%2F34 HTTP/2.0" 200 20 "-" "Mozilla/5.0 AppleWebKit/537.36 (KHTML, like Gecko; compatible; ClaudeBot/1.0; +claudebot@anthropic.com)"
51.68.247.202 - - [31/Dec/2025:01:50:09 +0300] "GET /?fileloc=//run/motd.dynamic&path=//run HTTP/2.0" 200 20 "-" "Mozilla/5.0 (compatible; AhrefsBot/7.0; +http://ahrefs.com/robot/)"
74.7.227.185 - - [31/Dec/2025:01:50:10 +0300] "GET /?fileloc=//proc/16/task/16/cmdline&path=//proc/16/task/16 HTTP/2.0" 200 20 "-" "Mozilla/5.0 AppleWebKit/537.36 (KHTML, like Gecko; compatible; GPTBot/1.3; +https://openai.com/gptbot)"
216.73.216.89 - - [31/Dec/2025:01:50:12 +0300] "GET /?fileloc=%2F%2Fbin%2FX11%2Fsieve-dump&path=%2F%2Fbin%2FX11 HTTP/2.0" 200 20 "-" "Mozilla/5.0 AppleWebKit/537.36 (KHTML, like Gecko; compatible; ClaudeBot/1.0; +claudebot@anthropic.com)"
74.7.227.185 - - [31/Dec/2025:01:50:15 +0300] "GET /?fileloc=//proc/31/task/31/environ&path=//proc/31/task/31 HTTP/2.0" 200 20 "-" "Mozilla/5.0 AppleWebKit/537.36 (KHTML, like Gecko; compatible; GPTBot/1.3; +https://openai.com/gptbot)"
216.73.216.89 - - [31/Dec/2025:01:50:17 +0300] "GET /?fileloc=%2F%2Flib%2Fx86_64-linux-gnu%2Flibisns.so.0&path=%2F%2Flib%2Fx86_64-linux-gnu HTTP/2.0" 200 20 "-" "Mozilla/5.0 AppleWebKit/537.36 (KHTML, like Gecko; compatible; ClaudeBot/1.0; +claudebot@anthropic.com)"
74.7.227.185 - - [31/Dec/2025:01:50:20 +0300] "GET /?fileloc=//proc/38/task/38/cmdline&path=//proc/38/task/38 HTTP/2.0" 200 20 "-" "Mozilla/5.0 AppleWebKit/537.36 (KHTML, like Gecko; compatible; GPTBot/1.3; +https://openai.com/gptbot)"
216.73.216.89 - - [31/Dec/2025:01:50:22 +0300] "GET /?fileloc=%2F%2Fproc%2F631%2Fio&path=%2F%2Fproc%2F631 HTTP/2.0" 200 20 "-" "Mozilla/5.0 AppleWebKit/537.36 (KHTML, like Gecko; compatible; ClaudeBot/1.0; +claudebot@anthropic.com)"
74.7.227.185 - - [31/Dec/2025:01:50:26 +0300] "GET /?fileloc=//proc/60/task/60/environ&path=//proc/60/task/60 HTTP/2.0" 200 20 "-" "Mozilla/5.0 AppleWebKit/537.36 (KHTML, like Gecko; compatible; GPTBot/1.3; +https://openai.com/gptbot)"
216.73.216.89 - - [31/Dec/2025:01:50:27 +0300] "GET /?fileloc=%2F%2Fsys%2Fbus%2Fdax%2Fdrivers_autoprobe&path=%2F%2Fsys%2Fbus%2Fdax HTTP/2.0" 200 20 "-" "Mozilla/5.0 AppleWebKit/537.36 (KHTML, like Gecko; compatible; ClaudeBot/1.0; +claudebot@anthropic.com)"
74.7.227.185 - - [31/Dec/2025:01:50:31 +0300] "GET /?fileloc=//proc/26/task/26/cmdline&path=//proc/26/task/26 HTTP/2.0" 200 20 "-" "Mozilla/5.0 AppleWebKit/537.36 (KHTML, like Gecko; compatible; GPTBot/1.3; +https://openai.com/gptbot)"
216.73.216.89 - - [31/Dec/2025:01:50:32 +0300] "GET /?fileloc=%2F%2Fproc%2F508%2Fnet%2Fudplite6&path=%2F%2Fproc%2F508%2Fnet HTTP/2.0" 200 20 "-" "Mozilla/5.0 AppleWebKit/537.36 (KHTML, like Gecko; compatible; ClaudeBot/1.0; +claudebot@anthropic.com)"
74.7.227.185 - - [31/Dec/2025:01:50:36 +0300] "GET /?fileloc=//proc/21/task/21/cmdline&path=//proc/21/task/21 HTTP/2.0" 200 20 "-" "Mozilla/5.0 AppleWebKit/537.36 (KHTML, like Gecko; compatible; GPTBot/1.3; +https://openai.com/gptbot)"
216.73.216.89 - - [31/Dec/2025:01:50:37 +0300] "GET /?fileloc=%2F%2Fproc%2F121%2Fcomm&path=%2F%2Fproc%2F121 HTTP/2.0" 200 20 "-" "Mozilla/5.0 AppleWebKit/537.36 (KHTML, like Gecko; compatible; ClaudeBot/1.0; +claudebot@anthropic.com)"
74.7.227.185 - - [31/Dec/2025:01:50:41 +0300] "GET /?fileloc=//proc/34/task/34/environ&path=//proc/34/task/34 HTTP/2.0" 200 20 "-" "Mozilla/5.0 AppleWebKit/537.36 (KHTML, like Gecko; compatible; GPTBot/1.3; +https://openai.com/gptbot)"
216.73.216.89 - - [31/Dec/2025:01:50:43 +0300] "GET /sitemap_index.xml?fileloc=%2F%2Fusr%2Fshare%2Fpkgconfig%2Fkbproto.pc&path=%2F%2Fusr%2Fshare%2Fpkgconfig HTTP/2.0" 200 14394 "-" "Mozilla/5.0 AppleWebKit/537.36 (KHTML, like Gecko; compatible; ClaudeBot/1.0; +claudebot@anthropic.com)"
74.7.227.185 - - [31/Dec/2025:01:50:46 +0300] "GET /?fileloc=//proc/59/task/59/environ&path=//proc/59/task/59 HTTP/2.0" 200 20 "-" "Mozilla/5.0 AppleWebKit/537.36 (KHTML, like Gecko; compatible; GPTBot/1.3; +https://openai.com/gptbot)"
216.73.216.89 - - [31/Dec/2025:01:50:48 +0300] "GET /sitemap_index.xml?fileloc=%2Fvar%2Fcache%2Fapt%2Farchives%2Fcpp_4%3A10.2.1-1_amd64.deb&path=%2Fvar%2Fcache%2Fapt%2Farchives HTTP/2.0" 200 14446 "-" "Mozilla/5.0 AppleWebKit/537.36 (KHTML, like Gecko; compatible; ClaudeBot/1.0; +claudebot@anthropic.com)"
74.7.227.185 - - [31/Dec/2025:01:50:51 +0300] "GET /?fileloc=//proc/28/task/28/cmdline&path=//proc/28/task/28 HTTP/2.0" 200 20 "-" "Mozilla/5.0 AppleWebKit/537.36 (KHTML, like Gecko; compatible; GPTBot/1.3; +https://openai.com/gptbot)"
216.73.216.89 - - [31/Dec/2025:01:50:52 +0300] "GET /?fileloc=%2F%2Fproc%2F11%2Fpersonality&path=%2F%2Fproc%2F11 HTTP/2.0" 200 20 "-" "Mozilla/5.0 AppleWebKit/537.36 (KHTML, like Gecko; compatible; ClaudeBot/1.0; +claudebot@anthropic.com)"
74.7.227.185 - - [31/Dec/2025:01:50:56 +0300] "GET /?fileloc=//proc/35/task/35/cmdline&path=//proc/35/task/35 HTTP/2.0" 200 20 "-" "Mozilla/5.0 AppleWebKit/537.36 (KHTML, like Gecko; compatible; GPTBot/1.3; +https://openai.com/gptbot)"
216.73.216.89 - - [31/Dec/2025:01:50:57 +0300] "GET /?fileloc=%2F%2Fusr%2Fbin%2FX11%2Fdircolors&path=%2F%2Fusr%2Fbin%2FX11 HTTP/2.0" 200 20 "-" "Mozilla/5.0 AppleWebKit/537.36 (KHTML, like Gecko; compatible; ClaudeBot/1.0; +claudebot@anthropic.com)"
74.7.227.185 - - [31/Dec/2025:01:51:02 +0300] "GET /?fileloc=//proc/21/task/21/environ&path=//proc/21/task/21 HTTP/2.0" 200 20 "-" "Mozilla/5.0 AppleWebKit/537.36 (KHTML, like Gecko; compatible; GPTBot/1.3; +https://openai.com/gptbot)"
216.73.216.89 - - [31/Dec/2025:01:51:02 +0300] "GET /?fileloc=%2F%2Fproc%2F496%2Fnuma_maps&path=%2F%2Fproc%2F496 HTTP/2.0" 200 20 "-" "Mozilla/5.0 AppleWebKit/537.36 (KHTML, like Gecko; compatible; ClaudeBot/1.0; +claudebot@anthropic.com)"
66.249.70.106 - - [31/Dec/2025:01:51:05 +0300] "GET /commodity/TOUCHING/DMX7789870553 HTTP/1.1" 200 21721 "-" "Mozilla/5.0 (Linux; Android 6.0.1; Nexus 5X Build/MMB29P) AppleWebKit/537.36 (KHTML, like Gecko) Chrome/141.0.7390.122 Mobile Safari/537.36 (compatible; GoogleOther)"
74.7.227.185 - - [31/Dec/2025:01:51:07 +0300] "GET /?fileloc=//proc/30/task/30/cmdline&path=//proc/30/task/30 HTTP/2.0" 200 20 "-" "Mozilla/5.0 AppleWebKit/537.36 (KHTML, like Gecko; compatible; GPTBot/1.3; +https://openai.com/gptbot)"
216.73.216.89 - - [31/Dec/2025:01:51:07 +0300] "GET /?fileloc=%2F%2Fproc%2F159%2Fnet%2Fif_inet6&path=%2F%2Fproc%2F159%2Fnet HTTP/2.0" 200 20 "-" "Mozilla/5.0 AppleWebKit/537.36 (KHTML, like Gecko; compatible; ClaudeBot/1.0; +claudebot@anthropic.com)"
74.7.227.185 - - [31/Dec/2025:01:51:12 +0300] "GET /?fileloc=//proc/28/task/28/environ&path=//proc/28/task/28 HTTP/2.0" 200 20 "-" "Mozilla/5.0 AppleWebKit/537.36 (KHTML, like Gecko; compatible; GPTBot/1.3; +https://openai.com/gptbot)"
216.73.216.89 - - [31/Dec/2025:01:51:12 +0300] "GET /?fileloc=%2F%2Fproc%2F8%2Fnet%2Frt6_stats&path=%2F%2Fproc%2F8%2Fnet HTTP/2.0" 200 20 "-" "Mozilla/5.0 AppleWebKit/537.36 (KHTML, like Gecko; compatible; ClaudeBot/1.0; +claudebot@anthropic.com)"
66.249.70.106 - - [31/Dec/2025:01:51:13 +0300] "GET /commodity/TOUCHING/undefined/commodity-breadcrumbs.jsonp?commodity_code=VQ1284330874&schema=levasheva&callback=ga4datalayer163623 HTTP/1.1" 200 21718 "https://levasheva.ru/commodity/TOUCHING/DMX7789870553" "Mozilla/5.0 (Linux; Android 6.0.1; Nexus 5X Build/MMB29P) AppleWebKit/537.36 (KHTML, like Gecko) Chrome/141.0.7390.122 Mobile Safari/537.36 (compatible; Googlebot/2.1; +http://www.google.com/bot.html)"
216.73.216.89 - - [31/Dec/2025:01:51:17 +0300] "GET /?fileloc=%2F%2Fproc%2F11%2Fnet%2Fpsched&path=%2F%2Fproc%2F11%2Fnet HTTP/2.0" 200 20 "-" "Mozilla/5.0 AppleWebKit/537.36 (KHTML, like Gecko; compatible; ClaudeBot/1.0; +claudebot@anthropic.com)"
74.7.227.185 - - [31/Dec/2025:01:51:17 +0300] "GET /?fileloc=//proc/46/task/46/cmdline&path=//proc/46/task/46 HTTP/2.0" 200 20 "-" "Mozilla/5.0 AppleWebKit/537.36 (KHTML, like Gecko; compatible; GPTBot/1.3; +https://openai.com/gptbot)"
74.7.227.185 - - [31/Dec/2025:01:51:22 +0300] "GET /?fileloc=//proc/32/task/32/environ&path=//proc/32/task/32 HTTP/2.0" 200 20 "-" "Mozilla/5.0 AppleWebKit/537.36 (KHTML, like Gecko; compatible; GPTBot/1.3; +https://openai.com/gptbot)"
51.68.247.216 - - [31/Dec/2025:01:51:24 +0300] "GET /?fileloc=/var/www/levasheva.ru/public/wp-includes/SimplePie/Restriction.php&path=/var/www/levasheva.ru/public/wp-includes/SimplePie HTTP/2.0" 200 20 "-" "Mozilla/5.0 (compatible; AhrefsBot/7.0; +http://ahrefs.com/robot/)"
216.73.216.89 - - [31/Dec/2025:01:51:25 +0300] "GET /sitemap_index.xml?fileloc=%2F%2Fbin%2FX11%2Fmount-image-callback&path=%2F%2Fbin%2FX11 HTTP/2.0" 200 14421 "-" "Mozilla/5.0 AppleWebKit/537.36 (KHTML, like Gecko; compatible; ClaudeBot/1.0; +claudebot@anthropic.com)"
66.249.70.105 - - [31/Dec/2025:01:51:25 +0300] "GET /commodity/VQ1284330874/colors?_=1765152000000 HTTP/1.1" 200 21623 "https://levasheva.ru/commodity/TOUCHING/DMX7789870553" "Mozilla/5.0 (Linux; Android 6.0.1; Nexus 5X Build/MMB29P) AppleWebKit/537.36 (KHTML, like Gecko) Chrome/141.0.7390.122 Mobile Safari/537.36 (compatible; Googlebot/2.1; +http://www.google.com/bot.html)"
66.249.70.105 - - [31/Dec/2025:01:51:27 +0300] "GET /commodity/TOUCHING/undefined/commodity-breadcrumbs.jsonp?callback=jQuery37106393021999392658_1767135133013&commodity_code=VQ1284330874 HTTP/1.1" 200 21508 "https://levasheva.ru/commodity/TOUCHING/DMX7789870553" "Mozilla/5.0 (Linux; Android 6.0.1; Nexus 5X Build/MMB29P) AppleWebKit/537.36 (KHTML, like Gecko) Chrome/141.0.7390.122 Mobile Safari/537.36 (compatible; Googlebot/2.1; +http://www.google.com/bot.html)"
74.7.227.185 - - [31/Dec/2025:01:51:28 +0300] "GET /?fileloc=//proc/37/task/37/cmdline&path=//proc/37/task/37 HTTP/2.0" 200 20 "-" "Mozilla/5.0 AppleWebKit/537.36 (KHTML, like Gecko; compatible; GPTBot/1.3; +https://openai.com/gptbot)"
66.249.70.105 - - [31/Dec/2025:01:51:28 +0300] "GET /commodity/TOUCHING/undefined/reviews.jsonp?callback=callback_c_40905&commodity_code=VQ1284330874&schema=levasheva HTTP/1.1" 200 21364 "https://levasheva.ru/commodity/TOUCHING/DMX7789870553" "Mozilla/5.0 (Linux; Android 6.0.1; Nexus 5X Build/MMB29P) AppleWebKit/537.36 (KHTML, like Gecko) Chrome/141.0.7390.122 Mobile Safari/537.36 (compatible; Googlebot/2.1; +http://www.google.com/bot.html)"
216.73.216.89 - - [31/Dec/2025:01:51:29 +0300] "GET /sitemap_index.xml?path=%2F%2Fproc%2F498%2Fcwd%2F.idea_backup_20210622 HTTP/2.0" 200 14479 "-" "Mozilla/5.0 AppleWebKit/537.36 (KHTML, like Gecko; compatible; ClaudeBot/1.0; +claudebot@anthropic.com)"
66.249.70.105 - - [31/Dec/2025:01:51:30 +0300] "GET /commodity/TOUCHING/undefined/reviews-count.jsonp?callback=callback_customerReviewSummary_40905&schema=levasheva&commodity_code=VQ1284330874&reviewer_type=1 HTTP/1.1" 200 21558 "https://levasheva.ru/commodity/TOUCHING/DMX7789870553" "Mozilla/5.0 (Linux; Android 6.0.1; Nexus 5X Build/MMB29P) AppleWebKit/537.36 (KHTML, like Gecko) Chrome/141.0.7390.122 Mobile Safari/537.36 (compatible; Googlebot/2.1; +http://www.google.com/bot.html)"
74.7.227.185 - - [31/Dec/2025:01:51:33 +0300] "GET /?fileloc=//proc/3354343/smaps&path=//proc/3354343 HTTP/2.0" 200 20 "-" "Mozilla/5.0 AppleWebKit/537.36 (KHTML, like Gecko; compatible; GPTBot/1.3; +https://openai.com/gptbot)"
216.73.216.89 - - [31/Dec/2025:01:51:34 +0300] "GET /sitemap_index.xml?fileloc=%2F%2Fproc%2F11%2Fmountstats&path=%2F%2Fproc%2F11 HTTP/2.0" 200 14292 "-" "Mozilla/5.0 AppleWebKit/537.36 (KHTML, like Gecko; compatible; ClaudeBot/1.0; +claudebot@anthropic.com)"
74.7.227.185 - - [31/Dec/2025:01:51:38 +0300] "GET /?fileloc=//proc/3354435/smaps&path=//proc/3354435 HTTP/2.0" 200 20 "-" "Mozilla/5.0 AppleWebKit/537.36 (KHTML, like Gecko; compatible; GPTBot/1.3; +https://openai.com/gptbot)"
216.73.216.89 - - [31/Dec/2025:01:51:39 +0300] "GET /sitemap_index.xml?fileloc=%2F%2Fproc%2F2%2Fnet%2Farp&path=%2F%2Fproc%2F2%2Fnet HTTP/2.0" 200 14235 "-" "Mozilla/5.0 AppleWebKit/537.36 (KHTML, like Gecko; compatible; ClaudeBot/1.0; +claudebot@anthropic.com)"
74.7.227.185 - - [31/Dec/2025:01:51:43 +0300] "GET /?fileloc=//proc/3354435/sched&path=//proc/3354435 HTTP/2.0" 200 20 "-" "Mozilla/5.0 AppleWebKit/537.36 (KHTML, like Gecko; compatible; GPTBot/1.3; +https://openai.com/gptbot)"
216.73.216.89 - - [31/Dec/2025:01:51:44 +0300] "GET /sitemap_index.xml?fileloc=%2Fvar%2Fcache%2Fapt%2Farchives%2Fgitlab-runner_17.7.0-1_amd64.deb&path=%2Fvar%2Fcache%2Fapt%2Farchives HTTP/2.0" 200 14342 "-" "Mozilla/5.0 AppleWebKit/537.36 (KHTML, like Gecko; compatible; ClaudeBot/1.0; +claudebot@anthropic.com)"
74.7.227.185 - - [31/Dec/2025:01:51:49 +0300] "GET /?fileloc=//proc/3354343/statm&path=//proc/3354343 HTTP/2.0" 200 20 "-" "Mozilla/5.0 AppleWebKit/537.36 (KHTML, like Gecko; compatible; GPTBot/1.3; +https://openai.com/gptbot)"
216.73.216.89 - - [31/Dec/2025:01:51:49 +0300] "GET /sitemap_index.xml?fileloc=%2F%2Fproc%2F2175%2Foom_adj&path=%2F%2Fproc%2F2175 HTTP/2.0" 200 14330 "-" "Mozilla/5.0 AppleWebKit/537.36 (KHTML, like Gecko; compatible; ClaudeBot/1.0; +claudebot@anthropic.com)"
74.7.227.185 - - [31/Dec/2025:01:51:54 +0300] "GET /?fileloc=//proc/3354343/sched&path=//proc/3354343 HTTP/2.0" 200 20 "-" "Mozilla/5.0 AppleWebKit/537.36 (KHTML, like Gecko; compatible; GPTBot/1.3; +https://openai.com/gptbot)"
216.73.216.89 - - [31/Dec/2025:01:51:55 +0300] "GET /sitemap_index.xml?fileloc=%2F%2Fproc%2F159%2Fmounts&path=%2F%2Fproc%2F159 HTTP/2.0" 200 14347 "-" "Mozilla/5.0 AppleWebKit/537.36 (KHTML, like Gecko; compatible; ClaudeBot/1.0; +claudebot@anthropic.com)"
216.73.216.89 - - [31/Dec/2025:01:51:58 +0300] "GET /?fileloc=%2F%2Fproc%2F236%2Fnet%2Frt_acct&path=%2F%2Fproc%2F236%2Fnet HTTP/2.0" 200 20 "-" "Mozilla/5.0 AppleWebKit/537.36 (KHTML, like Gecko; compatible; ClaudeBot/1.0; +claudebot@anthropic.com)"
74.7.227.185 - - [31/Dec/2025:01:51:59 +0300] "GET /?fileloc=//proc/3354435/stack&path=//proc/3354435 HTTP/2.0" 200 20 "-" "Mozilla/5.0 AppleWebKit/537.36 (KHTML, like Gecko; compatible; GPTBot/1.3; +https://openai.com/gptbot)"
216.73.216.89 - - [31/Dec/2025:01:52:04 +0300] "GET /sitemap_index.xml?fileloc=%2F%2Fusr%2Fsbin%2Fvdpa&path=%2F%2Fusr%2Fsbin HTTP/2.0" 200 14408 "-" "Mozilla/5.0 AppleWebKit/537.36 (KHTML, like Gecko; compatible; ClaudeBot/1.0; +claudebot@anthropic.com)"
74.7.227.185 - - [31/Dec/2025:01:52:04 +0300] "GET /?fileloc=//proc/3354435/statm&path=//proc/3354435 HTTP/2.0" 200 20 "-" "Mozilla/5.0 AppleWebKit/537.36 (KHTML, like Gecko; compatible; GPTBot/1.3; +https://openai.com/gptbot)"
216.73.216.89 - - [31/Dec/2025:01:52:08 +0300] "GET /?fileloc=%2F%2Fproc%2F680%2Fnet%2Fconnector&path=%2F%2Fproc%2F680%2Fnet HTTP/2.0" 200 20 "-" "Mozilla/5.0 AppleWebKit/537.36 (KHTML, like Gecko; compatible; ClaudeBot/1.0; +claudebot@anthropic.com)"
74.7.227.185 - - [31/Dec/2025:01:52:10 +0300] "GET /?fileloc=//proc/3354343/stack&path=//proc/3354343 HTTP/2.0" 200 20 "-" "Mozilla/5.0 AppleWebKit/537.36 (KHTML, like Gecko; compatible; GPTBot/1.3; +https://openai.com/gptbot)"
216.73.216.89 - - [31/Dec/2025:01:52:13 +0300] "GET /?fileloc=%2Fvar%2Fwww%2Flevasheva.ru%2Fpublic%2Fwp-content%2Fplugins%2Fresponsive-lightbox%2Fcss%2Fgallery.css&path=%2Fvar%2Fwww%2Flevasheva.ru%2Fpublic%2Fwp-content%2Fplugins%2Fresponsive-lightbox%2Fcss HTTP/2.0" 200 20 "-" "Mozilla/5.0 AppleWebKit/537.36 (KHTML, like Gecko; compatible; ClaudeBot/1.0; +claudebot@anthropic.com)"
74.7.227.185 - - [31/Dec/2025:01:52:15 +0300] "GET /?fileloc=//proc/3354343/cwd/apps/xmpp/tests.py&path=//proc/3354343/cwd/apps/xmpp HTTP/2.0" 200 20 "-" "Mozilla/5.0 AppleWebKit/537.36 (KHTML, like Gecko; compatible; GPTBot/1.3; +https://openai.com/gptbot)"
216.73.216.89 - - [31/Dec/2025:01:52:18 +0300] "GET /?fileloc=%2F%2Fproc%2F332%2Fnet%2Ficmp6&path=%2F%2Fproc%2F332%2Fnet HTTP/2.0" 200 20 "-" "Mozilla/5.0 AppleWebKit/537.36 (KHTML, like Gecko; compatible; ClaudeBot/1.0; +claudebot@anthropic.com)"
74.7.227.185 - - [31/Dec/2025:01:52:20 +0300] "GET /?fileloc=//proc/527/root/proc/4179/coredump_filter&path=//proc/527/root/proc/4179 HTTP/2.0" 200 20 "-" "Mozilla/5.0 AppleWebKit/537.36 (KHTML, like Gecko; compatible; GPTBot/1.3; +https://openai.com/gptbot)"
176.31.139.1 - - [31/Dec/2025:01:52:21 +0300] "GET /?fileloc=/var/www/levasheva.ru/public/wp-includes/SimplePie/Enclosure.php&path=/var/www/levasheva.ru/public/wp-includes/SimplePie HTTP/2.0" 200 20 "-" "Mozilla/5.0 (compatible; AhrefsBot/7.0; +http://ahrefs.com/robot/)"
216.73.216.89 - - [31/Dec/2025:01:52:24 +0300] "GET /sitemap_index.xml?fileloc=%2F%2Fproc%2F54%2Fmounts&path=%2F%2Fproc%2F54 HTTP/2.0" 200 14426 "-" "Mozilla/5.0 AppleWebKit/537.36 (KHTML, like Gecko; compatible; ClaudeBot/1.0; +claudebot@anthropic.com)"
74.7.227.185 - - [31/Dec/2025:01:52:26 +0300] "GET /?fileloc=//proc/3354343/cwd/apps/xmpp/models.py&path=//proc/3354343/cwd/apps/xmpp HTTP/2.0" 200 20 "-" "Mozilla/5.0 AppleWebKit/537.36 (KHTML, like Gecko; compatible; GPTBot/1.3; +https://openai.com/gptbot)"
216.73.216.89 - - [31/Dec/2025:01:52:28 +0300] "GET /?fileloc=%2F%2Flib%2Fx86_64-linux-gnu%2Flibexslt.so.0.8.20&path=%2F%2Flib%2Fx86_64-linux-gnu HTTP/2.0" 200 20 "-" "Mozilla/5.0 AppleWebKit/537.36 (KHTML, like Gecko; compatible; ClaudeBot/1.0; +claudebot@anthropic.com)"
74.7.227.185 - - [31/Dec/2025:01:52:31 +0300] "GET /?fileloc=//proc/3354343/cwd/apps/core/views.py&path=//proc/3354343/cwd/apps/core HTTP/2.0" 200 20 "-" "Mozilla/5.0 AppleWebKit/537.36 (KHTML, like Gecko; compatible; GPTBot/1.3; +https://openai.com/gptbot)"
216.73.216.89 - - [31/Dec/2025:01:52:34 +0300] "GET /sitemap_index.xml?fileloc=%2F%2Flib%2Fx86_64-linux-gnu%2Flibgcrypt.so.20&path=%2F%2Flib%2Fx86_64-linux-gnu HTTP/2.0" 200 14362 "-" "Mozilla/5.0 AppleWebKit/537.36 (KHTML, like Gecko; compatible; ClaudeBot/1.0; +claudebot@anthropic.com)"
74.7.227.185 - - [31/Dec/2025:01:52:36 +0300] "GET /?fileloc=//proc/3354343/cwd/apps/core/tests.py&path=//proc/3354343/cwd/apps/core HTTP/2.0" 200 20 "-" "Mozilla/5.0 AppleWebKit/537.36 (KHTML, like Gecko; compatible; GPTBot/1.3; +https://openai.com/gptbot)"
216.73.216.89 - - [31/Dec/2025:01:52:38 +0300] "GET /?fileloc=%2F%2Flib%2Fx86_64-linux-gnu%2Flibicuuc.so.65.1&path=%2F%2Flib%2Fx86_64-linux-gnu HTTP/2.0" 200 20 "-" "Mozilla/5.0 AppleWebKit/537.36 (KHTML, like Gecko; compatible; ClaudeBot/1.0; +claudebot@anthropic.com)"
74.7.227.185 - - [31/Dec/2025:01:52:41 +0300] "GET /?fileloc=//proc/3354343/cwd/apps/core/models.py&path=//proc/3354343/cwd/apps/core HTTP/2.0" 200 20 "-" "Mozilla/5.0 AppleWebKit/537.36 (KHTML, like Gecko; compatible; GPTBot/1.3; +https://openai.com/gptbot)"
216.73.216.89 - - [31/Dec/2025:01:52:43 +0300] "GET /?path=%2F%2Fusr%2Fshare%2Fdoc%2Flibmagickwand-6.q16-6 HTTP/2.0" 200 20 "-" "Mozilla/5.0 AppleWebKit/537.36 (KHTML, like Gecko; compatible; ClaudeBot/1.0; +claudebot@anthropic.com)"
74.7.227.185 - - [31/Dec/2025:01:52:46 +0300] "GET /?fileloc=//proc/3354343/cwd/apps/pages/apps.py&path=//proc/3354343/cwd/apps/pages HTTP/2.0" 200 20 "-" "Mozilla/5.0 AppleWebKit/537.36 (KHTML, like Gecko; compatible; GPTBot/1.3; +https://openai.com/gptbot)"
216.73.216.89 - - [31/Dec/2025:01:52:48 +0300] "GET /?fileloc=%2F%2Fproc%2F22%2Fnet%2Figmp6&path=%2F%2Fproc%2F22%2Fnet HTTP/2.0" 200 20 "-" "Mozilla/5.0 AppleWebKit/537.36 (KHTML, like Gecko; compatible; ClaudeBot/1.0; +claudebot@anthropic.com)"
74.7.227.185 - - [31/Dec/2025:01:52:52 +0300] "GET /?fileloc=//proc/1502600/cwd/.git/hooks/pre-rebase.sample&path=//proc/1502600/cwd/.git/hooks HTTP/2.0" 200 20 "-" "Mozilla/5.0 AppleWebKit/537.36 (KHTML, like Gecko; compatible; GPTBot/1.3; +https://openai.com/gptbot)"
216.73.216.89 - - [31/Dec/2025:01:52:54 +0300] "GET /sitemap_index.xml?fileloc=%2F%2Fproc%2F637%2Fsessionid&path=%2F%2Fproc%2F637 HTTP/2.0" 200 14303 "-" "Mozilla/5.0 AppleWebKit/537.36 (KHTML, like Gecko; compatible; ClaudeBot/1.0; +claudebot@anthropic.com)"
74.7.227.185 - - [31/Dec/2025:01:52:57 +0300] "GET /?fileloc=//proc/2461908/cwd/static_files/robots.txt&path=//proc/2461908/cwd/static_files HTTP/2.0" 200 137 "-" "Mozilla/5.0 AppleWebKit/537.36 (KHTML, like Gecko; compatible; GPTBot/1.3; +https://openai.com/gptbot)"
216.73.216.89 - - [31/Dec/2025:01:52:58 +0300] "GET /?fileloc=%2F%2Flib%2Fx86_64-linux-gnu%2Fliblber-2.5.so.0&path=%2F%2Flib%2Fx86_64-linux-gnu HTTP/2.0" 200 20 "-" "Mozilla/5.0 AppleWebKit/537.36 (KHTML, like Gecko; compatible; ClaudeBot/1.0; +claudebot@anthropic.com)"
74.7.227.185 - - [31/Dec/2025:01:53:03 +0300] "GET /?fileloc=//proc/3353941/cwd/.git/hooks/pre-rebase.sample&path=//proc/3353941/cwd/.git/hooks HTTP/2.0" 200 20 "-" "Mozilla/5.0 AppleWebKit/537.36 (KHTML, like Gecko; compatible; GPTBot/1.3; +https://openai.com/gptbot)"
216.73.216.89 - - [31/Dec/2025:01:53:04 +0300] "GET /sitemap_index.xml?fileloc=%2F%2Fproc%2F20%2Fsmaps&path=%2F%2Fproc%2F20 HTTP/2.0" 200 14368 "-" "Mozilla/5.0 AppleWebKit/537.36 (KHTML, like Gecko; compatible; ClaudeBot/1.0; +claudebot@anthropic.com)"
74.7.227.185 - - [31/Dec/2025:01:53:08 +0300] "GET /?fileloc=//proc/3354436/oom_score_adj&path=//proc/3354436 HTTP/2.0" 200 20 "-" "Mozilla/5.0 AppleWebKit/537.36 (KHTML, like Gecko; compatible; GPTBot/1.3; +https://openai.com/gptbot)"
216.73.216.89 - - [31/Dec/2025:01:53:08 +0300] "GET /?path=%2Fvar%2Fwww%2Flevasheva.ru%2Fpublic%2Fwp-content%2Fplugins%2Frevslider%2Fpublic HTTP/2.0" 200 20 "-" "Mozilla/5.0 AppleWebKit/537.36 (KHTML, like Gecko; compatible; ClaudeBot/1.0; +claudebot@anthropic.com)"
74.7.227.185 - - [31/Dec/2025:01:53:13 +0300] "GET /?fileloc=//proc/3353258/oom_score_adj&path=//proc/3353258 HTTP/2.0" 200 20 "-" "Mozilla/5.0 AppleWebKit/537.36 (KHTML, like Gecko; compatible; GPTBot/1.3; +https://openai.com/gptbot)"
216.73.216.89 - - [31/Dec/2025:01:53:13 +0300] "GET /?fileloc=%2F%2Fproc%2F1048%2Fenviron&path=%2F%2Fproc%2F1048 HTTP/2.0" 200 20 "-" "Mozilla/5.0 AppleWebKit/537.36 (KHTML, like Gecko; compatible; ClaudeBot/1.0; +claudebot@anthropic.com)"
74.7.227.185 - - [31/Dec/2025:01:53:18 +0300] "GET /?fileloc=//proc/3353227/oom_score_adj&path=//proc/3353227 HTTP/2.0" 200 20 "-" "Mozilla/5.0 AppleWebKit/537.36 (KHTML, like Gecko; compatible; GPTBot/1.3; +https://openai.com/gptbot)"
216.73.216.89 - - [31/Dec/2025:01:53:19 +0300] "GET /sitemap_index.xml?fileloc=%2F%2Fproc%2F18%2Fmem&path=%2F%2Fproc%2F18 HTTP/2.0" 200 14221 "-" "Mozilla/5.0 AppleWebKit/537.36 (KHTML, like Gecko; compatible; ClaudeBot/1.0; +claudebot@anthropic.com)"
216.73.216.89 - - [31/Dec/2025:01:53:23 +0300] "GET /?fileloc=%2F%2Frun%2Fudev%2Fdata%2F+acpi%3APNP0A03%3A00&path=%2F%2Frun%2Fudev%2Fdata HTTP/2.0" 200 20 "-" "Mozilla/5.0 AppleWebKit/537.36 (KHTML, like Gecko; compatible; ClaudeBot/1.0; +claudebot@anthropic.com)"
74.7.227.185 - - [31/Dec/2025:01:53:23 +0300] "GET /?fileloc=//proc/3241344/oom_score_adj&path=//proc/3241344 HTTP/2.0" 200 20 "-" "Mozilla/5.0 AppleWebKit/537.36 (KHTML, like Gecko; compatible; GPTBot/1.3; +https://openai.com/gptbot)"
216.73.216.89 - - [31/Dec/2025:01:53:28 +0300] "GET /?fileloc=%2F%2Fbin%2FX11%2Fsieve-test&path=%2F%2Fbin%2FX11 HTTP/2.0" 200 20 "-" "Mozilla/5.0 AppleWebKit/537.36 (KHTML, like Gecko; compatible; ClaudeBot/1.0; +claudebot@anthropic.com)"
74.7.227.185 - - [31/Dec/2025:01:53:29 +0300] "GET /?fileloc=//proc/3354432/oom_score_adj&path=//proc/3354432 HTTP/2.0" 200 20 "-" "Mozilla/5.0 AppleWebKit/537.36 (KHTML, like Gecko; compatible; GPTBot/1.3; +https://openai.com/gptbot)"
92.222.104.196 - - [31/Dec/2025:01:53:31 +0300] "GET /?fileloc=/var/www/levasheva.ru/public/wp-includes/assets/script-loader-packages.min.php&path=/var/www/levasheva.ru/public/wp-includes/assets HTTP/2.0" 200 20 "-" "Mozilla/5.0 (compatible; AhrefsBot/7.0; +http://ahrefs.com/robot/)"
216.73.216.89 - - [31/Dec/2025:01:53:33 +0300] "GET /?fileloc=%2F%2Flib%2Fx86_64-linux-gnu%2Flibgsasl.so.18&path=%2F%2Flib%2Fx86_64-linux-gnu HTTP/2.0" 200 20 "-" "Mozilla/5.0 AppleWebKit/537.36 (KHTML, like Gecko; compatible; ClaudeBot/1.0; +claudebot@anthropic.com)"
74.7.227.185 - - [31/Dec/2025:01:53:34 +0300] "GET /?fileloc=//proc/3354515/oom_score_adj&path=//proc/3354515 HTTP/2.0" 200 20 "-" "Mozilla/5.0 AppleWebKit/537.36 (KHTML, like Gecko; compatible; GPTBot/1.3; +https://openai.com/gptbot)"
216.73.216.89 - - [31/Dec/2025:01:53:39 +0300] "GET /sitemap_index.xml?fileloc=%2F%2Fproc%2F119%2Fmountstats&path=%2F%2Fproc%2F119 HTTP/2.0" 200 14359 "-" "Mozilla/5.0 AppleWebKit/537.36 (KHTML, like Gecko; compatible; ClaudeBot/1.0; +claudebot@anthropic.com)"
74.7.227.185 - - [31/Dec/2025:01:53:39 +0300] "GET /?fileloc=//proc/2904400/oom_score_adj&path=//proc/2904400 HTTP/2.0" 200 20 "-" "Mozilla/5.0 AppleWebKit/537.36 (KHTML, like Gecko; compatible; GPTBot/1.3; +https://openai.com/gptbot)"
216.73.216.89 - - [31/Dec/2025:01:53:43 +0300] "GET /?fileloc=%2F%2Fusr%2Fbin%2Fdpkg-mergechangelogs&path=%2F%2Fusr%2Fbin HTTP/2.0" 200 20 "-" "Mozilla/5.0 AppleWebKit/537.36 (KHTML, like Gecko; compatible; ClaudeBot/1.0; +claudebot@anthropic.com)"
74.7.227.185 - - [31/Dec/2025:01:53:45 +0300] "GET /?fileloc=//proc/3353996/oom_score_adj&path=//proc/3353996 HTTP/2.0" 200 20 "-" "Mozilla/5.0 AppleWebKit/537.36 (KHTML, like Gecko; compatible; GPTBot/1.3; +https://openai.com/gptbot)"
216.73.216.89 - - [31/Dec/2025:01:53:48 +0300] "GET /?fileloc=%2F%2Fusr%2Flocal%2Fbin%2F2to3-3.10&path=%2F%2Fusr%2Flocal%2Fbin HTTP/2.0" 200 20 "-" "Mozilla/5.0 AppleWebKit/537.36 (KHTML, like Gecko; compatible; ClaudeBot/1.0; +claudebot@anthropic.com)"
74.7.227.185 - - [31/Dec/2025:01:53:50 +0300] "GET /?fileloc=//proc/3114661/oom_score_adj&path=//proc/3114661 HTTP/2.0" 200 20 "-" "Mozilla/5.0 AppleWebKit/537.36 (KHTML, like Gecko; compatible; GPTBot/1.3; +https://openai.com/gptbot)"
216.73.216.89 - - [31/Dec/2025:01:53:53 +0300] "GET /?fileloc=%2F%2Fusr%2Fbin%2FX11%2Fdebconf-copydb&path=%2F%2Fusr%2Fbin%2FX11 HTTP/2.0" 200 20 "-" "Mozilla/5.0 AppleWebKit/537.36 (KHTML, like Gecko; compatible; ClaudeBot/1.0; +claudebot@anthropic.com)"
74.7.227.185 - - [31/Dec/2025:01:53:55 +0300] "GET /?fileloc=//proc/3133983/oom_score_adj&path=//proc/3133983 HTTP/2.0" 200 20 "-" "Mozilla/5.0 AppleWebKit/537.36 (KHTML, like Gecko; compatible; GPTBot/1.3; +https://openai.com/gptbot)"
216.73.216.89 - - [31/Dec/2025:01:53:58 +0300] "GET /?fileloc=%2F%2Fproc%2F236%2Fnet%2Ficmp6&path=%2F%2Fproc%2F236%2Fnet HTTP/2.0" 200 20 "-" "Mozilla/5.0 AppleWebKit/537.36 (KHTML, like Gecko; compatible; ClaudeBot/1.0; +claudebot@anthropic.com)"
74.7.227.185 - - [31/Dec/2025:01:54:01 +0300] "GET /?fileloc=//proc/681/root/proc/696/cwd/config/pg_grafana_user.sh&path=//proc/681/root/proc/696/cwd/config HTTP/2.0" 200 20 "-" "Mozilla/5.0 AppleWebKit/537.36 (KHTML, like Gecko; compatible; GPTBot/1.3; +https://openai.com/gptbot)"
216.73.216.89 - - [31/Dec/2025:01:54:03 +0300] "GET /?fileloc=%2F%2Fproc%2F542%2Fcoredump_filter&path=%2F%2Fproc%2F542 HTTP/2.0" 200 20 "-" "Mozilla/5.0 AppleWebKit/537.36 (KHTML, like Gecko; compatible; ClaudeBot/1.0; +claudebot@anthropic.com)"
74.7.227.185 - - [31/Dec/2025:01:54:06 +0300] "GET /?fileloc=//proc/681/root/proc/696/fdinfo/6&path=//proc/681/root/proc/696/fdinfo HTTP/2.0" 200 20 "-" "Mozilla/5.0 AppleWebKit/537.36 (KHTML, like Gecko; compatible; GPTBot/1.3; +https://openai.com/gptbot)"
216.73.216.89 - - [31/Dec/2025:01:54:08 +0300] "GET /?fileloc=%2F%2Fbin%2FX11%2Flsipc&path=%2F%2Fbin%2FX11 HTTP/2.0" 200 20 "-" "Mozilla/5.0 AppleWebKit/537.36 (KHTML, like Gecko; compatible; ClaudeBot/1.0; +claudebot@anthropic.com)"
74.7.227.185 - - [31/Dec/2025:01:54:11 +0300] "GET /?fileloc=//proc/681/root/proc/696/fdinfo/5&path=//proc/681/root/proc/696/fdinfo HTTP/2.0" 200 20 "-" "Mozilla/5.0 AppleWebKit/537.36 (KHTML, like Gecko; compatible; GPTBot/1.3; +https://openai.com/gptbot)"
216.73.216.89 - - [31/Dec/2025:01:54:14 +0300] "GET /sitemap_index.xml?fileloc=%2F%2Flib%2Fx86_64-linux-gnu%2Flibpopt.so.0&path=%2F%2Flib%2Fx86_64-linux-gnu HTTP/2.0" 200 14268 "-" "Mozilla/5.0 AppleWebKit/537.36 (KHTML, like Gecko; compatible; ClaudeBot/1.0; +claudebot@anthropic.com)"
